57.141.2.11 - - [24/Jun/2025:13:17:26 +0000] "GET /?pid=40584422011& HTTP/2.0" 200 41907 "-" "meta-externalagent/1.1 (+https://developers.facebook.com/docs/sharing/webmasters/crawler)"
57.141.2.6 - - [24/Jun/2025:13:17:30 +0000] "GET /?pid=45801866838& HTTP/2.0" 200 41907 "-" "meta-externalagent/1.1 (+https://developers.facebook.com/docs/sharing/webmasters/crawler)"
57.141.2.2 - - [24/Jun/2025:13:17:31 +0000] "GET /?pid=34824431065& HTTP/2.0" 200 41907 "-" "meta-externalagent/1.1 (+https://developers.facebook.com/docs/sharing/webmasters/crawler)"
66.249.79.69 - - [24/Jun/2025:13:17:32 +0000] "GET /?pid=49142611937&channel=cars-maintenance&cate_id=4914 HTTP/1.1" 200 41907 "-" "Mozilla/5.0 (Linux; Android 6.0.1; Nexus 5X Build/MMB29P) AppleWebKit/537.36 (KHTML, like Gecko) Chrome/137.0.7151.103 Mobile Safari/537.36 (compatible; Googlebot/2.1; +http://www.google.com/bot.html)"
57.141.2.9 - - [24/Jun/2025:13:17:36 +0000] "GET /?pid=45803465929& HTTP/2.0" 200 41907 "-" "meta-externalagent/1.1 (+https://developers.facebook.com/docs/sharing/webmasters/crawler)"
57.141.2.8 - - [24/Jun/2025:13:17:42 +0000] "GET /?pid=54572373226& HTTP/2.0" 200 41907 "-" "meta-externalagent/1.1 (+https://developers.facebook.com/docs/sharing/webmasters/crawler)"
57.141.2.17 - - [24/Jun/2025:13:17:46 +0000] "GET /?pid=40323543997& HTTP/2.0" 200 41907 "-" "meta-externalagent/1.1 (+https://developers.facebook.com/docs/sharing/webmasters/crawler)"
57.141.2.9 - - [24/Jun/2025:13:18:11 +0000] "GET /?pid=39252496750& HTTP/2.0" 200 41907 "-" "meta-externalagent/1.1 (+https://developers.facebook.com/docs/sharing/webmasters/crawler)"
57.141.2.21 - - [24/Jun/2025:13:18:12 +0000] "GET /?pid=40651076670& HTTP/2.0" 200 41907 "-" "meta-externalagent/1.1 (+https://developers.facebook.com/docs/sharing/webmasters/crawler)"
57.141.2.29 - - [24/Jun/2025:13:18:27 +0000] "GET /?pid=39221755826& HTTP/2.0" 200 41907 "-" "meta-externalagent/1.1 (+https://developers.facebook.com/docs/sharing/webmasters/crawler)"
57.141.2.24 - - [24/Jun/2025:13:18:29 +0000] "GET /?pid=49210993011& HTTP/2.0" 200 41907 "-" "meta-externalagent/1.1 (+https://developers.facebook.com/docs/sharing/webmasters/crawler)"
57.141.2.14 - - [24/Jun/2025:13:18:32 +0000] "GET /?pid=44081003218& HTTP/2.0" 200 41907 "-" "meta-externalagent/1.1 (+https://developers.facebook.com/docs/sharing/webmasters/crawler)"
57.141.2.21 - - [24/Jun/2025:13:18:33 +0000] "GET /?pid=54580848083& HTTP/2.0" 200 41907 "-" "meta-externalagent/1.1 (+https://developers.facebook.com/docs/sharing/webmasters/crawler)"
66.249.79.69 - - [24/Jun/2025:13:18:36 +0000] "GET /?pid=40682568284&channel=fashion-watches&cate_id=4068 HTTP/1.1" 200 41907 "-" "Mozilla/5.0 (Linux; Android 6.0.1; Nexus 5X Build/MMB29P) AppleWebKit/537.36 (KHTML, like Gecko) Chrome/137.0.7151.103 Mobile Safari/537.36 (compatible; Googlebot/2.1; +http://www.google.com/bot.html)"
57.141.2.23 - - [24/Jun/2025:13:18:40 +0000] "GET /buy.php?pid=48442748239& HTTP/2.0" 404 - "-" "meta-externalagent/1.1 (+https://developers.facebook.com/docs/sharing/webmasters/crawler)"
57.141.2.29 - - [24/Jun/2025:13:18:42 +0000] "GET /?pid=40633959412& HTTP/2.0" 200 41907 "-" "meta-externalagent/1.1 (+https://developers.facebook.com/docs/sharing/webmasters/crawler)"
57.141.2.6 - - [24/Jun/2025:13:18:42 +0000] "GET /?pid=46071254156& HTTP/2.0" 200 41907 "-" "meta-externalagent/1.1 (+https://developers.facebook.com/docs/sharing/webmasters/crawler)"
57.141.2.30 - - [24/Jun/2025:13:18:52 +0000] "GET /?pid=49043870672& HTTP/2.0" 200 41907 "-" "meta-externalagent/1.1 (+https://developers.facebook.com/docs/sharing/webmasters/crawler)"
57.141.2.15 - - [24/Jun/2025:13:18:53 +0000] "GET /?pid=34062233585& HTTP/2.0" 200 41907 "-" "meta-externalagent/1.1 (+https://developers.facebook.com/docs/sharing/webmasters/crawler)"
57.141.2.5 - - [24/Jun/2025:13:18:57 +0000] "GET /?pid=40851096997& HTTP/2.0" 200 41907 "-" "meta-externalagent/1.1 (+https://developers.facebook.com/docs/sharing/webmasters/crawler)"
57.141.2.16 - - [24/Jun/2025:13:19:02 +0000] "GET /buy.php?pid=49271018195& HTTP/2.0" 404 - "-" "meta-externalagent/1.1 (+https://developers.facebook.com/docs/sharing/webmasters/crawler)"
57.141.2.24 - - [24/Jun/2025:13:19:05 +0000] "GET /?pid=34131831055& HTTP/2.0" 200 41907 "-" "meta-externalagent/1.1 (+https://developers.facebook.com/docs/sharing/webmasters/crawler)"
57.141.2.17 - - [24/Jun/2025:13:19:05 +0000] "GET /?pid=40614643073& HTTP/2.0" 200 41907 "-" "meta-externalagent/1.1 (+https://developers.facebook.com/docs/sharing/webmasters/crawler)"
57.141.2.28 - - [24/Jun/2025:13:19:06 +0000] "GET /?pid=45970929172& HTTP/2.0" 200 41907 "-" "meta-externalagent/1.1 (+https://developers.facebook.com/docs/sharing/webmasters/crawler)"
57.141.2.11 - - [24/Jun/2025:13:19:07 +0000] "GET /?pid=40841958684& HTTP/2.0" 200 41907 "-" "meta-externalagent/1.1 (+https://developers.facebook.com/docs/sharing/webmasters/crawler)"
57.141.2.6 - - [24/Jun/2025:13:19:07 +0000] "GET /?pid=34871206542& HTTP/2.0" 200 41907 "-" "meta-externalagent/1.1 (+https://developers.facebook.com/docs/sharing/webmasters/crawler)"
57.141.2.18 - - [24/Jun/2025:13:19:09 +0000] "GET /?pid=40852630646& HTTP/2.0" 200 41907 "-" "meta-externalagent/1.1 (+https://developers.facebook.com/docs/sharing/webmasters/crawler)"
66.249.76.169 - - [24/Jun/2025:13:19:11 +0000] "GET /?pid=32700855551&channel=sports-wear&cate_id=3270 HTTP/1.1" 200 41907 "-" "Mozilla/5.0 (Linux; Android 6.0.1; Nexus 5X Build/MMB29P) AppleWebKit/537.36 (KHTML, like Gecko) Chrome/137.0.7151.103 Mobile Safari/537.36 (compatible; Googlebot/2.1; +http://www.google.com/bot.html)"
57.141.2.6 - - [24/Jun/2025:13:19:15 +0000] "GET /?pid=54963950586& HTTP/2.0" 200 41907 "-" "meta-externalagent/1.1 (+https://developers.facebook.com/docs/sharing/webmasters/crawler)"
57.141.2.2 - - [24/Jun/2025:13:19:15 +0000] "GET /?pid=39191454700& HTTP/2.0" 200 41907 "-" "meta-externalagent/1.1 (+https://developers.facebook.com/docs/sharing/webmasters/crawler)"
57.141.2.28 - - [24/Jun/2025:13:19:28 +0000] "GET /?pid=40664522904& HTTP/2.0" 200 41907 "-" "meta-externalagent/1.1 (+https://developers.facebook.com/docs/sharing/webmasters/crawler)"
57.141.2.13 - - [24/Jun/2025:13:19:30 +0000] "GET /?pid=32461515173& HTTP/2.0" 200 41907 "-" "meta-externalagent/1.1 (+https://developers.facebook.com/docs/sharing/webmasters/crawler)"
57.141.2.7 - - [24/Jun/2025:13:19:33 +0000] "GET /buy.php?pid=41961281836& HTTP/2.0" 404 - "-" "meta-externalagent/1.1 (+https://developers.facebook.com/docs/sharing/webmasters/crawler)"
57.141.2.14 - - [24/Jun/2025:13:19:32 +0000] "GET /?pid=39754507540& HTTP/2.0" 200 41907 "-" "meta-externalagent/1.1 (+https://developers.facebook.com/docs/sharing/webmasters/crawler)"
57.141.2.23 - - [24/Jun/2025:13:19:35 +0000] "GET /?pid=54673259235& HTTP/2.0" 200 41907 "-" "meta-externalagent/1.1 (+https://developers.facebook.com/docs/sharing/webmasters/crawler)"
57.141.2.30 - - [24/Jun/2025:13:19:35 +0000] "GET /?pid=54424526250& HTTP/2.0" 200 41907 "-" "meta-externalagent/1.1 (+https://developers.facebook.com/docs/sharing/webmasters/crawler)"
57.141.2.13 - - [24/Jun/2025:13:19:39 +0000] "GET /buy.php?pid=31694392832& HTTP/2.0" 404 - "-" "meta-externalagent/1.1 (+https://developers.facebook.com/docs/sharing/webmasters/crawler)"
57.141.2.1 - - [24/Jun/2025:13:19:47 +0000] "GET /buy.php?pid=40672254585& HTTP/2.0" 404 - "-" "meta-externalagent/1.1 (+https://developers.facebook.com/docs/sharing/webmasters/crawler)"
57.141.2.19 - - [24/Jun/2025:13:19:55 +0000] "GET /?pid=46372118315& HTTP/2.0" 200 41907 "-" "meta-externalagent/1.1 (+https://developers.facebook.com/docs/sharing/webmasters/crawler)"
66.249.79.70 - - [24/Jun/2025:13:20:14 +0000] "GET /?pid=40292206159&channel=home-appliances-humidifiers&cate_id=4029 HTTP/1.1" 200 41907 "-" "Mozilla/5.0 (Linux; Android 6.0.1; Nexus 5X Build/MMB29P) AppleWebKit/537.36 (KHTML, like Gecko) Chrome/137.0.7151.103 Mobile Safari/537.36 (compatible; Googlebot/2.1; +http://www.google.com/bot.html)"
57.141.2.3 - - [24/Jun/2025:13:20:16 +0000] "GET /?pid=40663806692& HTTP/2.0" 200 41907 "-" "meta-externalagent/1.1 (+https://developers.facebook.com/docs/sharing/webmasters/crawler)"
57.141.2.9 - - [24/Jun/2025:13:20:17 +0000] "GET /?pid=49103659542& HTTP/2.0" 200 41907 "-" "meta-externalagent/1.1 (+https://developers.facebook.com/docs/sharing/webmasters/crawler)"
57.141.2.14 - - [24/Jun/2025:13:20:22 +0000] "GET /buy.php?pid=35013006531& HTTP/2.0" 404 - "-" "meta-externalagent/1.1 (+https://developers.facebook.com/docs/sharing/webmasters/crawler)"
57.141.2.30 - - [24/Jun/2025:13:20:32 +0000] "GET /?pid=40642372395& HTTP/2.0" 200 41907 "-" "meta-externalagent/1.1 (+https://developers.facebook.com/docs/sharing/webmasters/crawler)"
57.141.2.16 - - [24/Jun/2025:13:20:33 +0000] "GET /?pid=40382583963& HTTP/2.0" 200 41907 "-" "meta-externalagent/1.1 (+https://developers.facebook.com/docs/sharing/webmasters/crawler)"
57.141.2.25 - - [24/Jun/2025:13:21:01 +0000] "GET /buy.php?pid=31654413470& HTTP/2.0" 404 - "-" "meta-externalagent/1.1 (+https://developers.facebook.com/docs/sharing/webmasters/crawler)"
66.249.76.169 - - [24/Jun/2025:13:21:07 +0000] "GET /?pid=40603167425&channel=fashion-outerwear&cate_id=4060 HTTP/1.1" 200 41907 "-" "Mozilla/5.0 (Linux; Android 6.0.1; Nexus 5X Build/MMB29P) AppleWebKit/537.36 (KHTML, like Gecko) Chrome/137.0.7151.103 Mobile Safari/537.36 (compatible; Googlebot/2.1; +http://www.google.com/bot.html)"
57.141.2.22 - - [24/Jun/2025:13:21:10 +0000] "GET /?pid=40633466593& HTTP/2.0" 200 41907 "-" "meta-externalagent/1.1 (+https://developers.facebook.com/docs/sharing/webmasters/crawler)"
57.141.2.2 - - [24/Jun/2025:13:21:10 +0000] "GET /buy.php?pid=45450796584& HTTP/2.0" 404 - "-" "meta-externalagent/1.1 (+https://developers.facebook.com/docs/sharing/webmasters/crawler)"
57.141.2.30 - - [24/Jun/2025:13:21:23 +0000] "GET /?pid=47983106574& HTTP/2.0" 200 41907 "-" "meta-externalagent/1.1 (+https://developers.facebook.com/docs/sharing/webmasters/crawler)"
57.141.2.17 - - [24/Jun/2025:13:21:39 +0000] "GET /?pid=34782266708& HTTP/2.0" 200 41907 "-" "meta-externalagent/1.1 (+https://developers.facebook.com/docs/sharing/webmasters/crawler)"
66.249.76.169 - - [24/Jun/2025:13:21:50 +0000] "GET /?pid=47983591733&channel=books-sports&cate_id=4798 HTTP/1.1" 200 41907 "-" "Mozilla/5.0 (Linux; Android 6.0.1; Nexus 5X Build/MMB29P) AppleWebKit/537.36 (KHTML, like Gecko) Chrome/137.0.7151.103 Mobile Safari/537.36 (compatible; Googlebot/2.1; +http://www.google.com/bot.html)"
57.141.2.6 - - [24/Jun/2025:13:21:57 +0000] "GET /?pid=48113225433& HTTP/2.0" 200 41907 "-" "meta-externalagent/1.1 (+https://developers.facebook.com/docs/sharing/webmasters/crawler)"
57.141.2.8 - - [24/Jun/2025:13:22:02 +0000] "GET /?pid=49421868011& HTTP/2.0" 200 41907 "-" "meta-externalagent/1.1 (+https://developers.facebook.com/docs/sharing/webmasters/crawler)"
57.141.2.28 - - [24/Jun/2025:13:22:05 +0000] "GET /?pid=54574115204& HTTP/2.0" 200 41907 "-" "meta-externalagent/1.1 (+https://developers.facebook.com/docs/sharing/webmasters/crawler)"
57.141.2.16 - - [24/Jun/2025:13:22:06 +0000] "GET /?pid=54623684532& HTTP/2.0" 200 41907 "-" "meta-externalagent/1.1 (+https://developers.facebook.com/docs/sharing/webmasters/crawler)"
57.141.2.29 - - [24/Jun/2025:13:22:06 +0000] "GET /?pid=39671206619& HTTP/2.0" 200 41907 "-" "meta-externalagent/1.1 (+https://developers.facebook.com/docs/sharing/webmasters/crawler)"
57.141.2.13 - - [24/Jun/2025:13:22:12 +0000] "GET /?pid=48071140164& HTTP/2.0" 200 41907 "-" "meta-externalagent/1.1 (+https://developers.facebook.com/docs/sharing/webmasters/crawler)"
57.141.2.12 - - [24/Jun/2025:13:22:28 +0000] "GET /?pid=49344281187& HTTP/2.0" 200 41907 "-" "meta-externalagent/1.1 (+https://developers.facebook.com/docs/sharing/webmasters/crawler)"
66.249.76.170 - - [24/Jun/2025:13:22:32 +0000] "GET /?pid=49102289939&channel=bicycles-parts&cate_id=4910 HTTP/1.1" 200 41907 "-" "Mozilla/5.0 (Linux; Android 6.0.1; Nexus 5X Build/MMB29P) AppleWebKit/537.36 (KHTML, like Gecko) Chrome/137.0.7151.103 Mobile Safari/537.36 (compatible; Googlebot/2.1; +http://www.google.com/bot.html)"
57.141.2.23 - - [24/Jun/2025:13:22:32 +0000] "GET /?pid=40641373040& HTTP/2.0" 200 41907 "-" "meta-externalagent/1.1 (+https://developers.facebook.com/docs/sharing/webmasters/crawler)"
57.141.2.17 - - [24/Jun/2025:13:22:32 +0000] "GET /?pid=40144181513& HTTP/2.0" 200 41907 "-" "meta-externalagent/1.1 (+https://developers.facebook.com/docs/sharing/webmasters/crawler)"
66.249.79.71 - - [24/Jun/2025:13:22:34 +0000] "GET /?pid=44741812308&channel=goods-dragon-ball-cards&cate_id=4474 HTTP/1.1" 200 41907 "-" "Mozilla/5.0 (Linux; Android 6.0.1; Nexus 5X Build/MMB29P) AppleWebKit/537.36 (KHTML, like Gecko) Chrome/137.0.7151.103 Mobile Safari/537.36 (compatible; Googlebot/2.1; +http://www.google.com/bot.html)"
80.85.246.74 - - [24/Jun/2025:13:22:36 +0000] "GET / HTTP/1.1" 200 41907 "-" "Mozilla/5.0 (Macintosh; Intel Mac OS X 10_15_7) AppleWebKit/537.36 (KHTML, like Gecko) Chrome/133.0.0.0 Safari/537.36"
57.141.2.15 - - [24/Jun/2025:13:22:36 +0000] "GET /buy.php?pid=45351746148& HTTP/2.0" 404 - "-" "meta-externalagent/1.1 (+https://developers.facebook.com/docs/sharing/webmasters/crawler)"
80.85.246.74 - - [24/Jun/2025:13:22:37 +0000] "GET /udyam-registration.php HTTP/1.1" 301 239 "-" "Mozilla/5.0 (Macintosh; Intel Mac OS X 10_15_7) AppleWebKit/537.36 (KHTML, like Gecko) Chrome/133.0.0.0 Safari/537.36"
80.85.246.74 - - [24/Jun/2025:13:22:38 +0000] "GET / HTTP/1.1" 200 41907 "https://udyogaadhaaronline.org/udyam-registration.php" "Mozilla/5.0 (Macintosh; Intel Mac OS X 10_15_7) AppleWebKit/537.36 (KHTML, like Gecko) Chrome/133.0.0.0 Safari/537.36"
57.141.2.20 - - [24/Jun/2025:13:22:39 +0000] "GET /buy.php?pid=40603408986& HTTP/2.0" 404 - "-" "meta-externalagent/1.1 (+https://developers.facebook.com/docs/sharing/webmasters/crawler)"
57.141.2.22 - - [24/Jun/2025:13:22:40 +0000] "GET /buy.php?pid=40252807262& HTTP/2.0" 404 - "-" "meta-externalagent/1.1 (+https://developers.facebook.com/docs/sharing/webmasters/crawler)"
201.150.80.97 - - [24/Jun/2025:13:22:40 +0000] "POST /requests/form-submit.php HTTP/1.1" 200 301 "-" "Mozilla/5.0 (Macintosh; Intel Mac OS X 10_15_7) AppleWebKit/537.36 (KHTML, like Gecko) Chrome/133.0.0.0 Safari/537.36"
201.150.80.97 - - [24/Jun/2025:13:22:43 +0000] "POST /requests/form-submit.php HTTP/1.1" 200 77 "-" "Mozilla/5.0 (Windows NT 10.0; Win64; x64) AppleWebKit/537.36 (KHTML, like Gecko) Chrome/120.0.0.0 Safari/537.36"
57.141.2.21 - - [24/Jun/2025:13:22:43 +0000] "GET /?pid=31561725230& HTTP/2.0" 200 41907 "-" "meta-externalagent/1.1 (+https://developers.facebook.com/docs/sharing/webmasters/crawler)"
80.85.246.74 - - [24/Jun/2025:13:22:43 +0000] "GET /enquiry.php HTTP/1.1" 200 21159 "-" "Mozilla/5.0 (Macintosh; Intel Mac OS X 10_15_7) AppleWebKit/537.36 (KHTML, like Gecko) Chrome/133.0.0.0 Safari/537.36"
201.150.80.97 - - [24/Jun/2025:13:22:46 +0000] "POST /request/form-submit.php HTTP/1.1" 404 - "-" "Mozilla/5.0 (Macintosh; Intel Mac OS X 10_15_7) AppleWebKit/537.36 (KHTML, like Gecko) Chrome/133.0.0.0 Safari/537.36"
57.141.2.14 - - [24/Jun/2025:13:22:47 +0000] "GET /?pid=55021554587& HTTP/2.0" 200 41907 "-" "meta-externalagent/1.1 (+https://developers.facebook.com/docs/sharing/webmasters/crawler)"
201.150.80.97 - - [24/Jun/2025:13:22:47 +0000] "POST /request/form-submit.php HTTP/1.1" 404 - "-" "Mozilla/5.0 (Windows NT 10.0; Win64; x64) AppleWebKit/537.36 (KHTML, like Gecko) Chrome/120.0.0.0 Safari/537.36"
57.141.2.30 - - [24/Jun/2025:13:22:48 +0000] "GET /?pid=54552866551& HTTP/2.0" 200 41907 "-" "meta-externalagent/1.1 (+https://developers.facebook.com/docs/sharing/webmasters/crawler)"
80.85.246.74 - - [24/Jun/2025:13:22:48 +0000] "GET /enquiry.php HTTP/1.1" 200 21159 "-" "Mozilla/5.0 (Macintosh; Intel Mac OS X 10_15_7) AppleWebKit/537.36 (KHTML, like Gecko) Chrome/133.0.0.0 Safari/537.36"
201.150.80.97 - - [24/Jun/2025:13:22:51 +0000] "POST /request/form-submit.php HTTP/1.1" 404 - "-" "Mozilla/5.0 (Macintosh; Intel Mac OS X 10_15_7) AppleWebKit/537.36 (KHTML, like Gecko) Chrome/133.0.0.0 Safari/537.36"
57.141.2.18 - - [24/Jun/2025:13:22:51 +0000] "GET /?pid=41311543856& HTTP/2.0" 200 41907 "-" "meta-externalagent/1.1 (+https://developers.facebook.com/docs/sharing/webmasters/crawler)"
201.150.80.97 - - [24/Jun/2025:13:22:53 +0000] "POST /request/form-submit.php HTTP/1.1" 404 - "-" "Mozilla/5.0 (Windows NT 10.0; Win64; x64) AppleWebKit/537.36 (KHTML, like Gecko) Chrome/120.0.0.0 Safari/537.36"
80.85.246.74 - - [24/Jun/2025:13:22:54 +0000] "GET /udyam-re-registration-form.php HTTP/1.1" 200 36630 "-" "Mozilla/5.0 (Macintosh; Intel Mac OS X 10_15_7) AppleWebKit/537.36 (KHTML, like Gecko) Chrome/133.0.0.0 Safari/537.36"
80.85.246.74 - - [24/Jun/2025:13:22:55 +0000] "GET /udyam-re-registration-form.php HTTP/1.1" 200 36630 "-" "Mozilla/5.0 (Macintosh; Intel Mac OS X 10_15_7) AppleWebKit/537.36 (KHTML, like Gecko) Chrome/133.0.0.0 Safari/537.36"
80.85.246.74 - - [24/Jun/2025:13:22:56 +0000] "GET /cancel-udyam-registration.php HTTP/1.1" 301 246 "-" "Mozilla/5.0 (Macintosh; Intel Mac OS X 10_15_7) AppleWebKit/537.36 (KHTML, like Gecko) Chrome/133.0.0.0 Safari/537.36"
80.85.246.74 - - [24/Jun/2025:13:22:56 +0000] "GET /cancel- HTTP/1.1" 404 - "https://udyogaadhaaronline.org/cancel-udyam-registration.php" "Mozilla/5.0 (Macintosh; Intel Mac OS X 10_15_7) AppleWebKit/537.36 (KHTML, like Gecko) Chrome/133.0.0.0 Safari/537.36"
80.85.246.74 - - [24/Jun/2025:13:22:57 +0000] "GET /contact.php HTTP/1.1" 200 17653 "-" "Mozilla/5.0 (Macintosh; Intel Mac OS X 10_15_7) AppleWebKit/537.36 (KHTML, like Gecko) Chrome/133.0.0.0 Safari/537.36"
201.150.80.97 - - [24/Jun/2025:13:23:00 +0000] "POST /mail.php HTTP/1.1" 404 - "-" "Mozilla/5.0 (Macintosh; Intel Mac OS X 10_15_7) AppleWebKit/537.36 (KHTML, like Gecko) Chrome/133.0.0.0 Safari/537.36"
57.141.2.5 - - [24/Jun/2025:13:23:01 +0000] "GET /?pid=48112692388& HTTP/2.0" 200 41907 "-" "meta-externalagent/1.1 (+https://developers.facebook.com/docs/sharing/webmasters/crawler)"
57.141.2.26 - - [24/Jun/2025:13:23:02 +0000] "GET /?pid=40671590601& HTTP/2.0" 200 41907 "-" "meta-externalagent/1.1 (+https://developers.facebook.com/docs/sharing/webmasters/crawler)"
201.150.80.97 - - [24/Jun/2025:13:23:02 +0000] "POST /mail.php HTTP/1.1" 404 - "-" "Mozilla/5.0 (Windows NT 10.0; Win64; x64) AppleWebKit/537.36 (KHTML, like Gecko) Chrome/120.0.0.0 Safari/537.36"
57.141.2.13 - - [24/Jun/2025:13:23:02 +0000] "GET /?pid=39371897733& HTTP/2.0" 200 41907 "-" "meta-externalagent/1.1 (+https://developers.facebook.com/docs/sharing/webmasters/crawler)"
80.85.246.74 - - [24/Jun/2025:13:23:03 +0000] "GET /contact.php HTTP/1.1" 200 17653 "-" "Mozilla/5.0 (Macintosh; Intel Mac OS X 10_15_7) AppleWebKit/537.36 (KHTML, like Gecko) Chrome/133.0.0.0 Safari/537.36"
201.150.80.97 - - [24/Jun/2025:13:23:06 +0000] "POST /mail.php HTTP/1.1" 404 - "-" "Mozilla/5.0 (Macintosh; Intel Mac OS X 10_15_7) AppleWebKit/537.36 (KHTML, like Gecko) Chrome/133.0.0.0 Safari/537.36"
57.141.2.3 - - [24/Jun/2025:13:23:13 +0000] "GET /?pid=32441738724& HTTP/2.0" 200 41907 "-" "meta-externalagent/1.1 (+https://developers.facebook.com/docs/sharing/webmasters/crawler)"
57.141.2.23 - - [24/Jun/2025:13:23:15 +0000] "GET /buy.php?pid=31744307345& HTTP/2.0" 404 - "-" "meta-externalagent/1.1 (+https://developers.facebook.com/docs/sharing/webmasters/crawler)"
57.141.2.3 - - [24/Jun/2025:13:23:18 +0000] "GET /?pid=34061177674& HTTP/2.0" 200 41907 "-" "meta-externalagent/1.1 (+https://developers.facebook.com/docs/sharing/webmasters/crawler)"
57.141.2.4 - - [24/Jun/2025:13:23:18 +0000] "GET /?pid=40723548245& HTTP/2.0" 200 41907 "-" "meta-externalagent/1.1 (+https://developers.facebook.com/docs/sharing/webmasters/crawler)"
57.141.2.25 - - [24/Jun/2025:13:23:19 +0000] "GET /buy.php?pid=54583275808& HTTP/2.0" 404 - "-" "meta-externalagent/1.1 (+https://developers.facebook.com/docs/sharing/webmasters/crawler)"
66.249.79.71 - - [24/Jun/2025:13:23:27 +0000] "GET /?pid=40613907814&channel=fashion-tops&cate_id=4061 HTTP/1.1" 200 41907 "-" "Mozilla/5.0 (Linux; Android 6.0.1; Nexus 5X Build/MMB29P) AppleWebKit/537.36 (KHTML, like Gecko) Chrome/137.0.7151.103 Mobile Safari/537.36 (compatible; Googlebot/2.1; +http://www.google.com/bot.html)"
66.249.79.69 - - [24/Jun/2025:13:23:27 +0000] "GET /?pid=45804371472&channel=cameras-cameras&cate_id=4580 HTTP/1.1" 200 41907 "-" "Mozilla/5.0 (Linux; Android 6.0.1; Nexus 5X Build/MMB29P) AppleWebKit/537.36 (KHTML, like Gecko) Chrome/137.0.7151.103 Mobile Safari/537.36 (compatible; Googlebot/2.1; +http://www.google.com/bot.html)"
57.141.2.22 - - [24/Jun/2025:13:23:27 +0000] "GET /?pid=54974182604& HTTP/2.0" 200 41907 "-" "meta-externalagent/1.1 (+https://developers.facebook.com/docs/sharing/webmasters/crawler)"
57.141.2.24 - - [24/Jun/2025:13:23:27 +0000] "GET /?pid=45392135681& HTTP/2.0" 200 41907 "-" "meta-externalagent/1.1 (+https://developers.facebook.com/docs/sharing/webmasters/crawler)"
57.141.2.13 - - [24/Jun/2025:13:23:28 +0000] "GET /?pid=49574307607& HTTP/2.0" 200 41907 "-" "meta-externalagent/1.1 (+https://developers.facebook.com/docs/sharing/webmasters/crawler)"
57.141.2.29 - - [24/Jun/2025:13:23:29 +0000] "GET /?pid=49604062761& HTTP/2.0" 200 41907 "-" "meta-externalagent/1.1 (+https://developers.facebook.com/docs/sharing/webmasters/crawler)"
57.141.2.12 - - [24/Jun/2025:13:23:29 +0000] "GET /?pid=40852615150& HTTP/2.0" 200 41907 "-" "meta-externalagent/1.1 (+https://developers.facebook.com/docs/sharing/webmasters/crawler)"
57.141.2.25 - - [24/Jun/2025:13:23:31 +0000] "GET /?pid=32543596897& HTTP/2.0" 200 41907 "-" "meta-externalagent/1.1 (+https://developers.facebook.com/docs/sharing/webmasters/crawler)"
57.141.2.27 - - [24/Jun/2025:13:23:39 +0000] "GET /buy.php?pid=35174573005& HTTP/2.0" 404 - "-" "meta-externalagent/1.1 (+https://developers.facebook.com/docs/sharing/webmasters/crawler)"
57.141.2.29 - - [24/Jun/2025:13:23:39 +0000] "GET /?pid=49120793782& HTTP/2.0" 200 41907 "-" "meta-externalagent/1.1 (+https://developers.facebook.com/docs/sharing/webmasters/crawler)"
57.141.2.22 - - [24/Jun/2025:13:23:39 +0000] "GET /?pid=32632430240& HTTP/2.0" 200 41907 "-" "meta-externalagent/1.1 (+https://developers.facebook.com/docs/sharing/webmasters/crawler)"
57.141.2.26 - - [24/Jun/2025:13:23:40 +0000] "GET /?pid=40644274225& HTTP/2.0" 200 41907 "-" "meta-externalagent/1.1 (+https://developers.facebook.com/docs/sharing/webmasters/crawler)"
57.141.2.18 - - [24/Jun/2025:13:23:41 +0000] "GET /?pid=45901713558& HTTP/2.0" 200 41907 "-" "meta-externalagent/1.1 (+https://developers.facebook.com/docs/sharing/webmasters/crawler)"
57.141.2.18 - - [24/Jun/2025:13:23:43 +0000] "GET /?pid=49452982500& HTTP/2.0" 200 41907 "-" "meta-externalagent/1.1 (+https://developers.facebook.com/docs/sharing/webmasters/crawler)"
57.141.2.16 - - [24/Jun/2025:13:23:46 +0000] "GET /buy.php?pid=32442858111& HTTP/2.0" 404 - "-" "meta-externalagent/1.1 (+https://developers.facebook.com/docs/sharing/webmasters/crawler)"
57.141.2.2 - - [24/Jun/2025:13:23:48 +0000] "GET /?pid=49154363734& HTTP/2.0" 200 41907 "-" "meta-externalagent/1.1 (+https://developers.facebook.com/docs/sharing/webmasters/crawler)"
57.141.2.12 - - [24/Jun/2025:13:23:52 +0000] "GET /?pid=54971814552& HTTP/2.0" 200 41907 "-" "meta-externalagent/1.1 (+https://developers.facebook.com/docs/sharing/webmasters/crawler)"
57.141.2.30 - - [24/Jun/2025:13:23:57 +0000] "GET /?pid=38354556812& HTTP/2.0" 200 41907 "-" "meta-externalagent/1.1 (+https://developers.facebook.com/docs/sharing/webmasters/crawler)"
57.141.2.18 - - [24/Jun/2025:13:23:58 +0000] "GET /?pid=39502108045& HTTP/2.0" 200 41907 "-" "meta-externalagent/1.1 (+https://developers.facebook.com/docs/sharing/webmasters/crawler)"
57.141.2.24 - - [24/Jun/2025:13:23:58 +0000] "GET /?pid=38254053023& HTTP/2.0" 200 41907 "-" "meta-externalagent/1.1 (+https://developers.facebook.com/docs/sharing/webmasters/crawler)"
57.141.2.12 - - [24/Jun/2025:13:23:59 +0000] "GET /?pid=54564294395& HTTP/2.0" 200 41907 "-" "meta-externalagent/1.1 (+https://developers.facebook.com/docs/sharing/webmasters/crawler)"
57.141.2.24 - - [24/Jun/2025:13:24:04 +0000] "GET /buy.php?pid=36253618196& HTTP/2.0" 404 - "-" "meta-externalagent/1.1 (+https://developers.facebook.com/docs/sharing/webmasters/crawler)"
57.141.2.12 - - [24/Jun/2025:13:24:06 +0000] "GET /?pid=54832716165& HTTP/2.0" 200 41907 "-" "meta-externalagent/1.1 (+https://developers.facebook.com/docs/sharing/webmasters/crawler)"
57.141.2.24 - - [24/Jun/2025:13:24:09 +0000] "GET /?pid=40043315090& HTTP/2.0" 200 41907 "-" "meta-externalagent/1.1 (+https://developers.facebook.com/docs/sharing/webmasters/crawler)"
57.141.2.9 - - [24/Jun/2025:13:24:13 +0000] "GET /?pid=34861375948& HTTP/2.0" 200 41907 "-" "meta-externalagent/1.1 (+https://developers.facebook.com/docs/sharing/webmasters/crawler)"
57.141.2.2 - - [24/Jun/2025:13:24:21 +0000] "GET /?pid=36521105781& HTTP/2.0" 200 41907 "-" "meta-externalagent/1.1 (+https://developers.facebook.com/docs/sharing/webmasters/crawler)"
57.141.2.29 - - [24/Jun/2025:13:24:23 +0000] "GET /?pid=41211907937& HTTP/2.0" 200 41907 "-" "meta-externalagent/1.1 (+https://developers.facebook.com/docs/sharing/webmasters/crawler)"
57.141.2.7 - - [24/Jun/2025:13:24:24 +0000] "GET /?pid=45823461987& HTTP/2.0" 200 41907 "-" "meta-externalagent/1.1 (+https://developers.facebook.com/docs/sharing/webmasters/crawler)"
57.141.2.4 - - [24/Jun/2025:13:24:25 +0000] "GET /buy.php?pid=40612768353& HTTP/2.0" 404 - "-" "meta-externalagent/1.1 (+https://developers.facebook.com/docs/sharing/webmasters/crawler)"
57.141.2.12 - - [24/Jun/2025:13:24:26 +0000] "GET /?pid=36343317099& HTTP/2.0" 200 41907 "-" "meta-externalagent/1.1 (+https://developers.facebook.com/docs/sharing/webmasters/crawler)"
57.141.2.4 - - [24/Jun/2025:13:24:28 +0000] "GET /?pid=32634029160& HTTP/2.0" 200 41907 "-" "meta-externalagent/1.1 (+https://developers.facebook.com/docs/sharing/webmasters/crawler)"
57.141.2.13 - - [24/Jun/2025:13:24:29 +0000] "GET /?pid=36171570577& HTTP/2.0" 200 41907 "-" "meta-externalagent/1.1 (+https://developers.facebook.com/docs/sharing/webmasters/crawler)"
57.141.2.14 - - [24/Jun/2025:13:24:29 +0000] "GET /?pid=39733468774& HTTP/2.0" 200 41907 "-" "meta-externalagent/1.1 (+https://developers.facebook.com/docs/sharing/webmasters/crawler)"
57.141.2.16 - - [24/Jun/2025:13:24:30 +0000] "GET /buy.php?pid=32503862327& HTTP/2.0" 404 - "-" "meta-externalagent/1.1 (+https://developers.facebook.com/docs/sharing/webmasters/crawler)"
57.141.2.3 - - [24/Jun/2025:13:24:31 +0000] "GET /?pid=49622804288& HTTP/2.0" 200 41907 "-" "meta-externalagent/1.1 (+https://developers.facebook.com/docs/sharing/webmasters/crawler)"
57.141.2.23 - - [24/Jun/2025:13:24:31 +0000] "GET /?pid=34861990636& HTTP/2.0" 200 41907 "-" "meta-externalagent/1.1 (+https://developers.facebook.com/docs/sharing/webmasters/crawler)"
57.141.2.10 - - [24/Jun/2025:13:24:32 +0000] "GET /?pid=40624035468& HTTP/2.0" 200 41907 "-" "meta-externalagent/1.1 (+https://developers.facebook.com/docs/sharing/webmasters/crawler)"
57.141.2.14 - - [24/Jun/2025:13:24:48 +0000] "GET /?pid=45383837855& HTTP/2.0" 200 41907 "-" "meta-externalagent/1.1 (+https://developers.facebook.com/docs/sharing/webmasters/crawler)"
57.141.2.28 - - [24/Jun/2025:13:24:55 +0000] "GET /?pid=40234197694& HTTP/2.0" 200 41907 "-" "meta-externalagent/1.1 (+https://developers.facebook.com/docs/sharing/webmasters/crawler)"
57.141.2.24 - - [24/Jun/2025:13:24:58 +0000] "GET /?pid=32541822309& HTTP/2.0" 200 41907 "-" "meta-externalagent/1.1 (+https://developers.facebook.com/docs/sharing/webmasters/crawler)"
57.141.2.27 - - [24/Jun/2025:13:25:04 +0000] "GET /?pid=45443960976& HTTP/2.0" 200 41907 "-" "meta-externalagent/1.1 (+https://developers.facebook.com/docs/sharing/webmasters/crawler)"
66.249.79.71 - - [24/Jun/2025:13:25:07 +0000] "GET /?pid=40673271053&channel=fashion-kimono&cate_id=4067 HTTP/1.1" 200 41907 "-" "Mozilla/5.0 (Linux; Android 6.0.1; Nexus 5X Build/MMB29P) AppleWebKit/537.36 (KHTML, like Gecko) Chrome/137.0.7151.103 Mobile Safari/537.36 (compatible; Googlebot/2.1; +http://www.google.com/bot.html)"
57.141.2.19 - - [24/Jun/2025:13:25:08 +0000] "GET /?pid=40600976057& HTTP/2.0" 200 41907 "-" "meta-externalagent/1.1 (+https://developers.facebook.com/docs/sharing/webmasters/crawler)"
57.141.2.1 - - [24/Jun/2025:13:25:09 +0000] "GET /?pid=54962929507& HTTP/2.0" 200 41907 "-" "meta-externalagent/1.1 (+https://developers.facebook.com/docs/sharing/webmasters/crawler)"
57.141.2.11 - - [24/Jun/2025:13:25:09 +0000] "GET /buy.php?pid=48394311533& HTTP/2.0" 404 - "-" "meta-externalagent/1.1 (+https://developers.facebook.com/docs/sharing/webmasters/crawler)"
57.141.2.10 - - [24/Jun/2025:13:25:11 +0000] "GET /?pid=40851065237& HTTP/2.0" 200 41907 "-" "meta-externalagent/1.1 (+https://developers.facebook.com/docs/sharing/webmasters/crawler)"
57.141.2.28 - - [24/Jun/2025:13:25:11 +0000] "GET /buy.php?pid=40392354321& HTTP/2.0" 404 - "-" "meta-externalagent/1.1 (+https://developers.facebook.com/docs/sharing/webmasters/crawler)"
57.141.2.24 - - [24/Jun/2025:13:25:11 +0000] "GET /?pid=54962730569& HTTP/2.0" 200 41907 "-" "meta-externalagent/1.1 (+https://developers.facebook.com/docs/sharing/webmasters/crawler)"
57.141.2.29 - - [24/Jun/2025:13:25:12 +0000] "GET /?pid=54951392290& HTTP/2.0" 200 41907 "-" "meta-externalagent/1.1 (+https://developers.facebook.com/docs/sharing/webmasters/crawler)"
57.141.2.22 - - [24/Jun/2025:13:25:30 +0000] "GET /?pid=48374087278& HTTP/2.0" 200 41907 "-" "meta-externalagent/1.1 (+https://developers.facebook.com/docs/sharing/webmasters/crawler)"
57.141.2.4 - - [24/Jun/2025:13:25:31 +0000] "GET /buy.php?pid=40843423667& HTTP/2.0" 404 - "-" "meta-externalagent/1.1 (+https://developers.facebook.com/docs/sharing/webmasters/crawler)"
57.141.2.15 - - [24/Jun/2025:13:25:33 +0000] "GET /?pid=39652628521& HTTP/2.0" 200 41907 "-" "meta-externalagent/1.1 (+https://developers.facebook.com/docs/sharing/webmasters/crawler)"
57.141.2.26 - - [24/Jun/2025:13:25:34 +0000] "GET /?pid=54332165121& HTTP/2.0" 200 41907 "-" "meta-externalagent/1.1 (+https://developers.facebook.com/docs/sharing/webmasters/crawler)"
57.141.2.2 - - [24/Jun/2025:13:25:37 +0000] "GET /buy.php?pid=45984253298& HTTP/2.0" 404 - "-" "meta-externalagent/1.1 (+https://developers.facebook.com/docs/sharing/webmasters/crawler)"
57.141.2.4 - - [24/Jun/2025:13:25:37 +0000] "GET /?pid=40662848031& HTTP/2.0" 200 41907 "-" "meta-externalagent/1.1 (+https://developers.facebook.com/docs/sharing/webmasters/crawler)"
66.249.79.69 - - [24/Jun/2025:13:25:38 +0000] "GET /?pid=48110853490&channel=cosmetics-serums&cate_id=4811 HTTP/1.1" 200 41907 "-" "Mozilla/5.0 (Linux; Android 6.0.1; Nexus 5X Build/MMB29P) AppleWebKit/537.36 (KHTML, like Gecko) Chrome/137.0.7151.103 Mobile Safari/537.36 (compatible; Googlebot/2.1; +http://www.google.com/bot.html)"
57.141.2.3 - - [24/Jun/2025:13:25:41 +0000] "GET /buy.php?pid=48171348530& HTTP/2.0" 404 - "-" "meta-externalagent/1.1 (+https://developers.facebook.com/docs/sharing/webmasters/crawler)"
57.141.2.2 - - [24/Jun/2025:13:25:41 +0000] "GET /?pid=54664392938& HTTP/2.0" 200 41907 "-" "meta-externalagent/1.1 (+https://developers.facebook.com/docs/sharing/webmasters/crawler)"
57.141.2.27 - - [24/Jun/2025:13:25:46 +0000] "GET /?pid=39361967570& HTTP/2.0" 200 41907 "-" "meta-externalagent/1.1 (+https://developers.facebook.com/docs/sharing/webmasters/crawler)"
57.141.2.23 - - [24/Jun/2025:13:25:52 +0000] "GET /?pid=40771550332& HTTP/2.0" 200 41907 "-" "meta-externalagent/1.1 (+https://developers.facebook.com/docs/sharing/webmasters/crawler)"
57.141.2.16 - - [24/Jun/2025:13:25:55 +0000] "GET /?pid=54422752921& HTTP/2.0" 200 41907 "-" "meta-externalagent/1.1 (+https://developers.facebook.com/docs/sharing/webmasters/crawler)"
57.141.2.17 - - [24/Jun/2025:13:25:55 +0000] "GET /?pid=49620988297& HTTP/2.0" 200 41907 "-" "meta-externalagent/1.1 (+https://developers.facebook.com/docs/sharing/webmasters/crawler)"
57.141.2.26 - - [24/Jun/2025:13:25:56 +0000] "GET /?pid=49102007563& HTTP/2.0" 200 41907 "-" "meta-externalagent/1.1 (+https://developers.facebook.com/docs/sharing/webmasters/crawler)"
57.141.2.13 - - [24/Jun/2025:13:26:00 +0000] "GET /?pid=40622277992& HTTP/2.0" 200 41907 "-" "meta-externalagent/1.1 (+https://developers.facebook.com/docs/sharing/webmasters/crawler)"
57.141.2.22 - - [24/Jun/2025:13:26:04 +0000] "GET /?pid=45362182440& HTTP/2.0" 200 41907 "-" "meta-externalagent/1.1 (+https://developers.facebook.com/docs/sharing/webmasters/crawler)"
57.141.2.14 - - [24/Jun/2025:13:26:12 +0000] "GET /?pid=49100816436& HTTP/2.0" 200 41907 "-" "meta-externalagent/1.1 (+https://developers.facebook.com/docs/sharing/webmasters/crawler)"
57.141.2.20 - - [24/Jun/2025:13:26:12 +0000] "GET /?pid=33830737295& HTTP/2.0" 200 41907 "-" "meta-externalagent/1.1 (+https://developers.facebook.com/docs/sharing/webmasters/crawler)"
57.141.2.3 - - [24/Jun/2025:13:26:14 +0000] "GET /buy.php?pid=49372620126& HTTP/2.0" 404 - "-" "meta-externalagent/1.1 (+https://developers.facebook.com/docs/sharing/webmasters/crawler)"
57.141.2.29 - - [24/Jun/2025:13:26:15 +0000] "GET /buy.php?pid=40853520519& HTTP/2.0" 404 - "-" "meta-externalagent/1.1 (+https://developers.facebook.com/docs/sharing/webmasters/crawler)"
57.141.2.25 - - [24/Jun/2025:13:26:17 +0000] "GET /?pid=40702050654& HTTP/2.0" 200 41907 "-" "meta-externalagent/1.1 (+https://developers.facebook.com/docs/sharing/webmasters/crawler)"
57.141.2.19 - - [24/Jun/2025:13:26:17 +0000] "GET /buy.php?pid=41314009521& HTTP/2.0" 404 - "-" "meta-externalagent/1.1 (+https://developers.facebook.com/docs/sharing/webmasters/crawler)"
57.141.2.21 - - [24/Jun/2025:13:26:21 +0000] "GET /buy.php?pid=40682287317& HTTP/2.0" 404 - "-" "meta-externalagent/1.1 (+https://developers.facebook.com/docs/sharing/webmasters/crawler)"
57.141.2.4 - - [24/Jun/2025:13:26:21 +0000] "GET /?pid=46010946065& HTTP/2.0" 200 41907 "-" "meta-externalagent/1.1 (+https://developers.facebook.com/docs/sharing/webmasters/crawler)"
57.141.2.5 - - [24/Jun/2025:13:26:22 +0000] "GET /?pid=40854025974& HTTP/2.0" 200 41907 "-" "meta-externalagent/1.1 (+https://developers.facebook.com/docs/sharing/webmasters/crawler)"
57.141.2.7 - - [24/Jun/2025:13:26:24 +0000] "GET /?pid=54654584991& HTTP/2.0" 200 41907 "-" "meta-externalagent/1.1 (+https://developers.facebook.com/docs/sharing/webmasters/crawler)"
57.141.2.11 - - [24/Jun/2025:13:26:25 +0000] "GET /?pid=49272294946& HTTP/2.0" 200 41907 "-" "meta-externalagent/1.1 (+https://developers.facebook.com/docs/sharing/webmasters/crawler)"
57.141.2.30 - - [24/Jun/2025:13:26:25 +0000] "GET /?pid=33991042243& HTTP/2.0" 200 41907 "-" "meta-externalagent/1.1 (+https://developers.facebook.com/docs/sharing/webmasters/crawler)"
57.141.2.29 - - [24/Jun/2025:13:26:27 +0000] "GET /?pid=49101797019& HTTP/2.0" 200 41907 "-" "meta-externalagent/1.1 (+https://developers.facebook.com/docs/sharing/webmasters/crawler)"
66.249.76.160 - - [24/Jun/2025:13:26:27 +0000] "GET /?pid=40033585507&channel=outdoor-others&cate_id=4003 HTTP/1.1" 200 41907 "-" "Mozilla/5.0 (Linux; Android 6.0.1; Nexus 5X Build/MMB29P) AppleWebKit/537.36 (KHTML, like Gecko) Chrome/137.0.7151.103 Mobile Safari/537.36 (compatible; Googlebot/2.1; +http://www.google.com/bot.html)"
57.141.2.7 - - [24/Jun/2025:13:26:29 +0000] "GET /?pid=32443720055& HTTP/2.0" 200 41907 "-" "meta-externalagent/1.1 (+https://developers.facebook.com/docs/sharing/webmasters/crawler)"
66.249.79.71 - - [24/Jun/2025:13:26:29 +0000] "GET /?pid=46090896988&channel=kitchen-bulk-sales&cate_id=4609 HTTP/1.1" 200 41907 "-" "Mozilla/5.0 (Linux; Android 6.0.1; Nexus 5X Build/MMB29P) AppleWebKit/537.36 (KHTML, like Gecko) Chrome/137.0.7151.103 Mobile Safari/537.36 (compatible; Googlebot/2.1; +http://www.google.com/bot.html)"
66.249.79.70 - - [24/Jun/2025:13:26:29 +0000] "GET /?pid=54963281085&channel=sports-golf&cate_id=5496 HTTP/1.1" 200 41907 "-" "Mozilla/5.0 (Linux; Android 6.0.1; Nexus 5X Build/MMB29P) AppleWebKit/537.36 (KHTML, like Gecko) Chrome/137.0.7151.103 Mobile Safari/537.36 (compatible; Googlebot/2.1; +http://www.google.com/bot.html)"
57.141.2.12 - - [24/Jun/2025:13:26:31 +0000] "GET /?pid=39690712594& HTTP/2.0" 200 41907 "-" "meta-externalagent/1.1 (+https://developers.facebook.com/docs/sharing/webmasters/crawler)"
57.141.2.18 - - [24/Jun/2025:13:26:40 +0000] "GET /?pid=53994391742& HTTP/2.0" 200 41907 "-" "meta-externalagent/1.1 (+https://developers.facebook.com/docs/sharing/webmasters/crawler)"
57.141.2.24 - - [24/Jun/2025:13:26:41 +0000] "GET /?pid=44094488620& HTTP/2.0" 200 41907 "-" "meta-externalagent/1.1 (+https://developers.facebook.com/docs/sharing/webmasters/crawler)"
57.141.2.9 - - [24/Jun/2025:13:26:43 +0000] "GET /?pid=35884272218& HTTP/2.0" 200 41907 "-" "meta-externalagent/1.1 (+https://developers.facebook.com/docs/sharing/webmasters/crawler)"
57.141.2.12 - - [24/Jun/2025:13:26:46 +0000] "GET /?pid=40381382215& HTTP/2.0" 200 41907 "-" "meta-externalagent/1.1 (+https://developers.facebook.com/docs/sharing/webmasters/crawler)"
57.141.2.8 - - [24/Jun/2025:13:26:56 +0000] "GET /buy.php?pid=45511165022& HTTP/2.0" 404 - "-" "meta-externalagent/1.1 (+https://developers.facebook.com/docs/sharing/webmasters/crawler)"
57.141.2.25 - - [24/Jun/2025:13:27:02 +0000] "GET /?pid=38243566196& HTTP/2.0" 200 41907 "-" "meta-externalagent/1.1 (+https://developers.facebook.com/docs/sharing/webmasters/crawler)"
57.141.2.19 - - [24/Jun/2025:13:27:08 +0000] "GET /buy.php?pid=40851920990& HTTP/2.0" 404 - "-" "meta-externalagent/1.1 (+https://developers.facebook.com/docs/sharing/webmasters/crawler)"
66.249.79.71 - - [24/Jun/2025:13:27:10 +0000] "GET /?pid=45532980226&channel=cameras-headphones&cate_id=4553 HTTP/1.1" 200 41907 "-" "Mozilla/5.0 (Linux; Android 6.0.1; Nexus 5X Build/MMB29P) AppleWebKit/537.36 (KHTML, like Gecko) Chrome/137.0.7151.103 Mobile Safari/537.36 (compatible; Googlebot/2.1; +http://www.google.com/bot.html)"
57.141.2.3 - - [24/Jun/2025:13:27:13 +0000] "GET /?pid=39733421886& HTTP/2.0" 200 41907 "-" "meta-externalagent/1.1 (+https://developers.facebook.com/docs/sharing/webmasters/crawler)"
57.141.2.16 - - [24/Jun/2025:13:27:22 +0000] "GET /?pid=54653847924& HTTP/2.0" 200 41907 "-" "meta-externalagent/1.1 (+https://developers.facebook.com/docs/sharing/webmasters/crawler)"
57.141.2.10 - - [24/Jun/2025:13:27:26 +0000] "GET /?pid=54561230563& HTTP/2.0" 200 41907 "-" "meta-externalagent/1.1 (+https://developers.facebook.com/docs/sharing/webmasters/crawler)"
57.141.2.10 - - [24/Jun/2025:13:27:27 +0000] "GET /?pid=36251986464& HTTP/2.0" 200 41907 "-" "meta-externalagent/1.1 (+https://developers.facebook.com/docs/sharing/webmasters/crawler)"
57.141.2.20 - - [24/Jun/2025:13:27:31 +0000] "GET /?pid=55064125184& HTTP/2.0" 200 41907 "-" "meta-externalagent/1.1 (+https://developers.facebook.com/docs/sharing/webmasters/crawler)"
57.141.2.30 - - [24/Jun/2025:13:27:37 +0000] "GET /?pid=40842104004& HTTP/2.0" 200 41907 "-" "meta-externalagent/1.1 (+https://developers.facebook.com/docs/sharing/webmasters/crawler)"
57.141.2.20 - - [24/Jun/2025:13:27:39 +0000] "GET /buy.php?pid=54851682009& HTTP/2.0" 404 - "-" "meta-externalagent/1.1 (+https://developers.facebook.com/docs/sharing/webmasters/crawler)"
57.141.2.12 - - [24/Jun/2025:13:27:40 +0000] "GET /?pid=40454558327& HTTP/2.0" 200 41907 "-" "meta-externalagent/1.1 (+https://developers.facebook.com/docs/sharing/webmasters/crawler)"
57.141.2.8 - - [24/Jun/2025:13:27:45 +0000] "GET /?pid=40651739610& HTTP/2.0" 200 41907 "-" "meta-externalagent/1.1 (+https://developers.facebook.com/docs/sharing/webmasters/crawler)"
57.141.2.14 - - [24/Jun/2025:13:27:49 +0000] "GET /?pid=31631954121& HTTP/2.0" 200 41907 "-" "meta-externalagent/1.1 (+https://developers.facebook.com/docs/sharing/webmasters/crawler)"
66.249.79.69 - - [24/Jun/2025:13:27:52 +0000] "GET /?pid=53941950015&channel=sports-baseball&cate_id=5394 HTTP/1.1" 200 41907 "-" "Mozilla/5.0 (Linux; Android 6.0.1; Nexus 5X Build/MMB29P) AppleWebKit/537.36 (KHTML, like Gecko) Chrome/137.0.7151.103 Mobile Safari/537.36 (compatible; Googlebot/2.1; +http://www.google.com/bot.html)"
66.249.79.69 - - [24/Jun/2025:13:27:52 +0000] "GET /?pid=32340978168&channel=smartphones-tablet&cate_id=3234 HTTP/1.1" 200 41907 "-" "Mozilla/5.0 (Linux; Android 6.0.1; Nexus 5X Build/MMB29P) AppleWebKit/537.36 (KHTML, like Gecko) Chrome/137.0.7151.103 Mobile Safari/537.36 (compatible; Googlebot/2.1; +http://www.google.com/bot.html)"
57.141.2.16 - - [24/Jun/2025:13:27:52 +0000] "GET /?pid=41081974402& HTTP/2.0" 200 41907 "-" "meta-externalagent/1.1 (+https://developers.facebook.com/docs/sharing/webmasters/crawler)"
57.141.2.9 - - [24/Jun/2025:13:27:52 +0000] "GET /?pid=39711615486& HTTP/2.0" 200 41907 "-" "meta-externalagent/1.1 (+https://developers.facebook.com/docs/sharing/webmasters/crawler)"
57.141.2.18 - - [24/Jun/2025:13:27:53 +0000] "GET /?pid=54822850487& HTTP/2.0" 200 41907 "-" "meta-externalagent/1.1 (+https://developers.facebook.com/docs/sharing/webmasters/crawler)"
66.249.76.169 - - [24/Jun/2025:13:27:53 +0000] "GET /?pid=32540897132&channel=sports-wear&cate_id=3254 HTTP/1.1" 200 41907 "-" "Mozilla/5.0 (Linux; Android 6.0.1; Nexus 5X Build/MMB29P) AppleWebKit/537.36 (KHTML, like Gecko) Chrome/137.0.7151.103 Mobile Safari/537.36 (compatible; Googlebot/2.1; +http://www.google.com/bot.html)"
66.249.76.169 - - [24/Jun/2025:13:27:55 +0000] "GET /?pid=42091851641&channel=handmade-beads&cate_id=4209 HTTP/1.1" 200 41907 "-" "Mozilla/5.0 (Linux; Android 6.0.1; Nexus 5X Build/MMB29P) AppleWebKit/537.36 (KHTML, like Gecko) Chrome/137.0.7151.103 Mobile Safari/537.36 (compatible; Googlebot/2.1; +http://www.google.com/bot.html)"
57.141.2.14 - - [24/Jun/2025:13:27:55 +0000] "GET /?pid=44164112279& HTTP/2.0" 200 41907 "-" "meta-externalagent/1.1 (+https://developers.facebook.com/docs/sharing/webmasters/crawler)"
57.141.2.3 - - [24/Jun/2025:13:27:56 +0000] "GET /?pid=40853794191& HTTP/2.0" 200 41907 "-" "meta-externalagent/1.1 (+https://developers.facebook.com/docs/sharing/webmasters/crawler)"
57.141.2.18 - - [24/Jun/2025:13:27:56 +0000] "GET /?pid=44314511865& HTTP/2.0" 200 41907 "-" "meta-externalagent/1.1 (+https://developers.facebook.com/docs/sharing/webmasters/crawler)"
57.141.2.18 - - [24/Jun/2025:13:27:58 +0000] "GET /buy.php?pid=35081759332& HTTP/2.0" 404 - "-" "meta-externalagent/1.1 (+https://developers.facebook.com/docs/sharing/webmasters/crawler)"
57.141.2.29 - - [24/Jun/2025:13:27:59 +0000] "GET /?pid=40853102806& HTTP/2.0" 200 41907 "-" "meta-externalagent/1.1 (+https://developers.facebook.com/docs/sharing/webmasters/crawler)"
57.141.2.27 - - [24/Jun/2025:13:28:01 +0000] "GET /?pid=31561445666& HTTP/2.0" 200 41907 "-" "meta-externalagent/1.1 (+https://developers.facebook.com/docs/sharing/webmasters/crawler)"
57.141.2.22 - - [24/Jun/2025:13:28:04 +0000] "GET /?pid=49104642186& HTTP/2.0" 200 41907 "-" "meta-externalagent/1.1 (+https://developers.facebook.com/docs/sharing/webmasters/crawler)"
57.141.2.27 - - [24/Jun/2025:13:28:04 +0000] "GET /?pid=40383745575& HTTP/2.0" 200 41907 "-" "meta-externalagent/1.1 (+https://developers.facebook.com/docs/sharing/webmasters/crawler)"
57.141.2.18 - - [24/Jun/2025:13:28:04 +0000] "GET /?pid=40632266280& HTTP/2.0" 200 41907 "-" "meta-externalagent/1.1 (+https://developers.facebook.com/docs/sharing/webmasters/crawler)"
57.141.2.28 - - [24/Jun/2025:13:28:08 +0000] "GET /?pid=40300889885& HTTP/2.0" 200 41907 "-" "meta-externalagent/1.1 (+https://developers.facebook.com/docs/sharing/webmasters/crawler)"
57.141.2.1 - - [24/Jun/2025:13:28:09 +0000] "GET /?pid=40092348185& HTTP/2.0" 200 41907 "-" "meta-externalagent/1.1 (+https://developers.facebook.com/docs/sharing/webmasters/crawler)"
57.141.2.29 - - [24/Jun/2025:13:28:12 +0000] "GET /?pid=40643481075& HTTP/2.0" 200 41907 "-" "meta-externalagent/1.1 (+https://developers.facebook.com/docs/sharing/webmasters/crawler)"
57.141.2.14 - - [24/Jun/2025:13:28:14 +0000] "GET /?pid=40633387875& HTTP/2.0" 200 41907 "-" "meta-externalagent/1.1 (+https://developers.facebook.com/docs/sharing/webmasters/crawler)"
57.141.2.24 - - [24/Jun/2025:13:28:15 +0000] "GET /?pid=46092502813& HTTP/2.0" 200 41907 "-" "meta-externalagent/1.1 (+https://developers.facebook.com/docs/sharing/webmasters/crawler)"
57.141.2.26 - - [24/Jun/2025:13:28:16 +0000] "GET /?pid=33844527821& HTTP/2.0" 200 41907 "-" "meta-externalagent/1.1 (+https://developers.facebook.com/docs/sharing/webmasters/crawler)"
57.141.2.2 - - [24/Jun/2025:13:28:20 +0000] "GET /?pid=39711207870& HTTP/2.0" 200 41907 "-" "meta-externalagent/1.1 (+https://developers.facebook.com/docs/sharing/webmasters/crawler)"
57.141.2.24 - - [24/Jun/2025:13:28:22 +0000] "GET /?pid=40593572217& HTTP/2.0" 200 41907 "-" "meta-externalagent/1.1 (+https://developers.facebook.com/docs/sharing/webmasters/crawler)"
57.141.2.10 - - [24/Jun/2025:13:28:26 +0000] "GET /buy.php?pid=54423009852& HTTP/2.0" 404 - "-" "meta-externalagent/1.1 (+https://developers.facebook.com/docs/sharing/webmasters/crawler)"
57.141.2.5 - - [24/Jun/2025:13:28:27 +0000] "GET /?pid=48112433630& HTTP/2.0" 200 41907 "-" "meta-externalagent/1.1 (+https://developers.facebook.com/docs/sharing/webmasters/crawler)"
57.141.2.15 - - [24/Jun/2025:13:28:29 +0000] "GET /?pid=45474350836& HTTP/2.0" 200 41907 "-" "meta-externalagent/1.1 (+https://developers.facebook.com/docs/sharing/webmasters/crawler)"
57.141.2.19 - - [24/Jun/2025:13:28:30 +0000] "GET /?pid=54553587696& HTTP/2.0" 200 41907 "-" "meta-externalagent/1.1 (+https://developers.facebook.com/docs/sharing/webmasters/crawler)"
57.141.2.8 - - [24/Jun/2025:13:28:38 +0000] "GET /?pid=32721724320& HTTP/2.0" 200 41907 "-" "meta-externalagent/1.1 (+https://developers.facebook.com/docs/sharing/webmasters/crawler)"
66.249.79.69 - - [24/Jun/2025:13:28:40 +0000] "GET /?pid=54592906246&channel=toys-trading-cards&cate_id=5459 HTTP/1.1" 200 41907 "-" "Mozilla/5.0 (Linux; Android 6.0.1; Nexus 5X Build/MMB29P) AppleWebKit/537.36 (KHTML, like Gecko) Chrome/137.0.7151.103 Mobile Safari/537.36 (compatible; Googlebot/2.1; +http://www.google.com/bot.html)"
57.141.2.27 - - [24/Jun/2025:13:28:42 +0000] "GET /?pid=45904394235& HTTP/2.0" 200 41907 "-" "meta-externalagent/1.1 (+https://developers.facebook.com/docs/sharing/webmasters/crawler)"
57.141.2.26 - - [24/Jun/2025:13:28:42 +0000] "GET /?pid=40602432678& HTTP/2.0" 200 41907 "-" "meta-externalagent/1.1 (+https://developers.facebook.com/docs/sharing/webmasters/crawler)"
57.141.2.30 - - [24/Jun/2025:13:29:27 +0000] "GET /?pid=32342612829& HTTP/2.0" 200 41907 "-" "meta-externalagent/1.1 (+https://developers.facebook.com/docs/sharing/webmasters/crawler)"
57.141.2.3 - - [24/Jun/2025:13:29:32 +0000] "GET /?pid=45904394235& HTTP/2.0" 200 41907 "-" "meta-externalagent/1.1 (+https://developers.facebook.com/docs/sharing/webmasters/crawler)"
66.249.79.69 - - [24/Jun/2025:13:29:43 +0000] "GET /?pid=39741941000&channel=outdoor-barbecues&cate_id=3974 HTTP/1.1" 200 41907 "-" "Mozilla/5.0 (Linux; Android 6.0.1; Nexus 5X Build/MMB29P) AppleWebKit/537.36 (KHTML, like Gecko) Chrome/137.0.7151.103 Mobile Safari/537.36 (compatible; Googlebot/2.1; +http://www.google.com/bot.html)"
57.141.2.20 - - [24/Jun/2025:13:29:58 +0000] "GET /?pid=31764471344& HTTP/2.0" 200 41907 "-" "meta-externalagent/1.1 (+https://developers.facebook.com/docs/sharing/webmasters/crawler)"
57.141.2.19 - - [24/Jun/2025:13:29:59 +0000] "GET /?pid=40724085890& HTTP/2.0" 200 41907 "-" "meta-externalagent/1.1 (+https://developers.facebook.com/docs/sharing/webmasters/crawler)"
57.141.2.14 - - [24/Jun/2025:13:30:05 +0000] "GET /?pid=34362418891& HTTP/2.0" 200 41907 "-" "meta-externalagent/1.1 (+https://developers.facebook.com/docs/sharing/webmasters/crawler)"
57.141.2.3 - - [24/Jun/2025:13:30:12 +0000] "GET /?pid=45354584367& HTTP/2.0" 200 41907 "-" "meta-externalagent/1.1 (+https://developers.facebook.com/docs/sharing/webmasters/crawler)"
57.141.2.25 - - [24/Jun/2025:13:30:14 +0000] "GET /buy.php?pid=53992023223& HTTP/2.0" 404 - "-" "meta-externalagent/1.1 (+https://developers.facebook.com/docs/sharing/webmasters/crawler)"
57.141.2.22 - - [24/Jun/2025:13:30:16 +0000] "GET /?pid=43141791157& HTTP/2.0" 200 41907 "-" "meta-externalagent/1.1 (+https://developers.facebook.com/docs/sharing/webmasters/crawler)"
57.141.2.17 - - [24/Jun/2025:13:30:33 +0000] "GET /buy.php?pid=40852226252& HTTP/2.0" 404 - "-" "meta-externalagent/1.1 (+https://developers.facebook.com/docs/sharing/webmasters/crawler)"
57.141.2.25 - - [24/Jun/2025:13:30:33 +0000] "GET /?pid=39712332925& HTTP/2.0" 200 41907 "-" "meta-externalagent/1.1 (+https://developers.facebook.com/docs/sharing/webmasters/crawler)"
57.141.2.21 - - [24/Jun/2025:13:30:28 +0000] "GET /?pid=32501416261& HTTP/2.0" 200 41907 "-" "meta-externalagent/1.1 (+https://developers.facebook.com/docs/sharing/webmasters/crawler)"
57.141.2.14 - - [24/Jun/2025:13:30:35 +0000] "GET /?pid=44081117241& HTTP/2.0" 200 41907 "-" "meta-externalagent/1.1 (+https://developers.facebook.com/docs/sharing/webmasters/crawler)"
57.141.2.18 - - [24/Jun/2025:13:30:37 +0000] "GET /buy.php?pid=49134563035& HTTP/2.0" 404 - "-" "meta-externalagent/1.1 (+https://developers.facebook.com/docs/sharing/webmasters/crawler)"
57.141.2.16 - - [24/Jun/2025:13:30:45 +0000] "GET /?pid=33942928057& HTTP/2.0" 200 41907 "-" "meta-externalagent/1.1 (+https://developers.facebook.com/docs/sharing/webmasters/crawler)"
57.141.2.28 - - [24/Jun/2025:13:30:46 +0000] "GET /?pid=40963436369& HTTP/2.0" 200 41907 "-" "meta-externalagent/1.1 (+https://developers.facebook.com/docs/sharing/webmasters/crawler)"
57.141.2.13 - - [24/Jun/2025:13:30:49 +0000] "GET /?pid=54332558595& HTTP/2.0" 200 41907 "-" "meta-externalagent/1.1 (+https://developers.facebook.com/docs/sharing/webmasters/crawler)"
