196.251.70.18 - - [24/Jun/2025:20:22:40 +0000] "GET /../complaint-track-form.php HTTP/1.1" 404 - "-" "Mozilla/5.0 (Windows NT 6.1) AppleWebKit/537.36 (KHTML, like Gecko) Chrome/47.0.2503.0 Safari/537.36"
196.251.70.18 - - [24/Jun/2025:20:22:41 +0000] "GET /../track-order/ HTTP/1.1" 404 - "-" "Mozilla/5.0 (Windows NT 6.1) AppleWebKit/537.36 (KHTML, like Gecko) Chrome/47.0.2503.0 Safari/537.36"
196.251.70.18 - - [24/Jun/2025:20:22:41 +0000] "GET /../blog HTTP/1.1" 404 - "-" "Mozilla/5.0 (Windows NT 6.1) AppleWebKit/537.36 (KHTML, like Gecko) Chrome/47.0.2503.0 Safari/537.36"
196.251.70.18 - - [24/Jun/2025:20:22:42 +0000] "GET /tel:%2B919355583498 HTTP/1.1" 404 - "-" "Mozilla/5.0 (Windows NT 6.1) AppleWebKit/537.36 (KHTML, like Gecko) Chrome/47.0.2503.0 Safari/537.36"
196.251.70.18 - - [24/Jun/2025:20:22:43 +0000] "GET /tel: HTTP/1.1" 404 - "-" "Mozilla/5.0 (Windows NT 6.1) AppleWebKit/537.36 (KHTML, like Gecko) Chrome/47.0.2503.0 Safari/537.36"
196.251.70.18 - - [24/Jun/2025:20:22:43 +0000] "GET /../udyam-registration.php HTTP/1.1" 404 - "-" "Mozilla/5.0 (Windows NT 6.1) AppleWebKit/537.36 (KHTML, like Gecko) Chrome/47.0.2503.0 Safari/537.36"
198.23.221.59 - - [24/Jun/2025:20:22:44 +0000] "GET / HTTP/1.1" 200 52241 "-" "Mozilla/5.0 (Windows NT 6.1) AppleWebKit/537.36 (KHTML, like Gecko) Chrome/33.0.1750.154 Safari/537.36"
198.23.221.59 - - [24/Jun/2025:20:22:46 +0000] "POST /./request/form-submit.php HTTP/1.1" 200 - "https://udyogaadhaaronline.com" "Mozilla/5.0 (Windows NT 6.1) AppleWebKit/537.36 (KHTML, like Gecko) Chrome/33.0.1750.154 Safari/537.36"
132.232.203.74 - - [24/Jun/2025:20:34:29 +0000] "GET / HTTP/1.1" 200 52241 "http://www.udyogaadhaaronline.com" "Mozilla/5.0 (iPhone; CPU iPhone OS 13_2_3 like Mac OS X) AppleWebKit/605.1.15 (KHTML, like Gecko) Version/13.0.3 Mobile/15E148 Safari/604.1"
57.141.2.28 - - [24/Jun/2025:20:38:55 +0000] "GET /lowpr.php?shopdetail/375877467 HTTP/2.0" 404 - "-" "meta-externalagent/1.1 (+https://developers.facebook.com/docs/sharing/webmasters/crawler)"
57.141.2.25 - - [24/Jun/2025:20:43:44 +0000] "GET /lowpr.php?shopdetail/343708667 HTTP/2.0" 404 - "-" "meta-externalagent/1.1 (+https://developers.facebook.com/docs/sharing/webmasters/crawler)"
57.141.2.10 - - [24/Jun/2025:20:45:35 +0000] "GET /lowpr.php?shopdetail/283372667 HTTP/2.0" 404 - "-" "meta-externalagent/1.1 (+https://developers.facebook.com/docs/sharing/webmasters/crawler)"
57.141.2.14 - - [24/Jun/2025:20:45:37 +0000] "GET /lowpr.php?shopdetail/353182767 HTTP/2.0" 404 - "-" "meta-externalagent/1.1 (+https://developers.facebook.com/docs/sharing/webmasters/crawler)"
57.141.2.9 - - [24/Jun/2025:20:48:15 +0000] "GET /lowpr.php?shopdetail/12801767 HTTP/2.0" 404 - "-" "meta-externalagent/1.1 (+https://developers.facebook.com/docs/sharing/webmasters/crawler)"
74.125.150.32 - - [24/Jun/2025:20:55:14 +0000] "GET /terms-of-service.php HTTP/1.1" 404 - "-" "Mozilla/5.0 AppleWebKit/537.36 (KHTML, like Gecko) Chrome/137.0.7151.68 Safari/537.36"
57.141.2.2 - - [24/Jun/2025:20:55:48 +0000] "GET /lowpr.php?shopdetail/117382567 HTTP/2.0" 404 - "-" "meta-externalagent/1.1 (+https://developers.facebook.com/docs/sharing/webmasters/crawler)"
57.141.2.29 - - [24/Jun/2025:21:01:44 +0000] "GET /lowpr.php?shopdetail/149397367 HTTP/2.0" 404 - "-" "meta-externalagent/1.1 (+https://developers.facebook.com/docs/sharing/webmasters/crawler)"
80.85.247.161 - - [24/Jun/2025:21:05:03 +0000] "GET / HTTP/1.1" 200 52241 "-" "Mozilla/5.0 (Macintosh; Intel Mac OS X 10_15_7) AppleWebKit/537.36 (KHTML, like Gecko) Chrome/133.0.0.0 Safari/537.36"
185.196.177.250 - - [24/Jun/2025:21:05:12 +0000] "POST /request/form-submit.php HTTP/1.1" 200 - "-" "Mozilla/5.0 (Macintosh; Intel Mac OS X 10_15_7) AppleWebKit/537.36 (KHTML, like Gecko) Chrome/133.0.0.0 Safari/537.36"
80.85.247.161 - - [24/Jun/2025:21:05:23 +0000] "GET /assets/img/udyogaadhaaronline-logoo.svg HTTP/1.1" 200 15055 "-" "Mozilla/5.0 (Macintosh; Intel Mac OS X 10_15_7) AppleWebKit/537.36 (KHTML, like Gecko) Chrome/133.0.0.0 Safari/537.36"
80.85.247.161 - - [24/Jun/2025:21:05:23 +0000] "GET /enquiry.php HTTP/1.1" 200 15032 "-" "Mozilla/5.0 (Macintosh; Intel Mac OS X 10_15_7) AppleWebKit/537.36 (KHTML, like Gecko) Chrome/133.0.0.0 Safari/537.36"
185.196.177.250 - - [24/Jun/2025:21:05:29 +0000] "POST /mail.php HTTP/1.1" 500 - "-" "Mozilla/5.0 (Macintosh; Intel Mac OS X 10_15_7) AppleWebKit/537.36 (KHTML, like Gecko) Chrome/133.0.0.0 Safari/537.36"
185.196.177.250 - - [24/Jun/2025:21:05:30 +0000] "POST /mail.php HTTP/1.1" 500 - "-" "Mozilla/5.0 (Windows NT 10.0; Win64; x64) AppleWebKit/537.36 (KHTML, like Gecko) Chrome/120.0.0.0 Safari/537.36"
80.85.247.161 - - [24/Jun/2025:21:05:30 +0000] "GET /enquiry.php HTTP/1.1" 200 15032 "-" "Mozilla/5.0 (Macintosh; Intel Mac OS X 10_15_7) AppleWebKit/537.36 (KHTML, like Gecko) Chrome/133.0.0.0 Safari/537.36"
185.196.177.250 - - [24/Jun/2025:21:05:31 +0000] "POST /mail.php HTTP/1.1" 500 - "-" "Mozilla/5.0 (Macintosh; Intel Mac OS X 10_15_7) AppleWebKit/537.36 (KHTML, like Gecko) Chrome/133.0.0.0 Safari/537.36"
185.196.177.250 - - [24/Jun/2025:21:05:32 +0000] "POST /mail.php HTTP/1.1" 500 - "-" "Mozilla/5.0 (Windows NT 10.0; Win64; x64) AppleWebKit/537.36 (KHTML, like Gecko) Chrome/120.0.0.0 Safari/537.36"
80.85.247.161 - - [24/Jun/2025:21:05:33 +0000] "GET /blog HTTP/1.1" 301 244 "-" "Mozilla/5.0 (Macintosh; Intel Mac OS X 10_15_7) AppleWebKit/537.36 (KHTML, like Gecko) Chrome/133.0.0.0 Safari/537.36"
80.85.247.161 - - [24/Jun/2025:21:05:33 +0000] "GET /blog/ HTTP/1.1" 200 7464 "https://udyogaadhaaronline.com/blog" "Mozilla/5.0 (Macintosh; Intel Mac OS X 10_15_7) AppleWebKit/537.36 (KHTML, like Gecko) Chrome/133.0.0.0 Safari/537.36"
80.85.247.161 - - [24/Jun/2025:21:05:34 +0000] "GET /blog HTTP/1.1" 301 244 "-" "Mozilla/5.0 (Macintosh; Intel Mac OS X 10_15_7) AppleWebKit/537.36 (KHTML, like Gecko) Chrome/133.0.0.0 Safari/537.36"
80.85.247.161 - - [24/Jun/2025:21:05:35 +0000] "GET /blog/ HTTP/1.1" 200 7464 "https://udyogaadhaaronline.com/blog" "Mozilla/5.0 (Macintosh; Intel Mac OS X 10_15_7) AppleWebKit/537.36 (KHTML, like Gecko) Chrome/133.0.0.0 Safari/537.36"
80.85.247.161 - - [24/Jun/2025:21:05:36 +0000] "GET /udyam-registration.php HTTP/1.1" 301 239 "-" "Mozilla/5.0 (Macintosh; Intel Mac OS X 10_15_7) AppleWebKit/537.36 (KHTML, like Gecko) Chrome/133.0.0.0 Safari/537.36"
80.85.247.161 - - [24/Jun/2025:21:05:36 +0000] "GET / HTTP/1.1" 200 52241 "https://udyogaadhaaronline.com/udyam-registration.php" "Mozilla/5.0 (Macintosh; Intel Mac OS X 10_15_7) AppleWebKit/537.36 (KHTML, like Gecko) Chrome/133.0.0.0 Safari/537.36"
185.196.177.250 - - [24/Jun/2025:21:05:45 +0000] "POST /request/form-submit.php HTTP/1.1" 200 - "-" "Mozilla/5.0 (Macintosh; Intel Mac OS X 10_15_7) AppleWebKit/537.36 (KHTML, like Gecko) Chrome/133.0.0.0 Safari/537.36"
185.196.177.250 - - [24/Jun/2025:21:05:48 +0000] "POST /request/form-submit.php HTTP/1.1" 200 - "-" "Mozilla/5.0 (Windows NT 10.0; Win64; x64) AppleWebKit/537.36 (KHTML, like Gecko) Chrome/120.0.0.0 Safari/537.36"
80.85.247.161 - - [24/Jun/2025:21:05:49 +0000] "GET /re-registration.php HTTP/1.1" 200 38028 "-" "Mozilla/5.0 (Macintosh; Intel Mac OS X 10_15_7) AppleWebKit/537.36 (KHTML, like Gecko) Chrome/133.0.0.0 Safari/537.36"
80.85.247.161 - - [24/Jun/2025:21:05:50 +0000] "GET /re-registration.php HTTP/1.1" 200 38028 "-" "Mozilla/5.0 (Macintosh; Intel Mac OS X 10_15_7) AppleWebKit/537.36 (KHTML, like Gecko) Chrome/133.0.0.0 Safari/537.36"
80.85.247.161 - - [24/Jun/2025:21:05:50 +0000] "GET /cancel-udyam-registration.php HTTP/1.1" 301 246 "-" "Mozilla/5.0 (Macintosh; Intel Mac OS X 10_15_7) AppleWebKit/537.36 (KHTML, like Gecko) Chrome/133.0.0.0 Safari/537.36"
80.85.247.161 - - [24/Jun/2025:21:05:51 +0000] "GET /cancel- HTTP/1.1" 404 - "https://udyogaadhaaronline.com/cancel-udyam-registration.php" "Mozilla/5.0 (Macintosh; Intel Mac OS X 10_15_7) AppleWebKit/537.36 (KHTML, like Gecko) Chrome/133.0.0.0 Safari/537.36"
80.85.247.161 - - [24/Jun/2025:21:05:51 +0000] "GET /udyam-registration-certificate-sample.php HTTP/1.1" 200 12765 "-" "Mozilla/5.0 (Macintosh; Intel Mac OS X 10_15_7) AppleWebKit/537.36 (KHTML, like Gecko) Chrome/133.0.0.0 Safari/537.36"
80.85.247.161 - - [24/Jun/2025:21:05:52 +0000] "GET /udyam-registration-certificate-sample.php HTTP/1.1" 200 12765 "-" "Mozilla/5.0 (Macintosh; Intel Mac OS X 10_15_7) AppleWebKit/537.36 (KHTML, like Gecko) Chrome/133.0.0.0 Safari/537.36"
80.85.247.161 - - [24/Jun/2025:21:05:53 +0000] "GET /contact-us.php HTTP/1.1" 200 10991 "-" "Mozilla/5.0 (Macintosh; Intel Mac OS X 10_15_7) AppleWebKit/537.36 (KHTML, like Gecko) Chrome/133.0.0.0 Safari/537.36"
80.85.247.161 - - [24/Jun/2025:21:05:54 +0000] "GET /contact-us.php HTTP/1.1" 200 10991 "-" "Mozilla/5.0 (Macintosh; Intel Mac OS X 10_15_7) AppleWebKit/537.36 (KHTML, like Gecko) Chrome/133.0.0.0 Safari/537.36"
80.85.247.161 - - [24/Jun/2025:21:05:55 +0000] "GET /blog HTTP/1.1" 301 244 "-" "Mozilla/5.0 (Macintosh; Intel Mac OS X 10_15_7) AppleWebKit/537.36 (KHTML, like Gecko) Chrome/133.0.0.0 Safari/537.36"
80.85.247.161 - - [24/Jun/2025:21:05:55 +0000] "GET /blog/ HTTP/1.1" 200 7464 "https://udyogaadhaaronline.com/blog" "Mozilla/5.0 (Macintosh; Intel Mac OS X 10_15_7) AppleWebKit/537.36 (KHTML, like Gecko) Chrome/133.0.0.0 Safari/537.36"
57.141.2.1 - - [24/Jun/2025:21:08:51 +0000] "GET /lowpr.php?shopdetail/6879567 HTTP/2.0" 404 - "-" "meta-externalagent/1.1 (+https://developers.facebook.com/docs/sharing/webmasters/crawler)"
57.141.2.5 - - [24/Jun/2025:21:09:05 +0000] "GET /lowpr.php?shopdetail/270294467 HTTP/2.0" 404 - "-" "meta-externalagent/1.1 (+https://developers.facebook.com/docs/sharing/webmasters/crawler)"
57.141.2.24 - - [24/Jun/2025:21:09:05 +0000] "GET /lowpr.php?shopdetail/398664167 HTTP/2.0" 404 - "-" "meta-externalagent/1.1 (+https://developers.facebook.com/docs/sharing/webmasters/crawler)"
57.141.2.21 - - [24/Jun/2025:21:12:27 +0000] "GET /lowpr.php?shopdetail/93801567 HTTP/2.0" 404 - "-" "meta-externalagent/1.1 (+https://developers.facebook.com/docs/sharing/webmasters/crawler)"
57.141.2.12 - - [24/Jun/2025:21:13:13 +0000] "GET /lowpr.php?shopdetail/145760267 HTTP/2.0" 404 - "-" "meta-externalagent/1.1 (+https://developers.facebook.com/docs/sharing/webmasters/crawler)"
57.141.2.30 - - [24/Jun/2025:21:14:06 +0000] "GET /lowpr.php?shopdetail/387753167 HTTP/2.0" 404 - "-" "meta-externalagent/1.1 (+https://developers.facebook.com/docs/sharing/webmasters/crawler)"
57.141.2.1 - - [24/Jun/2025:21:18:36 +0000] "GET /lowpr.php?shopdetail/345488067 HTTP/2.0" 404 - "-" "meta-externalagent/1.1 (+https://developers.facebook.com/docs/sharing/webmasters/crawler)"
57.141.2.22 - - [24/Jun/2025:21:19:35 +0000] "GET /lowpr.php?shopdetail/287455067 HTTP/2.0" 404 - "-" "meta-externalagent/1.1 (+https://developers.facebook.com/docs/sharing/webmasters/crawler)"
57.141.2.28 - - [24/Jun/2025:21:27:13 +0000] "GET /lowpr.php?shopdetail/2547167 HTTP/2.0" 404 - "-" "meta-externalagent/1.1 (+https://developers.facebook.com/docs/sharing/webmasters/crawler)"
57.141.2.6 - - [24/Jun/2025:21:32:28 +0000] "GET /lowpr.php?shopdetail/372312067 HTTP/2.0" 404 - "-" "meta-externalagent/1.1 (+https://developers.facebook.com/docs/sharing/webmasters/crawler)"
57.141.2.26 - - [24/Jun/2025:21:34:22 +0000] "GET /lowpr.php?shopdetail/280946967 HTTP/2.0" 404 - "-" "meta-externalagent/1.1 (+https://developers.facebook.com/docs/sharing/webmasters/crawler)"
206.168.34.82 - - [24/Jun/2025:21:41:07 +0000] "GET /favicon.ico HTTP/1.1" 401 53 "http://webdisk.udyogaadhaaronline.com/favicon.ico" "Mozilla/5.0 (compatible; CensysInspect/1.1; +https://about.censys.io/)"
216.73.216.228 - - [24/Jun/2025:21:44:26 +0000] "GET /robots.txt HTTP/2.0" 200 134 "-" "Mozilla/5.0 AppleWebKit/537.36 (KHTML, like Gecko; compatible; ClaudeBot/1.0; +claudebot@anthropic.com)"
216.73.216.228 - - [24/Jun/2025:21:44:26 +0000] "GET / HTTP/2.0" 200 52241 "-" "Mozilla/5.0 AppleWebKit/537.36 (KHTML, like Gecko; compatible; ClaudeBot/1.0; +claudebot@anthropic.com)"
57.141.2.5 - - [24/Jun/2025:21:45:12 +0000] "GET /lowpr.php?shopdetail/304546067 HTTP/2.0" 404 - "-" "meta-externalagent/1.1 (+https://developers.facebook.com/docs/sharing/webmasters/crawler)"
57.141.2.11 - - [24/Jun/2025:21:45:16 +0000] "GET /lowpr.php?shopdetail/366820967 HTTP/2.0" 404 - "-" "meta-externalagent/1.1 (+https://developers.facebook.com/docs/sharing/webmasters/crawler)"
57.141.2.20 - - [24/Jun/2025:21:47:11 +0000] "GET /lowpr.php?shopdetail/24267467 HTTP/2.0" 404 - "-" "meta-externalagent/1.1 (+https://developers.facebook.com/docs/sharing/webmasters/crawler)"
57.141.2.9 - - [24/Jun/2025:21:49:29 +0000] "GET /lowpr.php?shopdetail/43257467 HTTP/2.0" 404 - "-" "meta-externalagent/1.1 (+https://developers.facebook.com/docs/sharing/webmasters/crawler)"
57.141.2.7 - - [24/Jun/2025:21:58:50 +0000] "GET /lowpr.php?shopdetail/63954167 HTTP/2.0" 404 - "-" "meta-externalagent/1.1 (+https://developers.facebook.com/docs/sharing/webmasters/crawler)"
138.199.19.168 - - [24/Jun/2025:22:01:34 +0000] "GET /autodiscover/autodiscover.xml HTTP/1.1" 400 52 "-" "Mozilla/5.0 (Windows NT 10.0; Win64; x64) AppleWebKit/537.36 (KHTML, like Gecko) Chrome/78.0.3904.108 Safari/537.36"
138.199.19.168 - - [24/Jun/2025:22:01:35 +0000] "GET /autodiscover/autodiscover.xml/wp-includes/wlwmanifest.xml HTTP/1.1" 400 52 "-" "Mozilla/5.0 (Windows NT 10.0; Win64; x64) AppleWebKit/537.36 (KHTML, like Gecko) Chrome/78.0.3904.108 Safari/537.36"
138.199.19.168 - - [24/Jun/2025:22:01:36 +0000] "GET /autodiscover/autodiscover.xml/xmlrpc.php?rsd HTTP/1.1" 400 52 "-" "Mozilla/5.0 (Windows NT 10.0; Win64; x64) AppleWebKit/537.36 (KHTML, like Gecko) Chrome/78.0.3904.108 Safari/537.36"
138.199.19.168 - - [24/Jun/2025:22:01:36 +0000] "GET /autodiscover/autodiscover.xml HTTP/1.1" 400 52 "-" "Mozilla/5.0 (Windows NT 10.0; Win64; x64) AppleWebKit/537.36 (KHTML, like Gecko) Chrome/78.0.3904.108 Safari/537.36"
138.199.19.168 - - [24/Jun/2025:22:01:37 +0000] "GET /autodiscover/autodiscover.xml/blog/wp-includes/wlwmanifest.xml HTTP/1.1" 400 52 "-" "Mozilla/5.0 (Windows NT 10.0; Win64; x64) AppleWebKit/537.36 (KHTML, like Gecko) Chrome/78.0.3904.108 Safari/537.36"
138.199.19.168 - - [24/Jun/2025:22:01:37 +0000] "GET /autodiscover/autodiscover.xml/web/wp-includes/wlwmanifest.xml HTTP/1.1" 400 52 "-" "Mozilla/5.0 (Windows NT 10.0; Win64; x64) AppleWebKit/537.36 (KHTML, like Gecko) Chrome/78.0.3904.108 Safari/537.36"
138.199.19.168 - - [24/Jun/2025:22:01:38 +0000] "GET /autodiscover/autodiscover.xml/wordpress/wp-includes/wlwmanifest.xml HTTP/1.1" 400 52 "-" "Mozilla/5.0 (Windows NT 10.0; Win64; x64) AppleWebKit/537.36 (KHTML, like Gecko) Chrome/78.0.3904.108 Safari/537.36"
138.199.19.168 - - [24/Jun/2025:22:01:39 +0000] "GET /autodiscover/autodiscover.xml/website/wp-includes/wlwmanifest.xml HTTP/1.1" 400 52 "-" "Mozilla/5.0 (Windows NT 10.0; Win64; x64) AppleWebKit/537.36 (KHTML, like Gecko) Chrome/78.0.3904.108 Safari/537.36"
138.199.19.168 - - [24/Jun/2025:22:01:39 +0000] "GET /autodiscover/autodiscover.xml/wp/wp-includes/wlwmanifest.xml HTTP/1.1" 400 52 "-" "Mozilla/5.0 (Windows NT 10.0; Win64; x64) AppleWebKit/537.36 (KHTML, like Gecko) Chrome/78.0.3904.108 Safari/537.36"
138.199.19.168 - - [24/Jun/2025:22:01:40 +0000] "GET /autodiscover/autodiscover.xml/news/wp-includes/wlwmanifest.xml HTTP/1.1" 400 52 "-" "Mozilla/5.0 (Windows NT 10.0; Win64; x64) AppleWebKit/537.36 (KHTML, like Gecko) Chrome/78.0.3904.108 Safari/537.36"
138.199.19.168 - - [24/Jun/2025:22:01:41 +0000] "GET /autodiscover/autodiscover.xml/2018/wp-includes/wlwmanifest.xml HTTP/1.1" 400 52 "-" "Mozilla/5.0 (Windows NT 10.0; Win64; x64) AppleWebKit/537.36 (KHTML, like Gecko) Chrome/78.0.3904.108 Safari/537.36"
138.199.19.168 - - [24/Jun/2025:22:01:41 +0000] "GET /autodiscover/autodiscover.xml/2019/wp-includes/wlwmanifest.xml HTTP/1.1" 400 52 "-" "Mozilla/5.0 (Windows NT 10.0; Win64; x64) AppleWebKit/537.36 (KHTML, like Gecko) Chrome/78.0.3904.108 Safari/537.36"
138.199.19.168 - - [24/Jun/2025:22:01:42 +0000] "GET /autodiscover/autodiscover.xml/shop/wp-includes/wlwmanifest.xml HTTP/1.1" 400 52 "-" "Mozilla/5.0 (Windows NT 10.0; Win64; x64) AppleWebKit/537.36 (KHTML, like Gecko) Chrome/78.0.3904.108 Safari/537.36"
138.199.19.168 - - [24/Jun/2025:22:01:42 +0000] "GET /autodiscover/autodiscover.xml/wp1/wp-includes/wlwmanifest.xml HTTP/1.1" 400 52 "-" "Mozilla/5.0 (Windows NT 10.0; Win64; x64) AppleWebKit/537.36 (KHTML, like Gecko) Chrome/78.0.3904.108 Safari/537.36"
138.199.19.168 - - [24/Jun/2025:22:01:43 +0000] "GET /autodiscover/autodiscover.xml/test/wp-includes/wlwmanifest.xml HTTP/1.1" 400 52 "-" "Mozilla/5.0 (Windows NT 10.0; Win64; x64) AppleWebKit/537.36 (KHTML, like Gecko) Chrome/78.0.3904.108 Safari/537.36"
138.199.19.168 - - [24/Jun/2025:22:01:44 +0000] "GET /autodiscover/autodiscover.xml/media/wp-includes/wlwmanifest.xml HTTP/1.1" 400 52 "-" "Mozilla/5.0 (Windows NT 10.0; Win64; x64) AppleWebKit/537.36 (KHTML, like Gecko) Chrome/78.0.3904.108 Safari/537.36"
138.199.19.168 - - [24/Jun/2025:22:01:44 +0000] "GET /autodiscover/autodiscover.xml/wp2/wp-includes/wlwmanifest.xml HTTP/1.1" 400 52 "-" "Mozilla/5.0 (Windows NT 10.0; Win64; x64) AppleWebKit/537.36 (KHTML, like Gecko) Chrome/78.0.3904.108 Safari/537.36"
138.199.19.168 - - [24/Jun/2025:22:01:45 +0000] "GET /autodiscover/autodiscover.xml/site/wp-includes/wlwmanifest.xml HTTP/1.1" 400 52 "-" "Mozilla/5.0 (Windows NT 10.0; Win64; x64) AppleWebKit/537.36 (KHTML, like Gecko) Chrome/78.0.3904.108 Safari/537.36"
138.199.19.168 - - [24/Jun/2025:22:01:46 +0000] "GET /autodiscover/autodiscover.xml/cms/wp-includes/wlwmanifest.xml HTTP/1.1" 400 52 "-" "Mozilla/5.0 (Windows NT 10.0; Win64; x64) AppleWebKit/537.36 (KHTML, like Gecko) Chrome/78.0.3904.108 Safari/537.36"
138.199.19.168 - - [24/Jun/2025:22:01:46 +0000] "GET /autodiscover/autodiscover.xml/sito/wp-includes/wlwmanifest.xml HTTP/1.1" 400 52 "-" "Mozilla/5.0 (Windows NT 10.0; Win64; x64) AppleWebKit/537.36 (KHTML, like Gecko) Chrome/78.0.3904.108 Safari/537.36"
57.141.2.5 - - [24/Jun/2025:22:05:24 +0000] "GET /lowpr.php?shopdetail/19590567 HTTP/2.0" 404 - "-" "meta-externalagent/1.1 (+https://developers.facebook.com/docs/sharing/webmasters/crawler)"
43.157.170.126 - - [24/Jun/2025:22:10:00 +0000] "GET / HTTP/1.1" 200 52241 "http://www.udyogaadhaaronline.com" "Mozilla/5.0 (iPhone; CPU iPhone OS 13_2_3 like Mac OS X) AppleWebKit/605.1.15 (KHTML, like Gecko) Version/13.0.3 Mobile/15E148 Safari/604.1"
57.141.2.25 - - [24/Jun/2025:22:10:58 +0000] "GET /lowpr.php?shopdetail/50149467 HTTP/2.0" 404 - "-" "meta-externalagent/1.1 (+https://developers.facebook.com/docs/sharing/webmasters/crawler)"
91.84.110.151 - - [24/Jun/2025:22:14:42 +0000] "GET / HTTP/1.1" 200 52241 "-" "Mozilla/5.0 (Macintosh; Intel Mac OS X 10_15_7) AppleWebKit/537.36 (KHTML, like Gecko) Chrome/133.0.0.0 Safari/537.36"
186.226.7.51 - - [24/Jun/2025:22:14:45 +0000] "POST /request/form-submit.php HTTP/1.1" 200 - "-" "Mozilla/5.0 (Macintosh; Intel Mac OS X 10_15_7) AppleWebKit/537.36 (KHTML, like Gecko) Chrome/133.0.0.0 Safari/537.36"
186.226.7.51 - - [24/Jun/2025:22:14:47 +0000] "POST /request/form-submit.php HTTP/1.1" 200 - "-" "Mozilla/5.0 (Windows NT 10.0; Win64; x64) AppleWebKit/537.36 (KHTML, like Gecko) Chrome/120.0.0.0 Safari/537.36"
91.84.110.151 - - [24/Jun/2025:22:14:49 +0000] "GET /assets/img/udyogaadhaaronline-logoo.svg HTTP/1.1" 200 15055 "-" "Mozilla/5.0 (Macintosh; Intel Mac OS X 10_15_7) AppleWebKit/537.36 (KHTML, like Gecko) Chrome/133.0.0.0 Safari/537.36"
91.84.110.151 - - [24/Jun/2025:22:14:50 +0000] "GET /enquiry.php HTTP/1.1" 200 15032 "-" "Mozilla/5.0 (Macintosh; Intel Mac OS X 10_15_7) AppleWebKit/537.36 (KHTML, like Gecko) Chrome/133.0.0.0 Safari/537.36"
186.226.7.51 - - [24/Jun/2025:22:14:52 +0000] "POST /mail.php HTTP/1.1" 500 - "-" "Mozilla/5.0 (Macintosh; Intel Mac OS X 10_15_7) AppleWebKit/537.36 (KHTML, like Gecko) Chrome/133.0.0.0 Safari/537.36"
186.226.7.51 - - [24/Jun/2025:22:14:55 +0000] "POST /mail.php HTTP/1.1" 500 - "-" "Mozilla/5.0 (Windows NT 10.0; Win64; x64) AppleWebKit/537.36 (KHTML, like Gecko) Chrome/120.0.0.0 Safari/537.36"
91.84.110.151 - - [24/Jun/2025:22:14:56 +0000] "GET /enquiry.php HTTP/1.1" 200 15032 "-" "Mozilla/5.0 (Macintosh; Intel Mac OS X 10_15_7) AppleWebKit/537.36 (KHTML, like Gecko) Chrome/133.0.0.0 Safari/537.36"
186.226.7.51 - - [24/Jun/2025:22:14:58 +0000] "POST /mail.php HTTP/1.1" 500 - "-" "Mozilla/5.0 (Macintosh; Intel Mac OS X 10_15_7) AppleWebKit/537.36 (KHTML, like Gecko) Chrome/133.0.0.0 Safari/537.36"
186.226.7.51 - - [24/Jun/2025:22:15:00 +0000] "POST /mail.php HTTP/1.1" 500 - "-" "Mozilla/5.0 (Windows NT 10.0; Win64; x64) AppleWebKit/537.36 (KHTML, like Gecko) Chrome/120.0.0.0 Safari/537.36"
91.84.110.151 - - [24/Jun/2025:22:15:01 +0000] "GET /blog HTTP/1.1" 301 244 "-" "Mozilla/5.0 (Macintosh; Intel Mac OS X 10_15_7) AppleWebKit/537.36 (KHTML, like Gecko) Chrome/133.0.0.0 Safari/537.36"
91.84.110.151 - - [24/Jun/2025:22:15:02 +0000] "GET /blog/ HTTP/1.1" 200 7464 "https://UDYOGAADHAARONLINE.COM/blog" "Mozilla/5.0 (Macintosh; Intel Mac OS X 10_15_7) AppleWebKit/537.36 (KHTML, like Gecko) Chrome/133.0.0.0 Safari/537.36"
91.84.110.151 - - [24/Jun/2025:22:15:05 +0000] "GET /blog HTTP/1.1" 301 244 "-" "Mozilla/5.0 (Macintosh; Intel Mac OS X 10_15_7) AppleWebKit/537.36 (KHTML, like Gecko) Chrome/133.0.0.0 Safari/537.36"
91.84.110.151 - - [24/Jun/2025:22:15:06 +0000] "GET /blog/ HTTP/1.1" 200 7464 "https://udyogaadhaaronline.com/blog" "Mozilla/5.0 (Macintosh; Intel Mac OS X 10_15_7) AppleWebKit/537.36 (KHTML, like Gecko) Chrome/133.0.0.0 Safari/537.36"
91.84.110.151 - - [24/Jun/2025:22:15:08 +0000] "GET /udyam-registration.php HTTP/1.1" 301 239 "-" "Mozilla/5.0 (Macintosh; Intel Mac OS X 10_15_7) AppleWebKit/537.36 (KHTML, like Gecko) Chrome/133.0.0.0 Safari/537.36"
91.84.110.151 - - [24/Jun/2025:22:15:09 +0000] "GET / HTTP/1.1" 200 52241 "https://UDYOGAADHAARONLINE.COM/udyam-registration.php" "Mozilla/5.0 (Macintosh; Intel Mac OS X 10_15_7) AppleWebKit/537.36 (KHTML, like Gecko) Chrome/133.0.0.0 Safari/537.36"
186.226.7.51 - - [24/Jun/2025:22:15:13 +0000] "POST /request/form-submit.php HTTP/1.1" 200 - "-" "Mozilla/5.0 (Macintosh; Intel Mac OS X 10_15_7) AppleWebKit/537.36 (KHTML, like Gecko) Chrome/133.0.0.0 Safari/537.36"
186.226.7.51 - - [24/Jun/2025:22:15:17 +0000] "POST /request/form-submit.php HTTP/1.1" 200 - "-" "Mozilla/5.0 (Windows NT 10.0; Win64; x64) AppleWebKit/537.36 (KHTML, like Gecko) Chrome/120.0.0.0 Safari/537.36"
91.84.110.151 - - [24/Jun/2025:22:15:19 +0000] "GET /re-registration.php HTTP/1.1" 200 38028 "-" "Mozilla/5.0 (Macintosh; Intel Mac OS X 10_15_7) AppleWebKit/537.36 (KHTML, like Gecko) Chrome/133.0.0.0 Safari/537.36"
91.84.110.151 - - [24/Jun/2025:22:15:20 +0000] "GET /re-registration.php HTTP/1.1" 200 38028 "-" "Mozilla/5.0 (Macintosh; Intel Mac OS X 10_15_7) AppleWebKit/537.36 (KHTML, like Gecko) Chrome/133.0.0.0 Safari/537.36"
91.84.110.151 - - [24/Jun/2025:22:15:24 +0000] "GET /cancel-udyam-registration.php HTTP/1.1" 301 246 "-" "Mozilla/5.0 (Macintosh; Intel Mac OS X 10_15_7) AppleWebKit/537.36 (KHTML, like Gecko) Chrome/133.0.0.0 Safari/537.36"
91.84.110.151 - - [24/Jun/2025:22:15:25 +0000] "GET /cancel- HTTP/1.1" 404 - "https://UDYOGAADHAARONLINE.COM/cancel-udyam-registration.php" "Mozilla/5.0 (Macintosh; Intel Mac OS X 10_15_7) AppleWebKit/537.36 (KHTML, like Gecko) Chrome/133.0.0.0 Safari/537.36"
91.84.110.151 - - [24/Jun/2025:22:15:28 +0000] "GET /udyam-registration-certificate-sample.php HTTP/1.1" 200 12765 "-" "Mozilla/5.0 (Macintosh; Intel Mac OS X 10_15_7) AppleWebKit/537.36 (KHTML, like Gecko) Chrome/133.0.0.0 Safari/537.36"
91.84.110.151 - - [24/Jun/2025:22:15:31 +0000] "GET /udyam-registration-certificate-sample.php HTTP/1.1" 200 12765 "-" "Mozilla/5.0 (Macintosh; Intel Mac OS X 10_15_7) AppleWebKit/537.36 (KHTML, like Gecko) Chrome/133.0.0.0 Safari/537.36"
91.84.110.151 - - [24/Jun/2025:22:15:32 +0000] "GET /contact-us.php HTTP/1.1" 200 10991 "-" "Mozilla/5.0 (Macintosh; Intel Mac OS X 10_15_7) AppleWebKit/537.36 (KHTML, like Gecko) Chrome/133.0.0.0 Safari/537.36"
91.84.110.151 - - [24/Jun/2025:22:15:33 +0000] "GET /contact-us.php HTTP/1.1" 200 10991 "-" "Mozilla/5.0 (Macintosh; Intel Mac OS X 10_15_7) AppleWebKit/537.36 (KHTML, like Gecko) Chrome/133.0.0.0 Safari/537.36"
91.84.110.151 - - [24/Jun/2025:22:15:35 +0000] "GET /blog HTTP/1.1" 301 244 "-" "Mozilla/5.0 (Macintosh; Intel Mac OS X 10_15_7) AppleWebKit/537.36 (KHTML, like Gecko) Chrome/133.0.0.0 Safari/537.36"
91.84.110.151 - - [24/Jun/2025:22:15:36 +0000] "GET /blog/ HTTP/1.1" 200 7464 "https://UDYOGAADHAARONLINE.COM/blog" "Mozilla/5.0 (Macintosh; Intel Mac OS X 10_15_7) AppleWebKit/537.36 (KHTML, like Gecko) Chrome/133.0.0.0 Safari/537.36"
57.141.2.28 - - [24/Jun/2025:22:17:00 +0000] "GET /lowpr.php?shopdetail/342991967 HTTP/2.0" 404 - "-" "meta-externalagent/1.1 (+https://developers.facebook.com/docs/sharing/webmasters/crawler)"
57.141.2.1 - - [24/Jun/2025:22:22:47 +0000] "GET /lowpr.php?shopdetail/226414067 HTTP/2.0" 404 - "-" "meta-externalagent/1.1 (+https://developers.facebook.com/docs/sharing/webmasters/crawler)"
57.141.2.20 - - [24/Jun/2025:22:22:49 +0000] "GET /lowpr.php?shopdetail/272447067 HTTP/2.0" 404 - "-" "meta-externalagent/1.1 (+https://developers.facebook.com/docs/sharing/webmasters/crawler)"
66.249.68.32 - - [24/Jun/2025:22:25:06 +0000] "GET /robots.txt HTTP/1.1" 200 134 "-" "Mozilla/5.0 (compatible; Googlebot/2.1; +http://www.google.com/bot.html)"
66.249.68.32 - - [24/Jun/2025:22:25:06 +0000] "GET /index.phpshopdetail/17547867 HTTP/1.1" 404 - "-" "Mozilla/5.0 (Linux; Android 6.0.1; Nexus 5X Build/MMB29P) AppleWebKit/537.36 (KHTML, like Gecko) Chrome/137.0.7151.103 Mobile Safari/537.36 (compatible; Googlebot/2.1; +http://www.google.com/bot.html)"
216.73.216.228 - - [24/Jun/2025:22:25:28 +0000] "GET /udyog-aadhaar-print-certificate.php HTTP/2.0" 200 17815 "-" "Mozilla/5.0 AppleWebKit/537.36 (KHTML, like Gecko; compatible; ClaudeBot/1.0; +claudebot@anthropic.com)"
206.168.34.95 - - [24/Jun/2025:22:32:33 +0000] "GET /favicon.ico HTTP/1.1" 401 53 "http://cpcalendars.udyogaadhaaronline.com/favicon.ico" "Mozilla/5.0 (compatible; CensysInspect/1.1; +https://about.censys.io/)"
34.205.163.103 - - [24/Jun/2025:22:42:08 +0000] "GET /contact-us.php HTTP/1.1" 200 10991 "-" "Mozilla/5.0 AppleWebKit/537.36 (KHTML, like Gecko; compatible; Amazonbot/0.1; +https://developer.amazon.com/support/amazonbot) Chrome/119.0.6045.214 Safari/537.36"
57.141.2.4 - - [24/Jun/2025:22:43:40 +0000] "GET /lowpr.php?shopdetail/327293367 HTTP/2.0" 404 - "-" "meta-externalagent/1.1 (+https://developers.facebook.com/docs/sharing/webmasters/crawler)"
57.141.2.28 - - [24/Jun/2025:22:45:42 +0000] "GET /lowpr.php?shopdetail/219133367 HTTP/2.0" 404 - "-" "meta-externalagent/1.1 (+https://developers.facebook.com/docs/sharing/webmasters/crawler)"
57.141.2.2 - - [24/Jun/2025:22:51:07 +0000] "GET /lowpr.php?shopdetail/262446367 HTTP/2.0" 404 - "-" "meta-externalagent/1.1 (+https://developers.facebook.com/docs/sharing/webmasters/crawler)"
57.141.2.24 - - [24/Jun/2025:22:53:33 +0000] "GET /lowpr.php?shopdetail/212979867 HTTP/2.0" 404 - "-" "meta-externalagent/1.1 (+https://developers.facebook.com/docs/sharing/webmasters/crawler)"
57.141.2.29 - - [24/Jun/2025:22:54:40 +0000] "GET /lowpr.php?shopdetail/395413667 HTTP/2.0" 404 - "-" "meta-externalagent/1.1 (+https://developers.facebook.com/docs/sharing/webmasters/crawler)"
57.141.2.30 - - [24/Jun/2025:22:56:38 +0000] "GET /lowpr.php?shopdetail/333545067 HTTP/2.0" 404 - "-" "meta-externalagent/1.1 (+https://developers.facebook.com/docs/sharing/webmasters/crawler)"
57.141.2.13 - - [24/Jun/2025:22:57:04 +0000] "GET /lowpr.php?shopdetail/205903467 HTTP/2.0" 404 - "-" "meta-externalagent/1.1 (+https://developers.facebook.com/docs/sharing/webmasters/crawler)"
57.141.2.13 - - [24/Jun/2025:22:58:36 +0000] "GET /lowpr.php?shopdetail/60252667 HTTP/2.0" 404 - "-" "meta-externalagent/1.1 (+https://developers.facebook.com/docs/sharing/webmasters/crawler)"
80.85.246.214 - - [24/Jun/2025:23:02:11 +0000] "GET / HTTP/1.1" 200 52241 "-" "Mozilla/5.0 (Macintosh; Intel Mac OS X 10_15_7) AppleWebKit/537.36 (KHTML, like Gecko) Chrome/133.0.0.0 Safari/537.36"
113.161.7.139 - - [24/Jun/2025:23:02:14 +0000] "POST /request/form-submit.php HTTP/1.1" 200 - "-" "Mozilla/5.0 (Macintosh; Intel Mac OS X 10_15_7) AppleWebKit/537.36 (KHTML, like Gecko) Chrome/133.0.0.0 Safari/537.36"
113.161.7.139 - - [24/Jun/2025:23:02:15 +0000] "POST /request/form-submit.php HTTP/1.1" 200 - "-" "Mozilla/5.0 (Windows NT 10.0; Win64; x64) AppleWebKit/537.36 (KHTML, like Gecko) Chrome/120.0.0.0 Safari/537.36"
80.85.246.214 - - [24/Jun/2025:23:02:16 +0000] "GET /assets/img/udyogaadhaaronline-logoo.svg HTTP/1.1" 200 15055 "-" "Mozilla/5.0 (Macintosh; Intel Mac OS X 10_15_7) AppleWebKit/537.36 (KHTML, like Gecko) Chrome/133.0.0.0 Safari/537.36"
80.85.246.214 - - [24/Jun/2025:23:02:16 +0000] "GET /enquiry.php HTTP/1.1" 200 15032 "-" "Mozilla/5.0 (Macintosh; Intel Mac OS X 10_15_7) AppleWebKit/537.36 (KHTML, like Gecko) Chrome/133.0.0.0 Safari/537.36"
113.161.7.139 - - [24/Jun/2025:23:02:18 +0000] "POST /mail.php HTTP/1.1" 500 - "-" "Mozilla/5.0 (Macintosh; Intel Mac OS X 10_15_7) AppleWebKit/537.36 (KHTML, like Gecko) Chrome/133.0.0.0 Safari/537.36"
113.161.7.139 - - [24/Jun/2025:23:02:19 +0000] "POST /mail.php HTTP/1.1" 500 - "-" "Mozilla/5.0 (Windows NT 10.0; Win64; x64) AppleWebKit/537.36 (KHTML, like Gecko) Chrome/120.0.0.0 Safari/537.36"
80.85.246.214 - - [24/Jun/2025:23:02:20 +0000] "GET /enquiry.php HTTP/1.1" 200 15032 "-" "Mozilla/5.0 (Macintosh; Intel Mac OS X 10_15_7) AppleWebKit/537.36 (KHTML, like Gecko) Chrome/133.0.0.0 Safari/537.36"
113.161.7.139 - - [24/Jun/2025:23:02:21 +0000] "POST /mail.php HTTP/1.1" 500 - "-" "Mozilla/5.0 (Macintosh; Intel Mac OS X 10_15_7) AppleWebKit/537.36 (KHTML, like Gecko) Chrome/133.0.0.0 Safari/537.36"
113.161.7.139 - - [24/Jun/2025:23:02:23 +0000] "POST /mail.php HTTP/1.1" 500 - "-" "Mozilla/5.0 (Windows NT 10.0; Win64; x64) AppleWebKit/537.36 (KHTML, like Gecko) Chrome/120.0.0.0 Safari/537.36"
80.85.246.214 - - [24/Jun/2025:23:02:23 +0000] "GET /blog HTTP/1.1" 301 244 "-" "Mozilla/5.0 (Macintosh; Intel Mac OS X 10_15_7) AppleWebKit/537.36 (KHTML, like Gecko) Chrome/133.0.0.0 Safari/537.36"
80.85.246.214 - - [24/Jun/2025:23:02:24 +0000] "GET /blog/ HTTP/1.1" 200 7464 "https://UDYOGAADHAARONLINE.COM/blog" "Mozilla/5.0 (Macintosh; Intel Mac OS X 10_15_7) AppleWebKit/537.36 (KHTML, like Gecko) Chrome/133.0.0.0 Safari/537.36"
80.85.246.214 - - [24/Jun/2025:23:02:25 +0000] "GET /blog HTTP/1.1" 301 244 "-" "Mozilla/5.0 (Macintosh; Intel Mac OS X 10_15_7) AppleWebKit/537.36 (KHTML, like Gecko) Chrome/133.0.0.0 Safari/537.36"
80.85.246.214 - - [24/Jun/2025:23:02:25 +0000] "GET /blog/ HTTP/1.1" 200 7464 "https://udyogaadhaaronline.com/blog" "Mozilla/5.0 (Macintosh; Intel Mac OS X 10_15_7) AppleWebKit/537.36 (KHTML, like Gecko) Chrome/133.0.0.0 Safari/537.36"
80.85.246.214 - - [24/Jun/2025:23:02:26 +0000] "GET /udyam-registration.php HTTP/1.1" 301 239 "-" "Mozilla/5.0 (Macintosh; Intel Mac OS X 10_15_7) AppleWebKit/537.36 (KHTML, like Gecko) Chrome/133.0.0.0 Safari/537.36"
57.141.2.30 - - [24/Jun/2025:23:02:27 +0000] "GET /lowpr.php?shopdetail/174001367 HTTP/2.0" 404 - "-" "meta-externalagent/1.1 (+https://developers.facebook.com/docs/sharing/webmasters/crawler)"
80.85.246.214 - - [24/Jun/2025:23:02:27 +0000] "GET / HTTP/1.1" 200 52241 "https://UDYOGAADHAARONLINE.COM/udyam-registration.php" "Mozilla/5.0 (Macintosh; Intel Mac OS X 10_15_7) AppleWebKit/537.36 (KHTML, like Gecko) Chrome/133.0.0.0 Safari/537.36"
113.161.7.139 - - [24/Jun/2025:23:02:28 +0000] "POST /request/form-submit.php HTTP/1.1" 200 - "-" "Mozilla/5.0 (Macintosh; Intel Mac OS X 10_15_7) AppleWebKit/537.36 (KHTML, like Gecko) Chrome/133.0.0.0 Safari/537.36"
113.161.7.139 - - [24/Jun/2025:23:02:29 +0000] "POST /request/form-submit.php HTTP/1.1" 200 - "-" "Mozilla/5.0 (Windows NT 10.0; Win64; x64) AppleWebKit/537.36 (KHTML, like Gecko) Chrome/120.0.0.0 Safari/537.36"
80.85.246.214 - - [24/Jun/2025:23:02:30 +0000] "GET /re-registration.php HTTP/1.1" 200 38028 "-" "Mozilla/5.0 (Macintosh; Intel Mac OS X 10_15_7) AppleWebKit/537.36 (KHTML, like Gecko) Chrome/133.0.0.0 Safari/537.36"
80.85.246.214 - - [24/Jun/2025:23:02:31 +0000] "GET /re-registration.php HTTP/1.1" 200 38028 "-" "Mozilla/5.0 (Macintosh; Intel Mac OS X 10_15_7) AppleWebKit/537.36 (KHTML, like Gecko) Chrome/133.0.0.0 Safari/537.36"
80.85.246.214 - - [24/Jun/2025:23:02:33 +0000] "GET /cancel-udyam-registration.php HTTP/1.1" 301 246 "-" "Mozilla/5.0 (Macintosh; Intel Mac OS X 10_15_7) AppleWebKit/537.36 (KHTML, like Gecko) Chrome/133.0.0.0 Safari/537.36"
80.85.246.214 - - [24/Jun/2025:23:02:33 +0000] "GET /cancel- HTTP/1.1" 404 - "https://UDYOGAADHAARONLINE.COM/cancel-udyam-registration.php" "Mozilla/5.0 (Macintosh; Intel Mac OS X 10_15_7) AppleWebKit/537.36 (KHTML, like Gecko) Chrome/133.0.0.0 Safari/537.36"
80.85.246.214 - - [24/Jun/2025:23:02:34 +0000] "GET /udyam-registration-certificate-sample.php HTTP/1.1" 200 12765 "-" "Mozilla/5.0 (Macintosh; Intel Mac OS X 10_15_7) AppleWebKit/537.36 (KHTML, like Gecko) Chrome/133.0.0.0 Safari/537.36"
80.85.246.214 - - [24/Jun/2025:23:02:35 +0000] "GET /udyam-registration-certificate-sample.php HTTP/1.1" 200 12765 "-" "Mozilla/5.0 (Macintosh; Intel Mac OS X 10_15_7) AppleWebKit/537.36 (KHTML, like Gecko) Chrome/133.0.0.0 Safari/537.36"
80.85.246.214 - - [24/Jun/2025:23:02:36 +0000] "GET /contact-us.php HTTP/1.1" 200 10991 "-" "Mozilla/5.0 (Macintosh; Intel Mac OS X 10_15_7) AppleWebKit/537.36 (KHTML, like Gecko) Chrome/133.0.0.0 Safari/537.36"
80.85.246.214 - - [24/Jun/2025:23:02:37 +0000] "GET /contact-us.php HTTP/1.1" 200 10991 "-" "Mozilla/5.0 (Macintosh; Intel Mac OS X 10_15_7) AppleWebKit/537.36 (KHTML, like Gecko) Chrome/133.0.0.0 Safari/537.36"
80.85.246.214 - - [24/Jun/2025:23:02:38 +0000] "GET /blog HTTP/1.1" 301 244 "-" "Mozilla/5.0 (Macintosh; Intel Mac OS X 10_15_7) AppleWebKit/537.36 (KHTML, like Gecko) Chrome/133.0.0.0 Safari/537.36"
80.85.246.214 - - [24/Jun/2025:23:02:38 +0000] "GET /blog/ HTTP/1.1" 200 7464 "https://UDYOGAADHAARONLINE.COM/blog" "Mozilla/5.0 (Macintosh; Intel Mac OS X 10_15_7) AppleWebKit/537.36 (KHTML, like Gecko) Chrome/133.0.0.0 Safari/537.36"
57.141.2.14 - - [24/Jun/2025:23:03:13 +0000] "GET /lowpr.php?shopdetail/361417767 HTTP/2.0" 404 - "-" "meta-externalagent/1.1 (+https://developers.facebook.com/docs/sharing/webmasters/crawler)"
57.141.2.8 - - [24/Jun/2025:23:03:20 +0000] "GET /lowpr.php?shopdetail/21242967 HTTP/2.0" 404 - "-" "meta-externalagent/1.1 (+https://developers.facebook.com/docs/sharing/webmasters/crawler)"
57.141.2.9 - - [24/Jun/2025:23:04:42 +0000] "GET /lowpr.php?shopdetail/180904867 HTTP/2.0" 404 - "-" "meta-externalagent/1.1 (+https://developers.facebook.com/docs/sharing/webmasters/crawler)"
57.141.2.5 - - [24/Jun/2025:23:09:04 +0000] "GET /lowpr.php?shopdetail/61325767 HTTP/2.0" 404 - "-" "meta-externalagent/1.1 (+https://developers.facebook.com/docs/sharing/webmasters/crawler)"
57.141.2.5 - - [24/Jun/2025:23:13:46 +0000] "GET /lowpr.php?shopdetail/86866267 HTTP/2.0" 404 - "-" "meta-externalagent/1.1 (+https://developers.facebook.com/docs/sharing/webmasters/crawler)"
57.141.2.28 - - [24/Jun/2025:23:14:00 +0000] "GET /lowpr.php?shopdetail/178378967 HTTP/2.0" 404 - "-" "meta-externalagent/1.1 (+https://developers.facebook.com/docs/sharing/webmasters/crawler)"
57.141.2.6 - - [24/Jun/2025:23:17:04 +0000] "GET /lowpr.php?shopdetail/75314067 HTTP/2.0" 404 - "-" "meta-externalagent/1.1 (+https://developers.facebook.com/docs/sharing/webmasters/crawler)"
57.141.2.29 - - [24/Jun/2025:23:21:40 +0000] "GET /lowpr.php?shopdetail/27739467 HTTP/2.0" 404 - "-" "meta-externalagent/1.1 (+https://developers.facebook.com/docs/sharing/webmasters/crawler)"
57.141.2.11 - - [24/Jun/2025:23:25:42 +0000] "GET /lowpr.php?shopdetail/112622567 HTTP/2.0" 404 - "-" "meta-externalagent/1.1 (+https://developers.facebook.com/docs/sharing/webmasters/crawler)"
57.141.2.16 - - [24/Jun/2025:23:31:18 +0000] "GET /lowpr.php?shopdetail/235630367 HTTP/2.0" 404 - "-" "meta-externalagent/1.1 (+https://developers.facebook.com/docs/sharing/webmasters/crawler)"
57.141.2.28 - - [24/Jun/2025:23:32:29 +0000] "GET /lowpr.php?shopdetail/357265767 HTTP/2.0" 404 - "-" "meta-externalagent/1.1 (+https://developers.facebook.com/docs/sharing/webmasters/crawler)"
57.141.2.26 - - [24/Jun/2025:23:32:46 +0000] "GET /lowpr.php?shopdetail/144543067 HTTP/2.0" 404 - "-" "meta-externalagent/1.1 (+https://developers.facebook.com/docs/sharing/webmasters/crawler)"
57.141.2.24 - - [24/Jun/2025:23:35:47 +0000] "GET /lowpr.php?shopdetail/354624467 HTTP/2.0" 404 - "-" "meta-externalagent/1.1 (+https://developers.facebook.com/docs/sharing/webmasters/crawler)"
57.141.2.28 - - [24/Jun/2025:23:36:11 +0000] "GET /lowpr.php?shopdetail/92774867 HTTP/2.0" 404 - "-" "meta-externalagent/1.1 (+https://developers.facebook.com/docs/sharing/webmasters/crawler)"
57.141.2.26 - - [24/Jun/2025:23:40:08 +0000] "GET /lowpr.php?shopdetail/66828367 HTTP/2.0" 404 - "-" "meta-externalagent/1.1 (+https://developers.facebook.com/docs/sharing/webmasters/crawler)"
57.141.2.21 - - [24/Jun/2025:23:51:47 +0000] "GET /lowpr.php?shopdetail/396175867 HTTP/2.0" 404 - "-" "meta-externalagent/1.1 (+https://developers.facebook.com/docs/sharing/webmasters/crawler)"
74.125.150.32 - - [24/Jun/2025:23:52:28 +0000] "GET /index.phpshopdetail/49658367 HTTP/1.1" 404 - "-" "Mozilla/5.0 AppleWebKit/537.36 (KHTML, like Gecko) Chrome/137.0.7151.68 Safari/537.36"
57.141.2.26 - - [24/Jun/2025:23:53:16 +0000] "GET /lowpr.php?shopdetail/209011967 HTTP/2.0" 404 - "-" "meta-externalagent/1.1 (+https://developers.facebook.com/docs/sharing/webmasters/crawler)"
66.249.68.33 - - [24/Jun/2025:23:56:47 +0000] "GET /robots.txt HTTP/1.1" 200 134 "-" "Mozilla/5.0 (compatible; Googlebot/2.1; +http://www.google.com/bot.html)"
66.249.68.33 - - [24/Jun/2025:23:56:47 +0000] "GET /blog HTTP/1.1" 301 244 "-" "Mozilla/5.0 (Linux; Android 6.0.1; Nexus 5X Build/MMB29P) AppleWebKit/537.36 (KHTML, like Gecko) Chrome/137.0.7151.103 Mobile Safari/537.36 (compatible; Googlebot/2.1; +http://www.google.com/bot.html)"
66.249.68.32 - - [24/Jun/2025:23:56:49 +0000] "GET /blog/ HTTP/1.1" 200 7464 "-" "Mozilla/5.0 (Linux; Android 6.0.1; Nexus 5X Build/MMB29P) AppleWebKit/537.36 (KHTML, like Gecko) Chrome/137.0.7151.103 Mobile Safari/537.36 (compatible; Googlebot/2.1; +http://www.google.com/bot.html)"
57.141.2.21 - - [24/Jun/2025:23:58:34 +0000] "GET /lowpr.php?shopdetail/274442067 HTTP/2.0" 404 - "-" "meta-externalagent/1.1 (+https://developers.facebook.com/docs/sharing/webmasters/crawler)"
57.141.2.6 - - [24/Jun/2025:23:59:09 +0000] "GET /lowpr.php?shopdetail/207244267 HTTP/2.0" 404 - "-" "meta-externalagent/1.1 (+https://developers.facebook.com/docs/sharing/webmasters/crawler)"
57.141.2.20 - - [24/Jun/2025:23:59:25 +0000] "GET /lowpr.php?shopdetail/354592967 HTTP/2.0" 404 - "-" "meta-externalagent/1.1 (+https://developers.facebook.com/docs/sharing/webmasters/crawler)"
57.141.2.12 - - [25/Jun/2025:00:03:12 +0000] "GET /lowpr.php?shopdetail/99237567 HTTP/2.0" 404 - "-" "meta-externalagent/1.1 (+https://developers.facebook.com/docs/sharing/webmasters/crawler)"
57.141.2.19 - - [25/Jun/2025:00:04:00 +0000] "GET /lowpr.php?shopdetail/249248767 HTTP/2.0" 404 - "-" "meta-externalagent/1.1 (+https://developers.facebook.com/docs/sharing/webmasters/crawler)"
57.141.2.24 - - [25/Jun/2025:00:14:00 +0000] "GET /lowpr.php?shopdetail/233389667 HTTP/2.0" 404 - "-" "meta-externalagent/1.1 (+https://developers.facebook.com/docs/sharing/webmasters/crawler)"
57.141.2.3 - - [25/Jun/2025:00:17:57 +0000] "GET /lowpr.php?shopdetail/55530967 HTTP/2.0" 404 - "-" "meta-externalagent/1.1 (+https://developers.facebook.com/docs/sharing/webmasters/crawler)"
162.142.125.36 - - [25/Jun/2025:00:22:27 +0000] "GET / HTTP/1.1" 401 53 "-" "Mozilla/5.0 (compatible; CensysInspect/1.1; +https://about.censys.io/)"
162.142.125.36 - - [25/Jun/2025:00:23:21 +0000] "GET /favicon.ico HTTP/1.1" 401 53 "-" "Mozilla/5.0 (compatible; CensysInspect/1.1; +https://about.censys.io/)"
57.141.2.26 - - [25/Jun/2025:00:23:25 +0000] "GET /lowpr.php?shopdetail/326917167 HTTP/2.0" 404 - "-" "meta-externalagent/1.1 (+https://developers.facebook.com/docs/sharing/webmasters/crawler)"
162.142.125.36 - - [25/Jun/2025:00:23:50 +0000] "GET /security.txt HTTP/1.1" 401 53 "-" "Mozilla/5.0 (compatible; CensysInspect/1.1; +https://about.censys.io/)"
66.249.68.33 - - [25/Jun/2025:00:24:00 +0000] "GET /terms-of-service.php HTTP/1.1" 404 - "-" "Mozilla/5.0 (Linux; Android 6.0.1; Nexus 5X Build/MMB29P) AppleWebKit/537.36 (KHTML, like Gecko) Chrome/137.0.7151.103 Mobile Safari/537.36 (compatible; Googlebot/2.1; +http://www.google.com/bot.html)"
195.200.26.27 - - [25/Jun/2025:00:28:03 +0000] "GET / HTTP/1.1" 200 52241 "-" "Mozilla/5.0 (Macintosh; Intel Mac OS X 10_15_7) AppleWebKit/537.36 (KHTML, like Gecko) Chrome/133.0.0.0 Safari/537.36"
197.243.235.77 - - [25/Jun/2025:00:28:08 +0000] "POST /request/form-submit.php HTTP/1.1" 200 - "-" "Mozilla/5.0 (Windows NT 10.0; Win64; x64) AppleWebKit/537.36 (KHTML, like Gecko) Chrome/120.0.0.0 Safari/537.36"
195.200.26.27 - - [25/Jun/2025:00:28:08 +0000] "GET /assets/img/udyogaadhaaronline-logoo.svg HTTP/1.1" 200 15055 "-" "Mozilla/5.0 (Macintosh; Intel Mac OS X 10_15_7) AppleWebKit/537.36 (KHTML, like Gecko) Chrome/133.0.0.0 Safari/537.36"
195.200.26.27 - - [25/Jun/2025:00:28:09 +0000] "GET /enquiry.php HTTP/1.1" 200 15032 "-" "Mozilla/5.0 (Macintosh; Intel Mac OS X 10_15_7) AppleWebKit/537.36 (KHTML, like Gecko) Chrome/133.0.0.0 Safari/537.36"
195.200.26.27 - - [25/Jun/2025:00:28:10 +0000] "GET /enquiry.php HTTP/1.1" 200 15032 "-" "Mozilla/5.0 (Macintosh; Intel Mac OS X 10_15_7) AppleWebKit/537.36 (KHTML, like Gecko) Chrome/133.0.0.0 Safari/537.36"
195.200.26.27 - - [25/Jun/2025:00:28:11 +0000] "GET /blog HTTP/1.1" 301 244 "-" "Mozilla/5.0 (Macintosh; Intel Mac OS X 10_15_7) AppleWebKit/537.36 (KHTML, like Gecko) Chrome/133.0.0.0 Safari/537.36"
195.200.26.27 - - [25/Jun/2025:00:28:12 +0000] "GET /blog/ HTTP/1.1" 200 7464 "https://udyogaadhaaronline.com/blog" "Mozilla/5.0 (Macintosh; Intel Mac OS X 10_15_7) AppleWebKit/537.36 (KHTML, like Gecko) Chrome/133.0.0.0 Safari/537.36"
195.200.26.27 - - [25/Jun/2025:00:28:13 +0000] "GET /blog HTTP/1.1" 301 244 "-" "Mozilla/5.0 (Macintosh; Intel Mac OS X 10_15_7) AppleWebKit/537.36 (KHTML, like Gecko) Chrome/133.0.0.0 Safari/537.36"
195.200.26.27 - - [25/Jun/2025:00:28:13 +0000] "GET /blog/ HTTP/1.1" 200 7464 "https://udyogaadhaaronline.com/blog" "Mozilla/5.0 (Macintosh; Intel Mac OS X 10_15_7) AppleWebKit/537.36 (KHTML, like Gecko) Chrome/133.0.0.0 Safari/537.36"
195.200.26.27 - - [25/Jun/2025:00:28:14 +0000] "GET /udyam-registration.php HTTP/1.1" 301 239 "-" "Mozilla/5.0 (Macintosh; Intel Mac OS X 10_15_7) AppleWebKit/537.36 (KHTML, like Gecko) Chrome/133.0.0.0 Safari/537.36"
195.200.26.27 - - [25/Jun/2025:00:28:15 +0000] "GET / HTTP/1.1" 200 52241 "https://udyogaadhaaronline.com/udyam-registration.php" "Mozilla/5.0 (Macintosh; Intel Mac OS X 10_15_7) AppleWebKit/537.36 (KHTML, like Gecko) Chrome/133.0.0.0 Safari/537.36"
197.243.235.77 - - [25/Jun/2025:00:28:19 +0000] "POST /request/form-submit.php HTTP/1.1" 200 - "-" "Mozilla/5.0 (Macintosh; Intel Mac OS X 10_15_7) AppleWebKit/537.36 (KHTML, like Gecko) Chrome/133.0.0.0 Safari/537.36"
197.243.235.77 - - [25/Jun/2025:00:28:21 +0000] "POST /request/form-submit.php HTTP/1.1" 200 - "-" "Mozilla/5.0 (Windows NT 10.0; Win64; x64) AppleWebKit/537.36 (KHTML, like Gecko) Chrome/120.0.0.0 Safari/537.36"
195.200.26.27 - - [25/Jun/2025:00:28:22 +0000] "GET /re-registration.php HTTP/1.1" 200 38028 "-" "Mozilla/5.0 (Macintosh; Intel Mac OS X 10_15_7) AppleWebKit/537.36 (KHTML, like Gecko) Chrome/133.0.0.0 Safari/537.36"
195.200.26.27 - - [25/Jun/2025:00:28:23 +0000] "GET /re-registration.php HTTP/1.1" 200 38028 "-" "Mozilla/5.0 (Macintosh; Intel Mac OS X 10_15_7) AppleWebKit/537.36 (KHTML, like Gecko) Chrome/133.0.0.0 Safari/537.36"
195.200.26.27 - - [25/Jun/2025:00:28:24 +0000] "GET /cancel-udyam-registration.php HTTP/1.1" 301 246 "-" "Mozilla/5.0 (Macintosh; Intel Mac OS X 10_15_7) AppleWebKit/537.36 (KHTML, like Gecko) Chrome/133.0.0.0 Safari/537.36"
195.200.26.27 - - [25/Jun/2025:00:28:24 +0000] "GET /cancel- HTTP/1.1" 404 - "https://udyogaadhaaronline.com/cancel-udyam-registration.php" "Mozilla/5.0 (Macintosh; Intel Mac OS X 10_15_7) AppleWebKit/537.36 (KHTML, like Gecko) Chrome/133.0.0.0 Safari/537.36"
195.200.26.27 - - [25/Jun/2025:00:28:25 +0000] "GET /udyam-registration-certificate-sample.php HTTP/1.1" 200 12765 "-" "Mozilla/5.0 (Macintosh; Intel Mac OS X 10_15_7) AppleWebKit/537.36 (KHTML, like Gecko) Chrome/133.0.0.0 Safari/537.36"
195.200.26.27 - - [25/Jun/2025:00:28:26 +0000] "GET /udyam-registration-certificate-sample.php HTTP/1.1" 200 12765 "-" "Mozilla/5.0 (Macintosh; Intel Mac OS X 10_15_7) AppleWebKit/537.36 (KHTML, like Gecko) Chrome/133.0.0.0 Safari/537.36"
195.200.26.27 - - [25/Jun/2025:00:28:26 +0000] "GET /contact-us.php HTTP/1.1" 200 10991 "-" "Mozilla/5.0 (Macintosh; Intel Mac OS X 10_15_7) AppleWebKit/537.36 (KHTML, like Gecko) Chrome/133.0.0.0 Safari/537.36"
195.200.26.27 - - [25/Jun/2025:00:28:27 +0000] "GET /contact-us.php HTTP/1.1" 200 10991 "-" "Mozilla/5.0 (Macintosh; Intel Mac OS X 10_15_7) AppleWebKit/537.36 (KHTML, like Gecko) Chrome/133.0.0.0 Safari/537.36"
195.200.26.27 - - [25/Jun/2025:00:28:28 +0000] "GET /blog HTTP/1.1" 301 244 "-" "Mozilla/5.0 (Macintosh; Intel Mac OS X 10_15_7) AppleWebKit/537.36 (KHTML, like Gecko) Chrome/133.0.0.0 Safari/537.36"
195.200.26.27 - - [25/Jun/2025:00:28:29 +0000] "GET /blog/ HTTP/1.1" 200 7464 "https://udyogaadhaaronline.com/blog" "Mozilla/5.0 (Macintosh; Intel Mac OS X 10_15_7) AppleWebKit/537.36 (KHTML, like Gecko) Chrome/133.0.0.0 Safari/537.36"
57.141.2.9 - - [25/Jun/2025:00:29:57 +0000] "GET /lowpr.php?shopdetail/342891067 HTTP/2.0" 404 - "-" "meta-externalagent/1.1 (+https://developers.facebook.com/docs/sharing/webmasters/crawler)"
34.82.169.191 - - [25/Jun/2025:00:32:48 +0000] "HEAD /wordpress HTTP/1.1" 404 - "http://udyogaadhaaronline.com/wordpress" "Mozilla/5.0 (Windows NT 10.0; Win64; x64) AppleWebKit/537.36 (KHTML, like Gecko) Chrome/74.0.3729.169 Safari/537.36"
34.82.169.191 - - [25/Jun/2025:00:32:48 +0000] "HEAD / HTTP/1.1" 200 - "http://udyogaadhaaronline.com/" "Mozilla/5.0 (Windows NT 10.0; Win64; x64) AppleWebKit/537.36 (KHTML, like Gecko) Chrome/74.0.3729.169 Safari/537.36"
34.82.169.191 - - [25/Jun/2025:00:32:50 +0000] "HEAD /wp HTTP/1.1" 404 - "http://udyogaadhaaronline.com/wp" "Mozilla/5.0 (Windows NT 10.0; Win64; x64) AppleWebKit/537.36 (KHTML, like Gecko) Chrome/74.0.3729.169 Safari/537.36"
34.82.169.191 - - [25/Jun/2025:00:32:50 +0000] "HEAD /bc HTTP/1.1" 404 - "http://udyogaadhaaronline.com/bc" "Mozilla/5.0 (Windows NT 10.0; Win64; x64) AppleWebKit/537.36 (KHTML, like Gecko) Chrome/74.0.3729.169 Safari/537.36"
34.82.169.191 - - [25/Jun/2025:00:32:50 +0000] "HEAD /bk HTTP/1.1" 404 - "http://udyogaadhaaronline.com/bk" "Mozilla/5.0 (Windows NT 10.0; Win64; x64) AppleWebKit/537.36 (KHTML, like Gecko) Chrome/74.0.3729.169 Safari/537.36"
34.82.169.191 - - [25/Jun/2025:00:32:51 +0000] "HEAD /backup HTTP/1.1" 404 - "http://udyogaadhaaronline.com/backup" "Mozilla/5.0 (Windows NT 10.0; Win64; x64) AppleWebKit/537.36 (KHTML, like Gecko) Chrome/74.0.3729.169 Safari/537.36"
34.82.169.191 - - [25/Jun/2025:00:32:51 +0000] "HEAD /old HTTP/1.1" 404 - "http://udyogaadhaaronline.com/old" "Mozilla/5.0 (Windows NT 10.0; Win64; x64) AppleWebKit/537.36 (KHTML, like Gecko) Chrome/74.0.3729.169 Safari/537.36"
34.82.169.191 - - [25/Jun/2025:00:32:52 +0000] "HEAD /new HTTP/1.1" 404 - "http://udyogaadhaaronline.com/new" "Mozilla/5.0 (Windows NT 10.0; Win64; x64) AppleWebKit/537.36 (KHTML, like Gecko) Chrome/74.0.3729.169 Safari/537.36"
34.82.169.191 - - [25/Jun/2025:00:32:52 +0000] "HEAD /main HTTP/1.1" 404 - "http://udyogaadhaaronline.com/main" "Mozilla/5.0 (Windows NT 10.0; Win64; x64) AppleWebKit/537.36 (KHTML, like Gecko) Chrome/74.0.3729.169 Safari/537.36"
34.82.169.191 - - [25/Jun/2025:00:32:53 +0000] "HEAD /home HTTP/1.1" 404 - "http://udyogaadhaaronline.com/home" "Mozilla/5.0 (Windows NT 10.0; Win64; x64) AppleWebKit/537.36 (KHTML, like Gecko) Chrome/74.0.3729.169 Safari/537.36"
57.141.2.19 - - [25/Jun/2025:00:33:15 +0000] "GET /lowpr.php?shopdetail/357463267 HTTP/2.0" 404 - "-" "meta-externalagent/1.1 (+https://developers.facebook.com/docs/sharing/webmasters/crawler)"
57.141.2.14 - - [25/Jun/2025:00:39:53 +0000] "GET /lowpr.php?shopdetail/312090067 HTTP/2.0" 404 - "-" "meta-externalagent/1.1 (+https://developers.facebook.com/docs/sharing/webmasters/crawler)"
57.141.2.24 - - [25/Jun/2025:00:40:28 +0000] "GET /lowpr.php?shopdetail/304448867 HTTP/2.0" 404 - "-" "meta-externalagent/1.1 (+https://developers.facebook.com/docs/sharing/webmasters/crawler)"
88.210.10.79 - - [25/Jun/2025:00:45:14 +0000] "GET / HTTP/1.1" 200 52241 "-" "Mozilla/5.0 (Macintosh; Intel Mac OS X 10_15_7) AppleWebKit/537.36 (KHTML, like Gecko) Chrome/133.0.0.0 Safari/537.36"
57.141.2.23 - - [25/Jun/2025:00:51:14 +0000] "GET /lowpr.php?shopdetail/356508667 HTTP/2.0" 404 - "-" "meta-externalagent/1.1 (+https://developers.facebook.com/docs/sharing/webmasters/crawler)"
57.141.2.14 - - [25/Jun/2025:00:53:07 +0000] "GET /lowpr.php?shopdetail/368759267 HTTP/2.0" 404 - "-" "meta-externalagent/1.1 (+https://developers.facebook.com/docs/sharing/webmasters/crawler)"
57.141.2.12 - - [25/Jun/2025:00:56:06 +0000] "GET /lowpr.php?shopdetail/357702967 HTTP/2.0" 404 - "-" "meta-externalagent/1.1 (+https://developers.facebook.com/docs/sharing/webmasters/crawler)"
57.141.2.13 - - [25/Jun/2025:00:58:57 +0000] "GET /lowpr.php?shopdetail/74002567 HTTP/2.0" 404 - "-" "meta-externalagent/1.1 (+https://developers.facebook.com/docs/sharing/webmasters/crawler)"
