Файловый менеджер - Редактировать - /var/log/apache2/domlogs/d46091/udyogaadhaaronline.com.msmeregistrar.net-ssl_log
Назад
4.227.36.87 - - [24/Jun/2025:12:17:09 +0000] "GET /robots.txt HTTP/2.0" 200 134 "http://udyogaadhaaronline.com/robots.txt" "Mozilla/5.0 AppleWebKit/537.36 (KHTML, like Gecko; compatible; GPTBot/1.2; +https://openai.com/gptbot)"
4.227.36.87 - - [24/Jun/2025:12:17:10 +0000] "GET /robots.txt HTTP/2.0" 200 134 "-" "Mozilla/5.0 AppleWebKit/537.36 (KHTML, like Gecko; compatible; GPTBot/1.2; +https://openai.com/gptbot)"
20.171.207.244 - - [24/Jun/2025:12:17:11 +0000] "GET /sitemap.xml HTTP/2.0" 200 2545 "-" "Mozilla/5.0 AppleWebKit/537.36 (KHTML, like Gecko; compatible; GPTBot/1.2; +https://openai.com/gptbot)"
20.171.207.244 - - [24/Jun/2025:12:28:33 +0000] "GET /lowpr.php?sitemap.xml HTTP/2.0" 404 - "-" "Mozilla/5.0 AppleWebKit/537.36 (KHTML, like Gecko; compatible; GPTBot/1.2; +https://openai.com/gptbot)"
52.169.148.18 - - [24/Jun/2025:12:31:52 +0000] "GET /wp-content/plugins/hellopress/wp_filemanager.php HTTP/1.1" 404 - "-" "-"
52.169.148.18 - - [24/Jun/2025:12:31:52 +0000] "GET /modules/mod_simplefileuploadv1.3/elements/filemanager.php HTTP/1.1" 404 - "-" "-"
52.169.148.18 - - [24/Jun/2025:12:31:52 +0000] "GET /wp-content/languages/index.php HTTP/1.1" 404 - "-" "-"
52.169.148.18 - - [24/Jun/2025:12:31:53 +0000] "GET /wp-admin/index.php HTTP/1.1" 404 - "-" "-"
52.169.148.18 - - [24/Jun/2025:12:31:53 +0000] "GET /autoload_classmap.php?p= HTTP/1.1" 404 - "-" "-"
52.169.148.18 - - [24/Jun/2025:12:31:53 +0000] "GET /wp-includes/widgets/hehe.php HTTP/1.1" 404 - "-" "-"
52.169.148.18 - - [24/Jun/2025:12:31:54 +0000] "GET /wp-admin/maint/maint.php HTTP/1.1" 404 - "-" "-"
52.169.148.18 - - [24/Jun/2025:12:31:54 +0000] "GET /moon.php?p= HTTP/1.1" 404 - "-" "-"
52.169.148.18 - - [24/Jun/2025:12:31:54 +0000] "GET /inputs.php HTTP/1.1" 404 - "-" "-"
52.169.148.18 - - [24/Jun/2025:12:31:54 +0000] "GET /wp-content/plugins/item.php HTTP/1.1" 404 - "-" "-"
52.169.148.18 - - [24/Jun/2025:12:31:55 +0000] "GET /0x.php HTTP/1.1" 404 - "-" "-"
52.169.148.18 - - [24/Jun/2025:12:31:55 +0000] "GET /randkeyword.PhP8 HTTP/1.1" 404 - "-" "-"
52.169.148.18 - - [24/Jun/2025:12:31:55 +0000] "GET /wp-content/themes/index.php HTTP/1.1" 404 - "-" "-"
52.169.148.18 - - [24/Jun/2025:12:31:56 +0000] "GET /wp-admin/maint/index.php HTTP/1.1" 404 - "-" "-"
52.169.148.18 - - [24/Jun/2025:12:31:56 +0000] "GET /default.php HTTP/1.1" 404 - "-" "-"
52.169.148.18 - - [24/Jun/2025:12:31:56 +0000] "GET /wp-includes/assets/index.php HTTP/1.1" 404 - "-" "-"
52.169.148.18 - - [24/Jun/2025:12:31:56 +0000] "GET /classwithtostring.php HTTP/1.1" 404 - "-" "-"
52.169.148.18 - - [24/Jun/2025:12:31:57 +0000] "GET /about.php HTTP/1.1" 404 - "-" "-"
52.169.148.18 - - [24/Jun/2025:12:31:57 +0000] "GET /about/function.php HTTP/1.1" 404 - "-" "-"
52.169.148.18 - - [24/Jun/2025:12:31:57 +0000] "GET /dropdown.php?p= HTTP/1.1" 404 - "-" "-"
52.169.148.18 - - [24/Jun/2025:12:31:58 +0000] "GET /fm.php HTTP/1.1" 404 - "-" "-"
52.169.148.18 - - [24/Jun/2025:12:31:58 +0000] "GET /wp-admin/css/colors/blue/index.php HTTP/1.1" 404 - "-" "-"
52.169.148.18 - - [24/Jun/2025:12:31:58 +0000] "GET /wp-includes/style-engine/about.php HTTP/1.1" 404 - "-" "-"
52.169.148.18 - - [24/Jun/2025:12:31:58 +0000] "GET /wp-admin/includes/wp-login.php HTTP/1.1" 404 - "-" "-"
52.169.148.18 - - [24/Jun/2025:12:31:59 +0000] "GET /wp-admin/maint/index.php HTTP/1.1" 404 - "-" "-"
52.169.148.18 - - [24/Jun/2025:12:31:59 +0000] "GET /wp-content/plugins/index.php?p= HTTP/1.1" 404 - "-" "-"
52.169.148.18 - - [24/Jun/2025:12:31:59 +0000] "GET /wp.php HTTP/1.1" 404 - "-" "-"
52.169.148.18 - - [24/Jun/2025:12:31:59 +0000] "GET /wp-admin/images/edit-tags.php HTTP/1.1" 404 - "-" "-"
52.169.148.18 - - [24/Jun/2025:12:32:00 +0000] "GET /wp-admin/index.php HTTP/1.1" 404 - "-" "-"
52.169.148.18 - - [24/Jun/2025:12:32:00 +0000] "GET /wp-content/languages/index.php HTTP/1.1" 404 - "-" "-"
52.169.148.18 - - [24/Jun/2025:12:32:00 +0000] "GET /wp-content/uploads/autoload_classmap.php HTTP/1.1" 404 - "-" "-"
52.169.148.18 - - [24/Jun/2025:12:32:01 +0000] "GET /themes/twentytwentytwo/index.php HTTP/1.1" 404 - "-" "-"
52.169.148.18 - - [24/Jun/2025:12:32:01 +0000] "GET /abe.php HTTP/1.1" 404 - "-" "-"
54.36.148.34 - - [24/Jun/2025:12:34:19 +0000] "GET /robots.txt HTTP/2.0" 200 134 "-" "Mozilla/5.0 (compatible; AhrefsBot/7.0; +http://ahrefs.com/robot/)"
54.36.148.176 - - [24/Jun/2025:12:34:20 +0000] "GET /sitemap.xml HTTP/2.0" 200 2545 "-" "Mozilla/5.0 (compatible; AhrefsBot/7.0; +http://ahrefs.com/robot/)"
74.125.150.33 - - [24/Jun/2025:12:34:36 +0000] "GET /index.phpshopdetail/343005267 HTTP/1.1" 404 - "-" "Mozilla/5.0 AppleWebKit/537.36 (KHTML, like Gecko) Chrome/137.0.7151.68 Safari/537.36"
74.125.150.33 - - [24/Jun/2025:12:44:29 +0000] "GET /index.phpshopdetail/343005267 HTTP/1.1" 404 - "-" "Mozilla/5.0 AppleWebKit/537.36 (KHTML, like Gecko) Chrome/137.0.7151.68 Safari/537.36"
185.39.19.43 - - [24/Jun/2025:12:46:35 +0000] "GET / HTTP/1.0" 200 52241 "https://udyogaadhaaronline.com/" "Mozilla/5.0 (Windows NT 10.0; Win64; x64) AppleWebKit/537.36 (KHTML, like Gecko) Chrome/130.0.0.0 Safari/537.36"
185.39.19.43 - - [24/Jun/2025:12:46:37 +0000] "GET /includes/captcha.php HTTP/1.0" 200 1270 "https://udyogaadhaaronline.com/" "Mozilla/5.0 (Windows NT 10.0; Win64; x64) AppleWebKit/537.36 (KHTML, like Gecko) Chrome/130.0.0.0 Safari/537.36"
185.39.19.43 - - [24/Jun/2025:12:46:37 +0000] "GET /contact-us.php HTTP/1.0" 200 10991 "https://udyogaadhaaronline.com/contact-us.php" "Mozilla/5.0 (Windows NT 10.0; Win64; x64) AppleWebKit/537.36 (KHTML, like Gecko) Chrome/130.0.0.0 Safari/537.36"
74.125.150.34 - - [24/Jun/2025:13:11:04 +0000] "GET /index.phpshopdetail/113863167 HTTP/1.1" 404 - "-" "Mozilla/5.0 AppleWebKit/537.36 (KHTML, like Gecko) Chrome/137.0.7151.68 Safari/537.36"
66.249.68.34 - - [24/Jun/2025:13:15:52 +0000] "GET /robots.txt HTTP/1.1" 200 134 "-" "Mozilla/5.0 (compatible; Googlebot/2.1; +http://www.google.com/bot.html)"
66.249.68.34 - - [24/Jun/2025:13:15:53 +0000] "GET /index.phpshopdetail/560636567 HTTP/1.1" 404 - "-" "Mozilla/5.0 (Linux; Android 6.0.1; Nexus 5X Build/MMB29P) AppleWebKit/537.36 (KHTML, like Gecko) Chrome/137.0.7151.103 Mobile Safari/537.36 (compatible; Googlebot/2.1; +http://www.google.com/bot.html)"
66.249.68.32 - - [24/Jun/2025:13:18:04 +0000] "GET /index.phpshopdetail/500145867 HTTP/1.1" 404 - "-" "Mozilla/5.0 (Linux; Android 6.0.1; Nexus 5X Build/MMB29P) AppleWebKit/537.36 (KHTML, like Gecko) Chrome/137.0.7151.103 Mobile Safari/537.36 (compatible; Googlebot/2.1; +http://www.google.com/bot.html)"
43.130.16.140 - - [24/Jun/2025:13:23:42 +0000] "GET / HTTP/1.1" 200 52241 "http://www.udyogaadhaaronline.com" "Mozilla/5.0 (iPhone; CPU iPhone OS 13_2_3 like Mac OS X) AppleWebKit/605.1.15 (KHTML, like Gecko) Version/13.0.3 Mobile/15E148 Safari/604.1"
57.141.2.29 - - [24/Jun/2025:13:33:25 +0000] "GET /lowpr.php?shopdetail/104191967 HTTP/2.0" 404 - "-" "meta-externalagent/1.1 (+https://developers.facebook.com/docs/sharing/webmasters/crawler)"
74.125.150.34 - - [24/Jun/2025:13:44:11 +0000] "GET /terms-of-service.php HTTP/1.1" 404 - "-" "Mozilla/5.0 AppleWebKit/537.36 (KHTML, like Gecko) Chrome/137.0.7151.68 Safari/537.36"
170.254.217.71 - - [24/Jun/2025:14:13:52 +0000] "GET /privacy-policy.php HTTP/1.1" 200 14797 "-" "Mozilla/5.0 (Linux; Android 10; K) AppleWebKit/537.36 (KHTML, like Gecko) Chrome/122.0.0.0 Mobile Safari/537.36"
110.40.186.63 - - [24/Jun/2025:14:15:00 +0000] "GET / HTTP/1.1" 200 52241 "http://www.udyogaadhaaronline.com" "Mozilla/5.0 (iPhone; CPU iPhone OS 13_2_3 like Mac OS X) AppleWebKit/605.1.15 (KHTML, like Gecko) Version/13.0.3 Mobile/15E148 Safari/604.1"
45.148.10.248 - - [24/Jun/2025:14:46:55 +0000] "GET / HTTP/1.1" 200 12380 "-" "Mozilla/5.0 (Macintosh; Intel Mac OS X 10_14_5) AppleWebKit/537.36 (KHTML, like Gecko) Chrome/73.0.3683.103 Safari/537.36 OPR/60.0.3255.170"
45.148.10.248 - - [24/Jun/2025:14:47:06 +0000] "GET /unprotected/json-minified.js HTTP/1.1" 200 843 "-" "Mozilla/5.0 (Linux; Android 9; SM-G950U) AppleWebKit/537.36 (KHTML, like Gecko) Chrome/75.0.3770.143 Mobile Safari/537.36"
45.148.10.248 - - [24/Jun/2025:14:47:06 +0000] "GET /jstz.min.js HTTP/1.1" 200 12387 "-" "Mozilla/5.0 (iPhone; CPU iPhone OS 12_0 like Mac OS X) AppleWebKit/604.1.34 (KHTML, like Gecko) CriOS/67.0.3396.69 Mobile/16A366 Safari/604.1"
45.148.10.248 - - [24/Jun/2025:14:47:06 +0000] "GET //cptimezone_optimized.js HTTP/1.1" 200 12387 "-" "Mozilla/5.0 (Linux; Android 9; RMX1851) AppleWebKit/537.36 (KHTML, like Gecko) Chrome/76.0.3809.111 Mobile Safari/537.36"
45.148.10.248 - - [24/Jun/2025:14:47:06 +0000] "GET //jstz.min.js HTTP/1.1" 200 12382 "-" "Mozilla/5.0 (Android; Linux armv7l; rv:10.0.1) Gecko/20100101 Firefox/10.0.1 Fennec/10.0.1"
45.148.10.248 - - [24/Jun/2025:14:47:06 +0000] "GET //submit_post.js HTTP/1.1" 200 12385 "-" "Mozilla/5.0 (X11; Linux x86_64; rv:7.0a1) Gecko/20110623 Firefox/7.0a1"
45.148.10.248 - - [24/Jun/2025:14:47:09 +0000] "GET //login.js HTTP/1.1" 200 12387 "-" "Mozilla/5.0 (X11; Linux i686; rv:46.0) Gecko/20100101 Firefox/46.0"
57.141.2.24 - - [24/Jun/2025:14:47:13 +0000] "GET /lowpr.php?shopdetail/351911067 HTTP/2.0" 404 - "-" "meta-externalagent/1.1 (+https://developers.facebook.com/docs/sharing/webmasters/crawler)"
45.148.10.248 - - [24/Jun/2025:14:47:15 +0000] "GET //cptimezone_optimized.js HTTP/1.1" 200 12383 "-" "Mozilla/5.0 (X11; U; Linux x86_64; en-AU) AppleWebKit/534.35 (KHTML, like Gecko) Chrome/11.0.696.65 Safari/534.35 Puffin/3.9174IT"
45.148.10.248 - - [24/Jun/2025:14:47:15 +0000] "GET //jstz.min.js HTTP/1.1" 200 12387 "-" "Mozilla/5.0 (Linux; Android 9; SAMSUNG SM-G973F Build/PPR1.180610.011) AppleWebKit/537.36 (KHTML, like Gecko) SamsungBrowser/9.4 Chrome/67.0.3396.87 Mobile Safari/537.36"
45.148.10.248 - - [24/Jun/2025:14:47:15 +0000] "GET //login.js HTTP/1.1" 200 12384 "-" "Mozilla/5.0 (Linux; U; Android 9; en-gb; Redmi Note 7 Pro Build/PKQ1.181203.001) AppleWebKit/537.36 (KHTML, like Gecko) Version/4.0 Chrome/71.0.3578.141 Mobile Safari/537.36 XiaoMi/MiuiBrowser/10.9.8-g"
45.148.10.248 - - [24/Jun/2025:14:47:16 +0000] "GET //submit_post.js HTTP/1.1" 200 12387 "-" "Mozilla/5.0 (compatible; MSIE 9.0; Windows NT 6.0; Win64; x64; Trident/5.0; .NET CLR 3.7.50745; Media Center PC 6.0; Zune 4.7; .NET4.0C; en-MT)"
45.148.10.248 - - [24/Jun/2025:14:47:16 +0000] "GET /unprotected/json-minified.js HTTP/1.1" 200 843 "-" "NokiaN73-1/3.0649.0.0.1 Series60/3.0 Profile/MIDP2.0 Configuration/CLDC-1.1"
45.148.10.248 - - [24/Jun/2025:14:47:16 +0000] "GET /jstz.min.js HTTP/1.1" 200 12383 "-" "Mozilla/5.0 (iPad; CPU OS 9_3_5 like Mac OS X) AppleWebKit/601.1.46 (KHTML, like Gecko) Version/9.0 Mobile/13G36 Safari/601.1"
185.39.19.43 - - [24/Jun/2025:14:50:51 +0000] "GET / HTTP/1.0" 200 52241 "https://udyogaadhaaronline.com/" "Mozilla/5.0 (Windows NT 10.0; Win64; x64) AppleWebKit/537.36 (KHTML, like Gecko) Chrome/130.0.0.0 Safari/537.36 CCleaner/130.0.0.0"
185.39.19.43 - - [24/Jun/2025:14:50:53 +0000] "GET /includes/captcha.php HTTP/1.0" 200 1251 "https://udyogaadhaaronline.com/" "Mozilla/5.0 (Windows NT 10.0; Win64; x64) AppleWebKit/537.36 (KHTML, like Gecko) Chrome/130.0.0.0 Safari/537.36 CCleaner/130.0.0.0"
185.39.19.43 - - [24/Jun/2025:14:50:54 +0000] "GET /contact-us.php HTTP/1.0" 200 10991 "https://udyogaadhaaronline.com/contact-us.php" "Mozilla/5.0 (Windows NT 10.0; Win64; x64) AppleWebKit/537.36 (KHTML, like Gecko) Chrome/130.0.0.0 Safari/537.36 CCleaner/130.0.0.0"
57.141.2.10 - - [24/Jun/2025:15:04:44 +0000] "GET /lowpr.php?shopdetail/138515767 HTTP/2.0" 404 - "-" "meta-externalagent/1.1 (+https://developers.facebook.com/docs/sharing/webmasters/crawler)"
80.85.247.161 - - [24/Jun/2025:15:05:04 +0000] "GET / HTTP/1.1" 200 52241 "-" "Mozilla/5.0 (Macintosh; Intel Mac OS X 10_15_7) AppleWebKit/537.36 (KHTML, like Gecko) Chrome/133.0.0.0 Safari/537.36"
105.27.158.238 - - [24/Jun/2025:15:05:07 +0000] "POST /request/form-submit.php HTTP/1.1" 200 - "-" "Mozilla/5.0 (Macintosh; Intel Mac OS X 10_15_7) AppleWebKit/537.36 (KHTML, like Gecko) Chrome/133.0.0.0 Safari/537.36"
80.85.247.161 - - [24/Jun/2025:15:05:08 +0000] "GET /assets/img/udyogaadhaaronline-logoo.svg HTTP/1.1" 200 15055 "-" "Mozilla/5.0 (Macintosh; Intel Mac OS X 10_15_7) AppleWebKit/537.36 (KHTML, like Gecko) Chrome/133.0.0.0 Safari/537.36"
80.85.247.161 - - [24/Jun/2025:15:05:08 +0000] "GET /enquiry.php HTTP/1.1" 200 15032 "-" "Mozilla/5.0 (Macintosh; Intel Mac OS X 10_15_7) AppleWebKit/537.36 (KHTML, like Gecko) Chrome/133.0.0.0 Safari/537.36"
105.27.158.238 - - [24/Jun/2025:15:05:11 +0000] "POST /mail.php HTTP/1.1" 500 - "-" "Mozilla/5.0 (Macintosh; Intel Mac OS X 10_15_7) AppleWebKit/537.36 (KHTML, like Gecko) Chrome/133.0.0.0 Safari/537.36"
80.85.247.161 - - [24/Jun/2025:15:05:11 +0000] "GET /enquiry.php HTTP/1.1" 200 15032 "-" "Mozilla/5.0 (Macintosh; Intel Mac OS X 10_15_7) AppleWebKit/537.36 (KHTML, like Gecko) Chrome/133.0.0.0 Safari/537.36"
105.27.158.238 - - [24/Jun/2025:15:05:14 +0000] "POST /mail.php HTTP/1.1" 500 - "-" "Mozilla/5.0 (Macintosh; Intel Mac OS X 10_15_7) AppleWebKit/537.36 (KHTML, like Gecko) Chrome/133.0.0.0 Safari/537.36"
105.27.158.238 - - [24/Jun/2025:15:05:15 +0000] "POST /mail.php HTTP/1.1" 500 - "-" "Mozilla/5.0 (Windows NT 10.0; Win64; x64) AppleWebKit/537.36 (KHTML, like Gecko) Chrome/120.0.0.0 Safari/537.36"
80.85.247.161 - - [24/Jun/2025:15:05:16 +0000] "GET /blog HTTP/1.1" 301 244 "-" "Mozilla/5.0 (Macintosh; Intel Mac OS X 10_15_7) AppleWebKit/537.36 (KHTML, like Gecko) Chrome/133.0.0.0 Safari/537.36"
80.85.247.161 - - [24/Jun/2025:15:05:17 +0000] "GET /blog/ HTTP/1.1" 200 7464 "https://udyogaadhaaronline.com/blog" "Mozilla/5.0 (Macintosh; Intel Mac OS X 10_15_7) AppleWebKit/537.36 (KHTML, like Gecko) Chrome/133.0.0.0 Safari/537.36"
80.85.247.161 - - [24/Jun/2025:15:05:18 +0000] "GET /blog HTTP/1.1" 301 244 "-" "Mozilla/5.0 (Macintosh; Intel Mac OS X 10_15_7) AppleWebKit/537.36 (KHTML, like Gecko) Chrome/133.0.0.0 Safari/537.36"
80.85.247.161 - - [24/Jun/2025:15:05:18 +0000] "GET /blog/ HTTP/1.1" 200 7464 "https://udyogaadhaaronline.com/blog" "Mozilla/5.0 (Macintosh; Intel Mac OS X 10_15_7) AppleWebKit/537.36 (KHTML, like Gecko) Chrome/133.0.0.0 Safari/537.36"
80.85.247.161 - - [24/Jun/2025:15:05:19 +0000] "GET /udyam-registration.php HTTP/1.1" 301 239 "-" "Mozilla/5.0 (Macintosh; Intel Mac OS X 10_15_7) AppleWebKit/537.36 (KHTML, like Gecko) Chrome/133.0.0.0 Safari/537.36"
80.85.247.161 - - [24/Jun/2025:15:05:19 +0000] "GET / HTTP/1.1" 200 52241 "https://udyogaadhaaronline.com/udyam-registration.php" "Mozilla/5.0 (Macintosh; Intel Mac OS X 10_15_7) AppleWebKit/537.36 (KHTML, like Gecko) Chrome/133.0.0.0 Safari/537.36"
80.85.247.161 - - [24/Jun/2025:15:05:20 +0000] "GET /re-registration.php HTTP/1.1" 200 38028 "-" "Mozilla/5.0 (Macintosh; Intel Mac OS X 10_15_7) AppleWebKit/537.36 (KHTML, like Gecko) Chrome/133.0.0.0 Safari/537.36"
80.85.247.161 - - [24/Jun/2025:15:05:21 +0000] "GET /re-registration.php HTTP/1.1" 200 38028 "-" "Mozilla/5.0 (Macintosh; Intel Mac OS X 10_15_7) AppleWebKit/537.36 (KHTML, like Gecko) Chrome/133.0.0.0 Safari/537.36"
80.85.247.161 - - [24/Jun/2025:15:05:22 +0000] "GET /cancel-udyam-registration.php HTTP/1.1" 301 246 "-" "Mozilla/5.0 (Macintosh; Intel Mac OS X 10_15_7) AppleWebKit/537.36 (KHTML, like Gecko) Chrome/133.0.0.0 Safari/537.36"
80.85.247.161 - - [24/Jun/2025:15:05:23 +0000] "GET /cancel- HTTP/1.1" 404 - "https://udyogaadhaaronline.com/cancel-udyam-registration.php" "Mozilla/5.0 (Macintosh; Intel Mac OS X 10_15_7) AppleWebKit/537.36 (KHTML, like Gecko) Chrome/133.0.0.0 Safari/537.36"
80.85.247.161 - - [24/Jun/2025:15:05:23 +0000] "GET /udyam-registration-certificate-sample.php HTTP/1.1" 200 12765 "-" "Mozilla/5.0 (Macintosh; Intel Mac OS X 10_15_7) AppleWebKit/537.36 (KHTML, like Gecko) Chrome/133.0.0.0 Safari/537.36"
80.85.247.161 - - [24/Jun/2025:15:05:24 +0000] "GET /udyam-registration-certificate-sample.php HTTP/1.1" 200 12765 "-" "Mozilla/5.0 (Macintosh; Intel Mac OS X 10_15_7) AppleWebKit/537.36 (KHTML, like Gecko) Chrome/133.0.0.0 Safari/537.36"
80.85.247.161 - - [24/Jun/2025:15:05:25 +0000] "GET /contact-us.php HTTP/1.1" 200 10991 "-" "Mozilla/5.0 (Macintosh; Intel Mac OS X 10_15_7) AppleWebKit/537.36 (KHTML, like Gecko) Chrome/133.0.0.0 Safari/537.36"
80.85.247.161 - - [24/Jun/2025:15:05:26 +0000] "GET /contact-us.php HTTP/1.1" 200 10991 "-" "Mozilla/5.0 (Macintosh; Intel Mac OS X 10_15_7) AppleWebKit/537.36 (KHTML, like Gecko) Chrome/133.0.0.0 Safari/537.36"
80.85.247.161 - - [24/Jun/2025:15:05:27 +0000] "GET /blog HTTP/1.1" 301 244 "-" "Mozilla/5.0 (Macintosh; Intel Mac OS X 10_15_7) AppleWebKit/537.36 (KHTML, like Gecko) Chrome/133.0.0.0 Safari/537.36"
80.85.247.161 - - [24/Jun/2025:15:05:28 +0000] "GET /blog/ HTTP/1.1" 200 7464 "https://udyogaadhaaronline.com/blog" "Mozilla/5.0 (Macintosh; Intel Mac OS X 10_15_7) AppleWebKit/537.36 (KHTML, like Gecko) Chrome/133.0.0.0 Safari/537.36"
57.141.2.6 - - [24/Jun/2025:15:14:24 +0000] "GET /lowpr.php?shopdetail/337727467 HTTP/2.0" 404 - "-" "meta-externalagent/1.1 (+https://developers.facebook.com/docs/sharing/webmasters/crawler)"
57.141.2.6 - - [24/Jun/2025:15:16:41 +0000] "GET /lowpr.php?shopdetail/134633767 HTTP/2.0" 404 - "-" "meta-externalagent/1.1 (+https://developers.facebook.com/docs/sharing/webmasters/crawler)"
57.141.2.28 - - [24/Jun/2025:15:21:54 +0000] "GET /lowpr.php?shopdetail/194794667 HTTP/2.0" 404 - "-" "meta-externalagent/1.1 (+https://developers.facebook.com/docs/sharing/webmasters/crawler)"
57.141.2.13 - - [24/Jun/2025:15:31:59 +0000] "GET /lowpr.php?shopdetail/330691967 HTTP/2.0" 404 - "-" "meta-externalagent/1.1 (+https://developers.facebook.com/docs/sharing/webmasters/crawler)"
57.141.2.9 - - [24/Jun/2025:15:35:27 +0000] "GET /lowpr.php?shopdetail/175502367 HTTP/2.0" 404 - "-" "meta-externalagent/1.1 (+https://developers.facebook.com/docs/sharing/webmasters/crawler)"
142.111.131.156 - - [24/Jun/2025:15:35:50 +0000] "GET /blog/all-you-need-to-know HTTP/1.1" 200 10886 "-" "Mozilla/5.0 (Windows NT 10.0; Win64; x64) AppleWebKit/537.36 (KHTML, like Gecko) Chrome/131.0.0.0 Safari/537.36"
185.72.241.224 - - [24/Jun/2025:15:36:21 +0000] "GET /blog/all-you-need-to-know HTTP/1.1" 200 10886 "-" "Mozilla/5.0 (Macintosh; Intel Mac OS X 10_15_7) AppleWebKit/537.36 (KHTML, like Gecko) Chrome/131.0.0.0 Safari/537.36"
40.77.167.184 - - [24/Jun/2025:15:39:27 +0000] "GET /robots.txt HTTP/2.0" 200 134 "-" "Mozilla/5.0 AppleWebKit/537.36 (KHTML, like Gecko; compatible; bingbot/2.0; +http://www.bing.com/bingbot.htm) Chrome/116.0.1938.76 Safari/537.36"
40.77.167.76 - - [24/Jun/2025:15:39:32 +0000] "GET /sitemaps.xml HTTP/2.0" 404 - "-" "Mozilla/5.0 AppleWebKit/537.36 (KHTML, like Gecko; compatible; bingbot/2.0; +http://www.bing.com/bingbot.htm) Chrome/116.0.1938.76 Safari/537.36"
57.141.2.8 - - [24/Jun/2025:15:50:24 +0000] "GET /lowpr.php?shopdetail/89940867 HTTP/2.0" 404 - "-" "meta-externalagent/1.1 (+https://developers.facebook.com/docs/sharing/webmasters/crawler)"
100.24.15.246 - - [24/Jun/2025:15:52:27 +0000] "GET /update-udyam-certificate.php HTTP/1.1" 200 18727 "https://www.google.com/" "Mozilla/5.0 (Windows NT 10.0; Win64; x64) AppleWebKit/537.36 (KHTML, like Gecko) Chrome/126.0.0.0 Safari/537.36"
100.24.15.246 - - [24/Jun/2025:15:52:29 +0000] "GET /favicon.ico HTTP/1.1" 404 - "https://www.google.com/" "Mozilla/5.0 (Windows NT 10.0; Win64; x64) AppleWebKit/537.36 (KHTML, like Gecko) Chrome/126.0.0.0 Safari/537.36"
100.24.15.246 - - [24/Jun/2025:15:52:30 +0000] "GET /update-udyam-certificate.php HTTP/1.1" 200 18727 "https://www.google.com/" "Mozilla/5.0 (Windows NT 10.0; Win64; x64) AppleWebKit/537.36 (KHTML, like Gecko) Chrome/126.0.0.0 Safari/537.36"
69.171.231.9 - - [24/Jun/2025:15:57:19 +0000] "GET /robots.txt HTTP/2.0" 206 134 "-" "facebookexternalhit/1.1 (+http://www.facebook.com/externalhit_uatext.php)"
57.141.2.27 - - [24/Jun/2025:15:58:21 +0000] "GET /lowpr.php?shopdetail/167855367 HTTP/2.0" 404 - "-" "meta-externalagent/1.1 (+https://developers.facebook.com/docs/sharing/webmasters/crawler)"
57.141.2.9 - - [24/Jun/2025:15:58:36 +0000] "GET /lowpr.php?shopdetail/141178367 HTTP/2.0" 404 - "-" "meta-externalagent/1.1 (+https://developers.facebook.com/docs/sharing/webmasters/crawler)"
57.141.2.29 - - [24/Jun/2025:16:03:04 +0000] "GET /lowpr.php?shopdetail/27481167 HTTP/2.0" 404 - "-" "meta-externalagent/1.1 (+https://developers.facebook.com/docs/sharing/webmasters/crawler)"
57.141.2.4 - - [24/Jun/2025:16:11:48 +0000] "GET /lowpr.php?shopdetail/314135767 HTTP/2.0" 404 - "-" "meta-externalagent/1.1 (+https://developers.facebook.com/docs/sharing/webmasters/crawler)"
74.125.150.33 - - [24/Jun/2025:16:20:39 +0000] "GET /terms-of-service.php HTTP/1.1" 404 - "-" "Mozilla/5.0 AppleWebKit/537.36 (KHTML, like Gecko) Chrome/137.0.7151.68 Safari/537.36"
57.141.2.11 - - [24/Jun/2025:16:22:09 +0000] "GET /lowpr.php?shopdetail/194720167 HTTP/2.0" 404 - "-" "meta-externalagent/1.1 (+https://developers.facebook.com/docs/sharing/webmasters/crawler)"
147.185.132.49 - - [24/Jun/2025:16:23:59 +0000] "GET / HTTP/1.1" 401 36 "-" "Expanse, a Palo Alto Networks company, searches across the global IPv4 space multiple times per day to identify customers' presences on the Internet. If you would like to be excluded from our scans, please send IP addresses/domains to: scaninfo@paloaltonetworks.com"
57.141.2.4 - - [24/Jun/2025:16:26:20 +0000] "GET /lowpr.php?shopdetail/264686067 HTTP/2.0" 404 - "-" "meta-externalagent/1.1 (+https://developers.facebook.com/docs/sharing/webmasters/crawler)"
74.125.150.32 - - [24/Jun/2025:16:26:45 +0000] "GET /index.phpshopdetail/113863167 HTTP/1.1" 404 - "-" "Mozilla/5.0 AppleWebKit/537.36 (KHTML, like Gecko) Chrome/137.0.7151.68 Safari/537.36"
49.51.72.236 - - [24/Jun/2025:16:34:22 +0000] "GET / HTTP/1.1" 200 52241 "http://udyogaadhaaronline.com" "Mozilla/5.0 (iPhone; CPU iPhone OS 13_2_3 like Mac OS X) AppleWebKit/605.1.15 (KHTML, like Gecko) Version/13.0.3 Mobile/15E148 Safari/604.1"
57.141.2.27 - - [24/Jun/2025:16:35:01 +0000] "GET /lowpr.php?shopdetail/127537767 HTTP/2.0" 404 - "-" "meta-externalagent/1.1 (+https://developers.facebook.com/docs/sharing/webmasters/crawler)"
57.141.2.30 - - [24/Jun/2025:16:44:11 +0000] "GET /lowpr.php?shopdetail/13013967 HTTP/2.0" 404 - "-" "meta-externalagent/1.1 (+https://developers.facebook.com/docs/sharing/webmasters/crawler)"
43.156.202.34 - - [24/Jun/2025:16:46:54 +0000] "GET /about-us.php HTTP/1.1" 200 12216 "-" "Mozilla/5.0 (iPhone; CPU iPhone OS 13_2_3 like Mac OS X) AppleWebKit/605.1.15 (KHTML, like Gecko) Version/13.0.3 Mobile/15E148 Safari/604.1"
57.141.2.7 - - [24/Jun/2025:16:47:01 +0000] "GET /lowpr.php?shopdetail/294041167 HTTP/2.0" 404 - "-" "meta-externalagent/1.1 (+https://developers.facebook.com/docs/sharing/webmasters/crawler)"
52.167.144.160 - - [24/Jun/2025:16:48:00 +0000] "GET /sitemaps.xml HTTP/2.0" 404 - "-" "Mozilla/5.0 AppleWebKit/537.36 (KHTML, like Gecko; compatible; bingbot/2.0; +http://www.bing.com/bingbot.htm) Chrome/116.0.1938.76 Safari/537.36"
85.208.98.18 - - [24/Jun/2025:16:50:47 +0000] "GET /robots.txt HTTP/1.1" 200 134 "http://udyogaadhaaronline.com/robots.txt" "Mozilla/5.0 (compatible; SemrushBot; +http://www.semrush.com/bot.html)"
54.236.1.13 - - [24/Jun/2025:16:51:01 +0000] "GET /cancel-udyam-registration.php HTTP/1.1" 301 246 "-" "Mozilla/5.0 (compatible; Pinterestbot/1.0; +http://www.pinterest.com/bot.html)"
54.236.1.13 - - [24/Jun/2025:16:51:02 +0000] "GET /cancel- HTTP/1.1" 404 - "-" "Mozilla/5.0 (compatible; Pinterestbot/1.0; +http://www.pinterest.com/bot.html)"
57.141.2.24 - - [24/Jun/2025:16:59:20 +0000] "GET /lowpr.php?shopdetail/53235467 HTTP/2.0" 404 - "-" "meta-externalagent/1.1 (+https://developers.facebook.com/docs/sharing/webmasters/crawler)"
187.19.225.63 - - [24/Jun/2025:17:01:45 +0000] "POST /xmlrpc.php HTTP/1.1" 404 - "-" "Mozilla/5.0 (Windows NT 10.0; Win64; x64) AppleWebKit/537.36 (KHTML, like Gecko) Chrome/91.0.4472.124 Safari/537.36"
49.51.183.75 - - [24/Jun/2025:17:02:25 +0000] "GET /blog HTTP/1.1" 301 244 "-" "Mozilla/5.0 (iPhone; CPU iPhone OS 13_2_3 like Mac OS X) AppleWebKit/605.1.15 (KHTML, like Gecko) Version/13.0.3 Mobile/15E148 Safari/604.1"
49.51.183.75 - - [24/Jun/2025:17:02:32 +0000] "GET /blog/ HTTP/1.1" 200 7464 "https://udyogaadhaaronline.com/blog" "Mozilla/5.0 (iPhone; CPU iPhone OS 13_2_3 like Mac OS X) AppleWebKit/605.1.15 (KHTML, like Gecko) Version/13.0.3 Mobile/15E148 Safari/604.1"
13.74.181.217 - - [24/Jun/2025:17:06:04 +0000] "GET /autodiscover/autodiscover.xml HTTP/1.1" 400 52 "-" "-"
13.74.181.217 - - [24/Jun/2025:17:06:05 +0000] "GET /autodiscover/autodiscover.xml HTTP/1.1" 400 52 "-" "-"
13.74.181.217 - - [24/Jun/2025:17:06:06 +0000] "GET /autodiscover/autodiscover.xml HTTP/1.1" 400 52 "-" "-"
13.74.181.217 - - [24/Jun/2025:17:06:07 +0000] "GET /autodiscover/autodiscover.xml HTTP/1.1" 400 52 "-" "-"
13.74.181.217 - - [24/Jun/2025:17:06:07 +0000] "GET /autodiscover/autodiscover.xml HTTP/1.1" 400 52 "-" "-"
13.74.181.217 - - [24/Jun/2025:17:06:08 +0000] "GET /autodiscover/autodiscover.xml HTTP/1.1" 400 52 "-" "-"
13.74.181.217 - - [24/Jun/2025:17:06:08 +0000] "GET /autodiscover/autodiscover.xml HTTP/1.1" 400 52 "-" "-"
13.74.181.217 - - [24/Jun/2025:17:06:09 +0000] "GET /autodiscover/autodiscover.xml HTTP/1.1" 400 52 "-" "-"
13.74.181.217 - - [24/Jun/2025:17:06:10 +0000] "GET /autodiscover/autodiscover.xml HTTP/1.1" 400 52 "-" "-"
13.74.181.217 - - [24/Jun/2025:17:06:10 +0000] "GET /autodiscover/autodiscover.xml HTTP/1.1" 400 52 "-" "-"
13.74.181.217 - - [24/Jun/2025:17:06:11 +0000] "GET /autodiscover/autodiscover.xml HTTP/1.1" 400 52 "-" "-"
13.74.181.217 - - [24/Jun/2025:17:06:12 +0000] "GET /autodiscover/autodiscover.xml HTTP/1.1" 400 52 "-" "-"
13.74.181.217 - - [24/Jun/2025:17:06:12 +0000] "GET /autodiscover/autodiscover.xml HTTP/1.1" 400 52 "-" "-"
13.74.181.217 - - [24/Jun/2025:17:06:13 +0000] "GET /autodiscover/autodiscover.xml HTTP/1.1" 400 52 "-" "-"
13.74.181.217 - - [24/Jun/2025:17:06:14 +0000] "GET /autodiscover/autodiscover.xml HTTP/1.1" 400 52 "-" "-"
13.74.181.217 - - [24/Jun/2025:17:06:14 +0000] "GET /autodiscover/autodiscover.xml HTTP/1.1" 400 52 "-" "-"
13.74.181.217 - - [24/Jun/2025:17:06:15 +0000] "GET /autodiscover/autodiscover.xml HTTP/1.1" 400 52 "-" "-"
13.74.181.217 - - [24/Jun/2025:17:06:16 +0000] "GET /autodiscover/autodiscover.xml HTTP/1.1" 400 52 "-" "-"
13.74.181.217 - - [24/Jun/2025:17:06:16 +0000] "GET /autodiscover/autodiscover.xml HTTP/1.1" 400 52 "-" "-"
13.74.181.217 - - [24/Jun/2025:17:06:17 +0000] "GET /autodiscover/autodiscover.xml HTTP/1.1" 400 52 "-" "-"
13.74.181.217 - - [24/Jun/2025:17:06:17 +0000] "GET /autodiscover/autodiscover.xml HTTP/1.1" 400 52 "-" "-"
13.74.181.217 - - [24/Jun/2025:17:06:18 +0000] "GET /autodiscover/autodiscover.xml HTTP/1.1" 400 52 "-" "-"
13.74.181.217 - - [24/Jun/2025:17:06:19 +0000] "GET /autodiscover/autodiscover.xml HTTP/1.1" 400 52 "-" "-"
13.74.181.217 - - [24/Jun/2025:17:06:19 +0000] "GET /autodiscover/autodiscover.xml HTTP/1.1" 400 52 "-" "-"
13.74.181.217 - - [24/Jun/2025:17:06:20 +0000] "GET /autodiscover/autodiscover.xml HTTP/1.1" 400 52 "-" "-"
13.74.181.217 - - [24/Jun/2025:17:06:20 +0000] "GET /autodiscover/autodiscover.xml HTTP/1.1" 400 52 "-" "-"
13.74.181.217 - - [24/Jun/2025:17:06:21 +0000] "GET /autodiscover/autodiscover.xml HTTP/1.1" 400 52 "-" "-"
13.74.181.217 - - [24/Jun/2025:17:06:22 +0000] "GET /autodiscover/autodiscover.xml HTTP/1.1" 400 52 "-" "-"
13.74.181.217 - - [24/Jun/2025:17:06:22 +0000] "GET /autodiscover/autodiscover.xml HTTP/1.1" 400 52 "-" "-"
13.74.181.217 - - [24/Jun/2025:17:06:23 +0000] "GET /autodiscover/autodiscover.xml HTTP/1.1" 400 52 "-" "-"
13.74.181.217 - - [24/Jun/2025:17:06:24 +0000] "GET /autodiscover/autodiscover.xml HTTP/1.1" 400 52 "-" "-"
13.74.181.217 - - [24/Jun/2025:17:06:24 +0000] "GET /autodiscover/autodiscover.xml HTTP/1.1" 400 52 "-" "-"
13.74.181.217 - - [24/Jun/2025:17:06:25 +0000] "GET /autodiscover/autodiscover.xml HTTP/1.1" 400 52 "-" "-"
57.141.2.24 - - [24/Jun/2025:17:10:11 +0000] "GET /lowpr.php?shopdetail/16178567 HTTP/2.0" 404 - "-" "meta-externalagent/1.1 (+https://developers.facebook.com/docs/sharing/webmasters/crawler)"
57.141.2.24 - - [24/Jun/2025:17:13:34 +0000] "GET /lowpr.php?shopdetail/360888367 HTTP/2.0" 404 - "-" "meta-externalagent/1.1 (+https://developers.facebook.com/docs/sharing/webmasters/crawler)"
43.130.57.46 - - [24/Jun/2025:17:19:29 +0000] "GET /track-order/index.php HTTP/1.1" 200 13964 "-" "Mozilla/5.0 (iPhone; CPU iPhone OS 13_2_3 like Mac OS X) AppleWebKit/605.1.15 (KHTML, like Gecko) Version/13.0.3 Mobile/15E148 Safari/604.1"
57.141.2.26 - - [24/Jun/2025:17:20:01 +0000] "GET /lowpr.php?shopdetail/376848067 HTTP/2.0" 404 - "-" "meta-externalagent/1.1 (+https://developers.facebook.com/docs/sharing/webmasters/crawler)"
57.141.2.11 - - [24/Jun/2025:17:25:55 +0000] "GET /lowpr.php?shopdetail/132760667 HTTP/2.0" 404 - "-" "meta-externalagent/1.1 (+https://developers.facebook.com/docs/sharing/webmasters/crawler)"
50.17.193.48 - - [24/Jun/2025:17:31:49 +0000] "GET /robots.txt HTTP/1.1" 301 249 "-" "Mozilla/5.0 AppleWebKit/537.36 (KHTML, like Gecko; compatible; Amazonbot/0.1; +https://developer.amazon.com/support/amazonbot) Chrome/119.0.6045.214 Safari/537.36"
18.209.137.234 - - [24/Jun/2025:17:31:50 +0000] "GET /robots.txt HTTP/1.1" 200 134 "-" "Mozilla/5.0 AppleWebKit/537.36 (KHTML, like Gecko; compatible; Amazonbot/0.1; +https://developer.amazon.com/support/amazonbot) Chrome/119.0.6045.214 Safari/537.36"
3.216.227.216 - - [24/Jun/2025:17:31:51 +0000] "GET /terms-of-services.php HTTP/1.1" 301 260 "-" "Mozilla/5.0 AppleWebKit/537.36 (KHTML, like Gecko; compatible; Amazonbot/0.1; +https://developer.amazon.com/support/amazonbot) Chrome/119.0.6045.214 Safari/537.36"
52.204.37.237 - - [24/Jun/2025:17:31:52 +0000] "GET /robots.txt HTTP/1.1" 200 134 "-" "Mozilla/5.0 AppleWebKit/537.36 (KHTML, like Gecko; compatible; Amazonbot/0.1; +https://developer.amazon.com/support/amazonbot) Chrome/119.0.6045.214 Safari/537.36"
114.80.36.40 - - [24/Jun/2025:17:38:44 +0000] "GET / HTTP/1.1" 200 52241 "http://udyogaadhaaronline.com" "Mozilla/5.0 (iPhone; CPU iPhone OS 13_2_3 like Mac OS X) AppleWebKit/605.1.15 (KHTML, like Gecko) Version/13.0.3 Mobile/15E148 Safari/604.1"
143.208.127.179 - - [24/Jun/2025:17:39:53 +0000] "GET /enquiry.php HTTP/1.1" 200 15032 "-" "Mozilla/5.0 (Macintosh; Intel Mac OS X 10_15_7) AppleWebKit/605.1.15 (KHTML, like Gecko) Version/17.0.1 Safari/605.1.15"
172.203.190.133 - - [24/Jun/2025:17:40:31 +0000] "GET /robots.txt HTTP/2.0" 200 134 "-" "Mozilla/5.0 (Macintosh; Intel Mac OS X 10_15_7) AppleWebKit/537.36 (KHTML, like Gecko) Chrome/131.0.0.0 Safari/537.36; compatible; OAI-SearchBot/1.0; +https://openai.com/searchbot"
57.141.2.1 - - [24/Jun/2025:17:54:38 +0000] "GET /lowpr.php?shopdetail/381629067 HTTP/2.0" 404 - "-" "meta-externalagent/1.1 (+https://developers.facebook.com/docs/sharing/webmasters/crawler)"
160.187.210.68 - - [24/Jun/2025:18:00:58 +0000] "GET /wp-content/lock1.php HTTP/1.1" 404 - "-" "Mozlila/5.0 (Linux; Android 7.0; SM-G892A Bulid/NRD90M; wv) AppleWebKit/537.36 (KHTML, like Gecko) Version/4.0 Chrome/60.0.3112.107 Moblie Safari/537.36"
160.187.210.68 - - [24/Jun/2025:18:01:45 +0000] "GET /class-t.api.php HTTP/1.1" 404 - "-" "Mozlila/5.0 (Linux; Android 7.0; SM-G892A Bulid/NRD90M; wv) AppleWebKit/537.36 (KHTML, like Gecko) Version/4.0 Chrome/60.0.3112.107 Moblie Safari/537.36"
167.94.138.38 - - [24/Jun/2025:18:15:13 +0000] "GET / HTTP/1.1" 401 53 "-" "Mozilla/5.0 (compatible; CensysInspect/1.1; +https://about.censys.io/)"
167.94.138.38 - - [24/Jun/2025:18:16:57 +0000] "GET /.well-known/security.txt HTTP/1.1" 401 53 "-" "Mozilla/5.0 (compatible; CensysInspect/1.1; +https://about.censys.io/)"
57.141.2.24 - - [24/Jun/2025:18:27:22 +0000] "GET /lowpr.php?shopdetail/65763567 HTTP/2.0" 404 - "-" "meta-externalagent/1.1 (+https://developers.facebook.com/docs/sharing/webmasters/crawler)"
57.141.2.26 - - [24/Jun/2025:18:27:27 +0000] "GET /lowpr.php?shopdetail/191906667 HTTP/2.0" 404 - "-" "meta-externalagent/1.1 (+https://developers.facebook.com/docs/sharing/webmasters/crawler)"
57.141.2.3 - - [24/Jun/2025:18:27:38 +0000] "GET /lowpr.php?shopdetail/259529867 HTTP/2.0" 404 - "-" "meta-externalagent/1.1 (+https://developers.facebook.com/docs/sharing/webmasters/crawler)"
172.203.190.133 - - [24/Jun/2025:18:39:45 +0000] "GET /robots.txt HTTP/2.0" 301 249 "-" "Mozilla/5.0 (Macintosh; Intel Mac OS X 10_15_7) AppleWebKit/537.36 (KHTML, like Gecko) Chrome/131.0.0.0 Safari/537.36; compatible; OAI-SearchBot/1.0; +https://openai.com/searchbot"
172.203.190.139 - - [24/Jun/2025:18:39:45 +0000] "GET /robots.txt HTTP/2.0" 200 134 "-" "Mozilla/5.0 (Macintosh; Intel Mac OS X 10_15_7) AppleWebKit/537.36 (KHTML, like Gecko) Chrome/131.0.0.0 Safari/537.36; compatible; OAI-SearchBot/1.0; +https://openai.com/searchbot"
57.141.2.28 - - [24/Jun/2025:18:42:11 +0000] "GET /lowpr.php?shopdetail/130731167 HTTP/2.0" 404 - "-" "meta-externalagent/1.1 (+https://developers.facebook.com/docs/sharing/webmasters/crawler)"
40.77.167.241 - - [24/Jun/2025:18:47:40 +0000] "GET /print-udyam-certificate.php HTTP/2.0" 200 14961 "-" "Mozilla/5.0 AppleWebKit/537.36 (KHTML, like Gecko; compatible; bingbot/2.0; +http://www.bing.com/bingbot.htm) Chrome/116.0.1938.76 Safari/537.36"
40.77.167.44 - - [24/Jun/2025:18:48:19 +0000] "GET /assets/img/udyogaadhaaronline-logoo.svg HTTP/2.0" 200 15055 "-" "Mozilla/5.0 AppleWebKit/537.36 (KHTML, like Gecko; compatible; bingbot/2.0; +http://www.bing.com/bingbot.htm) Chrome/116.0.1938.76 Safari/537.36"
52.167.144.220 - - [24/Jun/2025:18:48:21 +0000] "GET /assets/css/main.css?v=1750790860 HTTP/2.0" 200 17597 "-" "Mozilla/5.0 AppleWebKit/537.36 (KHTML, like Gecko; compatible; bingbot/2.0; +http://www.bing.com/bingbot.htm) Chrome/116.0.1938.76 Safari/537.36"
40.77.167.241 - - [24/Jun/2025:18:48:23 +0000] "GET /assets/js/main.js HTTP/2.0" 200 903 "-" "Mozilla/5.0 AppleWebKit/537.36 (KHTML, like Gecko; compatible; bingbot/2.0; +http://www.bing.com/bingbot.htm) Chrome/116.0.1938.76 Safari/537.36"
40.77.167.241 - - [24/Jun/2025:18:48:23 +0000] "GET /includes/captcha.php HTTP/2.0" 200 1212 "-" "Mozilla/5.0 AppleWebKit/537.36 (KHTML, like Gecko; compatible; bingbot/2.0; +http://www.bing.com/bingbot.htm) Chrome/116.0.1938.76 Safari/537.36"
217.113.194.213 - - [24/Jun/2025:18:49:08 +0000] "GET /robots.txt HTTP/1.1" 200 134 "-" "Mozilla/5.0 (compatible; Barkrowler/0.9; +https://babbar.tech/crawler)"
217.113.194.216 - - [24/Jun/2025:18:49:11 +0000] "GET /robots.txt HTTP/1.1" 200 134 "-" "Mozilla/5.0 (compatible; Barkrowler/0.9; +https://babbar.tech/crawler)"
217.113.194.215 - - [24/Jun/2025:18:49:27 +0000] "GET /cancel- HTTP/1.1" 404 - "-" "Mozilla/5.0 (compatible; Barkrowler/0.9; +https://babbar.tech/crawler)"
4.227.36.92 - - [24/Jun/2025:18:52:52 +0000] "GET /robots.txt HTTP/2.0" 200 134 "-" "Mozilla/5.0 AppleWebKit/537.36 (KHTML, like Gecko; compatible; GPTBot/1.2; +https://openai.com/gptbot)"
20.171.53.227 - - [24/Jun/2025:18:52:52 +0000] "GET / HTTP/2.0" 200 52241 "-" "Mozilla/5.0 (Macintosh; Intel Mac OS X 10_15_7) AppleWebKit/537.36 (KHTML, like Gecko) Chrome/131.0.0.0 Safari/537.36; compatible; OAI-SearchBot/1.0; +https://openai.com/searchbot"
20.171.53.227 - - [24/Jun/2025:18:52:55 +0000] "GET /assets/css/main.css?v=1750791173 HTTP/2.0" 200 17597 "-" "Mozilla/5.0 (Macintosh; Intel Mac OS X 10_15_7) AppleWebKit/537.36 (KHTML, like Gecko) Chrome/131.0.0.0 Safari/537.36; compatible; OAI-SearchBot/1.0; +https://openai.com/searchbot"
20.171.207.151 - - [24/Jun/2025:18:52:56 +0000] "GET /privacy-policy.php HTTP/2.0" 200 14797 "-" "Mozilla/5.0 AppleWebKit/537.36 (KHTML, like Gecko; compatible; GPTBot/1.2; +https://openai.com/gptbot)"
20.171.123.77 - - [24/Jun/2025:18:52:58 +0000] "GET /assets/js/main.js HTTP/2.0" 200 903 "-" "Mozilla/5.0 (Macintosh; Intel Mac OS X 10_15_7) AppleWebKit/537.36 (KHTML, like Gecko) Chrome/131.0.0.0 Safari/537.36; compatible; OAI-SearchBot/1.0; +https://openai.com/searchbot"
20.171.207.151 - - [24/Jun/2025:18:52:59 +0000] "GET /complaint-form.php HTTP/2.0" 200 13467 "-" "Mozilla/5.0 AppleWebKit/537.36 (KHTML, like Gecko; compatible; GPTBot/1.2; +https://openai.com/gptbot)"
20.171.207.151 - - [24/Jun/2025:18:53:02 +0000] "GET /assets/css/main.css?v=1750791173 HTTP/2.0" 200 17597 "-" "Mozilla/5.0 AppleWebKit/537.36 (KHTML, like Gecko; compatible; GPTBot/1.2; +https://openai.com/gptbot)"
20.171.207.151 - - [24/Jun/2025:18:53:04 +0000] "GET /assets/js/main.js HTTP/2.0" 200 903 "-" "Mozilla/5.0 AppleWebKit/537.36 (KHTML, like Gecko; compatible; GPTBot/1.2; +https://openai.com/gptbot)"
20.171.207.151 - - [24/Jun/2025:18:53:06 +0000] "GET /fontawesome/css/all.css HTTP/2.0" 404 - "-" "Mozilla/5.0 AppleWebKit/537.36 (KHTML, like Gecko; compatible; GPTBot/1.2; +https://openai.com/gptbot)"
20.171.207.151 - - [24/Jun/2025:18:53:09 +0000] "GET /fontawesome/css/all.css HTTP/2.0" 404 - "-" "Mozilla/5.0 AppleWebKit/537.36 (KHTML, like Gecko; compatible; GPTBot/1.2; +https://openai.com/gptbot)"
57.141.2.13 - - [24/Jun/2025:18:54:45 +0000] "GET /lowpr.php?shopdetail/299884867 HTTP/2.0" 404 - "-" "meta-externalagent/1.1 (+https://developers.facebook.com/docs/sharing/webmasters/crawler)"
43.230.201.87 - - [24/Jun/2025:18:56:58 +0000] "GET /404.shtml HTTP/1.1" 404 - "http://udyogaadhaaronline.com/blog/wp-login.php" "Mozilla/5.0 (X11; Ubuntu; Linux x86_64; rv:85.0) Gecko/20100101 Firefox/91.0"
66.249.68.33 - - [24/Jun/2025:18:59:09 +0000] "GET /robots.txt HTTP/1.1" 200 134 "-" "Mozilla/5.0 (compatible; Googlebot/2.1; +http://www.google.com/bot.html)"
66.249.68.33 - - [24/Jun/2025:18:59:09 +0000] "GET /index.phpshopdetail/49658367 HTTP/1.1" 404 - "-" "Mozilla/5.0 (compatible; Googlebot/2.1; +http://www.google.com/bot.html)"
57.141.2.11 - - [24/Jun/2025:19:05:01 +0000] "GET /lowpr.php?shopdetail/129599967 HTTP/2.0" 404 - "-" "meta-externalagent/1.1 (+https://developers.facebook.com/docs/sharing/webmasters/crawler)"
57.141.2.8 - - [24/Jun/2025:19:09:27 +0000] "GET /lowpr.php?shopdetail/313392267 HTTP/2.0" 404 - "-" "meta-externalagent/1.1 (+https://developers.facebook.com/docs/sharing/webmasters/crawler)"
57.141.2.29 - - [24/Jun/2025:19:14:15 +0000] "GET /lowpr.php?shopdetail/305190267 HTTP/2.0" 404 - "-" "meta-externalagent/1.1 (+https://developers.facebook.com/docs/sharing/webmasters/crawler)"
57.141.2.29 - - [24/Jun/2025:19:14:47 +0000] "GET /lowpr.php?shopdetail/290918267 HTTP/2.0" 404 - "-" "meta-externalagent/1.1 (+https://developers.facebook.com/docs/sharing/webmasters/crawler)"
57.141.2.14 - - [24/Jun/2025:19:15:15 +0000] "GET /lowpr.php?shopdetail/304588067 HTTP/2.0" 404 - "-" "meta-externalagent/1.1 (+https://developers.facebook.com/docs/sharing/webmasters/crawler)"
57.141.2.15 - - [24/Jun/2025:19:21:27 +0000] "GET /lowpr.php?shopdetail/12315767 HTTP/2.0" 404 - "-" "meta-externalagent/1.1 (+https://developers.facebook.com/docs/sharing/webmasters/crawler)"
69.171.231.116 - - [24/Jun/2025:19:23:25 +0000] "GET /robots.txt HTTP/2.0" 206 134 "-" "facebookexternalhit/1.1 (+http://www.facebook.com/externalhit_uatext.php)"
69.171.230.3 - - [24/Jun/2025:19:25:05 +0000] "GET /robots.txt HTTP/2.0" 206 134 "-" "facebookexternalhit/1.1 (+http://www.facebook.com/externalhit_uatext.php)"
57.141.2.18 - - [24/Jun/2025:19:25:22 +0000] "GET /lowpr.php?shopdetail/322492267 HTTP/2.0" 404 - "-" "meta-externalagent/1.1 (+https://developers.facebook.com/docs/sharing/webmasters/crawler)"
69.171.231.116 - - [24/Jun/2025:19:27:42 +0000] "GET /robots.txt HTTP/2.0" 206 134 "-" "facebookexternalhit/1.1 (+http://www.facebook.com/externalhit_uatext.php)"
69.171.231.6 - - [24/Jun/2025:19:27:44 +0000] "GET /robots.txt HTTP/2.0" 206 134 "-" "facebookexternalhit/1.1 (+http://www.facebook.com/externalhit_uatext.php)"
57.141.2.29 - - [24/Jun/2025:19:27:46 +0000] "GET /lowpr.php?shopdetail/124628567 HTTP/2.0" 404 - "-" "meta-externalagent/1.1 (+https://developers.facebook.com/docs/sharing/webmasters/crawler)"
69.171.230.113 - - [24/Jun/2025:19:30:37 +0000] "GET /robots.txt HTTP/2.0" 206 134 "-" "facebookexternalhit/1.1 (+http://www.facebook.com/externalhit_uatext.php)"
69.171.230.5 - - [24/Jun/2025:19:30:43 +0000] "GET /robots.txt HTTP/2.0" 206 134 "-" "facebookexternalhit/1.1 (+http://www.facebook.com/externalhit_uatext.php)"
57.141.2.17 - - [24/Jun/2025:19:30:44 +0000] "GET /lowpr.php?shopdetail/218641067 HTTP/2.0" 404 - "-" "meta-externalagent/1.1 (+https://developers.facebook.com/docs/sharing/webmasters/crawler)"
69.171.230.7 - - [24/Jun/2025:19:31:13 +0000] "GET /robots.txt HTTP/2.0" 206 134 "-" "facebookexternalhit/1.1 (+http://www.facebook.com/externalhit_uatext.php)"
69.171.230.114 - - [24/Jun/2025:19:31:24 +0000] "GET /robots.txt HTTP/2.0" 206 134 "-" "facebookexternalhit/1.1 (+http://www.facebook.com/externalhit_uatext.php)"
57.141.2.17 - - [24/Jun/2025:19:31:25 +0000] "GET /lowpr.php?shopdetail/208247267 HTTP/2.0" 404 - "-" "meta-externalagent/1.1 (+https://developers.facebook.com/docs/sharing/webmasters/crawler)"
5.35.69.6 - - [24/Jun/2025:19:32:05 +0000] "GET / HTTP/1.1" 200 52221 "-" "Mozilla/5.0 (Macintosh; Intel Mac OS X 10_15_7) AppleWebKit/537.36 (KHTML, like Gecko) Chrome/133.0.0.0 Safari/537.36"
5.35.69.6 - - [24/Jun/2025:19:32:07 +0000] "GET /assets/img/udyogaadhaaronline-logoo.svg HTTP/1.1" 200 15055 "-" "Mozilla/5.0 (Macintosh; Intel Mac OS X 10_15_7) AppleWebKit/537.36 (KHTML, like Gecko) Chrome/133.0.0.0 Safari/537.36"
5.35.69.6 - - [24/Jun/2025:19:32:08 +0000] "GET /enquiry.php HTTP/1.1" 200 15012 "-" "Mozilla/5.0 (Macintosh; Intel Mac OS X 10_15_7) AppleWebKit/537.36 (KHTML, like Gecko) Chrome/133.0.0.0 Safari/537.36"
117.244.112.94 - - [24/Jun/2025:19:32:11 +0000] "POST /mail.php HTTP/1.1" 500 - "-" "Mozilla/5.0 (Macintosh; Intel Mac OS X 10_15_7) AppleWebKit/537.36 (KHTML, like Gecko) Chrome/133.0.0.0 Safari/537.36"
69.171.230.10 - - [24/Jun/2025:19:32:30 +0000] "GET /robots.txt HTTP/2.0" 206 134 "-" "facebookexternalhit/1.1 (+http://www.facebook.com/externalhit_uatext.php)"
117.244.112.94 - - [24/Jun/2025:19:32:31 +0000] "POST /mail.php HTTP/1.1" 500 - "-" "Mozilla/5.0 (Windows NT 10.0; Win64; x64) AppleWebKit/537.36 (KHTML, like Gecko) Chrome/120.0.0.0 Safari/537.36"
5.35.69.6 - - [24/Jun/2025:19:32:32 +0000] "GET /enquiry.php HTTP/1.1" 200 15012 "-" "Mozilla/5.0 (Macintosh; Intel Mac OS X 10_15_7) AppleWebKit/537.36 (KHTML, like Gecko) Chrome/133.0.0.0 Safari/537.36"
57.141.2.17 - - [24/Jun/2025:19:32:39 +0000] "GET /lowpr.php?shopdetail/269204767 HTTP/2.0" 404 - "-" "meta-externalagent/1.1 (+https://developers.facebook.com/docs/sharing/webmasters/crawler)"
117.244.112.94 - - [24/Jun/2025:19:32:59 +0000] "POST /mail.php HTTP/1.1" 500 - "-" "Mozilla/5.0 (Windows NT 10.0; Win64; x64) AppleWebKit/537.36 (KHTML, like Gecko) Chrome/120.0.0.0 Safari/537.36"
5.35.69.6 - - [24/Jun/2025:19:33:00 +0000] "GET /blog HTTP/1.1" 301 244 "-" "Mozilla/5.0 (Macintosh; Intel Mac OS X 10_15_7) AppleWebKit/537.36 (KHTML, like Gecko) Chrome/133.0.0.0 Safari/537.36"
5.35.69.6 - - [24/Jun/2025:19:33:00 +0000] "GET /blog/ HTTP/1.1" 200 7464 "https://udyogaadhaaronline.com/blog" "Mozilla/5.0 (Macintosh; Intel Mac OS X 10_15_7) AppleWebKit/537.36 (KHTML, like Gecko) Chrome/133.0.0.0 Safari/537.36"
5.35.69.6 - - [24/Jun/2025:19:33:01 +0000] "GET /blog HTTP/1.1" 301 244 "-" "Mozilla/5.0 (Macintosh; Intel Mac OS X 10_15_7) AppleWebKit/537.36 (KHTML, like Gecko) Chrome/133.0.0.0 Safari/537.36"
5.35.69.6 - - [24/Jun/2025:19:33:02 +0000] "GET /blog/ HTTP/1.1" 200 7464 "https://udyogaadhaaronline.com/blog" "Mozilla/5.0 (Macintosh; Intel Mac OS X 10_15_7) AppleWebKit/537.36 (KHTML, like Gecko) Chrome/133.0.0.0 Safari/537.36"
5.35.69.6 - - [24/Jun/2025:19:33:03 +0000] "GET /udyam-registration.php HTTP/1.1" 301 239 "-" "Mozilla/5.0 (Macintosh; Intel Mac OS X 10_15_7) AppleWebKit/537.36 (KHTML, like Gecko) Chrome/133.0.0.0 Safari/537.36"
5.35.69.6 - - [24/Jun/2025:19:33:03 +0000] "GET / HTTP/1.1" 200 52221 "https://udyogaadhaaronline.com/udyam-registration.php" "Mozilla/5.0 (Macintosh; Intel Mac OS X 10_15_7) AppleWebKit/537.36 (KHTML, like Gecko) Chrome/133.0.0.0 Safari/537.36"
117.244.112.94 - - [24/Jun/2025:19:33:09 +0000] "POST /request/form-submit.php HTTP/1.1" 200 - "-" "Mozilla/5.0 (Macintosh; Intel Mac OS X 10_15_7) AppleWebKit/537.36 (KHTML, like Gecko) Chrome/133.0.0.0 Safari/537.36"
117.244.112.94 - - [24/Jun/2025:19:33:11 +0000] "POST /request/form-submit.php HTTP/1.1" 200 - "-" "Mozilla/5.0 (Windows NT 10.0; Win64; x64) AppleWebKit/537.36 (KHTML, like Gecko) Chrome/120.0.0.0 Safari/537.36"
5.35.69.6 - - [24/Jun/2025:19:33:11 +0000] "GET /re-registration.php HTTP/1.1" 200 38008 "-" "Mozilla/5.0 (Macintosh; Intel Mac OS X 10_15_7) AppleWebKit/537.36 (KHTML, like Gecko) Chrome/133.0.0.0 Safari/537.36"
5.35.69.6 - - [24/Jun/2025:19:33:12 +0000] "GET /re-registration.php HTTP/1.1" 200 38008 "-" "Mozilla/5.0 (Macintosh; Intel Mac OS X 10_15_7) AppleWebKit/537.36 (KHTML, like Gecko) Chrome/133.0.0.0 Safari/537.36"
5.35.69.6 - - [24/Jun/2025:19:33:13 +0000] "GET /cancel-udyam-registration.php HTTP/1.1" 301 246 "-" "Mozilla/5.0 (Macintosh; Intel Mac OS X 10_15_7) AppleWebKit/537.36 (KHTML, like Gecko) Chrome/133.0.0.0 Safari/537.36"
5.35.69.6 - - [24/Jun/2025:19:33:14 +0000] "GET /cancel- HTTP/1.1" 404 - "https://udyogaadhaaronline.com/cancel-udyam-registration.php" "Mozilla/5.0 (Macintosh; Intel Mac OS X 10_15_7) AppleWebKit/537.36 (KHTML, like Gecko) Chrome/133.0.0.0 Safari/537.36"
5.35.69.6 - - [24/Jun/2025:19:33:14 +0000] "GET /udyam-registration-certificate-sample.php HTTP/1.1" 200 12745 "-" "Mozilla/5.0 (Macintosh; Intel Mac OS X 10_15_7) AppleWebKit/537.36 (KHTML, like Gecko) Chrome/133.0.0.0 Safari/537.36"
5.35.69.6 - - [24/Jun/2025:19:33:15 +0000] "GET /udyam-registration-certificate-sample.php HTTP/1.1" 200 12745 "-" "Mozilla/5.0 (Macintosh; Intel Mac OS X 10_15_7) AppleWebKit/537.36 (KHTML, like Gecko) Chrome/133.0.0.0 Safari/537.36"
5.35.69.6 - - [24/Jun/2025:19:33:16 +0000] "GET /contact-us.php HTTP/1.1" 200 10991 "-" "Mozilla/5.0 (Macintosh; Intel Mac OS X 10_15_7) AppleWebKit/537.36 (KHTML, like Gecko) Chrome/133.0.0.0 Safari/537.36"
5.35.69.6 - - [24/Jun/2025:19:33:16 +0000] "GET /contact-us.php HTTP/1.1" 200 10971 "-" "Mozilla/5.0 (Macintosh; Intel Mac OS X 10_15_7) AppleWebKit/537.36 (KHTML, like Gecko) Chrome/133.0.0.0 Safari/537.36"
5.35.69.6 - - [24/Jun/2025:19:33:17 +0000] "GET /blog HTTP/1.1" 301 244 "-" "Mozilla/5.0 (Macintosh; Intel Mac OS X 10_15_7) AppleWebKit/537.36 (KHTML, like Gecko) Chrome/133.0.0.0 Safari/537.36"
5.35.69.6 - - [24/Jun/2025:19:33:18 +0000] "GET /blog/ HTTP/1.1" 200 7464 "https://udyogaadhaaronline.com/blog" "Mozilla/5.0 (Macintosh; Intel Mac OS X 10_15_7) AppleWebKit/537.36 (KHTML, like Gecko) Chrome/133.0.0.0 Safari/537.36"
74.125.150.33 - - [24/Jun/2025:19:37:27 +0000] "GET /index.phpshopdetail/343005267 HTTP/1.1" 404 - "-" "Mozilla/5.0 AppleWebKit/537.36 (KHTML, like Gecko) Chrome/137.0.7151.68 Safari/537.36"
54.210.180.168 - - [24/Jun/2025:19:45:39 +0000] "GET /robots.txt HTTP/2.0" 200 134 "-" "Mozilla/5.0 (compatible; DotBot/1.1; http://www.opensiteexplorer.org/dotbot, help@moz.com)"
54.210.180.168 - - [24/Jun/2025:19:46:01 +0000] "GET / HTTP/2.0" 200 52241 "-" "Mozilla/5.0 (compatible; DotBot/1.1; http://www.opensiteexplorer.org/dotbot, help@moz.com)"
57.141.2.6 - - [24/Jun/2025:19:50:36 +0000] "GET /lowpr.php?shopdetail/394421867 HTTP/2.0" 404 - "-" "meta-externalagent/1.1 (+https://developers.facebook.com/docs/sharing/webmasters/crawler)"
54.210.180.168 - - [24/Jun/2025:19:51:51 +0000] "GET /robots.txt HTTP/2.0" 200 134 "-" "Mozilla/5.0 (compatible; DotBot/1.1; http://www.opensiteexplorer.org/dotbot, help@moz.com)"
54.210.180.168 - - [24/Jun/2025:19:51:51 +0000] "GET / HTTP/2.0" 200 52241 "-" "Mozilla/5.0 (compatible; DotBot/1.1; http://www.opensiteexplorer.org/dotbot, help@moz.com)"
54.210.180.168 - - [24/Jun/2025:19:51:53 +0000] "GET /udyog-aadhaar-print-certificate.php HTTP/2.0" 200 17815 "-" "Mozilla/5.0 (compatible; DotBot/1.1; http://www.opensiteexplorer.org/dotbot, help@moz.com)"
54.36.148.156 - - [24/Jun/2025:19:53:09 +0000] "GET /sitemap.xml HTTP/2.0" 200 2545 "-" "Mozilla/5.0 (compatible; AhrefsBot/7.0; +http://ahrefs.com/robot/)"
57.141.2.15 - - [24/Jun/2025:19:58:39 +0000] "GET /lowpr.php?shopdetail/45354367 HTTP/2.0" 404 - "-" "meta-externalagent/1.1 (+https://developers.facebook.com/docs/sharing/webmasters/crawler)"
57.141.2.21 - - [24/Jun/2025:20:08:46 +0000] "GET /lowpr.php?shopdetail/292298867 HTTP/2.0" 404 - "-" "meta-externalagent/1.1 (+https://developers.facebook.com/docs/sharing/webmasters/crawler)"
57.141.2.30 - - [24/Jun/2025:20:10:33 +0000] "GET /lowpr.php?shopdetail/262238567 HTTP/2.0" 404 - "-" "meta-externalagent/1.1 (+https://developers.facebook.com/docs/sharing/webmasters/crawler)"
74.125.150.32 - - [24/Jun/2025:20:19:17 +0000] "GET /index.phpshopdetail/113863167 HTTP/1.1" 404 - "-" "Mozilla/5.0 AppleWebKit/537.36 (KHTML, like Gecko) Chrome/137.0.7151.68 Safari/537.36"
196.251.70.18 - - [24/Jun/2025:20:22:36 +0000] "GET / HTTP/1.1" 200 52241 "-" "Mozilla/5.0 (Windows NT 6.1) AppleWebKit/537.36 (KHTML, like Gecko) Chrome/47.0.2503.0 Safari/537.36"
196.251.70.18 - - [24/Jun/2025:20:22:38 +0000] "GET /../ HTTP/1.1" 404 - "-" "Mozilla/5.0 (Windows NT 6.1) AppleWebKit/537.36 (KHTML, like Gecko) Chrome/47.0.2503.0 Safari/537.36"
196.251.70.18 - - [24/Jun/2025:20:22:39 +0000] "GET /../enquiry.php HTTP/1.1" 404 - "-" "Mozilla/5.0 (Windows NT 6.1) AppleWebKit/537.36 (KHTML, like Gecko) Chrome/47.0.2503.0 Safari/537.36"
196.251.70.18 - - [24/Jun/2025:20:22:40 +0000] "GET /../complaint-form.php HTTP/1.1" 404 - "-" "Mozilla/5.0 (Windows NT 6.1) AppleWebKit/537.36 (KHTML, like Gecko) Chrome/47.0.2503.0 Safari/537.36"
