52.164.227.71 - - [24/Jun/2025:12:27:41 +0000] "GET /403.shtml HTTP/1.1" 404 - "-" "-"
52.164.227.71 - - [24/Jun/2025:12:27:41 +0000] "GET /403.shtml HTTP/1.1" 404 - "-" "-"
52.164.227.71 - - [24/Jun/2025:12:27:42 +0000] "GET /403.shtml HTTP/1.1" 404 - "-" "-"
52.164.227.71 - - [24/Jun/2025:12:27:42 +0000] "GET /403.shtml HTTP/1.1" 404 - "-" "-"
52.164.227.71 - - [24/Jun/2025:12:27:42 +0000] "GET /403.shtml HTTP/1.1" 404 - "-" "-"
52.164.227.71 - - [24/Jun/2025:12:27:42 +0000] "GET /403.shtml HTTP/1.1" 404 - "-" "-"
52.164.227.71 - - [24/Jun/2025:12:27:43 +0000] "GET /403.shtml HTTP/1.1" 404 - "-" "-"
52.164.227.71 - - [24/Jun/2025:12:27:43 +0000] "GET /403.shtml HTTP/1.1" 404 - "-" "-"
52.164.227.71 - - [24/Jun/2025:12:27:43 +0000] "GET /403.shtml HTTP/1.1" 404 - "-" "-"
52.164.227.71 - - [24/Jun/2025:12:27:44 +0000] "GET /403.shtml HTTP/1.1" 404 - "-" "-"
52.164.227.71 - - [24/Jun/2025:12:27:45 +0000] "GET /403.shtml HTTP/1.1" 404 - "-" "-"
52.164.227.71 - - [24/Jun/2025:12:27:45 +0000] "GET /403.shtml HTTP/1.1" 404 - "-" "-"
52.164.227.71 - - [24/Jun/2025:12:27:45 +0000] "GET /post.php7 HTTP/1.1" 404 - "-" "-"
185.220.101.12 - - [24/Jun/2025:12:27:45 +0000] "GET /cancel-registration.php HTTP/2.0" 200 46211 "https://udyog-adhaar.in/cancel-registration.php" "Mozilla/5.0 (Windows NT 6.3; ) AppleWebKit/537.36 (KHTML, like Gecko) Chrome/83.0.4103.14 Safari/537.36 OPR/69.0.3679.0 (Edition developer)"
52.164.227.71 - - [24/Jun/2025:12:27:45 +0000] "GET /admin-post.php HTTP/1.1" 404 - "-" "-"
52.164.227.71 - - [24/Jun/2025:12:27:46 +0000] "GET /admin/upload/css.php HTTP/1.1" 404 - "-" "-"
52.164.227.71 - - [24/Jun/2025:12:27:46 +0000] "GET /adminfuns.php7 HTTP/1.1" 404 - "-" "-"
52.164.227.71 - - [24/Jun/2025:12:27:46 +0000] "GET /ajax-actions.php HTTP/1.1" 404 - "-" "-"
52.164.227.71 - - [24/Jun/2025:12:27:47 +0000] "GET /alfa-rex.php7 HTTP/1.1" 404 - "-" "-"
52.164.227.71 - - [24/Jun/2025:12:27:47 +0000] "GET /alfa-rex2.php7 HTTP/1.1" 404 - "-" "-"
52.164.227.71 - - [24/Jun/2025:12:27:47 +0000] "GET /alfanew2.php7 HTTP/1.1" 404 - "-" "-"
52.164.227.71 - - [24/Jun/2025:12:27:47 +0000] "GET /avaa.php HTTP/1.1" 404 - "-" "-"
52.164.227.71 - - [24/Jun/2025:12:27:48 +0000] "GET /cache-compat.php HTTP/1.1" 404 - "-" "-"
52.164.227.71 - - [24/Jun/2025:12:27:48 +0000] "GET /cgi-bin/404.php HTTP/1.1" 404 - "-" "-"
176.65.149.88 - - [24/Jun/2025:12:27:48 +0000] "GET /cancel-registration.php HTTP/2.0" 200 46211 "https://udyog-adhaar.in/cancel-registration.php" "Mozilla/5.0 (Linux; Android 7.0; VTR-L29) AppleWebKit/537.36 (KHTML, like Gecko) Chrome/81.0.4044.138 Mobile Safari/537.36"
52.164.227.71 - - [24/Jun/2025:12:27:48 +0000] "GET /cgi-bin/cloud.php HTTP/1.1" 404 - "-" "-"
52.164.227.71 - - [24/Jun/2025:12:27:48 +0000] "GET /cgi-bin/file.php HTTP/1.1" 404 - "-" "-"
52.164.227.71 - - [24/Jun/2025:12:27:49 +0000] "GET /cgi-bin/radio.php HTTP/1.1" 404 - "-" "-"
52.164.227.71 - - [24/Jun/2025:12:27:49 +0000] "GET /cgi-bin/themes.php HTTP/1.1" 404 - "-" "-"
52.164.227.71 - - [24/Jun/2025:12:27:49 +0000] "GET /cgi-bin/xmrlpc.php?p= HTTP/1.1" 404 - "-" "-"
52.164.227.71 - - [24/Jun/2025:12:27:50 +0000] "GET /cloud.php HTTP/1.1" 404 - "-" "-"
52.164.227.71 - - [24/Jun/2025:12:27:50 +0000] "GET /contact.php HTTP/1.1" 404 - "-" "-"
52.164.227.71 - - [24/Jun/2025:12:27:50 +0000] "GET /css/cloud.php HTTP/1.1" 404 - "-" "-"
45.84.107.76 - - [24/Jun/2025:12:27:50 +0000] "GET /cancel-registration.php HTTP/2.0" 200 46211 "https://udyog-adhaar.in/cancel-registration.php" "Mozilla/5.0 (Linux; Android 8.0.0; AGS-L09) AppleWebKit/537.36 (KHTML, like Gecko) Chrome/81.0.4044.138 Safari/537.36"
52.164.227.71 - - [24/Jun/2025:12:27:50 +0000] "GET /css/xmrlpc.php?p= HTTP/1.1" 404 - "-" "-"
52.164.227.71 - - [24/Jun/2025:12:27:51 +0000] "GET /ebs.php7 HTTP/1.1" 404 - "-" "-"
52.164.227.71 - - [24/Jun/2025:12:27:51 +0000] "GET /filemanager/dialog.php HTTP/1.1" 404 - "-" "-"
52.164.227.71 - - [24/Jun/2025:12:27:51 +0000] "GET /files/post.php HTTP/1.1" 404 - "-" "-"
52.164.227.71 - - [24/Jun/2025:12:27:52 +0000] "GET /images/post.php HTTP/1.1" 404 - "-" "-"
52.164.227.71 - - [24/Jun/2025:12:27:52 +0000] "GET /images/cloud.php HTTP/1.1" 404 - "-" "-"
52.164.227.71 - - [24/Jun/2025:12:27:52 +0000] "GET /images/xmrlpc.php?p= HTTP/1.1" 404 - "-" "-"
52.164.227.71 - - [24/Jun/2025:12:27:52 +0000] "GET /img/post.php HTTP/1.1" 404 - "-" "-"
52.164.227.71 - - [24/Jun/2025:12:27:53 +0000] "GET /img/cloud.php HTTP/1.1" 404 - "-" "-"
52.164.227.71 - - [24/Jun/2025:12:27:53 +0000] "GET /img/xmrlpc.php?p= HTTP/1.1" 404 - "-" "-"
52.164.227.71 - - [24/Jun/2025:12:27:53 +0000] "GET /libraries/legacy/updates.php HTTP/1.1" 404 - "-" "-"
52.164.227.71 - - [24/Jun/2025:12:27:53 +0000] "GET /libraries/phpmailer/updates.php HTTP/1.1" 404 - "-" "-"
52.164.227.71 - - [24/Jun/2025:12:27:54 +0000] "GET /libraries/vendor/updates.php HTTP/1.1" 404 - "-" "-"
52.164.227.71 - - [24/Jun/2025:12:27:54 +0000] "GET /lufix.php HTTP/1.1" 404 - "-" "-"
52.164.227.71 - - [24/Jun/2025:12:27:54 +0000] "GET /media.php HTTP/1.1" 404 - "-" "-"
52.164.227.71 - - [24/Jun/2025:12:27:55 +0000] "GET /readme.php HTTP/1.1" 404 - "-" "-"
52.164.227.71 - - [24/Jun/2025:12:27:55 +0000] "GET /repeater.php HTTP/1.1" 404 - "-" "-"
52.164.227.71 - - [24/Jun/2025:12:27:55 +0000] "GET /wp-admin/404.php HTTP/1.1" 404 - "-" "-"
52.164.227.71 - - [24/Jun/2025:12:27:55 +0000] "GET /wp-admin/post.php HTTP/1.1" 404 - "-" "-"
52.164.227.71 - - [24/Jun/2025:12:27:56 +0000] "GET /wp-admin/ajax-actions.php HTTP/1.1" 404 - "-" "-"
52.164.227.71 - - [24/Jun/2025:12:27:56 +0000] "GET /wp-admin/autoload_classmap.php HTTP/1.1" 404 - "-" "-"
52.164.227.71 - - [24/Jun/2025:12:27:56 +0000] "GET /wp-admin/cloud.php HTTP/1.1" 404 - "-" "-"
52.164.227.71 - - [24/Jun/2025:12:27:56 +0000] "GET /wp-admin/css/colors/blue/cloud.php HTTP/1.1" 404 - "-" "-"
52.164.227.71 - - [24/Jun/2025:12:27:57 +0000] "GET /wp-admin/css/colors/blue/xmrlpc.php?p= HTTP/1.1" 404 - "-" "-"
185.40.4.29 - - [24/Jun/2025:12:27:56 +0000] "GET /cancel-registration.php HTTP/2.0" 200 46211 "https://udyog-adhaar.in/cancel-registration.php" "Mozilla/5.0 (Linux; Android 6.0.1; SM-G532F Build/MMB29T; wv) AppleWebKit/537.36 (KHTML, like Gecko) Version/4.0 Chrome/81.0.4044.117 Mobile Safari/537.36 SamsungBrowser/CrossApp/0.1.89"
52.164.227.71 - - [24/Jun/2025:12:27:57 +0000] "GET /wp-admin/css/colors/cloud.php HTTP/1.1" 404 - "-" "-"
52.164.227.71 - - [24/Jun/2025:12:27:57 +0000] "GET /wp-admin/css/colors/coffee/cloud.php HTTP/1.1" 404 - "-" "-"
52.164.227.71 - - [24/Jun/2025:12:27:58 +0000] "GET /wp-admin/css/colors/coffee/xmrlpc.php?p= HTTP/1.1" 404 - "-" "-"
52.164.227.71 - - [24/Jun/2025:12:27:58 +0000] "GET /wp-admin/css/colors/post.php HTTP/1.1" 404 - "-" "-"
52.164.227.71 - - [24/Jun/2025:12:27:58 +0000] "GET /wp-admin/css/colors/xmrlpc.php?p= HTTP/1.1" 404 - "-" "-"
176.65.149.88 - - [24/Jun/2025:12:27:49 +0000] "POST /cancel-registration.php HTTP/2.0" 200 1809 "https://udyog-adhaar.in/cancel-registration.php" "Mozilla/5.0 (Linux; Android 7.0; VTR-L29) AppleWebKit/537.36 (KHTML, like Gecko) Chrome/81.0.4044.138 Mobile Safari/537.36"
52.164.227.71 - - [24/Jun/2025:12:27:58 +0000] "GET /wp-admin/css/license.php HTTP/1.1" 404 - "-" "-"
52.164.227.71 - - [24/Jun/2025:12:27:59 +0000] "GET /wp-admin/css/wp-login.php HTTP/1.1" 404 - "-" "-"
52.164.227.71 - - [24/Jun/2025:12:27:59 +0000] "GET /wp-admin/dropdown.php HTTP/1.1" 404 - "-" "-"
52.164.227.71 - - [24/Jun/2025:12:27:59 +0000] "GET /wp-admin/file.php HTTP/1.1" 404 - "-" "-"
52.164.227.71 - - [24/Jun/2025:12:27:59 +0000] "GET /wp-admin/images/cloud.php HTTP/1.1" 404 - "-" "-"
52.164.227.71 - - [24/Jun/2025:12:28:00 +0000] "GET /wp-admin/images/file.php HTTP/1.1" 404 - "-" "-"
52.164.227.71 - - [24/Jun/2025:12:28:00 +0000] "GET /wp-admin/includes/cloud.php HTTP/1.1" 404 - "-" "-"
52.164.227.71 - - [24/Jun/2025:12:28:00 +0000] "GET /wp-admin/includes/xmrlpc.php?p= HTTP/1.1" 404 - "-" "-"
52.164.227.71 - - [24/Jun/2025:12:28:01 +0000] "GET /wp-admin/js/post.php HTTP/1.1" 404 - "-" "-"
52.164.227.71 - - [24/Jun/2025:12:28:01 +0000] "GET /wp-admin/js/widgets/post.php7 HTTP/1.1" 404 - "-" "-"
52.164.227.71 - - [24/Jun/2025:12:28:01 +0000] "GET /wp-admin/js/widgets/cloud.php HTTP/1.1" 404 - "-" "-"
52.164.227.71 - - [24/Jun/2025:12:28:01 +0000] "GET /wp-admin/js/widgets/xmrlpc.php?p= HTTP/1.1" 404 - "-" "-"
52.164.227.71 - - [24/Jun/2025:12:28:02 +0000] "GET /wp-admin/license.php HTTP/1.1" 404 - "-" "-"
52.164.227.71 - - [24/Jun/2025:12:28:02 +0000] "GET /wp-admin/maint/maint/ajax-actions.php HTTP/1.1" 404 - "-" "-"
45.84.107.76 - - [24/Jun/2025:12:27:52 +0000] "POST /cancel-registration.php HTTP/2.0" 200 1808 "https://udyog-adhaar.in/cancel-registration.php" "Mozilla/5.0 (Linux; Android 8.0.0; AGS-L09) AppleWebKit/537.36 (KHTML, like Gecko) Chrome/81.0.4044.138 Safari/537.36"
52.164.227.71 - - [24/Jun/2025:12:28:02 +0000] "GET /wp-admin/network/cloud.php HTTP/1.1" 404 - "-" "-"
52.164.227.71 - - [24/Jun/2025:12:28:02 +0000] "GET /wp-admin/network/xmrlpc.php?p= HTTP/1.1" 404 - "-" "-"
52.164.227.71 - - [24/Jun/2025:12:28:03 +0000] "GET /wp-admin/repeater.php HTTP/1.1" 404 - "-" "-"
52.164.227.71 - - [24/Jun/2025:12:28:03 +0000] "GET /wp-admin/themes.php HTTP/1.1" 404 - "-" "-"
52.164.227.71 - - [24/Jun/2025:12:28:03 +0000] "GET /wp-admin/user/post.php HTTP/1.1" 404 - "-" "-"
52.164.227.71 - - [24/Jun/2025:12:28:04 +0000] "GET /wp-admin/user/themes.php HTTP/1.1" 404 - "-" "-"
192.42.116.195 - - [24/Jun/2025:12:28:03 +0000] "GET /cancel-registration.php HTTP/2.0" 200 46211 "https://udyog-adhaar.in/cancel-registration.php" "Mozilla/5.0 (Linux; Android 6.0; CAM-L21 Build/HUAWEICAM-L21; wv) AppleWebKit/537.36 (KHTML, like Gecko) Version/4.0 Chrome/77.0.3865.92 Mobile Safari/537.36"
52.164.227.71 - - [24/Jun/2025:12:28:04 +0000] "GET /wp-admin/user/xmrlpc.php?p= HTTP/1.1" 404 - "-" "-"
52.164.227.71 - - [24/Jun/2025:12:28:04 +0000] "GET /wp-admin/wp-login.php HTTP/1.1" 404 - "-" "-"
52.164.227.71 - - [24/Jun/2025:12:28:04 +0000] "GET /wp-admin/wp-signup.php HTTP/1.1" 404 - "-" "-"
52.164.227.71 - - [24/Jun/2025:12:28:05 +0000] "GET /wp-admin/xmrlpc.php?p= HTTP/1.1" 404 - "-" "-"
52.164.227.71 - - [24/Jun/2025:12:28:05 +0000] "GET /wp-configs.php HTTP/1.1" 404 - "-" "-"
52.164.227.71 - - [24/Jun/2025:12:28:05 +0000] "GET /wp-consar.php HTTP/1.1" 404 - "-" "-"
185.220.100.252 - - [24/Jun/2025:12:27:56 +0000] "POST /cancel-registration.php HTTP/2.0" 200 1783 "https://udyog-adhaar.in/cancel-registration.php" "Mozilla/5.0 (Windows NT 6.3; ) AppleWebKit/537.36 (KHTML, like Gecko) Chrome/83.0.4103.14 Safari/537.36 OPR/69.0.3679.0 (Edition developer)"
52.164.227.71 - - [24/Jun/2025:12:28:06 +0000] "GET /wp-content/post.php HTTP/1.1" 404 - "-" "-"
192.42.116.210 - - [24/Jun/2025:12:28:05 +0000] "GET /cancel-registration.php HTTP/2.0" 200 46211 "https://udyog-adhaar.in/cancel-registration.php" "Mozilla/5.0 (Linux; Android 6.0.1; CSA93) AppleWebKit/537.36 (KHTML, like Gecko) Chrome/81.0.4044.138 Safari/537.36"
52.164.227.71 - - [24/Jun/2025:12:28:06 +0000] "GET /wp-content/banners/post.php HTTP/1.1" 404 - "-" "-"
52.164.227.71 - - [24/Jun/2025:12:28:06 +0000] "GET /wp-content/blogs.dir/post.php HTTP/1.1" 404 - "-" "-"
52.164.227.71 - - [24/Jun/2025:12:28:06 +0000] "GET /wp-content/cloud.php HTTP/1.1" 404 - "-" "-"
178.20.55.182 - - [24/Jun/2025:12:28:06 +0000] "GET /cancel-registration.php HTTP/2.0" 200 46211 "https://udyog-adhaar.in/cancel-registration.php" "Mozilla/5.0 (Linux; Android 7.1.1; SM-J510MN) AppleWebKit/537.36 (KHTML, like Gecko) Chrome/81.0.4044.138 Mobile Safari/537.36"
52.164.227.71 - - [24/Jun/2025:12:28:07 +0000] "GET /wp-content/dropdown.php HTTP/1.1" 404 - "-" "-"
52.164.227.71 - - [24/Jun/2025:12:28:07 +0000] "GET /wp-content/gallery/post.php HTTP/1.1" 404 - "-" "-"
185.40.4.29 - - [24/Jun/2025:12:27:58 +0000] "POST /cancel-registration.php HTTP/2.0" 200 1784 "https://udyog-adhaar.in/cancel-registration.php" "Mozilla/5.0 (Linux; Android 6.0.1; SM-G532F Build/MMB29T; wv) AppleWebKit/537.36 (KHTML, like Gecko) Version/4.0 Chrome/81.0.4044.117 Mobile Safari/537.36 SamsungBrowser/CrossApp/0.1.89"
52.164.227.71 - - [24/Jun/2025:12:28:07 +0000] "GET /wp-content/plugins/Cache/Cache.php HTTP/1.1" 404 - "-" "-"
52.164.227.71 - - [24/Jun/2025:12:28:07 +0000] "GET /wp-content/plugins/awesome-coming-soon/come.php HTTP/1.1" 404 - "-" "-"
52.164.227.71 - - [24/Jun/2025:12:28:08 +0000] "GET /wp-content/plugins/dropdown.php HTTP/1.1" 404 - "-" "-"
52.164.227.71 - - [24/Jun/2025:12:28:08 +0000] "GET /wp-content/plugins/linkpreview/db.php?u HTTP/1.1" 404 - "-" "-"
52.164.227.71 - - [24/Jun/2025:12:28:09 +0000] "GET /wp-content/plugins/not/includes/post.php HTTP/1.1" 404 - "-" "-"
52.164.227.71 - - [24/Jun/2025:12:28:09 +0000] "GET /wp-content/plugins/seoo/wsoyanz.php HTTP/1.1" 404 - "-" "-"
52.164.227.71 - - [24/Jun/2025:12:28:09 +0000] "GET /wp-content/plugins/seoo/wsoyanz1.php HTTP/1.1" 404 - "-" "-"
52.164.227.71 - - [24/Jun/2025:12:28:09 +0000] "GET /wp-content/plugins/seoplugins/db.php?u HTTP/1.1" 404 - "-" "-"
52.164.227.71 - - [24/Jun/2025:12:28:10 +0000] "GET /wp-content/plugins/seoplugins/mar.php HTTP/1.1" 404 - "-" "-"
52.164.227.71 - - [24/Jun/2025:12:28:10 +0000] "GET /wp-content/plugins/simple/simple.php HTTP/1.1" 404 - "-" "-"
52.164.227.71 - - [24/Jun/2025:12:28:10 +0000] "GET /wp-content/plugins/wp-conflg.php HTTP/1.1" 404 - "-" "-"
52.164.227.71 - - [24/Jun/2025:12:28:10 +0000] "GET /wp-content/plugins/wp-theme-editor/include.php HTTP/1.1" 404 - "-" "-"
52.164.227.71 - - [24/Jun/2025:12:28:11 +0000] "GET /wp-content/repeater.php HTTP/1.1" 404 - "-" "-"
52.164.227.71 - - [24/Jun/2025:12:28:11 +0000] "GET /wp-content/themes.php HTTP/1.1" 404 - "-" "-"
52.164.227.71 - - [24/Jun/2025:12:28:11 +0000] "GET /wp-content/themes/404.php HTTP/1.1" 404 - "-" "-"
52.164.227.71 - - [24/Jun/2025:12:28:12 +0000] "GET /wp-content/themes/admin.php HTTP/1.1" 404 - "-" "-"
52.164.227.71 - - [24/Jun/2025:12:28:12 +0000] "GET /wp-content/themes/pridmag/db.php?u HTTP/1.1" 404 - "-" "-"
52.164.227.71 - - [24/Jun/2025:12:28:12 +0000] "GET /wp-content/themes/seotheme/db.php?u HTTP/1.1" 404 - "-" "-"
52.164.227.71 - - [24/Jun/2025:12:28:12 +0000] "GET /wp-content/themes/seotheme/mar.php HTTP/1.1" 404 - "-" "-"
52.164.227.71 - - [24/Jun/2025:12:28:13 +0000] "GET /wp-content/themes/themes.php HTTP/1.1" 404 - "-" "-"
52.164.227.71 - - [24/Jun/2025:12:28:13 +0000] "GET /wp-content/updates.php HTTP/1.1" 404 - "-" "-"
52.164.227.71 - - [24/Jun/2025:12:28:13 +0000] "GET /wp-content/updraft/post.php HTTP/1.1" 404 - "-" "-"
52.164.227.71 - - [24/Jun/2025:12:28:13 +0000] "GET /wp-content/upgrade-temp-backup/post.php HTTP/1.1" 404 - "-" "-"
192.42.116.209 - - [24/Jun/2025:12:28:13 +0000] "GET /cancel-registration.php HTTP/2.0" 200 46211 "https://udyog-adhaar.in/cancel-registration.php" "Mozilla/5.0 (Linux; Android 9; Armor_6E) AppleWebKit/537.36 (KHTML, like Gecko) Chrome/81.0.4044.122 Mobile Safari/537.36"
52.164.227.71 - - [24/Jun/2025:12:28:14 +0000] "GET /wp-content/upgrade/function.php HTTP/1.1" 404 - "-" "-"
52.164.227.71 - - [24/Jun/2025:12:28:14 +0000] "GET /wp-content/upgrade/post.php HTTP/1.1" 404 - "-" "-"
52.164.227.71 - - [24/Jun/2025:12:28:14 +0000] "GET /wp-includes.bak/html-api/post.php HTTP/1.1" 404 - "-" "-"
52.164.227.71 - - [24/Jun/2025:12:28:14 +0000] "GET /wp-includes/404.php HTTP/1.1" 404 - "-" "-"
52.164.227.71 - - [24/Jun/2025:12:28:15 +0000] "GET /wp-includes/ID3/post.php HTTP/1.1" 404 - "-" "-"
52.164.227.71 - - [24/Jun/2025:12:28:15 +0000] "GET /wp-includes/SimplePie/wp-login.php HTTP/1.1" 404 - "-" "-"
45.84.107.222 - - [24/Jun/2025:12:28:06 +0000] "POST /cancel-registration.php HTTP/2.0" 200 1809 "https://udyog-adhaar.in/cancel-registration.php" "Mozilla/5.0 (Linux; Android 6.0; CAM-L21 Build/HUAWEICAM-L21; wv) AppleWebKit/537.36 (KHTML, like Gecko) Version/4.0 Chrome/77.0.3865.92 Mobile Safari/537.36"
52.164.227.71 - - [24/Jun/2025:12:28:15 +0000] "GET /wp-includes/Text/post.php HTTP/1.1" 404 - "-" "-"
52.164.227.71 - - [24/Jun/2025:12:28:16 +0000] "GET /wp-includes/bak.php HTTP/1.1" 404 - "-" "-"
52.164.227.71 - - [24/Jun/2025:12:28:16 +0000] "GET /wp-includes/block-patterns/post.php HTTP/1.1" 404 - "-" "-"
52.164.227.71 - - [24/Jun/2025:12:28:16 +0000] "GET /wp-includes/cloud.php HTTP/1.1" 404 - "-" "-"
52.164.227.71 - - [24/Jun/2025:12:28:16 +0000] "GET /wp-includes/customize/post.php HTTP/1.1" 404 - "-" "-"
178.20.55.182 - - [24/Jun/2025:12:28:07 +0000] "POST /cancel-registration.php HTTP/2.0" 200 1791 "https://udyog-adhaar.in/cancel-registration.php" "Mozilla/5.0 (Linux; Android 7.1.1; SM-J510MN) AppleWebKit/537.36 (KHTML, like Gecko) Chrome/81.0.4044.138 Mobile Safari/537.36"
52.164.227.71 - - [24/Jun/2025:12:28:17 +0000] "GET /wp-includes/function.php HTTP/1.1" 404 - "-" "-"
52.164.227.71 - - [24/Jun/2025:12:28:17 +0000] "GET /wp-includes/images/css.php HTTP/1.1" 404 - "-" "-"
52.164.227.71 - - [24/Jun/2025:12:28:17 +0000] "GET /wp-includes/pomo/post.php HTTP/1.1" 404 - "-" "-"
52.164.227.71 - - [24/Jun/2025:12:28:17 +0000] "GET /wp-includes/repeater.php HTTP/1.1" 404 - "-" "-"
52.164.227.71 - - [24/Jun/2025:12:28:18 +0000] "GET /wp-includes/rest-api/post.php HTTP/1.1" 404 - "-" "-"
52.164.227.71 - - [24/Jun/2025:12:28:18 +0000] "GET /wp-includes/system_log.php?p= HTTP/1.1" 404 - "-" "-"
52.164.227.71 - - [24/Jun/2025:12:28:18 +0000] "GET /wp-includes/themes.php HTTP/1.1" 404 - "-" "-"
52.164.227.71 - - [24/Jun/2025:12:28:19 +0000] "GET /wp-includes/widgets/post.php HTTP/1.1" 404 - "-" "-"
52.164.227.71 - - [24/Jun/2025:12:28:19 +0000] "GET /wp-includes/wp-activate.php HTTP/1.1" 404 - "-" "-"
52.164.227.71 - - [24/Jun/2025:12:28:19 +0000] "GET /wp-includes/wp-login.php HTTP/1.1" 404 - "-" "-"
52.164.227.71 - - [24/Jun/2025:12:28:19 +0000] "GET /wp-links-opml.php HTTP/1.1" 404 - "-" "-"
52.164.227.71 - - [24/Jun/2025:12:28:20 +0000] "GET /wp-p.php7 HTTP/1.1" 404 - "-" "-"
52.164.227.71 - - [24/Jun/2025:12:28:20 +0000] "GET /ws.php7 HTTP/1.1" 404 - "-" "-"
52.164.227.71 - - [24/Jun/2025:12:28:20 +0000] "GET /wsoyanz.php HTTP/1.1" 404 - "-" "-"
52.164.227.71 - - [24/Jun/2025:12:28:21 +0000] "GET /xmrlpc.php?p= HTTP/1.1" 404 - "-" "-"
212.21.66.6 - - [24/Jun/2025:12:28:20 +0000] "GET /cancel-registration.php HTTP/2.0" 200 46211 "https://udyog-adhaar.in/cancel-registration.php" "Mozilla/4.0 (compatible; MSIE 8.0; Windows NT 5.1; Trident/4.0; .NET CLR 1.1.4322; .NET CLR 2.0.50727; .NET CLR 3.0.04506.648; .NET CLR 3.5.21022; .NET CLR 3.0.4506.2152; .NET CLR 3.5.30729; .NET4.0E; .NET4.0C)"
45.84.107.76 - - [24/Jun/2025:12:28:22 +0000] "GET /cancel-registration.php HTTP/2.0" 200 46211 "https://udyog-adhaar.in/cancel-registration.php" "Mozilla/5.0 (X11; Linux x86_64) AppleWebKit/537.36 (KHTML, like Gecko) Chrome/69.0.3497.100 Safari/537.36 RakutenWebsearch/4.69.9"
45.138.16.231 - - [24/Jun/2025:12:28:23 +0000] "GET /cancel-registration.php HTTP/2.0" 200 46211 "https://udyog-adhaar.in/cancel-registration.php" "Mozilla/5.0 (Linux; Android 9; FIG-LX1 Build/HUAWEIFIG-L31) AppleWebKit/537.36 (KHTML, like Gecko) Chrome/81.0.4044.138 Mobile Safari/537.36 YaApp_Android/10.61 YaSearchBrowser/10.61"
192.42.116.209 - - [24/Jun/2025:12:28:14 +0000] "POST /cancel-registration.php HTTP/2.0" 200 1782 "https://udyog-adhaar.in/cancel-registration.php" "Mozilla/5.0 (Linux; Android 9; Armor_6E) AppleWebKit/537.36 (KHTML, like Gecko) Chrome/81.0.4044.122 Mobile Safari/537.36"
45.84.107.33 - - [24/Jun/2025:12:28:17 +0000] "POST /cancel-registration.php HTTP/2.0" 200 1786 "https://udyog-adhaar.in/cancel-registration.php" "Mozilla/5.0 (Linux; Android 6.0.1; CSA93) AppleWebKit/537.36 (KHTML, like Gecko) Chrome/81.0.4044.138 Safari/537.36"
45.84.107.76 - - [24/Jun/2025:12:28:24 +0000] "POST /cancel-registration.php HTTP/2.0" 200 1787 "https://udyog-adhaar.in/cancel-registration.php" "Mozilla/5.0 (X11; Linux x86_64) AppleWebKit/537.36 (KHTML, like Gecko) Chrome/69.0.3497.100 Safari/537.36 RakutenWebsearch/4.69.9"
45.138.16.231 - - [24/Jun/2025:12:28:25 +0000] "POST /cancel-registration.php HTTP/2.0" 200 1811 "https://udyog-adhaar.in/cancel-registration.php" "Mozilla/5.0 (Linux; Android 9; FIG-LX1 Build/HUAWEIFIG-L31) AppleWebKit/537.36 (KHTML, like Gecko) Chrome/81.0.4044.138 Mobile Safari/537.36 YaApp_Android/10.61 YaSearchBrowser/10.61"
45.84.107.222 - - [24/Jun/2025:12:28:37 +0000] "GET /cancel-registration.php HTTP/2.0" 200 46211 "https://udyog-adhaar.in/cancel-registration.php" "Mozilla/5.0 (Linux; Android 7.0; X-TREME PQ52) AppleWebKit/537.36 (KHTML, like Gecko) Chrome/81.0.4044.117 Mobile Safari/537.36"
109.70.100.68 - - [24/Jun/2025:12:28:32 +0000] "POST /cancel-registration.php HTTP/2.0" 200 1784 "https://udyog-adhaar.in/cancel-registration.php" "Mozilla/4.0 (compatible; MSIE 8.0; Windows NT 5.1; Trident/4.0; .NET CLR 1.1.4322; .NET CLR 2.0.50727; .NET CLR 3.0.04506.648; .NET CLR 3.5.21022; .NET CLR 3.0.4506.2152; .NET CLR 3.5.30729; .NET4.0E; .NET4.0C)"
5.253.247.27 - - [24/Jun/2025:12:28:44 +0000] "GET /cancel-registration.php HTTP/2.0" 200 46211 "https://udyog-adhaar.in/cancel-registration.php" "Mozilla/5.0 (Linux; Android 5.0.2; en-au; ALCATEL_7048S Build/LRX22G)AppleWebKit/537.36 (KHTML, like Gecko) Version/4.0 Chrome/38.0.2125.102 Mobile Safari/537.36"
45.84.107.222 - - [24/Jun/2025:12:28:39 +0000] "POST /cancel-registration.php HTTP/2.0" 200 1806 "https://udyog-adhaar.in/cancel-registration.php" "Mozilla/5.0 (Linux; Android 7.0; X-TREME PQ52) AppleWebKit/537.36 (KHTML, like Gecko) Chrome/81.0.4044.117 Mobile Safari/537.36"
185.7.78.60 - - [24/Jun/2025:12:28:49 +0000] "GET /cancel-registration.php HTTP/2.0" 200 46211 "https://udyog-adhaar.in/cancel-registration.php" "Mozilla/5.0 (Windows NT 10.0; WOW64) AppleWebKit/537.36 (KHTML, like Gecko) Chrome/83.0.4103.44 Safari/537.36"
5.253.247.27 - - [24/Jun/2025:12:28:46 +0000] "POST /cancel-registration.php HTTP/2.0" 200 1787 "https://udyog-adhaar.in/cancel-registration.php" "Mozilla/5.0 (Linux; Android 5.0.2; en-au; ALCATEL_7048S Build/LRX22G)AppleWebKit/537.36 (KHTML, like Gecko) Version/4.0 Chrome/38.0.2125.102 Mobile Safari/537.36"
185.7.78.60 - - [24/Jun/2025:12:28:50 +0000] "POST /cancel-registration.php HTTP/2.0" 200 1788 "https://udyog-adhaar.in/cancel-registration.php" "Mozilla/5.0 (Windows NT 10.0; WOW64) AppleWebKit/537.36 (KHTML, like Gecko) Chrome/83.0.4103.44 Safari/537.36"
185.220.100.247 - - [24/Jun/2025:12:29:06 +0000] "GET /cancel-registration.php HTTP/2.0" 200 46211 "https://udyog-adhaar.in/cancel-registration.php" "Mozilla/5.0 (Linux; arm; Android 7.0; TRT-LX1) AppleWebKit/537.36 (KHTML, like Gecko) Chrome/80.0.3987.132 YaBrowser/20.3.5.90.00 SA/1 Mobile Safari/537.36"
192.42.116.179 - - [24/Jun/2025:12:29:13 +0000] "GET /cancel-registration.php HTTP/2.0" 200 46211 "https://udyog-adhaar.in/cancel-registration.php" "Mozilla/5.0 (Linux; Android 6.0.1; F-01J Build/V17R048B) AppleWebKit/537.36 (KHTML, like Gecko) Chrome/63.0.3239.111 Mobile Safari/537.36"
192.42.116.179 - - [24/Jun/2025:12:29:15 +0000] "POST /cancel-registration.php HTTP/2.0" 200 1788 "https://udyog-adhaar.in/cancel-registration.php" "Mozilla/5.0 (Linux; Android 6.0.1; F-01J Build/V17R048B) AppleWebKit/537.36 (KHTML, like Gecko) Chrome/63.0.3239.111 Mobile Safari/537.36"
185.107.57.65 - - [24/Jun/2025:12:29:18 +0000] "POST /cancel-registration.php HTTP/2.0" 200 - "https://udyog-adhaar.in/cancel-registration.php" "Mozilla/5.0 (Linux; arm; Android 7.0; TRT-LX1) AppleWebKit/537.36 (KHTML, like Gecko) Chrome/80.0.3987.132 YaBrowser/20.3.5.90.00 SA/1 Mobile Safari/537.36"
27.60.0.75 - - [24/Jun/2025:12:29:53 +0000] "GET /blog/print-udyam-certificate.webp HTTP/2.0" 200 291746 "https://www.google.com/" "Mozilla/5.0 (Linux; Android 14; SM-A336E Build/UP1A.231005.007; wv) AppleWebKit/537.36 (KHTML, like Gecko) Version/4.0 Chrome/137.0.7151.115 Mobile Safari/537.36 GoogleApp/15.50.41.ve.arm64"
185.220.100.250 - - [24/Jun/2025:12:30:04 +0000] "GET /cancel-registration.php HTTP/2.0" 200 46211 "https://udyog-adhaar.in/cancel-registration.php" "Mozilla/5.0 (Linux; Android 6.0.1; Nexus 7) AppleWebKit/537.36 (KHTML, like Gecko) Chrome/81.0.4044.138 Safari/537.36"
109.228.160.190 - - [24/Jun/2025:12:30:11 +0000] "GET /cancel-registration.php HTTP/2.0" 200 46211 "https://udyog-adhaar.in/cancel-registration.php" "Mozilla/5.0 (Linux; Android 9; Redmi Note 8T Build/PKQ1.190616.001; wv) AppleWebKit/537.36 (KHTML, like Gecko) Version/4.0 Chrome/71.0.3578.141 Mobile Safari/537.36"
185.220.100.250 - - [24/Jun/2025:12:30:06 +0000] "POST /cancel-registration.php HTTP/2.0" 200 1811 "https://udyog-adhaar.in/cancel-registration.php" "Mozilla/5.0 (Linux; Android 6.0.1; Nexus 7) AppleWebKit/537.36 (KHTML, like Gecko) Chrome/81.0.4044.138 Safari/537.36"
45.84.107.74 - - [24/Jun/2025:12:30:17 +0000] "GET /cancel-registration.php HTTP/2.0" 200 46211 "https://udyog-adhaar.in/cancel-registration.php" "Mozilla/5.0 (Linux; U; Android 10; en-US; SM-A205F Build/QP1A.190711.020) AppleWebKit/537.36 (KHTML, like Gecko) Version/4.0 Chrome/57.0.2987.108 UCBrowser/13.1.2.1293 Mobile Safari/537.36"
109.228.160.190 - - [24/Jun/2025:12:30:13 +0000] "POST /cancel-registration.php HTTP/2.0" 200 1810 "https://udyog-adhaar.in/cancel-registration.php" "Mozilla/5.0 (Linux; Android 9; Redmi Note 8T Build/PKQ1.190616.001; wv) AppleWebKit/537.36 (KHTML, like Gecko) Version/4.0 Chrome/71.0.3578.141 Mobile Safari/537.36"
185.107.57.65 - - [24/Jun/2025:12:30:28 +0000] "GET /cancel-registration.php HTTP/2.0" 200 46211 "https://udyog-adhaar.in/cancel-registration.php" "Mozilla/5.0 (Linux; Android 9; Nokia 7 plus) AppleWebKit/537.36 (KHTML, like Gecko) Chrome/81.0.4044.138 Mobile Safari/537.36"
83.228.94.69 - - [24/Jun/2025:12:30:19 +0000] "POST /cancel-registration.php HTTP/2.0" 200 1791 "https://udyog-adhaar.in/cancel-registration.php" "Mozilla/5.0 (Linux; U; Android 10; en-US; SM-A205F Build/QP1A.190711.020) AppleWebKit/537.36 (KHTML, like Gecko) Version/4.0 Chrome/57.0.2987.108 UCBrowser/13.1.2.1293 Mobile Safari/537.36"
45.90.185.102 - - [24/Jun/2025:12:30:33 +0000] "GET /cancel-registration.php HTTP/2.0" 200 46211 "https://udyog-adhaar.in/cancel-registration.php" "Mozilla/5.0 (Linux; Android 6.0.1; SM-A510F) AppleWebKit/537.36 (KHTML, like Gecko) Chrome/81.0.4044.138 Mobile Safari/537.36"
185.107.57.65 - - [24/Jun/2025:12:30:30 +0000] "POST /cancel-registration.php HTTP/2.0" 200 1808 "https://udyog-adhaar.in/cancel-registration.php" "Mozilla/5.0 (Linux; Android 9; Nokia 7 plus) AppleWebKit/537.36 (KHTML, like Gecko) Chrome/81.0.4044.138 Mobile Safari/537.36"
185.40.4.22 - - [24/Jun/2025:12:30:43 +0000] "GET /cancel-registration.php HTTP/2.0" 200 46211 "https://udyog-adhaar.in/cancel-registration.php" "Mozilla/5.0 (Linux; Android 10; SM-N960N) AppleWebKit/537.36 (KHTML, like Gecko) Chrome/81.0.4044.138 Mobile Safari/537.36"
45.90.185.102 - - [24/Jun/2025:12:30:35 +0000] "POST /cancel-registration.php HTTP/2.0" 200 1814 "https://udyog-adhaar.in/cancel-registration.php" "Mozilla/5.0 (Linux; Android 6.0.1; SM-A510F) AppleWebKit/537.36 (KHTML, like Gecko) Chrome/81.0.4044.138 Mobile Safari/537.36"
45.90.185.100 - - [24/Jun/2025:12:30:49 +0000] "GET /cancel-registration.php HTTP/2.0" 200 46211 "https://udyog-adhaar.in/cancel-registration.php" "Mozilla/5.0 (Linux; Android 7.1.2; ZTE BLADE A330 Build/N2G47H) AppleWebKit/537.36 (KHTML, like Gecko) Chrome/67.0.3396.103 YaBrowser/18.7.1.595.00 Mobile Safari/537.36"
185.40.4.22 - - [24/Jun/2025:12:30:44 +0000] "POST /cancel-registration.php HTTP/2.0" 200 1807 "https://udyog-adhaar.in/cancel-registration.php" "Mozilla/5.0 (Linux; Android 10; SM-N960N) AppleWebKit/537.36 (KHTML, like Gecko) Chrome/81.0.4044.138 Mobile Safari/537.36"
192.42.116.203 - - [24/Jun/2025:12:30:50 +0000] "POST /cancel-registration.php HTTP/2.0" 200 1804 "https://udyog-adhaar.in/cancel-registration.php" "Mozilla/5.0 (Linux; Android 7.1.2; ZTE BLADE A330 Build/N2G47H) AppleWebKit/537.36 (KHTML, like Gecko) Chrome/67.0.3396.103 YaBrowser/18.7.1.595.00 Mobile Safari/537.36"
185.246.188.73 - - [24/Jun/2025:12:31:13 +0000] "GET /cancel-registration.php HTTP/2.0" 200 46211 "https://udyog-adhaar.in/cancel-registration.php" "Mozilla/5.0 (Linux; Android 8.1.0; vivo 1820 Build/O11019) AppleWebKit/537.36 (KHTML, like Gecko) Chrome/81.0.4044.138 Mobile Safari/537.36 YaApp_Android/10.61 YaSearchBrowser/10.61"
66.78.40.182 - - [24/Jun/2025:12:31:14 +0000] "GET /cancel-registration.php HTTP/2.0" 200 46211 "https://udyog-adhaar.in/cancel-registration.php" "Mozilla/5.0 (Linux; Android 9; SM-A505FM Build/PPR1.180610.011) AppleWebKit/537.36 (KHTML, like Gecko) Chrome/81.0.4044.138 Mobile Safari/537.36 YaApp_Android/10.61 YaSearchBrowser/10.61"
45.90.185.100 - - [24/Jun/2025:12:31:20 +0000] "GET /cancel-registration.php HTTP/2.0" 200 46211 "https://udyog-adhaar.in/cancel-registration.php" "Mozilla/5.0 (Linux; Android 7.0; P8) AppleWebKit/537.36 (KHTML, like Gecko) Chrome/81.0.4044.138 Mobile Safari/537.36"
185.246.188.73 - - [24/Jun/2025:12:31:14 +0000] "POST /cancel-registration.php HTTP/2.0" 200 1789 "https://udyog-adhaar.in/cancel-registration.php" "Mozilla/5.0 (Linux; Android 8.1.0; vivo 1820 Build/O11019) AppleWebKit/537.36 (KHTML, like Gecko) Chrome/81.0.4044.138 Mobile Safari/537.36 YaApp_Android/10.61 YaSearchBrowser/10.61"
66.78.40.182 - - [24/Jun/2025:12:31:16 +0000] "POST /cancel-registration.php HTTP/2.0" 200 1790 "https://udyog-adhaar.in/cancel-registration.php" "Mozilla/5.0 (Linux; Android 9; SM-A505FM Build/PPR1.180610.011) AppleWebKit/537.36 (KHTML, like Gecko) Chrome/81.0.4044.138 Mobile Safari/537.36 YaApp_Android/10.61 YaSearchBrowser/10.61"
45.90.185.118 - - [24/Jun/2025:12:31:29 +0000] "GET /cancel-registration.php HTTP/2.0" 200 46211 "https://udyog-adhaar.in/cancel-registration.php" "Mozilla/5.0 (iPhone; CPU iPhone OS 13_2_3 like Mac OS X) AppleWebKit/605.1.15 (KHTML, like Gecko) Mobile/15E148 [FBAN/FBIOS;FBAV/268.0.0.59.117;FBBV/211574942;FBDV/iPhone9,4;FBMD/iPhone;FBSN/iOS;FBSV/13.2.3;FBSS/3;FBID/phone;FBLC/ru_RU;FBOP/5;FBRV/213382463;FBCR/]"
45.90.185.100 - - [24/Jun/2025:12:31:21 +0000] "POST /cancel-registration.php HTTP/2.0" 200 1783 "https://udyog-adhaar.in/cancel-registration.php" "Mozilla/5.0 (Linux; Android 7.0; P8) AppleWebKit/537.36 (KHTML, like Gecko) Chrome/81.0.4044.138 Mobile Safari/537.36"
176.65.149.88 - - [24/Jun/2025:12:31:31 +0000] "GET /cancel-registration.php HTTP/2.0" 200 46211 "https://udyog-adhaar.in/cancel-registration.php" "Mozilla/5.0 (Linux; Android 10; JSN-L21 Build/HONORJSN-L21; wv) AppleWebKit/537.36 (KHTML, like Gecko) Version/4.0 Chrome/81.0.4044.138 YaBrowser/19.6.0.158 (lite) Mobile Safari/537.36"
146.59.231.4 - - [24/Jun/2025:12:31:38 +0000] "GET /cancel-registration.php HTTP/2.0" 200 46211 "https://udyog-adhaar.in/cancel-registration.php" "Mozilla/5.0 (Linux; Android 9; SM-A405FM Build/PPR1.180610.011) AppleWebKit/537.36 (KHTML, like Gecko) Chrome/79.0.3945.136 Mobile Safari/537.36 YaApp_Android/10.60 YaSearchBrowser/10.60"
89.32.41.150 - - [24/Jun/2025:12:31:38 +0000] "GET /cancel-registration.php HTTP/2.0" 200 46211 "https://udyog-adhaar.in/cancel-registration.php" "Mozilla/5.0 (Linux; Android 8.0.0; ATU-L11) AppleWebKit/537.36 (KHTML, like Gecko) Chrome/81.0.4044.138 Mobile Safari/537.36"
45.90.185.118 - - [24/Jun/2025:12:31:31 +0000] "POST /cancel-registration.php HTTP/2.0" 200 1791 "https://udyog-adhaar.in/cancel-registration.php" "Mozilla/5.0 (iPhone; CPU iPhone OS 13_2_3 like Mac OS X) AppleWebKit/605.1.15 (KHTML, like Gecko) Mobile/15E148 [FBAN/FBIOS;FBAV/268.0.0.59.117;FBBV/211574942;FBDV/iPhone9,4;FBMD/iPhone;FBSN/iOS;FBSV/13.2.3;FBSS/3;FBID/phone;FBLC/ru_RU;FBOP/5;FBRV/213382463;FBCR/]"
176.65.149.88 - - [24/Jun/2025:12:31:33 +0000] "POST /cancel-registration.php HTTP/2.0" 200 1786 "https://udyog-adhaar.in/cancel-registration.php" "Mozilla/5.0 (Linux; Android 10; JSN-L21 Build/HONORJSN-L21; wv) AppleWebKit/537.36 (KHTML, like Gecko) Version/4.0 Chrome/81.0.4044.138 YaBrowser/19.6.0.158 (lite) Mobile Safari/537.36"
109.70.100.6 - - [24/Jun/2025:12:31:47 +0000] "GET /cancel-registration.php HTTP/2.0" 200 46211 "https://udyog-adhaar.in/cancel-registration.php" "Mozilla/5.0 (Linux; Android 9; SM-J810G) AppleWebKit/537.36 (KHTML, like Gecko) Chrome/81.0.4044.138 Mobile Safari/537.36"
146.59.231.4 - - [24/Jun/2025:12:31:40 +0000] "POST /cancel-registration.php HTTP/2.0" 200 1790 "https://udyog-adhaar.in/cancel-registration.php" "Mozilla/5.0 (Linux; Android 9; SM-A405FM Build/PPR1.180610.011) AppleWebKit/537.36 (KHTML, like Gecko) Chrome/79.0.3945.136 Mobile Safari/537.36 YaApp_Android/10.60 YaSearchBrowser/10.60"
89.32.41.150 - - [24/Jun/2025:12:31:40 +0000] "POST /cancel-registration.php HTTP/2.0" 200 1783 "https://udyog-adhaar.in/cancel-registration.php" "Mozilla/5.0 (Linux; Android 8.0.0; ATU-L11) AppleWebKit/537.36 (KHTML, like Gecko) Chrome/81.0.4044.138 Mobile Safari/537.36"
185.220.101.19 - - [24/Jun/2025:12:31:49 +0000] "GET /cancel-registration.php HTTP/2.0" 200 46211 "https://udyog-adhaar.in/cancel-registration.php" "Mozilla/5.0 (Windows NT 10.0; WOW64) AppleWebKit/537.36 (KHTML, like Gecko) Chrome/80.0.3987.130 Safari/537.36 OPR/54.0.2100.35"
195.47.238.176 - - [24/Jun/2025:12:31:51 +0000] "GET /cancel-registration.php HTTP/2.0" 200 46211 "https://udyog-adhaar.in/cancel-registration.php" "Mozilla/5.0 (iPad; CPU OS 13_4_1 like Mac OS X) AppleWebKit/605.1.15 (KHTML, like Gecko) Version/13.0 EdgiOS/45.3.19 Mobile/15E148 Safari/605.1.15"
192.42.116.182 - - [24/Jun/2025:12:31:51 +0000] "GET /cancel-registration.php HTTP/2.0" 200 46211 "https://udyog-adhaar.in/cancel-registration.php" "Mozilla/5.0 (X11; Linux i686 on x86_64) AppleWebKit/537.36 (KHTML, like Gecko) Chrome/51.0.2727.91 Safari/537.36"
185.220.101.35 - - [24/Jun/2025:12:31:55 +0000] "GET /cancel-registration.php HTTP/2.0" 200 46211 "https://udyog-adhaar.in/cancel-registration.php" "Mozilla/5.0 (Linux; Android 8.1.0; View2 Go) AppleWebKit/537.36 (KHTML, like Gecko) Chrome/81.0.4044.138 Mobile Safari/537.36"
109.70.100.6 - - [24/Jun/2025:12:31:49 +0000] "POST /cancel-registration.php HTTP/2.0" 200 1788 "https://udyog-adhaar.in/cancel-registration.php" "Mozilla/5.0 (Linux; Android 9; SM-J810G) AppleWebKit/537.36 (KHTML, like Gecko) Chrome/81.0.4044.138 Mobile Safari/537.36"
185.220.101.19 - - [24/Jun/2025:12:31:50 +0000] "POST /cancel-registration.php HTTP/2.0" 200 1787 "https://udyog-adhaar.in/cancel-registration.php" "Mozilla/5.0 (Windows NT 10.0; WOW64) AppleWebKit/537.36 (KHTML, like Gecko) Chrome/80.0.3987.130 Safari/537.36 OPR/54.0.2100.35"
195.47.238.176 - - [24/Jun/2025:12:31:53 +0000] "POST /cancel-registration.php HTTP/2.0" 200 1811 "https://udyog-adhaar.in/cancel-registration.php" "Mozilla/5.0 (iPad; CPU OS 13_4_1 like Mac OS X) AppleWebKit/605.1.15 (KHTML, like Gecko) Version/13.0 EdgiOS/45.3.19 Mobile/15E148 Safari/605.1.15"
45.90.185.110 - - [24/Jun/2025:12:32:11 +0000] "GET /cancel-registration.php HTTP/2.0" 200 46211 "https://udyog-adhaar.in/cancel-registration.php" "Mozilla/5.0 (Macintosh; Intel Mac OS X 10_12_4) AppleWebKit/537.36 (KHTML, like Gecko) coc_coc_browser/85.0.134 Chrome/79.0.3945.134 Safari/537.36"
45.84.107.198 - - [24/Jun/2025:12:32:07 +0000] "POST /cancel-registration.php HTTP/2.0" 200 - "https://udyog-adhaar.in/cancel-registration.php" "Mozilla/5.0 (Linux; Android 8.1.0; View2 Go) AppleWebKit/537.36 (KHTML, like Gecko) Chrome/81.0.4044.138 Mobile Safari/537.36"
45.90.185.116 - - [24/Jun/2025:12:32:19 +0000] "GET /cancel-registration.php HTTP/2.0" 200 46211 "https://udyog-adhaar.in/cancel-registration.php" "Mozilla/5.0 (Linux; U; Android 5.1.1; en-US; SM-J500F Build/LMY48B) AppleWebKit/537.36 (KHTML, like Gecko) Version/4.0 Chrome/57.0.2987.108 UCBrowser/12.13.5.1209 Mobile Safari/537.36"
45.90.185.110 - - [24/Jun/2025:12:32:13 +0000] "POST /cancel-registration.php HTTP/2.0" 200 1786 "https://udyog-adhaar.in/cancel-registration.php" "Mozilla/5.0 (Macintosh; Intel Mac OS X 10_12_4) AppleWebKit/537.36 (KHTML, like Gecko) coc_coc_browser/85.0.134 Chrome/79.0.3945.134 Safari/537.36"
45.90.185.108 - - [24/Jun/2025:12:32:29 +0000] "GET /cancel-registration.php HTTP/2.0" 200 46211 "https://udyog-adhaar.in/cancel-registration.php" "Mozilla/5.0 (Linux; Android 5.1.1; SAMSUNG SM-G531F) AppleWebKit/537.36 (KHTML, like Gecko) SamsungBrowser/11.2 Chrome/75.0.3770.143 Mobile Safari/537.36"
45.90.185.116 - - [24/Jun/2025:12:32:23 +0000] "POST /cancel-registration.php HTTP/2.0" 200 1785 "https://udyog-adhaar.in/cancel-registration.php" "Mozilla/5.0 (Linux; U; Android 5.1.1; en-US; SM-J500F Build/LMY48B) AppleWebKit/537.36 (KHTML, like Gecko) Version/4.0 Chrome/57.0.2987.108 UCBrowser/12.13.5.1209 Mobile Safari/537.36"
45.84.107.97 - - [24/Jun/2025:12:32:30 +0000] "POST /cancel-registration.php HTTP/2.0" 200 1811 "https://udyog-adhaar.in/cancel-registration.php" "Mozilla/5.0 (Linux; Android 5.1.1; SAMSUNG SM-G531F) AppleWebKit/537.36 (KHTML, like Gecko) SamsungBrowser/11.2 Chrome/75.0.3770.143 Mobile Safari/537.36"
45.90.185.119 - - [24/Jun/2025:12:32:41 +0000] "GET /cancel-registration.php HTTP/2.0" 200 46211 "https://udyog-adhaar.in/cancel-registration.php" "Mozilla/5.0 (Macintosh; Intel Mac OS X 10_13_6) AppleWebKit/537.36 (KHTML, like Gecko) Chrome/33.0.1750.152 Safari/537.36"
109.71.252.182 - - [24/Jun/2025:12:32:47 +0000] "GET /cancel-registration.php HTTP/2.0" 200 46211 "https://udyog-adhaar.in/cancel-registration.php" "Mozilla/5.0 (Linux; Android 4.4.2; Lenovo A7600-H Build/KOT49H) AppleWebKit/537.36 (KHTML, like Gecko) Chrome/55.0.2883.91 Safari/537.36 OPR/42.3.2246.113338"
45.90.185.119 - - [24/Jun/2025:12:32:42 +0000] "POST /cancel-registration.php HTTP/2.0" 200 1811 "https://udyog-adhaar.in/cancel-registration.php" "Mozilla/5.0 (Macintosh; Intel Mac OS X 10_13_6) AppleWebKit/537.36 (KHTML, like Gecko) Chrome/33.0.1750.152 Safari/537.36"
45.148.10.111 - - [24/Jun/2025:12:32:53 +0000] "GET /cancel-registration.php HTTP/2.0" 200 46211 "https://udyog-adhaar.in/cancel-registration.php" "Mozilla/5.0 (Windows NT 6.3) AppleWebKit/537.36 (KHTML, like Gecko) Chrome/64.0.3278.0 Safari/537.36"
109.71.252.182 - - [24/Jun/2025:12:32:49 +0000] "POST /cancel-registration.php HTTP/2.0" 200 1811 "https://udyog-adhaar.in/cancel-registration.php" "Mozilla/5.0 (Linux; Android 4.4.2; Lenovo A7600-H Build/KOT49H) AppleWebKit/537.36 (KHTML, like Gecko) Chrome/55.0.2883.91 Safari/537.36 OPR/42.3.2246.113338"
45.148.10.111 - - [24/Jun/2025:12:32:54 +0000] "POST /cancel-registration.php HTTP/2.0" 200 1817 "https://udyog-adhaar.in/cancel-registration.php" "Mozilla/5.0 (Windows NT 6.3) AppleWebKit/537.36 (KHTML, like Gecko) Chrome/64.0.3278.0 Safari/537.36"
45.84.107.54 - - [24/Jun/2025:12:33:04 +0000] "GET /cancel-registration.php HTTP/2.0" 200 46211 "https://udyog-adhaar.in/cancel-registration.php" "Opera/9.80 (J2ME/MIDP; Opera Mini/4.5.40307/174.78; U; it) Presto/2.12.423 Version/12.16"
45.84.107.174 - - [24/Jun/2025:12:33:07 +0000] "GET /cancel-registration.php HTTP/2.0" 200 46211 "https://udyog-adhaar.in/cancel-registration.php" "Mozilla/5.0 (Linux; Android 4.4.2; G735-L23) AppleWebKit/537.36 (KHTML, like Gecko) Chrome/81.0.4044.138 Mobile Safari/537.36"
45.84.107.17 - - [24/Jun/2025:12:33:08 +0000] "GET /cancel-registration.php HTTP/2.0" 200 46211 "https://udyog-adhaar.in/cancel-registration.php" "Mozilla/5.0 (Linux; Android 5.1.1; SAMSUNG SM-J110M) AppleWebKit/537.36 (KHTML, like Gecko) SamsungBrowser/11.2 Chrome/75.0.3770.143 Mobile Safari/537.36"
178.175.148.209 - - [24/Jun/2025:12:33:10 +0000] "GET /cancel-registration.php HTTP/2.0" 200 46211 "https://udyog-adhaar.in/cancel-registration.php" "Mozilla/5.0 (Windows NT 6.3; WOW64) AppleWebKit/537.36 (KHTML, like Gecko) Chrome/81.0.4044.129 Safari/537.36 OPR/68.0.3618.63 (Edition Yx 01)"
45.84.107.54 - - [24/Jun/2025:12:33:05 +0000] "POST /cancel-registration.php HTTP/2.0" 200 1785 "https://udyog-adhaar.in/cancel-registration.php" "Opera/9.80 (J2ME/MIDP; Opera Mini/4.5.40307/174.78; U; it) Presto/2.12.423 Version/12.16"
45.84.107.174 - - [24/Jun/2025:12:33:09 +0000] "POST /cancel-registration.php HTTP/2.0" 200 1806 "https://udyog-adhaar.in/cancel-registration.php" "Mozilla/5.0 (Linux; Android 4.4.2; G735-L23) AppleWebKit/537.36 (KHTML, like Gecko) Chrome/81.0.4044.138 Mobile Safari/537.36"
45.84.107.17 - - [24/Jun/2025:12:33:10 +0000] "POST /cancel-registration.php HTTP/2.0" 200 1813 "https://udyog-adhaar.in/cancel-registration.php" "Mozilla/5.0 (Linux; Android 5.1.1; SAMSUNG SM-J110M) AppleWebKit/537.36 (KHTML, like Gecko) SamsungBrowser/11.2 Chrome/75.0.3770.143 Mobile Safari/537.36"
185.220.100.243 - - [24/Jun/2025:12:33:19 +0000] "GET /cancel-registration.php HTTP/2.0" 200 46211 "https://udyog-adhaar.in/cancel-registration.php" "Mozilla/5.0 (Macintosh; Intel Mac OS X 10_11_4) AppleWebKit/537.36 (KHTML, like Gecko) Chrome/81.0.4404.144 Safari/537.36"
45.84.107.17 - - [24/Jun/2025:12:33:19 +0000] "GET /cancel-registration.php HTTP/2.0" 200 46211 "https://udyog-adhaar.in/cancel-registration.php" "Mozilla/4.0 (compatible; MSIE 8.0; Windows NT 6.1; WOW64; Trident/4.0; GTB7.5; SLCC2; .NET CLR 2.0.50727; .NET CLR 3.5.30729; .NET CLR 3.0.30729; .NET4.0C; .NET4.0E; MASA; BRI/2; InfoPath.3; Zoom 3.6.0)"
45.84.107.17 - - [24/Jun/2025:12:33:21 +0000] "POST /cancel-registration.php HTTP/2.0" 200 1785 "https://udyog-adhaar.in/cancel-registration.php" "Mozilla/4.0 (compatible; MSIE 8.0; Windows NT 6.1; WOW64; Trident/4.0; GTB7.5; SLCC2; .NET CLR 2.0.50727; .NET CLR 3.5.30729; .NET CLR 3.0.30729; .NET4.0C; .NET4.0E; MASA; BRI/2; InfoPath.3; Zoom 3.6.0)"
45.80.158.167 - - [24/Jun/2025:12:33:23 +0000] "POST /cancel-registration.php HTTP/2.0" 200 1790 "https://udyog-adhaar.in/cancel-registration.php" "Mozilla/5.0 (Windows NT 6.3; WOW64) AppleWebKit/537.36 (KHTML, like Gecko) Chrome/81.0.4044.129 Safari/537.36 OPR/68.0.3618.63 (Edition Yx 01)"
45.84.107.172 - - [24/Jun/2025:12:33:34 +0000] "POST /cancel-registration.php HTTP/2.0" 200 1811 "https://udyog-adhaar.in/cancel-registration.php" "Mozilla/5.0 (Macintosh; Intel Mac OS X 10_11_4) AppleWebKit/537.36 (KHTML, like Gecko) Chrome/81.0.4404.144 Safari/537.36"
45.9.156.101 - - [24/Jun/2025:12:33:47 +0000] "GET /cancel-registration.php HTTP/2.0" 200 46211 "https://udyog-adhaar.in/cancel-registration.php" "Mozilla/5.0 (Linux; Android 9; SAMSUNG SM-G955W) AppleWebKit/537.36 (KHTML, like Gecko) SamsungBrowser/11.2 Chrome/75.0.3770.143 Mobile Safari/537.36"
45.90.185.102 - - [24/Jun/2025:12:33:54 +0000] "GET /cancel-registration.php HTTP/2.0" 200 46211 "https://udyog-adhaar.in/cancel-registration.php" "Mozilla/5.0 (Windows NT 10.0; Win64; x64) AppleWebKit/537.36 (KHTML, like Gecko) Chrome/80.0.3987.119 Safari/537.36"
45.9.156.101 - - [24/Jun/2025:12:33:48 +0000] "POST /cancel-registration.php HTTP/2.0" 200 1790 "https://udyog-adhaar.in/cancel-registration.php" "Mozilla/5.0 (Linux; Android 9; SAMSUNG SM-G955W) AppleWebKit/537.36 (KHTML, like Gecko) SamsungBrowser/11.2 Chrome/75.0.3770.143 Mobile Safari/537.36"
51.15.116.168 - - [24/Jun/2025:12:34:01 +0000] "GET /cancel-registration.php HTTP/2.0" 200 46211 "https://udyog-adhaar.in/cancel-registration.php" "Mozilla/5.0 (Linux; Android 6.0; PussyFap mt6572) AppleWebKit/537.36 (KHTML, like Gecko) Chrome/81.0.4044.117 Mobile Safari/537.36"
45.90.185.102 - - [24/Jun/2025:12:33:56 +0000] "POST /cancel-registration.php HTTP/2.0" 200 1816 "https://udyog-adhaar.in/cancel-registration.php" "Mozilla/5.0 (Windows NT 10.0; Win64; x64) AppleWebKit/537.36 (KHTML, like Gecko) Chrome/80.0.3987.119 Safari/537.36"
185.107.57.65 - - [24/Jun/2025:12:34:05 +0000] "GET /cancel-registration.php HTTP/2.0" 200 46211 "https://udyog-adhaar.in/cancel-registration.php" "Mozilla/5.0 (Linux; Android 8.0.0; WAS-LX1) AppleWebKit/537.36 (KHTML, like Gecko) Chrome/72.0.3626.109 YaBrowser/19.3.0.597.00 Mobile Safari/537.36"
109.70.100.4 - - [24/Jun/2025:12:34:10 +0000] "GET /cancel-registration.php HTTP/2.0" 200 46211 "https://udyog-adhaar.in/cancel-registration.php" "Mozilla/5.0 (Windows NT 6.1) AppleWebKit/537.36 (KHTML, like Gecko) Chrome/80.0.3957.0 Safari/537.36"
51.15.116.168 - - [24/Jun/2025:12:34:03 +0000] "POST /cancel-registration.php HTTP/2.0" 200 1785 "https://udyog-adhaar.in/cancel-registration.php" "Mozilla/5.0 (Linux; Android 6.0; PussyFap mt6572) AppleWebKit/537.36 (KHTML, like Gecko) Chrome/81.0.4044.117 Mobile Safari/537.36"
185.220.101.96 - - [24/Jun/2025:12:34:15 +0000] "GET /cancel-registration.php HTTP/2.0" 200 46211 "https://udyog-adhaar.in/cancel-registration.php" "Mozilla/5.0 (Linux; Android 7.0; HUAWEI CAN-L11) AppleWebKit/537.36 (KHTML, like Gecko) Chrome/81.0.4044.138 Mobile Safari/537.36"
45.138.16.239 - - [24/Jun/2025:12:34:07 +0000] "POST /cancel-registration.php HTTP/2.0" 200 1806 "https://udyog-adhaar.in/cancel-registration.php" "Mozilla/5.0 (Linux; Android 8.0.0; WAS-LX1) AppleWebKit/537.36 (KHTML, like Gecko) Chrome/72.0.3626.109 YaBrowser/19.3.0.597.00 Mobile Safari/537.36"
109.70.100.4 - - [24/Jun/2025:12:34:12 +0000] "POST /cancel-registration.php HTTP/2.0" 200 1807 "https://udyog-adhaar.in/cancel-registration.php" "Mozilla/5.0 (Windows NT 6.1) AppleWebKit/537.36 (KHTML, like Gecko) Chrome/80.0.3957.0 Safari/537.36"
45.90.185.113 - - [24/Jun/2025:12:34:16 +0000] "POST /cancel-registration.php HTTP/2.0" 200 1806 "https://udyog-adhaar.in/cancel-registration.php" "Mozilla/5.0 (Linux; Android 7.0; HUAWEI CAN-L11) AppleWebKit/537.36 (KHTML, like Gecko) Chrome/81.0.4044.138 Mobile Safari/537.36"
45.84.107.17 - - [24/Jun/2025:12:34:25 +0000] "GET /cancel-registration.php HTTP/2.0" 200 46211 "https://udyog-adhaar.in/cancel-registration.php" "Opera/9.80 (MAUI Runtime; Opera Mini/6.1.27412/174.78; U; en) Presto/2.12.423 Version/12.16"
45.84.107.17 - - [24/Jun/2025:12:34:27 +0000] "POST /cancel-registration.php HTTP/2.0" 200 1820 "https://udyog-adhaar.in/cancel-registration.php" "Opera/9.80 (MAUI Runtime; Opera Mini/6.1.27412/174.78; U; en) Presto/2.12.423 Version/12.16"
45.90.185.101 - - [24/Jun/2025:12:34:38 +0000] "GET /cancel-registration.php HTTP/2.0" 200 46211 "https://udyog-adhaar.in/cancel-registration.php" "Mozilla/5.0 (iPad; U; CPU OS 5_0 like Mac OS X; en-us) AppleWebKit/534.46 (KHTML, like Gecko) Version/5.0.2 Mobile/9A5248d Safari/6533.18.5#2.0#TCL/TCL-AP-MT56-S1/19/tclwebkit1.0.2/1920*1080(442098754,null;300133725,ff5eb3a127824c42a1875ff581b90f5d)"
84.239.46.144 - - [24/Jun/2025:12:34:42 +0000] "GET /cancel-registration.php HTTP/2.0" 200 46211 "https://udyog-adhaar.in/cancel-registration.php" "Mozilla/5.0 (Linux; U; Android 9; ru-ru; Mi MIX 2 Build/PKQ1.190118.001) AppleWebKit/537.36 (KHTML, like Gecko) Version/4.0 Chrome/71.0.3578.141 Mobile Safari/537.36 XiaoMi/MiuiBrowser/12.1.5-g"
192.42.116.209 - - [24/Jun/2025:12:34:42 +0000] "GET /cancel-registration.php HTTP/2.0" 200 46211 "https://udyog-adhaar.in/cancel-registration.php" "Mozilla/5.0 (Linux; Android 10; MAR-LX2) AppleWebKit/537.36 (KHTML, like Gecko) Chrome/80.0.3987.99 Mobile Safari/537.36"
185.220.101.109 - - [24/Jun/2025:12:34:46 +0000] "GET /cancel-registration.php HTTP/2.0" 200 46211 "https://udyog-adhaar.in/cancel-registration.php" "Mozilla/5.0 (Linux; Android 7.0; Brondi 620 SZ Build/NRD90M; wv) AppleWebKit/537.36 (KHTML, like Gecko) Version/4.0 Chrome/80.0.3987.132 Mobile Safari/537.36"
2.58.56.93 - - [24/Jun/2025:12:34:46 +0000] "GET /cancel-registration.php HTTP/2.0" 200 46211 "https://udyog-adhaar.in/cancel-registration.php" "Mozilla/5.0 (Linux; U; Android 10; en-US; RMX2027 Build/QP1A.190711.020) AppleWebKit/537.36 (KHTML, like Gecko) Version/4.0 Chrome/57.0.2987.108 UCBrowser/13.1.2.1293 Mobile Safari/537.36"
45.66.35.22 - - [24/Jun/2025:12:34:39 +0000] "POST /cancel-registration.php HTTP/2.0" 200 1808 "https://udyog-adhaar.in/cancel-registration.php" "Mozilla/5.0 (iPad; U; CPU OS 5_0 like Mac OS X; en-us) AppleWebKit/534.46 (KHTML, like Gecko) Version/5.0.2 Mobile/9A5248d Safari/6533.18.5#2.0#TCL/TCL-AP-MT56-S1/19/tclwebkit1.0.2/1920*1080(442098754,null;300133725,ff5eb3a127824c42a1875ff581b90f5d)"
45.90.185.105 - - [24/Jun/2025:12:34:50 +0000] "GET /cancel-registration.php HTTP/2.0" 200 46211 "https://udyog-adhaar.in/cancel-registration.php" "Mozilla/5.0 (Linux; Android 8.1.0; TA-1032) AppleWebKit/537.36 (KHTML, like Gecko) Chrome/81.0.4044.138 Mobile Safari/537.36"
192.42.116.209 - - [24/Jun/2025:12:34:43 +0000] "POST /cancel-registration.php HTTP/2.0" 200 1813 "https://udyog-adhaar.in/cancel-registration.php" "Mozilla/5.0 (Linux; Android 10; MAR-LX2) AppleWebKit/537.36 (KHTML, like Gecko) Chrome/80.0.3987.99 Mobile Safari/537.36"
84.239.46.144 - - [24/Jun/2025:12:34:45 +0000] "POST /cancel-registration.php HTTP/2.0" 200 1782 "https://udyog-adhaar.in/cancel-registration.php" "Mozilla/5.0 (Linux; U; Android 9; ru-ru; Mi MIX 2 Build/PKQ1.190118.001) AppleWebKit/537.36 (KHTML, like Gecko) Version/4.0 Chrome/71.0.3578.141 Mobile Safari/537.36 XiaoMi/MiuiBrowser/12.1.5-g"
2.58.56.93 - - [24/Jun/2025:12:34:48 +0000] "POST /cancel-registration.php HTTP/2.0" 200 1808 "https://udyog-adhaar.in/cancel-registration.php" "Mozilla/5.0 (Linux; U; Android 10; en-US; RMX2027 Build/QP1A.190711.020) AppleWebKit/537.36 (KHTML, like Gecko) Version/4.0 Chrome/57.0.2987.108 UCBrowser/13.1.2.1293 Mobile Safari/537.36"
185.220.101.109 - - [24/Jun/2025:12:34:47 +0000] "POST /cancel-registration.php HTTP/2.0" 200 1791 "https://udyog-adhaar.in/cancel-registration.php" "Mozilla/5.0 (Linux; Android 7.0; Brondi 620 SZ Build/NRD90M; wv) AppleWebKit/537.36 (KHTML, like Gecko) Version/4.0 Chrome/80.0.3987.132 Mobile Safari/537.36"
45.90.185.105 - - [24/Jun/2025:12:34:52 +0000] "POST /cancel-registration.php HTTP/2.0" 200 1810 "https://udyog-adhaar.in/cancel-registration.php" "Mozilla/5.0 (Linux; Android 8.1.0; TA-1032) AppleWebKit/537.36 (KHTML, like Gecko) Chrome/81.0.4044.138 Mobile Safari/537.36"
