47.237.99.238 - - [24/Jun/2025:18:33:00 +0000] "GET /data:image/x-icon;base64,AAABAAEAICAAAAEAIADSAgAAFgAAAIlQTkcNChoKAAAADUlIRFIAAAAgAAAAIAgGAAAAc3p69AAAAplJREFUWIXt1j2IHGUYB/DfOzdnjIKFkECIVWIKvUFsIkRExa9KJCLaWAgWJx4DilZWgpDDiI0wiViIoGATP1CCEDYHSeCwUBBkgiiKURQJFiLo4d0eOxYzC8nsO9m9XcXC+8MW+3z+9/l6l2383xH+iSBpElyTdoda26xsDqp/h0CVZ3vwKm7tMBngAs7h7eRYebG6hMtMBHbMBX89vfARHprQ5U8cwdFQlIOZCVR5di1+w/wWXT/EY6EoN5NZCODuKZLDwzgSMCuBe2fwfX6QZwtpWzqfBBtLC3txF/ZhxKbBGx0EfsTJS77vwmGjlZrD4mUzUOXZjVjGI65cnTXchB8iupdDUb7QinsQZ7GzZftdQj2JVZ49iC/w6JjksIo7OnS9tiA5Vn6GtyK2+1MY5NkhfGDygVrBAxH5WkPuMjR7/3UsUFLl2Q68s4XkA3ws3v9zoSjX28Kr5wL1xrTxa6ou+f6OZGvqPg9v1wZeaUjcELE/DVfNhWFSvy/enOIZ9eq1sTokEMNLWI79oirP8g6fXpVnh7GEvY1sV/OJ4f0UhyKKk6EoX4x5pEkgXv6L6OM99YqNw/c4kXSwG5nkIfpLCynuiahW1GWeJHkfT4aiXO9atz1XcD6I6yLyHu6bIPk6Hg9FeYZ63y9EjBarPDvQ8VJ1nd9V3D4m+RncForyxFCQ4hSeahlej88Hefauurdwaufr5z/F/ZHAX6nL+mZE18e36IWiHLkFocqzW9QXcNz1+wUHxJ/f10JRPjvGP4pk/vj5L3F8AtufdD+/p6dJDknzX+05fDLGtife/766t9MRgFCUffWTudwE3AqBlVCUf0xLYGTQqzzbhydwJ3Y34g318J1tmX+DPBTlz9MS2MY2/nP8DTGaqeTDf30rAAAAAElFTkSuQmCC HTTP/1.1" 200 37767 "-" "fasthttp"
8.219.93.69 - - [24/Jun/2025:18:33:00 +0000] "GET / HTTP/1.1" 200 12774 "-" "Mozilla/5.0 (Macintosh; Intel Mac OS X 10_14_6) AppleWebKit/537.36 (KHTML, like Gecko) Chrome/76.0.3809.132 Safari/537.36"
8.219.93.69 - - [24/Jun/2025:18:33:01 +0000] "GET /robots.txt HTTP/1.1" 200 26 "-" "fasthttp"
8.219.93.69 - - [24/Jun/2025:18:33:01 +0000] "GET /data:image/x-icon;base64,AAABAAEAICAAAAEAIADSAgAAFgAAAIlQTkcNChoKAAAADUlIRFIAAAAgAAAAIAgGAAAAc3p69AAAAplJREFUWIXt1j2IHGUYB/DfOzdnjIKFkECIVWIKvUFsIkRExa9KJCLaWAgWJx4DilZWgpDDiI0wiViIoGATP1CCEDYHSeCwUBBkgiiKURQJFiLo4d0eOxYzC8nsO9m9XcXC+8MW+3z+9/l6l2383xH+iSBpElyTdoda26xsDqp/h0CVZ3vwKm7tMBngAs7h7eRYebG6hMtMBHbMBX89vfARHprQ5U8cwdFQlIOZCVR5di1+w/wWXT/EY6EoN5NZCODuKZLDwzgSMCuBe2fwfX6QZwtpWzqfBBtLC3txF/ZhxKbBGx0EfsTJS77vwmGjlZrD4mUzUOXZjVjGI65cnTXchB8iupdDUb7QinsQZ7GzZftdQj2JVZ49iC/w6JjksIo7OnS9tiA5Vn6GtyK2+1MY5NkhfGDygVrBAxH5WkPuMjR7/3UsUFLl2Q68s4XkA3ws3v9zoSjX28Kr5wL1xrTxa6ou+f6OZGvqPg9v1wZeaUjcELE/DVfNhWFSvy/enOIZ9eq1sTokEMNLWI79oirP8g6fXpVnh7GEvY1sV/OJ4f0UhyKKk6EoX4x5pEkgXv6L6OM99YqNw/c4kXSwG5nkIfpLCynuiahW1GWeJHkfT4aiXO9atz1XcD6I6yLyHu6bIPk6Hg9FeYZ63y9EjBarPDvQ8VJ1nd9V3D4m+RncForyxFCQ4hSeahlej88Hefauurdwaufr5z/F/ZHAX6nL+mZE18e36IWiHLkFocqzW9QXcNz1+wUHxJ/f10JRPjvGP4pk/vj5L3F8AtufdD+/p6dJDknzX+05fDLGtife/766t9MRgFCUffWTudwE3AqBlVCUf0xLYGTQqzzbhydwJ3Y34g318J1tmX+DPBTlz9MS2MY2/nP8DTGaqeTDf30rAAAAAElFTkSuQmCC HTTP/1.1" 200 37767 "-" "fasthttp"
8.219.93.69 - - [24/Jun/2025:18:33:01 +0000] "GET /sitemap.xml HTTP/1.1" 200 37767 "-" "fasthttp"
66.249.79.161 - - [24/Jun/2025:18:33:21 +0000] "GET /index.php?shopdetail/17302878 HTTP/1.1" 301 273 "-" "Mozilla/5.0 (compatible; Googlebot/2.1; +http://www.google.com/bot.html)"
66.249.79.160 - - [24/Jun/2025:18:33:22 +0000] "GET /index.php?shopdetail/17302878 HTTP/1.1" 404 - "-" "Mozilla/5.0 (compatible; Googlebot/2.1; +http://www.google.com/bot.html)"
66.249.79.161 - - [24/Jun/2025:18:34:34 +0000] "GET /assets/img/digital-india.png HTTP/1.1" 200 19043 "-" "Googlebot-Image/1.0"
66.249.79.162 - - [24/Jun/2025:18:34:47 +0000] "GET /index.php?shopdetail/425040078 HTTP/1.1" 301 274 "-" "Mozilla/5.0 (Linux; Android 6.0.1; Nexus 5X Build/MMB29P) AppleWebKit/537.36 (KHTML, like Gecko) Chrome/137.0.7151.103 Mobile Safari/537.36 (compatible; Googlebot/2.1; +http://www.google.com/bot.html)"
66.249.79.160 - - [24/Jun/2025:18:34:48 +0000] "GET /index.php?shopdetail/425040078 HTTP/1.1" 404 - "-" "Mozilla/5.0 (Linux; Android 6.0.1; Nexus 5X Build/MMB29P) AppleWebKit/537.36 (KHTML, like Gecko) Chrome/137.0.7151.103 Mobile Safari/537.36 (compatible; Googlebot/2.1; +http://www.google.com/bot.html)"
66.249.79.163 - - [24/Jun/2025:18:35:24 +0000] "GET /index.php?shopdetail/283364178 HTTP/1.1" 301 274 "-" "Mozilla/5.0 (compatible; Googlebot/2.1; +http://www.google.com/bot.html)"
66.249.79.161 - - [24/Jun/2025:18:35:24 +0000] "GET /index.php?shopdetail/283364178 HTTP/1.1" 301 274 "-" "Mozilla/5.0 (Linux; Android 6.0.1; Nexus 5X Build/MMB29P) AppleWebKit/537.36 (KHTML, like Gecko) Chrome/137.0.7151.103 Mobile Safari/537.36 (compatible; Googlebot/2.1; +http://www.google.com/bot.html)"
66.249.79.160 - - [24/Jun/2025:18:35:24 +0000] "GET /index.php?shopdetail/283364178 HTTP/1.1" 404 - "-" "Mozilla/5.0 (compatible; Googlebot/2.1; +http://www.google.com/bot.html)"
66.249.79.161 - - [24/Jun/2025:18:35:24 +0000] "GET /index.php?shopdetail/283364178 HTTP/1.1" 404 - "-" "Mozilla/5.0 (Linux; Android 6.0.1; Nexus 5X Build/MMB29P) AppleWebKit/537.36 (KHTML, like Gecko) Chrome/137.0.7151.103 Mobile Safari/537.36 (compatible; Googlebot/2.1; +http://www.google.com/bot.html)"
57.141.2.23 - - [24/Jun/2025:18:36:08 +0000] "GET /lowpr.php?shopdetail/250597378 HTTP/2.0" 404 - "-" "meta-externalagent/1.1 (+https://developers.facebook.com/docs/sharing/webmasters/crawler)"
216.73.216.137 - - [24/Jun/2025:18:36:12 +0000] "GET /robots.txt HTTP/2.0" 200 147 "http://udyamonlineregistration.org/robots.txt" "Mozilla/5.0 AppleWebKit/537.36 (KHTML, like Gecko; compatible; ClaudeBot/1.0; +claudebot@anthropic.com)"
216.73.216.137 - - [24/Jun/2025:18:36:13 +0000] "GET /sitemap.xml HTTP/2.0" 200 4435 "http://udyamonlineregistration.org/sitemap.xml" "Mozilla/5.0 AppleWebKit/537.36 (KHTML, like Gecko; compatible; ClaudeBot/1.0; +claudebot@anthropic.com)"
57.141.2.13 - - [24/Jun/2025:18:36:32 +0000] "GET /lowpr.php?shopdetail/330544778 HTTP/2.0" 404 - "-" "meta-externalagent/1.1 (+https://developers.facebook.com/docs/sharing/webmasters/crawler)"
57.141.2.27 - - [24/Jun/2025:18:36:36 +0000] "GET /lowpr.php?shopdetail/260842578 HTTP/2.0" 404 - "-" "meta-externalagent/1.1 (+https://developers.facebook.com/docs/sharing/webmasters/crawler)"
57.141.2.10 - - [24/Jun/2025:18:39:50 +0000] "GET /lowpr.php?shopdetail/228288578 HTTP/2.0" 404 - "-" "meta-externalagent/1.1 (+https://developers.facebook.com/docs/sharing/webmasters/crawler)"
57.141.2.15 - - [24/Jun/2025:18:40:14 +0000] "GET /lowpr.php?shopdetail/389852978 HTTP/2.0" 404 - "-" "meta-externalagent/1.1 (+https://developers.facebook.com/docs/sharing/webmasters/crawler)"
57.141.2.14 - - [24/Jun/2025:18:40:22 +0000] "GET /lowpr.php?shopdetail/158075378 HTTP/2.0" 404 - "-" "meta-externalagent/1.1 (+https://developers.facebook.com/docs/sharing/webmasters/crawler)"
66.249.79.161 - - [24/Jun/2025:18:40:42 +0000] "GET /index.php?shopdetail/37083178 HTTP/1.1" 301 273 "-" "Mozilla/5.0 (Linux; Android 6.0.1; Nexus 5X Build/MMB29P) AppleWebKit/537.36 (KHTML, like Gecko) Chrome/137.0.7151.103 Mobile Safari/537.36 (compatible; Googlebot/2.1; +http://www.google.com/bot.html)"
66.249.79.162 - - [24/Jun/2025:18:40:43 +0000] "GET /index.php?shopdetail/37083178 HTTP/1.1" 404 - "-" "Mozilla/5.0 (Linux; Android 6.0.1; Nexus 5X Build/MMB29P) AppleWebKit/537.36 (KHTML, like Gecko) Chrome/137.0.7151.103 Mobile Safari/537.36 (compatible; Googlebot/2.1; +http://www.google.com/bot.html)"
57.141.2.23 - - [24/Jun/2025:18:42:49 +0000] "GET /lowpr.php?shopdetail/254829378 HTTP/2.0" 404 - "-" "meta-externalagent/1.1 (+https://developers.facebook.com/docs/sharing/webmasters/crawler)"
49.51.39.209 - - [24/Jun/2025:18:46:07 +0000] "GET / HTTP/1.1" 200 65336 "http://www.udyamonlineregistration.org" "Mozilla/5.0 (iPhone; CPU iPhone OS 13_2_3 like Mac OS X) AppleWebKit/605.1.15 (KHTML, like Gecko) Version/13.0.3 Mobile/15E148 Safari/604.1"
66.249.79.163 - - [24/Jun/2025:18:48:09 +0000] "GET /index.php?shopdetail/261760378 HTTP/1.1" 301 274 "-" "Mozilla/5.0 (Linux; Android 6.0.1; Nexus 5X Build/MMB29P) AppleWebKit/537.36 (KHTML, like Gecko) Chrome/137.0.7151.103 Mobile Safari/537.36 (compatible; Googlebot/2.1; +http://www.google.com/bot.html)"
66.249.79.160 - - [24/Jun/2025:18:48:09 +0000] "GET /index.php?shopdetail/261760378 HTTP/1.1" 404 - "-" "Mozilla/5.0 (Linux; Android 6.0.1; Nexus 5X Build/MMB29P) AppleWebKit/537.36 (KHTML, like Gecko) Chrome/137.0.7151.103 Mobile Safari/537.36 (compatible; Googlebot/2.1; +http://www.google.com/bot.html)"
57.141.2.20 - - [24/Jun/2025:18:49:44 +0000] "GET /lowpr.php?shopdetail/108871278 HTTP/2.0" 404 - "-" "meta-externalagent/1.1 (+https://developers.facebook.com/docs/sharing/webmasters/crawler)"
66.249.79.162 - - [24/Jun/2025:18:50:49 +0000] "GET /index.php?shopdetail/190173678 HTTP/1.1" 301 274 "-" "Mozilla/5.0 (Linux; Android 6.0.1; Nexus 5X Build/MMB29P) AppleWebKit/537.36 (KHTML, like Gecko) Chrome/137.0.7151.103 Mobile Safari/537.36 (compatible; Googlebot/2.1; +http://www.google.com/bot.html)"
66.249.79.163 - - [24/Jun/2025:18:50:49 +0000] "GET /index.php?shopdetail/190173678 HTTP/1.1" 301 274 "-" "Mozilla/5.0 (compatible; Googlebot/2.1; +http://www.google.com/bot.html)"
66.249.79.160 - - [24/Jun/2025:18:50:49 +0000] "GET /index.php?shopdetail/190173678 HTTP/1.1" 404 - "-" "Mozilla/5.0 (Linux; Android 6.0.1; Nexus 5X Build/MMB29P) AppleWebKit/537.36 (KHTML, like Gecko) Chrome/137.0.7151.103 Mobile Safari/537.36 (compatible; Googlebot/2.1; +http://www.google.com/bot.html)"
66.249.79.161 - - [24/Jun/2025:18:50:49 +0000] "GET /index.php?shopdetail/190173678 HTTP/1.1" 404 - "-" "Mozilla/5.0 (compatible; Googlebot/2.1; +http://www.google.com/bot.html)"
66.249.79.163 - - [24/Jun/2025:18:51:31 +0000] "GET /index.php?shopdetail/562636978 HTTP/1.1" 301 274 "-" "Mozilla/5.0 (compatible; Googlebot/2.1; +http://www.google.com/bot.html)"
66.249.79.160 - - [24/Jun/2025:18:51:32 +0000] "GET /index.php?shopdetail/562636978 HTTP/1.1" 404 - "-" "Mozilla/5.0 (compatible; Googlebot/2.1; +http://www.google.com/bot.html)"
57.141.2.15 - - [24/Jun/2025:18:52:59 +0000] "GET /lowpr.php?shopdetail/292234678 HTTP/2.0" 404 - "-" "meta-externalagent/1.1 (+https://developers.facebook.com/docs/sharing/webmasters/crawler)"
66.249.79.163 - - [24/Jun/2025:18:54:56 +0000] "GET /index.php?shopdetail/417585578 HTTP/1.1" 301 274 "-" "Mozilla/5.0 (Linux; Android 6.0.1; Nexus 5X Build/MMB29P) AppleWebKit/537.36 (KHTML, like Gecko) Chrome/137.0.7151.103 Mobile Safari/537.36 (compatible; Googlebot/2.1; +http://www.google.com/bot.html)"
66.249.79.161 - - [24/Jun/2025:18:54:57 +0000] "GET /index.php?shopdetail/417585578 HTTP/1.1" 404 - "-" "Mozilla/5.0 (Linux; Android 6.0.1; Nexus 5X Build/MMB29P) AppleWebKit/537.36 (KHTML, like Gecko) Chrome/137.0.7151.103 Mobile Safari/537.36 (compatible; Googlebot/2.1; +http://www.google.com/bot.html)"
57.141.2.8 - - [24/Jun/2025:18:55:26 +0000] "GET /lowpr.php?shopdetail/358589478 HTTP/2.0" 404 - "-" "meta-externalagent/1.1 (+https://developers.facebook.com/docs/sharing/webmasters/crawler)"
66.249.79.161 - - [24/Jun/2025:18:56:34 +0000] "GET /index.php?shopdetail/356805878 HTTP/1.1" 301 274 "-" "Mozilla/5.0 (compatible; Googlebot/2.1; +http://www.google.com/bot.html)"
66.249.79.162 - - [24/Jun/2025:18:56:34 +0000] "GET /index.php?shopdetail/356805878 HTTP/1.1" 404 - "-" "Mozilla/5.0 (compatible; Googlebot/2.1; +http://www.google.com/bot.html)"
57.141.2.16 - - [24/Jun/2025:18:57:21 +0000] "GET /lowpr.php?shopdetail/283135178 HTTP/2.0" 404 - "-" "meta-externalagent/1.1 (+https://developers.facebook.com/docs/sharing/webmasters/crawler)"
66.249.79.162 - - [24/Jun/2025:18:58:18 +0000] "GET /index.php?shopdetail/544966978 HTTP/1.1" 301 274 "-" "Mozilla/5.0 (compatible; Googlebot/2.1; +http://www.google.com/bot.html)"
66.249.79.160 - - [24/Jun/2025:18:58:19 +0000] "GET /index.php?shopdetail/544966978 HTTP/1.1" 404 - "-" "Mozilla/5.0 (compatible; Googlebot/2.1; +http://www.google.com/bot.html)"
57.141.2.18 - - [24/Jun/2025:18:58:20 +0000] "GET /lowpr.php?shopdetail/354316578 HTTP/2.0" 404 - "-" "meta-externalagent/1.1 (+https://developers.facebook.com/docs/sharing/webmasters/crawler)"
66.249.79.163 - - [24/Jun/2025:18:58:21 +0000] "GET /index.php?shopdetail/454868478 HTTP/1.1" 301 274 "-" "Mozilla/5.0 (Linux; Android 6.0.1; Nexus 5X Build/MMB29P) AppleWebKit/537.36 (KHTML, like Gecko) Chrome/137.0.7151.103 Mobile Safari/537.36 (compatible; Googlebot/2.1; +http://www.google.com/bot.html)"
66.249.79.161 - - [24/Jun/2025:18:58:33 +0000] "GET /index.php?shopdetail/65365978 HTTP/1.1" 301 273 "-" "Mozilla/5.0 (Linux; Android 6.0.1; Nexus 5X Build/MMB29P) AppleWebKit/537.36 (KHTML, like Gecko) Chrome/137.0.7151.103 Mobile Safari/537.36 (compatible; Googlebot/2.1; +http://www.google.com/bot.html)"
66.249.79.160 - - [24/Jun/2025:18:58:34 +0000] "GET /index.php?shopdetail/65365978 HTTP/1.1" 404 - "-" "Mozilla/5.0 (Linux; Android 6.0.1; Nexus 5X Build/MMB29P) AppleWebKit/537.36 (KHTML, like Gecko) Chrome/137.0.7151.103 Mobile Safari/537.36 (compatible; Googlebot/2.1; +http://www.google.com/bot.html)"
57.141.2.13 - - [24/Jun/2025:18:58:40 +0000] "GET /lowpr.php?shopdetail/94544878 HTTP/2.0" 404 - "-" "meta-externalagent/1.1 (+https://developers.facebook.com/docs/sharing/webmasters/crawler)"
66.249.79.163 - - [24/Jun/2025:18:59:55 +0000] "GET /index.php?shopdetail/579601078 HTTP/1.1" 301 274 "-" "Mozilla/5.0 (compatible; Googlebot/2.1; +http://www.google.com/bot.html)"
66.249.79.162 - - [24/Jun/2025:18:59:55 +0000] "GET /index.php?shopdetail/579601078 HTTP/1.1" 404 - "-" "Mozilla/5.0 (compatible; Googlebot/2.1; +http://www.google.com/bot.html)"
57.141.2.13 - - [24/Jun/2025:19:00:10 +0000] "GET /lowpr.php?shopdetail/204422878 HTTP/2.0" 404 - "-" "meta-externalagent/1.1 (+https://developers.facebook.com/docs/sharing/webmasters/crawler)"
66.249.79.162 - - [24/Jun/2025:19:01:05 +0000] "GET /index.php?shopdetail/224582478 HTTP/1.1" 301 274 "-" "Mozilla/5.0 (Linux; Android 6.0.1; Nexus 5X Build/MMB29P) AppleWebKit/537.36 (KHTML, like Gecko) Chrome/137.0.7151.103 Mobile Safari/537.36 (compatible; Googlebot/2.1; +http://www.google.com/bot.html)"
66.249.79.160 - - [24/Jun/2025:19:01:05 +0000] "GET /index.php?shopdetail/224582478 HTTP/1.1" 404 - "-" "Mozilla/5.0 (Linux; Android 6.0.1; Nexus 5X Build/MMB29P) AppleWebKit/537.36 (KHTML, like Gecko) Chrome/137.0.7151.103 Mobile Safari/537.36 (compatible; Googlebot/2.1; +http://www.google.com/bot.html)"
57.141.2.20 - - [24/Jun/2025:19:01:14 +0000] "GET /lowpr.php?shopdetail/98697478 HTTP/2.0" 404 - "-" "meta-externalagent/1.1 (+https://developers.facebook.com/docs/sharing/webmasters/crawler)"
57.141.2.27 - - [24/Jun/2025:19:03:17 +0000] "GET /lowpr.php?shopdetail/124521078 HTTP/2.0" 404 - "-" "meta-externalagent/1.1 (+https://developers.facebook.com/docs/sharing/webmasters/crawler)"
66.249.79.162 - - [24/Jun/2025:19:03:27 +0000] "GET /index.php?shopdetail/342129078 HTTP/1.1" 301 274 "-" "Mozilla/5.0 (compatible; Googlebot/2.1; +http://www.google.com/bot.html)"
66.249.79.162 - - [24/Jun/2025:19:03:28 +0000] "GET /index.php?shopdetail/342129078 HTTP/1.1" 404 - "-" "Mozilla/5.0 (compatible; Googlebot/2.1; +http://www.google.com/bot.html)"
57.141.2.1 - - [24/Jun/2025:19:04:02 +0000] "GET /lowpr.php?shopdetail/369446678 HTTP/2.0" 404 - "-" "meta-externalagent/1.1 (+https://developers.facebook.com/docs/sharing/webmasters/crawler)"
57.141.2.28 - - [24/Jun/2025:19:06:12 +0000] "GET /lowpr.php?shopdetail/275768878 HTTP/2.0" 404 - "-" "meta-externalagent/1.1 (+https://developers.facebook.com/docs/sharing/webmasters/crawler)"
66.249.79.162 - - [24/Jun/2025:19:07:41 +0000] "GET /robots.txt HTTP/1.1" 301 254 "-" "Mozilla/5.0 (compatible; Googlebot/2.1; +http://www.google.com/bot.html)"
66.249.79.161 - - [24/Jun/2025:19:07:41 +0000] "GET /index.php?shopdetail/67252278 HTTP/1.1" 301 273 "-" "Mozilla/5.0 (compatible; Googlebot/2.1; +http://www.google.com/bot.html)"
66.249.79.160 - - [24/Jun/2025:19:07:41 +0000] "GET /index.php?shopdetail/67252278 HTTP/1.1" 404 - "-" "Mozilla/5.0 (compatible; Googlebot/2.1; +http://www.google.com/bot.html)"
57.141.2.1 - - [24/Jun/2025:19:10:02 +0000] "GET /lowpr.php?shopdetail/63230078 HTTP/2.0" 404 - "-" "meta-externalagent/1.1 (+https://developers.facebook.com/docs/sharing/webmasters/crawler)"
66.249.79.163 - - [24/Jun/2025:19:10:04 +0000] "GET /index.php?shopdetail/165278578 HTTP/1.1" 301 274 "-" "Mozilla/5.0 (compatible; Googlebot/2.1; +http://www.google.com/bot.html)"
66.249.79.160 - - [24/Jun/2025:19:10:05 +0000] "GET /index.php?shopdetail/165278578 HTTP/1.1" 404 - "-" "Mozilla/5.0 (compatible; Googlebot/2.1; +http://www.google.com/bot.html)"
66.249.79.163 - - [24/Jun/2025:19:11:55 +0000] "GET /robots.txt HTTP/1.1" 301 254 "-" "Mozilla/5.0 (compatible; Googlebot/2.1; +http://www.google.com/bot.html)"
66.249.79.161 - - [24/Jun/2025:19:11:55 +0000] "GET /index.php?shopdetail/408259978 HTTP/1.1" 301 274 "-" "Mozilla/5.0 (Linux; Android 6.0.1; Nexus 5X Build/MMB29P) AppleWebKit/537.36 (KHTML, like Gecko) Chrome/137.0.7151.103 Mobile Safari/537.36 (compatible; Googlebot/2.1; +http://www.google.com/bot.html)"
66.249.79.170 - - [24/Jun/2025:19:11:56 +0000] "GET /index.php?shopdetail/408259978 HTTP/1.1" 404 - "-" "Mozilla/5.0 (Linux; Android 6.0.1; Nexus 5X Build/MMB29P) AppleWebKit/537.36 (KHTML, like Gecko) Chrome/137.0.7151.103 Mobile Safari/537.36 (compatible; Googlebot/2.1; +http://www.google.com/bot.html)"
212.8.248.108 - - [24/Jun/2025:19:12:18 +0000] "GET / HTTP/1.0" 200 65336 "-" "Mozilla/5.0 (Windows NT 10.0; Win64; x64) AppleWebKit/537.36 (KHTML, like Gecko) Chrome/118.0.0.0 Safari/537.36"
66.249.79.163 - - [24/Jun/2025:19:12:50 +0000] "GET /index.php?shopdetail/125360578 HTTP/1.1" 301 274 "-" "Mozilla/5.0 (Linux; Android 6.0.1; Nexus 5X Build/MMB29P) AppleWebKit/537.36 (KHTML, like Gecko) Chrome/137.0.7151.103 Mobile Safari/537.36 (compatible; Googlebot/2.1; +http://www.google.com/bot.html)"
66.249.79.162 - - [24/Jun/2025:19:12:51 +0000] "GET /index.php?shopdetail/125360578 HTTP/1.1" 404 - "-" "Mozilla/5.0 (Linux; Android 6.0.1; Nexus 5X Build/MMB29P) AppleWebKit/537.36 (KHTML, like Gecko) Chrome/137.0.7151.103 Mobile Safari/537.36 (compatible; Googlebot/2.1; +http://www.google.com/bot.html)"
66.249.79.161 - - [24/Jun/2025:19:13:25 +0000] "GET /robots.txt HTTP/1.1" 301 254 "-" "Mozilla/5.0 (compatible; Googlebot/2.1; +http://www.google.com/bot.html)"
66.249.79.163 - - [24/Jun/2025:19:13:25 +0000] "GET /index.php?shopdetail/509703178 HTTP/1.1" 301 274 "-" "Mozilla/5.0 (Linux; Android 6.0.1; Nexus 5X Build/MMB29P) AppleWebKit/537.36 (KHTML, like Gecko) Chrome/137.0.7151.103 Mobile Safari/537.36 (compatible; Googlebot/2.1; +http://www.google.com/bot.html)"
66.249.79.160 - - [24/Jun/2025:19:13:26 +0000] "GET /index.php?shopdetail/509703178 HTTP/1.1" 404 - "-" "Mozilla/5.0 (Linux; Android 6.0.1; Nexus 5X Build/MMB29P) AppleWebKit/537.36 (KHTML, like Gecko) Chrome/137.0.7151.103 Mobile Safari/537.36 (compatible; Googlebot/2.1; +http://www.google.com/bot.html)"
54.36.149.6 - - [24/Jun/2025:19:13:32 +0000] "GET /lowpr.php?sitemap.xml HTTP/2.0" 404 - "-" "Mozilla/5.0 (compatible; AhrefsBot/7.0; +http://ahrefs.com/robot/)"
66.249.79.161 - - [24/Jun/2025:19:13:36 +0000] "GET /index.php?shopdetail/281689978 HTTP/1.1" 301 274 "-" "Mozilla/5.0 (compatible; Googlebot/2.1; +http://www.google.com/bot.html)"
66.249.79.160 - - [24/Jun/2025:19:13:36 +0000] "GET /index.php?shopdetail/281689978 HTTP/1.1" 404 - "-" "Mozilla/5.0 (compatible; Googlebot/2.1; +http://www.google.com/bot.html)"
57.141.2.8 - - [24/Jun/2025:19:14:40 +0000] "GET /lowpr.php?shopdetail/398010978 HTTP/2.0" 404 - "-" "meta-externalagent/1.1 (+https://developers.facebook.com/docs/sharing/webmasters/crawler)"
57.141.2.18 - - [24/Jun/2025:19:14:50 +0000] "GET /lowpr.php?shopdetail/397003978 HTTP/2.0" 404 - "-" "meta-externalagent/1.1 (+https://developers.facebook.com/docs/sharing/webmasters/crawler)"
66.249.79.162 - - [24/Jun/2025:19:15:30 +0000] "GET /%3Ch1%3Ehttps://image.rakuten.co.jp/world-direct/cabinet/brand/br070_b.gif HTTP/1.1" 301 317 "-" "Googlebot-Image/1.0"
66.249.79.161 - - [24/Jun/2025:19:15:30 +0000] "GET /robots.txt HTTP/1.1" 301 254 "-" "Mozilla/5.0 (compatible; Googlebot/2.1; +http://www.google.com/bot.html)"
66.249.79.160 - - [24/Jun/2025:19:15:31 +0000] "GET /%3Ch1%3Ehttps:/image.rakuten.co.jp/world-direct/cabinet/brand/br070_b.gif HTTP/1.1" 404 - "-" "Googlebot-Image/1.0"
66.249.79.162 - - [24/Jun/2025:19:16:50 +0000] "GET /index.php?shopdetail/193075678 HTTP/1.1" 301 274 "-" "Mozilla/5.0 (Linux; Android 6.0.1; Nexus 5X Build/MMB29P) AppleWebKit/537.36 (KHTML, like Gecko) Chrome/137.0.7151.103 Mobile Safari/537.36 (compatible; Googlebot/2.1; +http://www.google.com/bot.html)"
66.249.79.161 - - [24/Jun/2025:19:16:50 +0000] "GET /index.php?shopdetail/193075678 HTTP/1.1" 404 - "-" "Mozilla/5.0 (Linux; Android 6.0.1; Nexus 5X Build/MMB29P) AppleWebKit/537.36 (KHTML, like Gecko) Chrome/137.0.7151.103 Mobile Safari/537.36 (compatible; Googlebot/2.1; +http://www.google.com/bot.html)"
57.141.2.1 - - [24/Jun/2025:19:18:58 +0000] "GET /lowpr.php?shopdetail/47639578 HTTP/2.0" 404 - "-" "meta-externalagent/1.1 (+https://developers.facebook.com/docs/sharing/webmasters/crawler)"
66.249.79.162 - - [24/Jun/2025:19:23:25 +0000] "GET /robots.txt HTTP/1.1" 301 254 "-" "Mozilla/5.0 (compatible; Googlebot/2.1; +http://www.google.com/bot.html)"
66.249.79.160 - - [24/Jun/2025:19:23:25 +0000] "GET /robots.txt HTTP/1.1" 200 147 "-" "Mozilla/5.0 (compatible; Googlebot/2.1; +http://www.google.com/bot.html)"
66.249.79.161 - - [24/Jun/2025:19:23:47 +0000] "GET /index.php?shopdetail/372884778 HTTP/1.1" 301 274 "-" "Mozilla/5.0 (Linux; Android 6.0.1; Nexus 5X Build/MMB29P) AppleWebKit/537.36 (KHTML, like Gecko) Chrome/137.0.7151.103 Mobile Safari/537.36 (compatible; Googlebot/2.1; +http://www.google.com/bot.html)"
66.249.79.160 - - [24/Jun/2025:19:23:48 +0000] "GET /index.php?shopdetail/372884778 HTTP/1.1" 404 - "-" "Mozilla/5.0 (Linux; Android 6.0.1; Nexus 5X Build/MMB29P) AppleWebKit/537.36 (KHTML, like Gecko) Chrome/137.0.7151.103 Mobile Safari/537.36 (compatible; Googlebot/2.1; +http://www.google.com/bot.html)"
57.141.2.26 - - [24/Jun/2025:19:24:14 +0000] "GET /lowpr.php?shopdetail/332318978 HTTP/2.0" 404 - "-" "meta-externalagent/1.1 (+https://developers.facebook.com/docs/sharing/webmasters/crawler)"
66.249.79.162 - - [24/Jun/2025:19:24:16 +0000] "GET /index.php?shopdetail/200671478 HTTP/1.1" 301 274 "-" "Mozilla/5.0 (Linux; Android 6.0.1; Nexus 5X Build/MMB29P) AppleWebKit/537.36 (KHTML, like Gecko) Chrome/137.0.7151.103 Mobile Safari/537.36 (compatible; Googlebot/2.1; +http://www.google.com/bot.html)"
66.249.79.161 - - [24/Jun/2025:19:24:16 +0000] "GET /index.php?shopdetail/200671478 HTTP/1.1" 404 - "-" "Mozilla/5.0 (Linux; Android 6.0.1; Nexus 5X Build/MMB29P) AppleWebKit/537.36 (KHTML, like Gecko) Chrome/137.0.7151.103 Mobile Safari/537.36 (compatible; Googlebot/2.1; +http://www.google.com/bot.html)"
66.249.79.161 - - [24/Jun/2025:19:25:07 +0000] "GET /index.php?shopdetail/445341678 HTTP/1.1" 301 274 "-" "Mozilla/5.0 (Linux; Android 6.0.1; Nexus 5X Build/MMB29P) AppleWebKit/537.36 (KHTML, like Gecko) Chrome/137.0.7151.103 Mobile Safari/537.36 (compatible; Googlebot/2.1; +http://www.google.com/bot.html)"
66.249.79.161 - - [24/Jun/2025:19:25:07 +0000] "GET /robots.txt HTTP/1.1" 301 254 "-" "Mozilla/5.0 (compatible; Googlebot/2.1; +http://www.google.com/bot.html)"
66.249.79.160 - - [24/Jun/2025:19:25:08 +0000] "GET /index.php?shopdetail/445341678 HTTP/1.1" 404 - "-" "Mozilla/5.0 (Linux; Android 6.0.1; Nexus 5X Build/MMB29P) AppleWebKit/537.36 (KHTML, like Gecko) Chrome/137.0.7151.103 Mobile Safari/537.36 (compatible; Googlebot/2.1; +http://www.google.com/bot.html)"
66.249.79.161 - - [24/Jun/2025:19:25:42 +0000] "GET /index.php?shopdetail/349521978 HTTP/1.1" 301 274 "-" "Mozilla/5.0 (Linux; Android 6.0.1; Nexus 5X Build/MMB29P) AppleWebKit/537.36 (KHTML, like Gecko) Chrome/137.0.7151.103 Mobile Safari/537.36 (compatible; Googlebot/2.1; +http://www.google.com/bot.html)"
66.249.79.160 - - [24/Jun/2025:19:25:43 +0000] "GET /index.php?shopdetail/349521978 HTTP/1.1" 404 - "-" "Mozilla/5.0 (Linux; Android 6.0.1; Nexus 5X Build/MMB29P) AppleWebKit/537.36 (KHTML, like Gecko) Chrome/137.0.7151.103 Mobile Safari/537.36 (compatible; Googlebot/2.1; +http://www.google.com/bot.html)"
57.141.2.12 - - [24/Jun/2025:19:26:37 +0000] "GET /lowpr.php?shopdetail/389017178 HTTP/2.0" 404 - "-" "meta-externalagent/1.1 (+https://developers.facebook.com/docs/sharing/webmasters/crawler)"
57.141.2.23 - - [24/Jun/2025:19:26:52 +0000] "GET /lowpr.php?shopdetail/99801578 HTTP/2.0" 404 - "-" "meta-externalagent/1.1 (+https://developers.facebook.com/docs/sharing/webmasters/crawler)"
66.249.79.163 - - [24/Jun/2025:19:27:04 +0000] "GET /robots.txt HTTP/1.1" 301 254 "-" "Mozilla/5.0 (compatible; Googlebot/2.1; +http://www.google.com/bot.html)"
66.249.79.162 - - [24/Jun/2025:19:27:04 +0000] "GET /index.php?shopdetail/412937778 HTTP/1.1" 301 274 "-" "Mozilla/5.0 (compatible; Googlebot/2.1; +http://www.google.com/bot.html)"
66.249.79.160 - - [24/Jun/2025:19:27:05 +0000] "GET /index.php?shopdetail/412937778 HTTP/1.1" 404 - "-" "Mozilla/5.0 (compatible; Googlebot/2.1; +http://www.google.com/bot.html)"
57.141.2.28 - - [24/Jun/2025:19:27:28 +0000] "GET /lowpr.php?shopdetail/66378578 HTTP/2.0" 404 - "-" "meta-externalagent/1.1 (+https://developers.facebook.com/docs/sharing/webmasters/crawler)"
57.141.2.2 - - [24/Jun/2025:19:29:49 +0000] "GET /lowpr.php?shopdetail/267456178 HTTP/2.0" 404 - "-" "meta-externalagent/1.1 (+https://developers.facebook.com/docs/sharing/webmasters/crawler)"
57.141.2.22 - - [24/Jun/2025:19:32:56 +0000] "GET /lowpr.php?shopdetail/362690678 HTTP/2.0" 404 - "-" "meta-externalagent/1.1 (+https://developers.facebook.com/docs/sharing/webmasters/crawler)"
66.249.79.161 - - [24/Jun/2025:19:33:44 +0000] "GET /index.php?shopdetail/524394678 HTTP/1.1" 301 274 "-" "Mozilla/5.0 (Linux; Android 6.0.1; Nexus 5X Build/MMB29P) AppleWebKit/537.36 (KHTML, like Gecko) Chrome/137.0.7151.103 Mobile Safari/537.36 (compatible; Googlebot/2.1; +http://www.google.com/bot.html)"
66.249.79.161 - - [24/Jun/2025:19:33:45 +0000] "GET /index.php?shopdetail/524394678 HTTP/1.1" 404 - "-" "Mozilla/5.0 (Linux; Android 6.0.1; Nexus 5X Build/MMB29P) AppleWebKit/537.36 (KHTML, like Gecko) Chrome/137.0.7151.103 Mobile Safari/537.36 (compatible; Googlebot/2.1; +http://www.google.com/bot.html)"
66.249.79.162 - - [24/Jun/2025:19:35:02 +0000] "GET /index.php?shopdetail/520519878 HTTP/1.1" 301 274 "-" "Mozilla/5.0 (Linux; Android 6.0.1; Nexus 5X Build/MMB29P) AppleWebKit/537.36 (KHTML, like Gecko) Chrome/137.0.7151.103 Mobile Safari/537.36 (compatible; Googlebot/2.1; +http://www.google.com/bot.html)"
66.249.79.160 - - [24/Jun/2025:19:35:03 +0000] "GET /index.php?shopdetail/520519878 HTTP/1.1" 404 - "-" "Mozilla/5.0 (Linux; Android 6.0.1; Nexus 5X Build/MMB29P) AppleWebKit/537.36 (KHTML, like Gecko) Chrome/137.0.7151.103 Mobile Safari/537.36 (compatible; Googlebot/2.1; +http://www.google.com/bot.html)"
57.141.2.11 - - [24/Jun/2025:19:37:30 +0000] "GET /lowpr.php?shopdetail/395250678 HTTP/2.0" 404 - "-" "meta-externalagent/1.1 (+https://developers.facebook.com/docs/sharing/webmasters/crawler)"
66.249.79.161 - - [24/Jun/2025:19:37:39 +0000] "GET /index.php?shopdetail/317228378 HTTP/1.1" 301 274 "-" "Mozilla/5.0 (Linux; Android 6.0.1; Nexus 5X Build/MMB29P) AppleWebKit/537.36 (KHTML, like Gecko) Chrome/137.0.7151.103 Mobile Safari/537.36 (compatible; Googlebot/2.1; +http://www.google.com/bot.html)"
66.249.79.161 - - [24/Jun/2025:19:37:40 +0000] "GET /index.php?shopdetail/317228378 HTTP/1.1" 404 - "-" "Mozilla/5.0 (Linux; Android 6.0.1; Nexus 5X Build/MMB29P) AppleWebKit/537.36 (KHTML, like Gecko) Chrome/137.0.7151.103 Mobile Safari/537.36 (compatible; Googlebot/2.1; +http://www.google.com/bot.html)"
66.249.79.161 - - [24/Jun/2025:19:37:47 +0000] "GET /index.php?shopdetail/501468378 HTTP/1.1" 301 274 "-" "Mozilla/5.0 (Linux; Android 6.0.1; Nexus 5X Build/MMB29P) AppleWebKit/537.36 (KHTML, like Gecko) Chrome/137.0.7151.103 Mobile Safari/537.36 (compatible; Googlebot/2.1; +http://www.google.com/bot.html)"
66.249.79.160 - - [24/Jun/2025:19:37:48 +0000] "GET /index.php?shopdetail/501468378 HTTP/1.1" 404 - "-" "Mozilla/5.0 (Linux; Android 6.0.1; Nexus 5X Build/MMB29P) AppleWebKit/537.36 (KHTML, like Gecko) Chrome/137.0.7151.103 Mobile Safari/537.36 (compatible; Googlebot/2.1; +http://www.google.com/bot.html)"
57.141.2.27 - - [24/Jun/2025:19:40:42 +0000] "GET /lowpr.php?shopdetail/198767078 HTTP/2.0" 404 - "-" "meta-externalagent/1.1 (+https://developers.facebook.com/docs/sharing/webmasters/crawler)"
5.255.231.11 - - [24/Jun/2025:19:40:53 +0000] "GET /robots.txt HTTP/1.1" 200 147 "-" "Mozilla/5.0 (compatible; YandexBot/3.0; +http://yandex.com/bots)"
213.180.203.74 - - [24/Jun/2025:19:40:54 +0000] "GET / HTTP/1.1" 200 65336 "-" "Mozilla/5.0 (compatible; YandexBot/3.0; +http://yandex.com/bots)"
57.141.2.26 - - [24/Jun/2025:19:41:23 +0000] "GET /lowpr.php?shopdetail/225708978 HTTP/2.0" 404 - "-" "meta-externalagent/1.1 (+https://developers.facebook.com/docs/sharing/webmasters/crawler)"
57.141.2.24 - - [24/Jun/2025:19:42:58 +0000] "GET /lowpr.php?shopdetail/309833178 HTTP/2.0" 404 - "-" "meta-externalagent/1.1 (+https://developers.facebook.com/docs/sharing/webmasters/crawler)"
66.249.79.163 - - [24/Jun/2025:19:43:13 +0000] "GET /index.php?shopdetail/102289978 HTTP/1.1" 301 274 "-" "Mozilla/5.0 (Linux; Android 6.0.1; Nexus 5X Build/MMB29P) AppleWebKit/537.36 (KHTML, like Gecko) Chrome/137.0.7151.103 Mobile Safari/537.36 (compatible; Googlebot/2.1; +http://www.google.com/bot.html)"
66.249.79.161 - - [24/Jun/2025:19:43:14 +0000] "GET /index.php?shopdetail/102289978 HTTP/1.1" 404 - "-" "Mozilla/5.0 (Linux; Android 6.0.1; Nexus 5X Build/MMB29P) AppleWebKit/537.36 (KHTML, like Gecko) Chrome/137.0.7151.103 Mobile Safari/537.36 (compatible; Googlebot/2.1; +http://www.google.com/bot.html)"
66.249.79.161 - - [24/Jun/2025:19:43:27 +0000] "GET /index.php?shopdetail/300970378 HTTP/1.1" 301 274 "-" "Mozilla/5.0 (Linux; Android 6.0.1; Nexus 5X Build/MMB29P) AppleWebKit/537.36 (KHTML, like Gecko) Chrome/137.0.7151.103 Mobile Safari/537.36 (compatible; Googlebot/2.1; +http://www.google.com/bot.html)"
66.249.79.161 - - [24/Jun/2025:19:43:28 +0000] "GET /index.php?shopdetail/300970378 HTTP/1.1" 404 - "-" "Mozilla/5.0 (Linux; Android 6.0.1; Nexus 5X Build/MMB29P) AppleWebKit/537.36 (KHTML, like Gecko) Chrome/137.0.7151.103 Mobile Safari/537.36 (compatible; Googlebot/2.1; +http://www.google.com/bot.html)"
66.249.79.162 - - [24/Jun/2025:19:44:38 +0000] "GET /index.php?shopdetail/180957778 HTTP/1.1" 301 274 "-" "Mozilla/5.0 (compatible; Googlebot/2.1; +http://www.google.com/bot.html)"
66.249.79.161 - - [24/Jun/2025:19:44:39 +0000] "GET /index.php?shopdetail/180957778 HTTP/1.1" 404 - "-" "Mozilla/5.0 (compatible; Googlebot/2.1; +http://www.google.com/bot.html)"
57.141.2.6 - - [24/Jun/2025:19:45:56 +0000] "GET /lowpr.php?shopdetail/28350678 HTTP/2.0" 404 - "-" "meta-externalagent/1.1 (+https://developers.facebook.com/docs/sharing/webmasters/crawler)"
202.76.160.247 - - [24/Jun/2025:19:46:36 +0000] "GET / HTTP/1.1" 200 65336 "-" "Mozilla/5.0 (Macintosh; Intel Mac OS X 10_5_8) AppleWebKit/535.1 (KHTML, like Gecko) Chrome/14.0.801.0 Safari/535.1"
57.141.2.18 - - [24/Jun/2025:19:47:38 +0000] "GET /lowpr.php?shopdetail/321623478 HTTP/2.0" 404 - "-" "meta-externalagent/1.1 (+https://developers.facebook.com/docs/sharing/webmasters/crawler)"
66.249.79.163 - - [24/Jun/2025:19:48:39 +0000] "GET /index.php?shopdetail/69295478 HTTP/1.1" 301 273 "-" "Mozilla/5.0 (compatible; Googlebot/2.1; +http://www.google.com/bot.html)"
66.249.79.161 - - [24/Jun/2025:19:48:39 +0000] "GET /index.php?shopdetail/69295478 HTTP/1.1" 404 - "-" "Mozilla/5.0 (compatible; Googlebot/2.1; +http://www.google.com/bot.html)"
66.249.79.161 - - [24/Jun/2025:19:48:50 +0000] "GET /index.php?shopdetail/406165178 HTTP/1.1" 301 274 "-" "Mozilla/5.0 (Linux; Android 6.0.1; Nexus 5X Build/MMB29P) AppleWebKit/537.36 (KHTML, like Gecko) Chrome/137.0.7151.103 Mobile Safari/537.36 (compatible; Googlebot/2.1; +http://www.google.com/bot.html)"
66.249.79.161 - - [24/Jun/2025:19:48:50 +0000] "GET /index.php?shopdetail/406165178 HTTP/1.1" 404 - "-" "Mozilla/5.0 (Linux; Android 6.0.1; Nexus 5X Build/MMB29P) AppleWebKit/537.36 (KHTML, like Gecko) Chrome/137.0.7151.103 Mobile Safari/537.36 (compatible; Googlebot/2.1; +http://www.google.com/bot.html)"
57.141.2.27 - - [24/Jun/2025:19:49:18 +0000] "GET /lowpr.php?shopdetail/93947678 HTTP/2.0" 404 - "-" "meta-externalagent/1.1 (+https://developers.facebook.com/docs/sharing/webmasters/crawler)"
66.249.79.163 - - [24/Jun/2025:19:49:21 +0000] "GET /index.php?shopdetail/416341578 HTTP/1.1" 301 274 "-" "Mozilla/5.0 (Linux; Android 6.0.1; Nexus 5X Build/MMB29P) AppleWebKit/537.36 (KHTML, like Gecko) Chrome/137.0.7151.103 Mobile Safari/537.36 (compatible; Googlebot/2.1; +http://www.google.com/bot.html)"
66.249.79.161 - - [24/Jun/2025:19:49:22 +0000] "GET /index.php?shopdetail/416341578 HTTP/1.1" 404 - "-" "Mozilla/5.0 (Linux; Android 6.0.1; Nexus 5X Build/MMB29P) AppleWebKit/537.36 (KHTML, like Gecko) Chrome/137.0.7151.103 Mobile Safari/537.36 (compatible; Googlebot/2.1; +http://www.google.com/bot.html)"
57.141.2.4 - - [24/Jun/2025:19:49:57 +0000] "GET /lowpr.php?shopdetail/301088878 HTTP/2.0" 404 - "-" "meta-externalagent/1.1 (+https://developers.facebook.com/docs/sharing/webmasters/crawler)"
66.249.79.161 - - [24/Jun/2025:19:52:52 +0000] "GET /index.php?shopdetail/50481178 HTTP/1.1" 301 273 "-" "Mozilla/5.0 (Linux; Android 6.0.1; Nexus 5X Build/MMB29P) AppleWebKit/537.36 (KHTML, like Gecko) Chrome/137.0.7151.103 Mobile Safari/537.36 (compatible; Googlebot/2.1; +http://www.google.com/bot.html)"
66.249.79.161 - - [24/Jun/2025:19:52:52 +0000] "GET /index.php?shopdetail/50481178 HTTP/1.1" 404 - "-" "Mozilla/5.0 (Linux; Android 6.0.1; Nexus 5X Build/MMB29P) AppleWebKit/537.36 (KHTML, like Gecko) Chrome/137.0.7151.103 Mobile Safari/537.36 (compatible; Googlebot/2.1; +http://www.google.com/bot.html)"
66.249.79.162 - - [24/Jun/2025:19:52:56 +0000] "GET /index.php?shopdetail/388883978 HTTP/1.1" 301 274 "-" "Mozilla/5.0 (Linux; Android 6.0.1; Nexus 5X Build/MMB29P) AppleWebKit/537.36 (KHTML, like Gecko) Chrome/137.0.7151.103 Mobile Safari/537.36 (compatible; Googlebot/2.1; +http://www.google.com/bot.html)"
66.249.79.161 - - [24/Jun/2025:19:52:57 +0000] "GET /index.php?shopdetail/388883978 HTTP/1.1" 404 - "-" "Mozilla/5.0 (Linux; Android 6.0.1; Nexus 5X Build/MMB29P) AppleWebKit/537.36 (KHTML, like Gecko) Chrome/137.0.7151.103 Mobile Safari/537.36 (compatible; Googlebot/2.1; +http://www.google.com/bot.html)"
57.141.2.20 - - [24/Jun/2025:19:54:07 +0000] "GET /lowpr.php?shopdetail/108233778 HTTP/2.0" 404 - "-" "meta-externalagent/1.1 (+https://developers.facebook.com/docs/sharing/webmasters/crawler)"
66.249.79.162 - - [24/Jun/2025:19:54:43 +0000] "GET /index.php?shopdetail/262780178 HTTP/1.1" 301 274 "-" "Mozilla/5.0 (Linux; Android 6.0.1; Nexus 5X Build/MMB29P) AppleWebKit/537.36 (KHTML, like Gecko) Chrome/137.0.7151.103 Mobile Safari/537.36 (compatible; Googlebot/2.1; +http://www.google.com/bot.html)"
66.249.79.160 - - [24/Jun/2025:19:54:44 +0000] "GET /index.php?shopdetail/262780178 HTTP/1.1" 404 - "-" "Mozilla/5.0 (Linux; Android 6.0.1; Nexus 5X Build/MMB29P) AppleWebKit/537.36 (KHTML, like Gecko) Chrome/137.0.7151.103 Mobile Safari/537.36 (compatible; Googlebot/2.1; +http://www.google.com/bot.html)"
57.141.2.5 - - [24/Jun/2025:19:54:47 +0000] "GET /lowpr.php?shopdetail/6066578 HTTP/2.0" 404 - "-" "meta-externalagent/1.1 (+https://developers.facebook.com/docs/sharing/webmasters/crawler)"
57.141.2.2 - - [24/Jun/2025:19:55:37 +0000] "GET /lowpr.php?shopdetail/308339878 HTTP/2.0" 404 - "-" "meta-externalagent/1.1 (+https://developers.facebook.com/docs/sharing/webmasters/crawler)"
57.141.2.1 - - [24/Jun/2025:19:56:08 +0000] "GET /lowpr.php?shopdetail/84989478 HTTP/2.0" 404 - "-" "meta-externalagent/1.1 (+https://developers.facebook.com/docs/sharing/webmasters/crawler)"
66.249.79.163 - - [24/Jun/2025:19:56:12 +0000] "GET /index.php?shopdetail/314713278 HTTP/1.1" 301 274 "-" "Mozilla/5.0 (Linux; Android 6.0.1; Nexus 5X Build/MMB29P) AppleWebKit/537.36 (KHTML, like Gecko) Chrome/137.0.7151.103 Mobile Safari/537.36 (compatible; Googlebot/2.1; +http://www.google.com/bot.html)"
66.249.79.162 - - [24/Jun/2025:19:56:12 +0000] "GET /index.php?shopdetail/314713278 HTTP/1.1" 404 - "-" "Mozilla/5.0 (Linux; Android 6.0.1; Nexus 5X Build/MMB29P) AppleWebKit/537.36 (KHTML, like Gecko) Chrome/137.0.7151.103 Mobile Safari/537.36 (compatible; Googlebot/2.1; +http://www.google.com/bot.html)"
66.249.79.163 - - [24/Jun/2025:19:57:25 +0000] "GET /index.php?shopdetail/400357978 HTTP/1.1" 301 274 "-" "Mozilla/5.0 (Linux; Android 6.0.1; Nexus 5X Build/MMB29P) AppleWebKit/537.36 (KHTML, like Gecko) Chrome/137.0.7151.103 Mobile Safari/537.36 (compatible; Googlebot/2.1; +http://www.google.com/bot.html)"
66.249.79.162 - - [24/Jun/2025:19:57:25 +0000] "GET /index.php?shopdetail/400357978 HTTP/1.1" 301 274 "-" "Mozilla/5.0 (compatible; Googlebot/2.1; +http://www.google.com/bot.html)"
66.249.79.160 - - [24/Jun/2025:19:57:26 +0000] "GET /index.php?shopdetail/400357978 HTTP/1.1" 404 - "-" "Mozilla/5.0 (Linux; Android 6.0.1; Nexus 5X Build/MMB29P) AppleWebKit/537.36 (KHTML, like Gecko) Chrome/137.0.7151.103 Mobile Safari/537.36 (compatible; Googlebot/2.1; +http://www.google.com/bot.html)"
66.249.79.160 - - [24/Jun/2025:19:57:26 +0000] "GET /index.php?shopdetail/400357978 HTTP/1.1" 404 - "-" "Mozilla/5.0 (compatible; Googlebot/2.1; +http://www.google.com/bot.html)"
66.249.79.162 - - [24/Jun/2025:19:57:45 +0000] "GET /index.php?shopdetail/270928878 HTTP/1.1" 301 274 "-" "Mozilla/5.0 (compatible; Googlebot/2.1; +http://www.google.com/bot.html)"
66.249.79.161 - - [24/Jun/2025:19:57:45 +0000] "GET /index.php?shopdetail/270928878 HTTP/1.1" 301 274 "-" "Mozilla/5.0 (Linux; Android 6.0.1; Nexus 5X Build/MMB29P) AppleWebKit/537.36 (KHTML, like Gecko) Chrome/137.0.7151.103 Mobile Safari/537.36 (compatible; Googlebot/2.1; +http://www.google.com/bot.html)"
66.249.79.161 - - [24/Jun/2025:19:57:46 +0000] "GET /index.php?shopdetail/270928878 HTTP/1.1" 404 - "-" "Mozilla/5.0 (compatible; Googlebot/2.1; +http://www.google.com/bot.html)"
66.249.79.161 - - [24/Jun/2025:19:57:46 +0000] "GET /index.php?shopdetail/270928878 HTTP/1.1" 404 - "-" "Mozilla/5.0 (Linux; Android 6.0.1; Nexus 5X Build/MMB29P) AppleWebKit/537.36 (KHTML, like Gecko) Chrome/137.0.7151.103 Mobile Safari/537.36 (compatible; Googlebot/2.1; +http://www.google.com/bot.html)"
66.249.79.163 - - [24/Jun/2025:19:59:04 +0000] "GET /index.php?shopdetail/421996978 HTTP/1.1" 301 274 "-" "Mozilla/5.0 (compatible; Googlebot/2.1; +http://www.google.com/bot.html)"
66.249.79.160 - - [24/Jun/2025:19:59:05 +0000] "GET /index.php?shopdetail/421996978 HTTP/1.1" 404 - "-" "Mozilla/5.0 (compatible; Googlebot/2.1; +http://www.google.com/bot.html)"
66.249.79.161 - - [24/Jun/2025:19:59:36 +0000] "GET /index.php?shopdetail/121340378 HTTP/1.1" 301 274 "-" "Mozilla/5.0 (compatible; Googlebot/2.1; +http://www.google.com/bot.html)"
66.249.79.161 - - [24/Jun/2025:19:59:36 +0000] "GET /index.php?shopdetail/446178178 HTTP/1.1" 301 274 "-" "Mozilla/5.0 (compatible; Googlebot/2.1; +http://www.google.com/bot.html)"
66.249.79.160 - - [24/Jun/2025:19:59:37 +0000] "GET /index.php?shopdetail/121340378 HTTP/1.1" 404 - "-" "Mozilla/5.0 (compatible; Googlebot/2.1; +http://www.google.com/bot.html)"
66.249.79.160 - - [24/Jun/2025:19:59:37 +0000] "GET /index.php?shopdetail/446178178 HTTP/1.1" 404 - "-" "Mozilla/5.0 (compatible; Googlebot/2.1; +http://www.google.com/bot.html)"
196.251.71.187 - - [24/Jun/2025:20:00:30 +0000] "GET /dropdown.php HTTP/1.1" 404 - "http://udyamonlineregistration.org/dropdown.php" "Go-http-client/1.1"
196.251.71.187 - - [24/Jun/2025:20:00:30 +0000] "GET /wp-content/plugins/index.php HTTP/1.1" 404 - "http://udyamonlineregistration.org/wp-content/plugins/index.php" "Go-http-client/1.1"
196.251.71.187 - - [24/Jun/2025:20:00:30 +0000] "GET /images/class-config.php HTTP/1.1" 404 - "http://udyamonlineregistration.org/images/class-config.php" "Go-http-client/1.1"
196.251.71.187 - - [24/Jun/2025:20:00:31 +0000] "GET /wp-content/uploads/wp_live_chat/abruzi.php HTTP/1.1" 404 - "http://udyamonlineregistration.org/wp-content/uploads/wp_live_chat/abruzi.php" "Go-http-client/1.1"
196.251.71.187 - - [24/Jun/2025:20:00:31 +0000] "GET /system.php HTTP/1.1" 404 - "http://udyamonlineregistration.org/system.php" "Go-http-client/1.1"
196.251.71.187 - - [24/Jun/2025:20:00:31 +0000] "GET /wp-includes/widgets/class-wp-widget-media-statement.php HTTP/1.1" 404 - "http://udyamonlineregistration.org/wp-includes/widgets/class-wp-widget-media-statement.php" "Go-http-client/1.1"
196.251.71.187 - - [24/Jun/2025:20:00:31 +0000] "GET /wp-content/about.php HTTP/1.1" 404 - "http://udyamonlineregistration.org/wp-content/about.php" "Go-http-client/1.1"
196.251.71.187 - - [24/Jun/2025:20:00:32 +0000] "GET /about.php HTTP/1.1" 404 - "http://udyamonlineregistration.org/about.php" "Go-http-client/1.1"
196.251.71.187 - - [24/Jun/2025:20:00:32 +0000] "GET /wp-content/plugins/fix/up.php HTTP/1.1" 404 - "http://udyamonlineregistration.org/wp-content/plugins/fix/up.php" "Go-http-client/1.1"
196.251.71.187 - - [24/Jun/2025:20:00:32 +0000] "GET /wp-content/themes/twentyfive/include.php HTTP/1.1" 404 - "http://udyamonlineregistration.org/wp-content/themes/twentyfive/include.php" "Go-http-client/1.1"
196.251.71.187 - - [24/Jun/2025:20:00:33 +0000] "GET /admin.php HTTP/1.1" 404 - "http://udyamonlineregistration.org/admin.php" "Go-http-client/1.1"
196.251.71.187 - - [24/Jun/2025:20:00:33 +0000] "GET /wp-content/simple.php HTTP/1.1" 404 - "http://udyamonlineregistration.org/wp-content/simple.php" "Go-http-client/1.1"
196.251.71.187 - - [24/Jun/2025:20:00:33 +0000] "GET /dropdown.php HTTP/1.1" 404 - "-" "Go-http-client/1.1"
66.249.79.162 - - [24/Jun/2025:20:00:33 +0000] "GET /index.php?shopdetail/88314878 HTTP/1.1" 301 273 "-" "Mozilla/5.0 (Linux; Android 6.0.1; Nexus 5X Build/MMB29P) AppleWebKit/537.36 (KHTML, like Gecko) Chrome/137.0.7151.103 Mobile Safari/537.36 (compatible; Googlebot/2.1; +http://www.google.com/bot.html)"
196.251.71.187 - - [24/Jun/2025:20:00:33 +0000] "GET /wp-content/plugins/index.php HTTP/1.1" 404 - "-" "Go-http-client/1.1"
196.251.71.187 - - [24/Jun/2025:20:00:33 +0000] "GET /images/class-config.php HTTP/1.1" 404 - "-" "Go-http-client/1.1"
196.251.71.187 - - [24/Jun/2025:20:00:33 +0000] "GET /wp-content/uploads/wp_live_chat/abruzi.php HTTP/1.1" 404 - "-" "Go-http-client/1.1"
196.251.71.187 - - [24/Jun/2025:20:00:33 +0000] "GET /system.php HTTP/1.1" 404 - "-" "Go-http-client/1.1"
196.251.71.187 - - [24/Jun/2025:20:00:34 +0000] "GET /wp-includes/widgets/class-wp-widget-media-statement.php HTTP/1.1" 404 - "-" "Go-http-client/1.1"
196.251.71.187 - - [24/Jun/2025:20:00:34 +0000] "GET /wp-content/about.php HTTP/1.1" 404 - "-" "Go-http-client/1.1"
66.249.79.160 - - [24/Jun/2025:20:00:34 +0000] "GET /index.php?shopdetail/88314878 HTTP/1.1" 404 - "-" "Mozilla/5.0 (Linux; Android 6.0.1; Nexus 5X Build/MMB29P) AppleWebKit/537.36 (KHTML, like Gecko) Chrome/137.0.7151.103 Mobile Safari/537.36 (compatible; Googlebot/2.1; +http://www.google.com/bot.html)"
196.251.71.187 - - [24/Jun/2025:20:00:34 +0000] "GET /about.php HTTP/1.1" 404 - "-" "Go-http-client/1.1"
196.251.71.187 - - [24/Jun/2025:20:00:34 +0000] "GET /wp-content/plugins/fix/up.php HTTP/1.1" 404 - "-" "Go-http-client/1.1"
196.251.71.187 - - [24/Jun/2025:20:00:34 +0000] "GET /wp-content/themes/twentyfive/include.php HTTP/1.1" 404 - "-" "Go-http-client/1.1"
196.251.71.187 - - [24/Jun/2025:20:00:34 +0000] "GET /admin.php HTTP/1.1" 404 - "-" "Go-http-client/1.1"
196.251.71.187 - - [24/Jun/2025:20:00:34 +0000] "GET /wp-content/simple.php HTTP/1.1" 404 - "-" "Go-http-client/1.1"
66.249.79.161 - - [24/Jun/2025:20:00:36 +0000] "GET /index.php?shopdetail/284988278 HTTP/1.1" 301 274 "-" "Mozilla/5.0 (compatible; Googlebot/2.1; +http://www.google.com/bot.html)"
66.249.79.161 - - [24/Jun/2025:20:00:37 +0000] "GET /index.php?shopdetail/284988278 HTTP/1.1" 404 - "-" "Mozilla/5.0 (compatible; Googlebot/2.1; +http://www.google.com/bot.html)"
57.141.2.20 - - [24/Jun/2025:20:00:51 +0000] "GET /lowpr.php?shopdetail/272618978 HTTP/2.0" 404 - "-" "meta-externalagent/1.1 (+https://developers.facebook.com/docs/sharing/webmasters/crawler)"
66.249.79.163 - - [24/Jun/2025:20:03:05 +0000] "GET /index.php/avsoft.html HTTP/1.1" 301 265 "-" "Mozilla/5.0 (Linux; Android 6.0.1; Nexus 5X Build/MMB29P) AppleWebKit/537.36 (KHTML, like Gecko) Chrome/137.0.7151.103 Mobile Safari/537.36 (compatible; Googlebot/2.1; +http://www.google.com/bot.html)"
66.249.79.162 - - [24/Jun/2025:20:03:06 +0000] "GET /index.php/avsoft.html HTTP/1.1" 404 - "-" "Mozilla/5.0 (Linux; Android 6.0.1; Nexus 5X Build/MMB29P) AppleWebKit/537.36 (KHTML, like Gecko) Chrome/137.0.7151.103 Mobile Safari/537.36 (compatible; Googlebot/2.1; +http://www.google.com/bot.html)"
23.82.81.227 - - [24/Jun/2025:20:05:00 +0000] "GET / HTTP/2.0" 200 65336 "-" "Mozilla/5.0 (Macintosh; Intel Mac OS X 10_15_7) AppleWebKit/537.36 (KHTML, like Gecko) Chrome/131.0.0.0 Safari/537.36"
23.82.81.227 - - [24/Jun/2025:20:05:02 +0000] "GET /udyam-online.php HTTP/2.0" 301 244 "-" "Mozilla/5.0 (Macintosh; Intel Mac OS X 10_15_7) AppleWebKit/537.36 (KHTML, like Gecko) Chrome/131.0.0.0 Safari/537.36"
23.82.81.227 - - [24/Jun/2025:20:05:02 +0000] "GET / HTTP/2.0" 200 65336 "https://udyamonlineregistration.org/udyam-online.php" "Mozilla/5.0 (Macintosh; Intel Mac OS X 10_15_7) AppleWebKit/537.36 (KHTML, like Gecko) Chrome/131.0.0.0 Safari/537.36"
23.82.81.227 - - [24/Jun/2025:20:05:04 +0000] "GET /re-registration.php HTTP/2.0" 200 46411 "-" "Mozilla/5.0 (Macintosh; Intel Mac OS X 10_15_7) AppleWebKit/537.36 (KHTML, like Gecko) Chrome/131.0.0.0 Safari/537.36"
23.82.81.227 - - [24/Jun/2025:20:05:05 +0000] "GET /about-us.php HTTP/2.0" 200 17577 "-" "Mozilla/5.0 (Macintosh; Intel Mac OS X 10_15_7) AppleWebKit/537.36 (KHTML, like Gecko) Chrome/131.0.0.0 Safari/537.36"
23.82.81.227 - - [24/Jun/2025:20:05:07 +0000] "GET /contact-us.php HTTP/2.0" 200 23070 "-" "Mozilla/5.0 (Macintosh; Intel Mac OS X 10_15_7) AppleWebKit/537.36 (KHTML, like Gecko) Chrome/131.0.0.0 Safari/537.36"
23.82.81.227 - - [24/Jun/2025:20:05:08 +0000] "GET /blog HTTP/2.0" 301 249 "-" "Mozilla/5.0 (Macintosh; Intel Mac OS X 10_15_7) AppleWebKit/537.36 (KHTML, like Gecko) Chrome/131.0.0.0 Safari/537.36"
23.82.81.227 - - [24/Jun/2025:20:05:08 +0000] "GET /blog/ HTTP/2.0" 200 25669 "https://udyamonlineregistration.org/blog" "Mozilla/5.0 (Macintosh; Intel Mac OS X 10_15_7) AppleWebKit/537.36 (KHTML, like Gecko) Chrome/131.0.0.0 Safari/537.36"
23.82.81.227 - - [24/Jun/2025:20:05:09 +0000] "GET /state.js HTTP/2.0" 200 10006 "-" "Mozilla/5.0 (Macintosh; Intel Mac OS X 10_15_7) AppleWebKit/537.36 (KHTML, like Gecko) Chrome/131.0.0.0 Safari/537.36"
66.249.79.163 - - [24/Jun/2025:20:05:10 +0000] "GET /index.php?shopdetail/333247178 HTTP/1.1" 301 274 "-" "Mozilla/5.0 (compatible; Googlebot/2.1; +http://www.google.com/bot.html)"
23.82.81.227 - - [24/Jun/2025:20:05:10 +0000] "GET /client.js HTTP/2.0" 200 1747 "-" "Mozilla/5.0 (Macintosh; Intel Mac OS X 10_15_7) AppleWebKit/537.36 (KHTML, like Gecko) Chrome/131.0.0.0 Safari/537.36"
23.82.81.227 - - [24/Jun/2025:20:05:10 +0000] "GET /assets/js/nav.js HTTP/2.0" 200 159 "-" "Mozilla/5.0 (Macintosh; Intel Mac OS X 10_15_7) AppleWebKit/537.36 (KHTML, like Gecko) Chrome/131.0.0.0 Safari/537.36"
66.249.79.161 - - [24/Jun/2025:20:05:10 +0000] "GET /index.php?shopdetail/333247178 HTTP/1.1" 404 - "-" "Mozilla/5.0 (compatible; Googlebot/2.1; +http://www.google.com/bot.html)"
23.82.81.227 - - [24/Jun/2025:20:05:10 +0000] "GET /assets/js/util.js HTTP/2.0" 200 2562 "-" "Mozilla/5.0 (Macintosh; Intel Mac OS X 10_15_7) AppleWebKit/537.36 (KHTML, like Gecko) Chrome/131.0.0.0 Safari/537.36"
23.82.81.227 - - [24/Jun/2025:20:05:11 +0000] "GET /assets/js/main.js HTTP/2.0" 200 571 "-" "Mozilla/5.0 (Macintosh; Intel Mac OS X 10_15_7) AppleWebKit/537.36 (KHTML, like Gecko) Chrome/131.0.0.0 Safari/537.36"
66.249.79.161 - - [24/Jun/2025:20:06:29 +0000] "GET /index.php?shopdetail/437897478 HTTP/1.1" 301 274 "-" "Mozilla/5.0 (compatible; Googlebot/2.1; +http://www.google.com/bot.html)"
66.249.79.161 - - [24/Jun/2025:20:06:30 +0000] "GET /index.php?shopdetail/437897478 HTTP/1.1" 404 - "-" "Mozilla/5.0 (compatible; Googlebot/2.1; +http://www.google.com/bot.html)"
66.249.79.161 - - [24/Jun/2025:20:07:54 +0000] "GET /index.php?shopdetail/152817278 HTTP/1.1" 301 274 "-" "Mozilla/5.0 (compatible; Googlebot/2.1; +http://www.google.com/bot.html)"
66.249.79.161 - - [24/Jun/2025:20:07:54 +0000] "GET /index.php?shopdetail/152817278 HTTP/1.1" 404 - "-" "Mozilla/5.0 (compatible; Googlebot/2.1; +http://www.google.com/bot.html)"
66.249.79.161 - - [24/Jun/2025:20:08:10 +0000] "GET /index.php?shopdetail/441298978 HTTP/1.1" 301 274 "-" "Mozilla/5.0 (compatible; Googlebot/2.1; +http://www.google.com/bot.html)"
66.249.79.161 - - [24/Jun/2025:20:08:11 +0000] "GET /index.php?shopdetail/441298978 HTTP/1.1" 404 - "-" "Mozilla/5.0 (compatible; Googlebot/2.1; +http://www.google.com/bot.html)"
57.141.2.2 - - [24/Jun/2025:20:08:43 +0000] "GET /lowpr.php?shopdetail/379884078 HTTP/2.0" 404 - "-" "meta-externalagent/1.1 (+https://developers.facebook.com/docs/sharing/webmasters/crawler)"
66.249.79.162 - - [24/Jun/2025:20:09:06 +0000] "GET /index.php?shopdetail/571277478 HTTP/1.1" 301 274 "-" "Mozilla/5.0 (Linux; Android 6.0.1; Nexus 5X Build/MMB29P) AppleWebKit/537.36 (KHTML, like Gecko) Chrome/137.0.7151.103 Mobile Safari/537.36 (compatible; Googlebot/2.1; +http://www.google.com/bot.html)"
66.249.79.161 - - [24/Jun/2025:20:09:07 +0000] "GET /index.php?shopdetail/571277478 HTTP/1.1" 404 - "-" "Mozilla/5.0 (Linux; Android 6.0.1; Nexus 5X Build/MMB29P) AppleWebKit/537.36 (KHTML, like Gecko) Chrome/137.0.7151.103 Mobile Safari/537.36 (compatible; Googlebot/2.1; +http://www.google.com/bot.html)"
57.141.2.21 - - [24/Jun/2025:20:09:40 +0000] "GET /lowpr.php?shopdetail/21935478 HTTP/2.0" 404 - "-" "meta-externalagent/1.1 (+https://developers.facebook.com/docs/sharing/webmasters/crawler)"
