114.32.82.240 - - [24/Jun/2025:23:22:22 +0000] "POST /submit.php HTTP/1.1" 200 68 "-" "Mozilla/5.0 (Macintosh; Intel Mac OS X 10_15_7) AppleWebKit/537.36 (KHTML, like Gecko) Chrome/133.0.0.0 Safari/537.36"
114.32.82.240 - - [24/Jun/2025:23:22:26 +0000] "POST /submit.php HTTP/1.1" 200 77 "-" "Mozilla/5.0 (Windows NT 10.0; Win64; x64) AppleWebKit/537.36 (KHTML, like Gecko) Chrome/120.0.0.0 Safari/537.36"
80.85.246.214 - - [24/Jun/2025:23:22:27 +0000] "GET / HTTP/1.1" 200 65336 "-" "Mozilla/5.0 (Macintosh; Intel Mac OS X 10_15_7) AppleWebKit/537.36 (KHTML, like Gecko) Chrome/133.0.0.0 Safari/537.36"
114.32.82.240 - - [24/Jun/2025:23:22:29 +0000] "POST /submit.php HTTP/1.1" 200 68 "-" "Mozilla/5.0 (Macintosh; Intel Mac OS X 10_15_7) AppleWebKit/537.36 (KHTML, like Gecko) Chrome/133.0.0.0 Safari/537.36"
114.32.82.240 - - [24/Jun/2025:23:22:31 +0000] "POST /submit.php HTTP/1.1" 200 77 "-" "Mozilla/5.0 (Windows NT 10.0; Win64; x64) AppleWebKit/537.36 (KHTML, like Gecko) Chrome/120.0.0.0 Safari/537.36"
80.85.246.214 - - [24/Jun/2025:23:22:31 +0000] "GET /re-registration.php HTTP/1.1" 200 46411 "-" "Mozilla/5.0 (Macintosh; Intel Mac OS X 10_15_7) AppleWebKit/537.36 (KHTML, like Gecko) Chrome/133.0.0.0 Safari/537.36"
80.85.246.214 - - [24/Jun/2025:23:22:33 +0000] "GET /cancel-registration.php HTTP/1.1" 200 40900 "-" "Mozilla/5.0 (Macintosh; Intel Mac OS X 10_15_7) AppleWebKit/537.36 (KHTML, like Gecko) Chrome/133.0.0.0 Safari/537.36"
114.32.82.240 - - [24/Jun/2025:23:22:36 +0000] "POST /cancel-registration.php HTTP/1.1" 200 68 "-" "Mozilla/5.0 (Macintosh; Intel Mac OS X 10_15_7) AppleWebKit/537.36 (KHTML, like Gecko) Chrome/133.0.0.0 Safari/537.36"
114.32.82.240 - - [24/Jun/2025:23:22:45 +0000] "POST /cancel-registration.php HTTP/1.1" 200 40900 "-" "Mozilla/5.0 (Windows NT 10.0; Win64; x64) AppleWebKit/537.36 (KHTML, like Gecko) Chrome/120.0.0.0 Safari/537.36"
80.85.246.214 - - [24/Jun/2025:23:22:46 +0000] "GET /udyam-registration-certificate-sample.php HTTP/1.1" 200 18977 "-" "Mozilla/5.0 (Macintosh; Intel Mac OS X 10_15_7) AppleWebKit/537.36 (KHTML, like Gecko) Chrome/133.0.0.0 Safari/537.36"
80.85.246.214 - - [24/Jun/2025:23:22:48 +0000] "GET /udyam-registration-certificate-sample.php HTTP/1.1" 200 18977 "-" "Mozilla/5.0 (Macintosh; Intel Mac OS X 10_15_7) AppleWebKit/537.36 (KHTML, like Gecko) Chrome/133.0.0.0 Safari/537.36"
80.85.246.214 - - [24/Jun/2025:23:22:49 +0000] "GET /contact-us.php HTTP/1.1" 200 23070 "-" "Mozilla/5.0 (Macintosh; Intel Mac OS X 10_15_7) AppleWebKit/537.36 (KHTML, like Gecko) Chrome/133.0.0.0 Safari/537.36"
114.32.82.240 - - [24/Jun/2025:23:22:53 +0000] "POST /contact-us.php HTTP/1.1" 200 23136 "-" "Mozilla/5.0 (Macintosh; Intel Mac OS X 10_15_7) AppleWebKit/537.36 (KHTML, like Gecko) Chrome/133.0.0.0 Safari/537.36"
114.32.82.240 - - [24/Jun/2025:23:22:56 +0000] "POST /contact-us.php HTTP/1.1" 200 23070 "-" "Mozilla/5.0 (Windows NT 10.0; Win64; x64) AppleWebKit/537.36 (KHTML, like Gecko) Chrome/120.0.0.0 Safari/537.36"
80.85.246.214 - - [24/Jun/2025:23:22:57 +0000] "GET /enquiry.php HTTP/1.1" 200 25147 "-" "Mozilla/5.0 (Macintosh; Intel Mac OS X 10_15_7) AppleWebKit/537.36 (KHTML, like Gecko) Chrome/133.0.0.0 Safari/537.36"
114.32.82.240 - - [24/Jun/2025:23:22:59 +0000] "POST /mail.php HTTP/1.1" 200 68 "-" "Mozilla/5.0 (Macintosh; Intel Mac OS X 10_15_7) AppleWebKit/537.36 (KHTML, like Gecko) Chrome/133.0.0.0 Safari/537.36"
114.32.82.240 - - [24/Jun/2025:23:23:01 +0000] "POST /mail.php HTTP/1.1" 200 - "-" "Mozilla/5.0 (Windows NT 10.0; Win64; x64) AppleWebKit/537.36 (KHTML, like Gecko) Chrome/120.0.0.0 Safari/537.36"
80.85.246.214 - - [24/Jun/2025:23:23:02 +0000] "GET /blog HTTP/1.1" 301 249 "-" "Mozilla/5.0 (Macintosh; Intel Mac OS X 10_15_7) AppleWebKit/537.36 (KHTML, like Gecko) Chrome/133.0.0.0 Safari/537.36"
80.85.246.214 - - [24/Jun/2025:23:23:02 +0000] "GET /blog/ HTTP/1.1" 200 25669 "https://UDYAMONLINEREGISTRATION.ORG/blog" "Mozilla/5.0 (Macintosh; Intel Mac OS X 10_15_7) AppleWebKit/537.36 (KHTML, like Gecko) Chrome/133.0.0.0 Safari/537.36"
80.85.246.214 - - [24/Jun/2025:23:23:04 +0000] "GET /blog/ HTTP/1.1" 200 25669 "-" "Mozilla/5.0 (Macintosh; Intel Mac OS X 10_15_7) AppleWebKit/537.36 (KHTML, like Gecko) Chrome/133.0.0.0 Safari/537.36"
80.85.246.214 - - [24/Jun/2025:23:23:05 +0000] "GET /blog/msme-registration-for-business HTTP/1.1" 200 26068 "-" "Mozilla/5.0 (Macintosh; Intel Mac OS X 10_15_7) AppleWebKit/537.36 (KHTML, like Gecko) Chrome/133.0.0.0 Safari/537.36"
80.85.246.214 - - [24/Jun/2025:23:23:07 +0000] "GET /blog/msme-registration HTTP/1.1" 200 26697 "-" "Mozilla/5.0 (Macintosh; Intel Mac OS X 10_15_7) AppleWebKit/537.36 (KHTML, like Gecko) Chrome/133.0.0.0 Safari/537.36"
80.85.246.214 - - [24/Jun/2025:23:23:08 +0000] "GET /blog/govt-considering-giving-msme-status-to-dealers-says-gadkari HTTP/1.1" 200 24503 "-" "Mozilla/5.0 (Macintosh; Intel Mac OS X 10_15_7) AppleWebKit/537.36 (KHTML, like Gecko) Chrome/133.0.0.0 Safari/537.36"
80.85.246.214 - - [24/Jun/2025:23:23:09 +0000] "GET /blog/udyam-registration-benefits-for-business-in-india HTTP/1.1" 200 33787 "-" "Mozilla/5.0 (Macintosh; Intel Mac OS X 10_15_7) AppleWebKit/537.36 (KHTML, like Gecko) Chrome/133.0.0.0 Safari/537.36"
80.85.246.214 - - [24/Jun/2025:23:23:11 +0000] "GET /blog/udyam-registration HTTP/1.1" 200 30148 "-" "Mozilla/5.0 (Macintosh; Intel Mac OS X 10_15_7) AppleWebKit/537.36 (KHTML, like Gecko) Chrome/133.0.0.0 Safari/537.36"
80.85.246.214 - - [24/Jun/2025:23:23:14 +0000] "GET /blog/impact-of-section-43b-h-on-msme HTTP/1.1" 200 18714 "-" "Mozilla/5.0 (Macintosh; Intel Mac OS X 10_15_7) AppleWebKit/537.36 (KHTML, like Gecko) Chrome/133.0.0.0 Safari/537.36"
66.249.79.162 - - [24/Jun/2025:23:23:14 +0000] "GET /index.php?shopdetail/301932478 HTTP/1.1" 301 274 "-" "Mozilla/5.0 (compatible; Googlebot/2.1; +http://www.google.com/bot.html)"
66.249.79.160 - - [24/Jun/2025:23:23:15 +0000] "GET /index.php?shopdetail/301932478 HTTP/1.1" 404 - "-" "Mozilla/5.0 (compatible; Googlebot/2.1; +http://www.google.com/bot.html)"
66.249.79.161 - - [24/Jun/2025:23:23:18 +0000] "GET /index.php?shopdetail/86499678 HTTP/1.1" 301 273 "-" "Mozilla/5.0 (Linux; Android 6.0.1; Nexus 5X Build/MMB29P) AppleWebKit/537.36 (KHTML, like Gecko) Chrome/137.0.7151.103 Mobile Safari/537.36 (compatible; Googlebot/2.1; +http://www.google.com/bot.html)"
66.249.79.161 - - [24/Jun/2025:23:23:19 +0000] "GET /index.php?shopdetail/86499678 HTTP/1.1" 404 - "-" "Mozilla/5.0 (Linux; Android 6.0.1; Nexus 5X Build/MMB29P) AppleWebKit/537.36 (KHTML, like Gecko) Chrome/137.0.7151.103 Mobile Safari/537.36 (compatible; Googlebot/2.1; +http://www.google.com/bot.html)"
66.249.79.161 - - [24/Jun/2025:23:23:31 +0000] "GET /index.php?shopdetail/591582078 HTTP/1.1" 301 274 "-" "Mozilla/5.0 (compatible; Googlebot/2.1; +http://www.google.com/bot.html)"
66.249.79.160 - - [24/Jun/2025:23:23:31 +0000] "GET /index.php?shopdetail/591582078 HTTP/1.1" 404 - "-" "Mozilla/5.0 (compatible; Googlebot/2.1; +http://www.google.com/bot.html)"
66.249.79.162 - - [24/Jun/2025:23:24:18 +0000] "GET /index.php?shopdetail/557306378 HTTP/1.1" 301 274 "-" "Mozilla/5.0 (Linux; Android 6.0.1; Nexus 5X Build/MMB29P) AppleWebKit/537.36 (KHTML, like Gecko) Chrome/137.0.7151.103 Mobile Safari/537.36 (compatible; Googlebot/2.1; +http://www.google.com/bot.html)"
66.249.79.160 - - [24/Jun/2025:23:24:18 +0000] "GET /index.php?shopdetail/557306378 HTTP/1.1" 404 - "-" "Mozilla/5.0 (Linux; Android 6.0.1; Nexus 5X Build/MMB29P) AppleWebKit/537.36 (KHTML, like Gecko) Chrome/137.0.7151.103 Mobile Safari/537.36 (compatible; Googlebot/2.1; +http://www.google.com/bot.html)"
66.249.79.162 - - [24/Jun/2025:23:24:24 +0000] "GET /index.php?shopdetail/87586678 HTTP/1.1" 301 273 "-" "Mozilla/5.0 (Linux; Android 6.0.1; Nexus 5X Build/MMB29P) AppleWebKit/537.36 (KHTML, like Gecko) Chrome/137.0.7151.103 Mobile Safari/537.36 (compatible; Googlebot/2.1; +http://www.google.com/bot.html)"
66.249.79.160 - - [24/Jun/2025:23:24:25 +0000] "GET /index.php?shopdetail/87586678 HTTP/1.1" 404 - "-" "Mozilla/5.0 (Linux; Android 6.0.1; Nexus 5X Build/MMB29P) AppleWebKit/537.36 (KHTML, like Gecko) Chrome/137.0.7151.103 Mobile Safari/537.36 (compatible; Googlebot/2.1; +http://www.google.com/bot.html)"
66.249.79.162 - - [24/Jun/2025:23:25:01 +0000] "GET /index.php?shopdetail/102018478 HTTP/1.1" 301 274 "-" "Mozilla/5.0 (compatible; Googlebot/2.1; +http://www.google.com/bot.html)"
66.249.79.161 - - [24/Jun/2025:23:25:02 +0000] "GET /index.php?shopdetail/102018478 HTTP/1.1" 404 - "-" "Mozilla/5.0 (compatible; Googlebot/2.1; +http://www.google.com/bot.html)"
57.141.2.6 - - [24/Jun/2025:23:26:54 +0000] "GET /lowpr.php?shopdetail/69735378 HTTP/2.0" 404 - "-" "meta-externalagent/1.1 (+https://developers.facebook.com/docs/sharing/webmasters/crawler)"
57.141.2.19 - - [24/Jun/2025:23:29:41 +0000] "GET /lowpr.php?shopdetail/328760078 HTTP/2.0" 404 - "-" "meta-externalagent/1.1 (+https://developers.facebook.com/docs/sharing/webmasters/crawler)"
57.141.2.5 - - [24/Jun/2025:23:31:12 +0000] "GET /lowpr.php?shopdetail/283148878 HTTP/2.0" 404 - "-" "meta-externalagent/1.1 (+https://developers.facebook.com/docs/sharing/webmasters/crawler)"
66.249.79.162 - - [24/Jun/2025:23:31:32 +0000] "GET /index.php?shopdetail/104617178 HTTP/1.1" 301 274 "-" "Mozilla/5.0 (Linux; Android 6.0.1; Nexus 5X Build/MMB29P) AppleWebKit/537.36 (KHTML, like Gecko) Chrome/137.0.7151.103 Mobile Safari/537.36 (compatible; Googlebot/2.1; +http://www.google.com/bot.html)"
66.249.79.162 - - [24/Jun/2025:23:31:33 +0000] "GET /index.php?shopdetail/104617178 HTTP/1.1" 404 - "-" "Mozilla/5.0 (Linux; Android 6.0.1; Nexus 5X Build/MMB29P) AppleWebKit/537.36 (KHTML, like Gecko) Chrome/137.0.7151.103 Mobile Safari/537.36 (compatible; Googlebot/2.1; +http://www.google.com/bot.html)"
66.249.79.162 - - [24/Jun/2025:23:31:40 +0000] "GET /index.php?shopdetail/39213178 HTTP/1.1" 301 273 "-" "Mozilla/5.0 (compatible; Googlebot/2.1; +http://www.google.com/bot.html)"
66.249.79.162 - - [24/Jun/2025:23:31:40 +0000] "GET /index.php?shopdetail/39213178 HTTP/1.1" 301 273 "-" "Mozilla/5.0 (Linux; Android 6.0.1; Nexus 5X Build/MMB29P) AppleWebKit/537.36 (KHTML, like Gecko) Chrome/137.0.7151.103 Mobile Safari/537.36 (compatible; Googlebot/2.1; +http://www.google.com/bot.html)"
66.249.79.161 - - [24/Jun/2025:23:31:41 +0000] "GET /index.php?shopdetail/39213178 HTTP/1.1" 404 - "-" "Mozilla/5.0 (compatible; Googlebot/2.1; +http://www.google.com/bot.html)"
66.249.79.161 - - [24/Jun/2025:23:31:41 +0000] "GET /index.php?shopdetail/39213178 HTTP/1.1" 404 - "-" "Mozilla/5.0 (Linux; Android 6.0.1; Nexus 5X Build/MMB29P) AppleWebKit/537.36 (KHTML, like Gecko) Chrome/137.0.7151.103 Mobile Safari/537.36 (compatible; Googlebot/2.1; +http://www.google.com/bot.html)"
57.141.2.24 - - [24/Jun/2025:23:31:42 +0000] "GET /lowpr.php?shopdetail/324137378 HTTP/2.0" 404 - "-" "meta-externalagent/1.1 (+https://developers.facebook.com/docs/sharing/webmasters/crawler)"
57.141.2.24 - - [24/Jun/2025:23:31:48 +0000] "GET /lowpr.php?shopdetail/253656878 HTTP/2.0" 404 - "-" "meta-externalagent/1.1 (+https://developers.facebook.com/docs/sharing/webmasters/crawler)"
88.210.10.79 - - [24/Jun/2025:23:33:05 +0000] "GET / HTTP/1.1" 200 65336 "-" "Mozilla/5.0 (Macintosh; Intel Mac OS X 10_15_7) AppleWebKit/537.36 (KHTML, like Gecko) Chrome/133.0.0.0 Safari/537.36"
181.112.34.202 - - [24/Jun/2025:23:33:08 +0000] "POST /submit.php HTTP/1.1" 200 68 "-" "Mozilla/5.0 (Macintosh; Intel Mac OS X 10_15_7) AppleWebKit/537.36 (KHTML, like Gecko) Chrome/133.0.0.0 Safari/537.36"
181.112.34.202 - - [24/Jun/2025:23:33:10 +0000] "POST /submit.php HTTP/1.1" 200 77 "-" "Mozilla/5.0 (Windows NT 10.0; Win64; x64) AppleWebKit/537.36 (KHTML, like Gecko) Chrome/120.0.0.0 Safari/537.36"
88.210.10.79 - - [24/Jun/2025:23:33:11 +0000] "GET / HTTP/1.1" 200 65336 "-" "Mozilla/5.0 (Macintosh; Intel Mac OS X 10_15_7) AppleWebKit/537.36 (KHTML, like Gecko) Chrome/133.0.0.0 Safari/537.36"
181.112.34.202 - - [24/Jun/2025:23:33:14 +0000] "POST /submit.php HTTP/1.1" 200 68 "-" "Mozilla/5.0 (Macintosh; Intel Mac OS X 10_15_7) AppleWebKit/537.36 (KHTML, like Gecko) Chrome/133.0.0.0 Safari/537.36"
181.112.34.202 - - [24/Jun/2025:23:33:15 +0000] "POST /submit.php HTTP/1.1" 200 77 "-" "Mozilla/5.0 (Windows NT 10.0; Win64; x64) AppleWebKit/537.36 (KHTML, like Gecko) Chrome/120.0.0.0 Safari/537.36"
88.210.10.79 - - [24/Jun/2025:23:33:16 +0000] "GET /re-registration.php HTTP/1.1" 200 46411 "-" "Mozilla/5.0 (Macintosh; Intel Mac OS X 10_15_7) AppleWebKit/537.36 (KHTML, like Gecko) Chrome/133.0.0.0 Safari/537.36"
88.210.10.79 - - [24/Jun/2025:23:33:18 +0000] "GET /cancel-registration.php HTTP/1.1" 200 40900 "-" "Mozilla/5.0 (Macintosh; Intel Mac OS X 10_15_7) AppleWebKit/537.36 (KHTML, like Gecko) Chrome/133.0.0.0 Safari/537.36"
181.112.34.202 - - [24/Jun/2025:23:33:26 +0000] "POST /cancel-registration.php HTTP/1.1" 200 40900 "-" "Mozilla/5.0 (Windows NT 10.0; Win64; x64) AppleWebKit/537.36 (KHTML, like Gecko) Chrome/120.0.0.0 Safari/537.36"
88.210.10.79 - - [24/Jun/2025:23:33:28 +0000] "GET /udyam-registration-certificate-sample.php HTTP/1.1" 200 18977 "-" "Mozilla/5.0 (Macintosh; Intel Mac OS X 10_15_7) AppleWebKit/537.36 (KHTML, like Gecko) Chrome/133.0.0.0 Safari/537.36"
88.210.10.79 - - [24/Jun/2025:23:33:29 +0000] "GET /udyam-registration-certificate-sample.php HTTP/1.1" 200 18977 "-" "Mozilla/5.0 (Macintosh; Intel Mac OS X 10_15_7) AppleWebKit/537.36 (KHTML, like Gecko) Chrome/133.0.0.0 Safari/537.36"
88.210.10.79 - - [24/Jun/2025:23:33:30 +0000] "GET /contact-us.php HTTP/1.1" 200 23070 "-" "Mozilla/5.0 (Macintosh; Intel Mac OS X 10_15_7) AppleWebKit/537.36 (KHTML, like Gecko) Chrome/133.0.0.0 Safari/537.36"
181.112.34.202 - - [24/Jun/2025:23:33:38 +0000] "POST /contact-us.php HTTP/1.1" 200 23136 "-" "Mozilla/5.0 (Macintosh; Intel Mac OS X 10_15_7) AppleWebKit/537.36 (KHTML, like Gecko) Chrome/133.0.0.0 Safari/537.36"
181.112.34.202 - - [24/Jun/2025:23:33:41 +0000] "POST /contact-us.php HTTP/1.1" 200 23070 "-" "Mozilla/5.0 (Windows NT 10.0; Win64; x64) AppleWebKit/537.36 (KHTML, like Gecko) Chrome/120.0.0.0 Safari/537.36"
88.210.10.79 - - [24/Jun/2025:23:33:43 +0000] "GET /enquiry.php HTTP/1.1" 200 25147 "-" "Mozilla/5.0 (Macintosh; Intel Mac OS X 10_15_7) AppleWebKit/537.36 (KHTML, like Gecko) Chrome/133.0.0.0 Safari/537.36"
181.112.34.202 - - [24/Jun/2025:23:33:45 +0000] "POST /mail.php HTTP/1.1" 200 68 "-" "Mozilla/5.0 (Macintosh; Intel Mac OS X 10_15_7) AppleWebKit/537.36 (KHTML, like Gecko) Chrome/133.0.0.0 Safari/537.36"
88.210.10.79 - - [24/Jun/2025:23:33:51 +0000] "GET /blog HTTP/1.1" 301 249 "-" "Mozilla/5.0 (Macintosh; Intel Mac OS X 10_15_7) AppleWebKit/537.36 (KHTML, like Gecko) Chrome/133.0.0.0 Safari/537.36"
88.210.10.79 - - [24/Jun/2025:23:33:52 +0000] "GET /blog/ HTTP/1.1" 200 25669 "https://UDYAMONLINEREGISTRATION.ORG/blog" "Mozilla/5.0 (Macintosh; Intel Mac OS X 10_15_7) AppleWebKit/537.36 (KHTML, like Gecko) Chrome/133.0.0.0 Safari/537.36"
88.210.10.79 - - [24/Jun/2025:23:33:54 +0000] "GET /blog/ HTTP/1.1" 200 25669 "-" "Mozilla/5.0 (Macintosh; Intel Mac OS X 10_15_7) AppleWebKit/537.36 (KHTML, like Gecko) Chrome/133.0.0.0 Safari/537.36"
88.210.10.79 - - [24/Jun/2025:23:33:55 +0000] "GET /blog/msme-registration-for-business HTTP/1.1" 200 26068 "-" "Mozilla/5.0 (Macintosh; Intel Mac OS X 10_15_7) AppleWebKit/537.36 (KHTML, like Gecko) Chrome/133.0.0.0 Safari/537.36"
88.210.10.79 - - [24/Jun/2025:23:33:56 +0000] "GET /blog/msme-registration HTTP/1.1" 200 26697 "-" "Mozilla/5.0 (Macintosh; Intel Mac OS X 10_15_7) AppleWebKit/537.36 (KHTML, like Gecko) Chrome/133.0.0.0 Safari/537.36"
88.210.10.79 - - [24/Jun/2025:23:33:58 +0000] "GET /blog/govt-considering-giving-msme-status-to-dealers-says-gadkari HTTP/1.1" 200 24503 "-" "Mozilla/5.0 (Macintosh; Intel Mac OS X 10_15_7) AppleWebKit/537.36 (KHTML, like Gecko) Chrome/133.0.0.0 Safari/537.36"
88.210.10.79 - - [24/Jun/2025:23:33:59 +0000] "GET /blog/udyam-registration-benefits-for-business-in-india HTTP/1.1" 200 33787 "-" "Mozilla/5.0 (Macintosh; Intel Mac OS X 10_15_7) AppleWebKit/537.36 (KHTML, like Gecko) Chrome/133.0.0.0 Safari/537.36"
66.249.79.163 - - [24/Jun/2025:23:34:01 +0000] "GET /index.php?shopdetail/303553378 HTTP/1.1" 301 274 "-" "Mozilla/5.0 (Linux; Android 6.0.1; Nexus 5X Build/MMB29P) AppleWebKit/537.36 (KHTML, like Gecko) Chrome/137.0.7151.103 Mobile Safari/537.36 (compatible; Googlebot/2.1; +http://www.google.com/bot.html)"
88.210.10.79 - - [24/Jun/2025:23:34:01 +0000] "GET /blog/udyam-registration HTTP/1.1" 200 30148 "-" "Mozilla/5.0 (Macintosh; Intel Mac OS X 10_15_7) AppleWebKit/537.36 (KHTML, like Gecko) Chrome/133.0.0.0 Safari/537.36"
66.249.79.161 - - [24/Jun/2025:23:34:02 +0000] "GET /index.php?shopdetail/303553378 HTTP/1.1" 404 - "-" "Mozilla/5.0 (Linux; Android 6.0.1; Nexus 5X Build/MMB29P) AppleWebKit/537.36 (KHTML, like Gecko) Chrome/137.0.7151.103 Mobile Safari/537.36 (compatible; Googlebot/2.1; +http://www.google.com/bot.html)"
88.210.10.79 - - [24/Jun/2025:23:34:02 +0000] "GET /blog/impact-of-section-43b-h-on-msme HTTP/1.1" 200 18714 "-" "Mozilla/5.0 (Macintosh; Intel Mac OS X 10_15_7) AppleWebKit/537.36 (KHTML, like Gecko) Chrome/133.0.0.0 Safari/537.36"
57.141.2.12 - - [24/Jun/2025:23:34:11 +0000] "GET /lowpr.php?shopdetail/40508278 HTTP/2.0" 404 - "-" "meta-externalagent/1.1 (+https://developers.facebook.com/docs/sharing/webmasters/crawler)"
66.249.79.161 - - [24/Jun/2025:23:34:52 +0000] "GET /index.php HTTP/1.1" 301 253 "-" "Mozilla/5.0 (Linux; Android 6.0.1; Nexus 5X Build/MMB29P) AppleWebKit/537.36 (KHTML, like Gecko) Chrome/137.0.7151.103 Mobile Safari/537.36 (compatible; Googlebot/2.1; +http://www.google.com/bot.html)"
66.249.79.160 - - [24/Jun/2025:23:34:52 +0000] "GET /index.php HTTP/1.1" 404 - "-" "Mozilla/5.0 (Linux; Android 6.0.1; Nexus 5X Build/MMB29P) AppleWebKit/537.36 (KHTML, like Gecko) Chrome/137.0.7151.103 Mobile Safari/537.36 (compatible; Googlebot/2.1; +http://www.google.com/bot.html)"
66.249.79.161 - - [24/Jun/2025:23:35:34 +0000] "GET /index.php?shopdetail/561865778 HTTP/1.1" 301 274 "-" "Mozilla/5.0 (compatible; Googlebot/2.1; +http://www.google.com/bot.html)"
66.249.79.162 - - [24/Jun/2025:23:35:35 +0000] "GET /index.php?shopdetail/561865778 HTTP/1.1" 404 - "-" "Mozilla/5.0 (compatible; Googlebot/2.1; +http://www.google.com/bot.html)"
66.249.79.162 - - [24/Jun/2025:23:37:12 +0000] "GET /index.php?shopdetail/60408378 HTTP/1.1" 301 273 "-" "Mozilla/5.0 (Linux; Android 6.0.1; Nexus 5X Build/MMB29P) AppleWebKit/537.36 (KHTML, like Gecko) Chrome/137.0.7151.103 Mobile Safari/537.36 (compatible; Googlebot/2.1; +http://www.google.com/bot.html)"
66.249.79.162 - - [24/Jun/2025:23:37:13 +0000] "GET /index.php?shopdetail/60408378 HTTP/1.1" 404 - "-" "Mozilla/5.0 (Linux; Android 6.0.1; Nexus 5X Build/MMB29P) AppleWebKit/537.36 (KHTML, like Gecko) Chrome/137.0.7151.103 Mobile Safari/537.36 (compatible; Googlebot/2.1; +http://www.google.com/bot.html)"
57.141.2.13 - - [24/Jun/2025:23:37:51 +0000] "GET /lowpr.php?shopdetail/299931078 HTTP/2.0" 404 - "-" "meta-externalagent/1.1 (+https://developers.facebook.com/docs/sharing/webmasters/crawler)"
57.141.2.30 - - [24/Jun/2025:23:38:44 +0000] "GET /lowpr.php?shopdetail/182697078 HTTP/2.0" 404 - "-" "meta-externalagent/1.1 (+https://developers.facebook.com/docs/sharing/webmasters/crawler)"
66.249.79.161 - - [24/Jun/2025:23:39:47 +0000] "GET /index.php?shopdetail/3728978 HTTP/1.1" 301 272 "-" "Mozilla/5.0 (compatible; Googlebot/2.1; +http://www.google.com/bot.html)"
66.249.79.161 - - [24/Jun/2025:23:39:47 +0000] "GET /index.php?shopdetail/3728978 HTTP/1.1" 404 - "-" "Mozilla/5.0 (compatible; Googlebot/2.1; +http://www.google.com/bot.html)"
57.141.2.7 - - [24/Jun/2025:23:40:01 +0000] "GET /lowpr.php?shopdetail/157674578 HTTP/2.0" 404 - "-" "meta-externalagent/1.1 (+https://developers.facebook.com/docs/sharing/webmasters/crawler)"
66.249.79.162 - - [24/Jun/2025:23:41:06 +0000] "GET /index.php?shopdetail/105877478 HTTP/1.1" 301 274 "-" "Mozilla/5.0 (Linux; Android 6.0.1; Nexus 5X Build/MMB29P) AppleWebKit/537.36 (KHTML, like Gecko) Chrome/137.0.7151.103 Mobile Safari/537.36 (compatible; Googlebot/2.1; +http://www.google.com/bot.html)"
66.249.79.162 - - [24/Jun/2025:23:41:07 +0000] "GET /index.php?shopdetail/105877478 HTTP/1.1" 404 - "-" "Mozilla/5.0 (Linux; Android 6.0.1; Nexus 5X Build/MMB29P) AppleWebKit/537.36 (KHTML, like Gecko) Chrome/137.0.7151.103 Mobile Safari/537.36 (compatible; Googlebot/2.1; +http://www.google.com/bot.html)"
57.141.2.23 - - [24/Jun/2025:23:42:36 +0000] "GET /lowpr.php?shopdetail/114515278 HTTP/2.0" 404 - "-" "meta-externalagent/1.1 (+https://developers.facebook.com/docs/sharing/webmasters/crawler)"
57.141.2.19 - - [24/Jun/2025:23:43:12 +0000] "GET /lowpr.php?shopdetail/139275378 HTTP/2.0" 404 - "-" "meta-externalagent/1.1 (+https://developers.facebook.com/docs/sharing/webmasters/crawler)"
57.141.2.18 - - [24/Jun/2025:23:43:29 +0000] "GET /lowpr.php?shopdetail/247716478 HTTP/2.0" 404 - "-" "meta-externalagent/1.1 (+https://developers.facebook.com/docs/sharing/webmasters/crawler)"
66.249.79.161 - - [24/Jun/2025:23:45:22 +0000] "GET /index.php?shopdetail/268581878 HTTP/1.1" 301 274 "-" "Mozilla/5.0 (Linux; Android 6.0.1; Nexus 5X Build/MMB29P) AppleWebKit/537.36 (KHTML, like Gecko) Chrome/137.0.7151.103 Mobile Safari/537.36 (compatible; Googlebot/2.1; +http://www.google.com/bot.html)"
66.249.79.160 - - [24/Jun/2025:23:45:23 +0000] "GET /index.php?shopdetail/268581878 HTTP/1.1" 404 - "-" "Mozilla/5.0 (Linux; Android 6.0.1; Nexus 5X Build/MMB29P) AppleWebKit/537.36 (KHTML, like Gecko) Chrome/137.0.7151.103 Mobile Safari/537.36 (compatible; Googlebot/2.1; +http://www.google.com/bot.html)"
66.249.79.162 - - [24/Jun/2025:23:45:32 +0000] "GET /index.php?shopdetail/23776578 HTTP/1.1" 301 273 "-" "Mozilla/5.0 (compatible; Googlebot/2.1; +http://www.google.com/bot.html)"
66.249.79.160 - - [24/Jun/2025:23:45:33 +0000] "GET /index.php?shopdetail/23776578 HTTP/1.1" 404 - "-" "Mozilla/5.0 (compatible; Googlebot/2.1; +http://www.google.com/bot.html)"
57.141.2.13 - - [24/Jun/2025:23:47:21 +0000] "GET /lowpr.php?shopdetail/137025078 HTTP/2.0" 404 - "-" "meta-externalagent/1.1 (+https://developers.facebook.com/docs/sharing/webmasters/crawler)"
34.205.163.103 - - [24/Jun/2025:23:47:43 +0000] "GET / HTTP/1.1" 200 65336 "-" "Mozilla/5.0 AppleWebKit/537.36 (KHTML, like Gecko; compatible; Amazonbot/0.1; +https://developer.amazon.com/support/amazonbot) Chrome/119.0.6045.214 Safari/537.36"
66.249.79.161 - - [24/Jun/2025:23:48:27 +0000] "GET /index.php?shopdetail/136822078 HTTP/1.1" 301 274 "-" "Mozilla/5.0 (Linux; Android 6.0.1; Nexus 5X Build/MMB29P) AppleWebKit/537.36 (KHTML, like Gecko) Chrome/137.0.7151.103 Mobile Safari/537.36 (compatible; Googlebot/2.1; +http://www.google.com/bot.html)"
66.249.79.162 - - [24/Jun/2025:23:48:27 +0000] "GET /robots.txt HTTP/1.1" 301 254 "-" "Mozilla/5.0 (compatible; Googlebot/2.1; +http://www.google.com/bot.html)"
66.249.79.161 - - [24/Jun/2025:23:48:27 +0000] "GET /index.php?shopdetail/175603678 HTTP/1.1" 301 274 "-" "Mozilla/5.0 (compatible; Googlebot/2.1; +http://www.google.com/bot.html)"
66.249.79.160 - - [24/Jun/2025:23:48:27 +0000] "GET /index.php?shopdetail/136822078 HTTP/1.1" 404 - "-" "Mozilla/5.0 (Linux; Android 6.0.1; Nexus 5X Build/MMB29P) AppleWebKit/537.36 (KHTML, like Gecko) Chrome/137.0.7151.103 Mobile Safari/537.36 (compatible; Googlebot/2.1; +http://www.google.com/bot.html)"
66.249.79.160 - - [24/Jun/2025:23:48:28 +0000] "GET /index.php?shopdetail/175603678 HTTP/1.1" 404 - "-" "Mozilla/5.0 (compatible; Googlebot/2.1; +http://www.google.com/bot.html)"
66.249.79.161 - - [24/Jun/2025:23:49:15 +0000] "GET /index.php?shopdetail/296204578 HTTP/1.1" 301 274 "-" "Mozilla/5.0 (compatible; Googlebot/2.1; +http://www.google.com/bot.html)"
66.249.79.162 - - [24/Jun/2025:23:49:15 +0000] "GET /index.php?shopdetail/296204578 HTTP/1.1" 404 - "-" "Mozilla/5.0 (compatible; Googlebot/2.1; +http://www.google.com/bot.html)"
66.249.79.161 - - [24/Jun/2025:23:49:16 +0000] "GET /index.php?shopdetail/265322478 HTTP/1.1" 301 274 "-" "Mozilla/5.0 (Linux; Android 6.0.1; Nexus 5X Build/MMB29P) AppleWebKit/537.36 (KHTML, like Gecko) Chrome/137.0.7151.103 Mobile Safari/537.36 (compatible; Googlebot/2.1; +http://www.google.com/bot.html)"
66.249.79.161 - - [24/Jun/2025:23:49:17 +0000] "GET /index.php?shopdetail/265322478 HTTP/1.1" 404 - "-" "Mozilla/5.0 (Linux; Android 6.0.1; Nexus 5X Build/MMB29P) AppleWebKit/537.36 (KHTML, like Gecko) Chrome/137.0.7151.103 Mobile Safari/537.36 (compatible; Googlebot/2.1; +http://www.google.com/bot.html)"
57.141.2.6 - - [24/Jun/2025:23:49:35 +0000] "GET /lowpr.php?shopdetail/164359378 HTTP/2.0" 404 - "-" "meta-externalagent/1.1 (+https://developers.facebook.com/docs/sharing/webmasters/crawler)"
66.249.79.161 - - [24/Jun/2025:23:49:38 +0000] "GET /robots.txt HTTP/1.1" 301 254 "-" "Mozilla/5.0 (compatible; Googlebot/2.1; +http://www.google.com/bot.html)"
66.249.79.162 - - [24/Jun/2025:23:49:38 +0000] "GET /index.php?shopdetail/442598678 HTTP/1.1" 301 274 "-" "Mozilla/5.0 (Linux; Android 6.0.1; Nexus 5X Build/MMB29P) AppleWebKit/537.36 (KHTML, like Gecko) Chrome/137.0.7151.103 Mobile Safari/537.36 (compatible; Googlebot/2.1; +http://www.google.com/bot.html)"
66.249.79.160 - - [24/Jun/2025:23:49:39 +0000] "GET /index.php?shopdetail/442598678 HTTP/1.1" 404 - "-" "Mozilla/5.0 (Linux; Android 6.0.1; Nexus 5X Build/MMB29P) AppleWebKit/537.36 (KHTML, like Gecko) Chrome/137.0.7151.103 Mobile Safari/537.36 (compatible; Googlebot/2.1; +http://www.google.com/bot.html)"
57.141.2.5 - - [24/Jun/2025:23:50:00 +0000] "GET /lowpr.php?shopdetail/264745178 HTTP/2.0" 404 - "-" "meta-externalagent/1.1 (+https://developers.facebook.com/docs/sharing/webmasters/crawler)"
66.249.79.161 - - [24/Jun/2025:23:50:17 +0000] "GET /index.php?shopdetail/390653378 HTTP/1.1" 301 274 "-" "Mozilla/5.0 (Linux; Android 6.0.1; Nexus 5X Build/MMB29P) AppleWebKit/537.36 (KHTML, like Gecko) Chrome/137.0.7151.103 Mobile Safari/537.36 (compatible; Googlebot/2.1; +http://www.google.com/bot.html)"
66.249.79.161 - - [24/Jun/2025:23:50:18 +0000] "GET /index.php?shopdetail/390653378 HTTP/1.1" 404 - "-" "Mozilla/5.0 (Linux; Android 6.0.1; Nexus 5X Build/MMB29P) AppleWebKit/537.36 (KHTML, like Gecko) Chrome/137.0.7151.103 Mobile Safari/537.36 (compatible; Googlebot/2.1; +http://www.google.com/bot.html)"
57.141.2.22 - - [24/Jun/2025:23:50:46 +0000] "GET /lowpr.php?shopdetail/127030078 HTTP/2.0" 404 - "-" "meta-externalagent/1.1 (+https://developers.facebook.com/docs/sharing/webmasters/crawler)"
57.141.2.8 - - [24/Jun/2025:23:51:54 +0000] "GET /lowpr.php?shopdetail/198784478 HTTP/2.0" 404 - "-" "meta-externalagent/1.1 (+https://developers.facebook.com/docs/sharing/webmasters/crawler)"
57.141.2.9 - - [24/Jun/2025:23:52:13 +0000] "GET /lowpr.php?shopdetail/130473778 HTTP/2.0" 404 - "-" "meta-externalagent/1.1 (+https://developers.facebook.com/docs/sharing/webmasters/crawler)"
66.249.79.161 - - [24/Jun/2025:23:52:48 +0000] "GET /index.php?shopdetail/174240678 HTTP/1.1" 301 274 "-" "Mozilla/5.0 (compatible; Googlebot/2.1; +http://www.google.com/bot.html)"
66.249.79.161 - - [24/Jun/2025:23:52:49 +0000] "GET /index.php?shopdetail/174240678 HTTP/1.1" 404 - "-" "Mozilla/5.0 (compatible; Googlebot/2.1; +http://www.google.com/bot.html)"
66.249.79.161 - - [24/Jun/2025:23:53:01 +0000] "GET /index.php?shopdetail/186205478 HTTP/1.1" 301 274 "-" "Mozilla/5.0 (Linux; Android 6.0.1; Nexus 5X Build/MMB29P) AppleWebKit/537.36 (KHTML, like Gecko) Chrome/137.0.7151.103 Mobile Safari/537.36 (compatible; Googlebot/2.1; +http://www.google.com/bot.html)"
66.249.79.161 - - [24/Jun/2025:23:53:02 +0000] "GET /index.php?shopdetail/186205478 HTTP/1.1" 404 - "-" "Mozilla/5.0 (Linux; Android 6.0.1; Nexus 5X Build/MMB29P) AppleWebKit/537.36 (KHTML, like Gecko) Chrome/137.0.7151.103 Mobile Safari/537.36 (compatible; Googlebot/2.1; +http://www.google.com/bot.html)"
66.249.79.163 - - [24/Jun/2025:23:54:09 +0000] "GET /index.php?shopdetail/5894478 HTTP/1.1" 301 272 "-" "Mozilla/5.0 (Linux; Android 6.0.1; Nexus 5X Build/MMB29P) AppleWebKit/537.36 (KHTML, like Gecko) Chrome/137.0.7151.103 Mobile Safari/537.36 (compatible; Googlebot/2.1; +http://www.google.com/bot.html)"
66.249.79.160 - - [24/Jun/2025:23:54:09 +0000] "GET /index.php?shopdetail/5894478 HTTP/1.1" 404 - "-" "Mozilla/5.0 (Linux; Android 6.0.1; Nexus 5X Build/MMB29P) AppleWebKit/537.36 (KHTML, like Gecko) Chrome/137.0.7151.103 Mobile Safari/537.36 (compatible; Googlebot/2.1; +http://www.google.com/bot.html)"
66.249.79.162 - - [24/Jun/2025:23:55:01 +0000] "GET /index.php?shopdetail/53701278 HTTP/1.1" 301 273 "-" "Mozilla/5.0 (Linux; Android 6.0.1; Nexus 5X Build/MMB29P) AppleWebKit/537.36 (KHTML, like Gecko) Chrome/137.0.7151.103 Mobile Safari/537.36 (compatible; Googlebot/2.1; +http://www.google.com/bot.html)"
66.249.79.161 - - [24/Jun/2025:23:55:02 +0000] "GET /index.php?shopdetail/53701278 HTTP/1.1" 404 - "-" "Mozilla/5.0 (Linux; Android 6.0.1; Nexus 5X Build/MMB29P) AppleWebKit/537.36 (KHTML, like Gecko) Chrome/137.0.7151.103 Mobile Safari/537.36 (compatible; Googlebot/2.1; +http://www.google.com/bot.html)"
66.249.79.162 - - [24/Jun/2025:23:55:06 +0000] "GET /index.php?shopdetail/113390478 HTTP/1.1" 301 274 "-" "Mozilla/5.0 (compatible; Googlebot/2.1; +http://www.google.com/bot.html)"
66.249.79.161 - - [24/Jun/2025:23:55:07 +0000] "GET /index.php?shopdetail/113390478 HTTP/1.1" 404 - "-" "Mozilla/5.0 (compatible; Googlebot/2.1; +http://www.google.com/bot.html)"
54.36.148.215 - - [24/Jun/2025:23:55:49 +0000] "GET /robots.txt HTTP/2.0" 200 147 "-" "Mozilla/5.0 (compatible; AhrefsBot/7.0; +http://ahrefs.com/robot/)"
66.249.79.163 - - [24/Jun/2025:23:58:34 +0000] "GET /index.php?shopdetail/223674978 HTTP/1.1" 301 274 "-" "Mozilla/5.0 (compatible; Googlebot/2.1; +http://www.google.com/bot.html)"
66.249.79.163 - - [24/Jun/2025:23:58:34 +0000] "GET /robots.txt HTTP/1.1" 301 254 "-" "Mozilla/5.0 (compatible; Googlebot/2.1; +http://www.google.com/bot.html)"
66.249.79.160 - - [24/Jun/2025:23:58:34 +0000] "GET /robots.txt HTTP/1.1" 200 147 "-" "Mozilla/5.0 (compatible; Googlebot/2.1; +http://www.google.com/bot.html)"
66.249.79.162 - - [24/Jun/2025:23:58:34 +0000] "GET /index.php?shopdetail/223674978 HTTP/1.1" 404 - "-" "Mozilla/5.0 (compatible; Googlebot/2.1; +http://www.google.com/bot.html)"
66.249.79.162 - - [24/Jun/2025:23:59:14 +0000] "GET /index.php?shopdetail/54729878 HTTP/1.1" 301 273 "-" "Mozilla/5.0 (Linux; Android 6.0.1; Nexus 5X Build/MMB29P) AppleWebKit/537.36 (KHTML, like Gecko) Chrome/137.0.7151.103 Mobile Safari/537.36 (compatible; Googlebot/2.1; +http://www.google.com/bot.html)"
66.249.79.162 - - [24/Jun/2025:23:59:15 +0000] "GET /index.php?shopdetail/54729878 HTTP/1.1" 404 - "-" "Mozilla/5.0 (Linux; Android 6.0.1; Nexus 5X Build/MMB29P) AppleWebKit/537.36 (KHTML, like Gecko) Chrome/137.0.7151.103 Mobile Safari/537.36 (compatible; Googlebot/2.1; +http://www.google.com/bot.html)"
66.249.79.161 - - [24/Jun/2025:23:59:47 +0000] "GET /robots.txt HTTP/1.1" 301 254 "-" "Mozilla/5.0 (compatible; Googlebot/2.1; +http://www.google.com/bot.html)"
66.249.79.161 - - [24/Jun/2025:23:59:47 +0000] "GET /index.php?shopdetail/551721878 HTTP/1.1" 301 274 "-" "Mozilla/5.0 (Linux; Android 6.0.1; Nexus 5X Build/MMB29P) AppleWebKit/537.36 (KHTML, like Gecko) Chrome/137.0.7151.103 Mobile Safari/537.36 (compatible; Googlebot/2.1; +http://www.google.com/bot.html)"
66.249.79.160 - - [24/Jun/2025:23:59:47 +0000] "GET /index.php?shopdetail/551721878 HTTP/1.1" 404 - "-" "Mozilla/5.0 (Linux; Android 6.0.1; Nexus 5X Build/MMB29P) AppleWebKit/537.36 (KHTML, like Gecko) Chrome/137.0.7151.103 Mobile Safari/537.36 (compatible; Googlebot/2.1; +http://www.google.com/bot.html)"
66.249.79.160 - - [24/Jun/2025:23:59:47 +0000] "GET /robots.txt HTTP/1.1" 200 147 "-" "Mozilla/5.0 (compatible; Googlebot/2.1; +http://www.google.com/bot.html)"
66.249.79.161 - - [24/Jun/2025:23:59:48 +0000] "GET /index.php?shopdetail/22742278 HTTP/1.1" 301 273 "-" "Mozilla/5.0 (Linux; Android 6.0.1; Nexus 5X Build/MMB29P) AppleWebKit/537.36 (KHTML, like Gecko) Chrome/137.0.7151.103 Mobile Safari/537.36 (compatible; Googlebot/2.1; +http://www.google.com/bot.html)"
66.249.79.160 - - [24/Jun/2025:23:59:48 +0000] "GET /index.php?shopdetail/22742278 HTTP/1.1" 404 - "-" "Mozilla/5.0 (Linux; Android 6.0.1; Nexus 5X Build/MMB29P) AppleWebKit/537.36 (KHTML, like Gecko) Chrome/137.0.7151.103 Mobile Safari/537.36 (compatible; Googlebot/2.1; +http://www.google.com/bot.html)"
66.249.79.161 - - [25/Jun/2025:00:00:16 +0000] "GET /index.php?shopdetail/522485278 HTTP/1.1" 301 274 "-" "Mozilla/5.0 (Linux; Android 6.0.1; Nexus 5X Build/MMB29P) AppleWebKit/537.36 (KHTML, like Gecko) Chrome/137.0.7151.103 Mobile Safari/537.36 (compatible; Googlebot/2.1; +http://www.google.com/bot.html)"
66.249.79.161 - - [25/Jun/2025:00:00:16 +0000] "GET /index.php?shopdetail/522485278 HTTP/1.1" 301 274 "-" "Mozilla/5.0 (compatible; Googlebot/2.1; +http://www.google.com/bot.html)"
66.249.79.161 - - [25/Jun/2025:00:00:17 +0000] "GET /index.php?shopdetail/522485278 HTTP/1.1" 404 - "-" "Mozilla/5.0 (Linux; Android 6.0.1; Nexus 5X Build/MMB29P) AppleWebKit/537.36 (KHTML, like Gecko) Chrome/137.0.7151.103 Mobile Safari/537.36 (compatible; Googlebot/2.1; +http://www.google.com/bot.html)"
66.249.79.161 - - [25/Jun/2025:00:00:17 +0000] "GET /index.php?shopdetail/522485278 HTTP/1.1" 404 - "-" "Mozilla/5.0 (compatible; Googlebot/2.1; +http://www.google.com/bot.html)"
66.249.79.162 - - [25/Jun/2025:00:00:30 +0000] "GET /index.php?shopdetail/351682178 HTTP/1.1" 301 274 "-" "Mozilla/5.0 (Linux; Android 6.0.1; Nexus 5X Build/MMB29P) AppleWebKit/537.36 (KHTML, like Gecko) Chrome/137.0.7151.103 Mobile Safari/537.36 (compatible; Googlebot/2.1; +http://www.google.com/bot.html)"
66.249.79.161 - - [25/Jun/2025:00:00:30 +0000] "GET /index.php?shopdetail/351682178 HTTP/1.1" 404 - "-" "Mozilla/5.0 (Linux; Android 6.0.1; Nexus 5X Build/MMB29P) AppleWebKit/537.36 (KHTML, like Gecko) Chrome/137.0.7151.103 Mobile Safari/537.36 (compatible; Googlebot/2.1; +http://www.google.com/bot.html)"
66.249.79.161 - - [25/Jun/2025:00:00:56 +0000] "GET /index.php?shopdetail/11038278 HTTP/1.1" 301 273 "-" "Mozilla/5.0 (compatible; Googlebot/2.1; +http://www.google.com/bot.html)"
66.249.79.161 - - [25/Jun/2025:00:00:56 +0000] "GET /robots.txt HTTP/1.1" 301 254 "-" "Mozilla/5.0 (compatible; Googlebot/2.1; +http://www.google.com/bot.html)"
66.249.79.161 - - [25/Jun/2025:00:00:56 +0000] "GET /index.php?shopdetail/11038278 HTTP/1.1" 301 273 "-" "Mozilla/5.0 (Linux; Android 6.0.1; Nexus 5X Build/MMB29P) AppleWebKit/537.36 (KHTML, like Gecko) Chrome/137.0.7151.103 Mobile Safari/537.36 (compatible; Googlebot/2.1; +http://www.google.com/bot.html)"
66.249.79.160 - - [25/Jun/2025:00:00:57 +0000] "GET /index.php?shopdetail/11038278 HTTP/1.1" 404 - "-" "Mozilla/5.0 (compatible; Googlebot/2.1; +http://www.google.com/bot.html)"
66.249.79.160 - - [25/Jun/2025:00:00:57 +0000] "GET /index.php?shopdetail/11038278 HTTP/1.1" 404 - "-" "Mozilla/5.0 (Linux; Android 6.0.1; Nexus 5X Build/MMB29P) AppleWebKit/537.36 (KHTML, like Gecko) Chrome/137.0.7151.103 Mobile Safari/537.36 (compatible; Googlebot/2.1; +http://www.google.com/bot.html)"
57.141.2.22 - - [25/Jun/2025:00:01:29 +0000] "GET /lowpr.php?shopdetail/339648578 HTTP/2.0" 404 - "-" "meta-externalagent/1.1 (+https://developers.facebook.com/docs/sharing/webmasters/crawler)"
66.249.79.163 - - [25/Jun/2025:00:01:38 +0000] "GET /index.php?shopdetail/181114878 HTTP/1.1" 301 274 "-" "Mozilla/5.0 (Linux; Android 6.0.1; Nexus 5X Build/MMB29P) AppleWebKit/537.36 (KHTML, like Gecko) Chrome/137.0.7151.103 Mobile Safari/537.36 (compatible; Googlebot/2.1; +http://www.google.com/bot.html)"
66.249.79.161 - - [25/Jun/2025:00:01:38 +0000] "GET /index.php?shopdetail/181114878 HTTP/1.1" 404 - "-" "Mozilla/5.0 (Linux; Android 6.0.1; Nexus 5X Build/MMB29P) AppleWebKit/537.36 (KHTML, like Gecko) Chrome/137.0.7151.103 Mobile Safari/537.36 (compatible; Googlebot/2.1; +http://www.google.com/bot.html)"
66.249.79.163 - - [25/Jun/2025:00:02:48 +0000] "GET /robots.txt HTTP/1.1" 301 254 "-" "Mozilla/5.0 (compatible; Googlebot/2.1; +http://www.google.com/bot.html)"
66.249.79.162 - - [25/Jun/2025:00:02:52 +0000] "GET /index.php?shopdetail/556658278 HTTP/1.1" 301 274 "-" "Mozilla/5.0 (Linux; Android 6.0.1; Nexus 5X Build/MMB29P) AppleWebKit/537.36 (KHTML, like Gecko) Chrome/137.0.7151.103 Mobile Safari/537.36 (compatible; Googlebot/2.1; +http://www.google.com/bot.html)"
66.249.79.160 - - [25/Jun/2025:00:02:53 +0000] "GET /index.php?shopdetail/556658278 HTTP/1.1" 404 - "-" "Mozilla/5.0 (Linux; Android 6.0.1; Nexus 5X Build/MMB29P) AppleWebKit/537.36 (KHTML, like Gecko) Chrome/137.0.7151.103 Mobile Safari/537.36 (compatible; Googlebot/2.1; +http://www.google.com/bot.html)"
57.141.2.29 - - [25/Jun/2025:00:04:59 +0000] "GET /lowpr.php?shopdetail/333293778 HTTP/2.0" 404 - "-" "meta-externalagent/1.1 (+https://developers.facebook.com/docs/sharing/webmasters/crawler)"
66.249.79.161 - - [25/Jun/2025:00:05:22 +0000] "GET /robots.txt HTTP/1.1" 301 254 "-" "Mozilla/5.0 (compatible; Googlebot/2.1; +http://www.google.com/bot.html)"
66.249.79.162 - - [25/Jun/2025:00:05:22 +0000] "GET /index.php?shopdetail/570777278 HTTP/1.1" 301 274 "-" "Mozilla/5.0 (Linux; Android 6.0.1; Nexus 5X Build/MMB29P) AppleWebKit/537.36 (KHTML, like Gecko) Chrome/137.0.7151.103 Mobile Safari/537.36 (compatible; Googlebot/2.1; +http://www.google.com/bot.html)"
66.249.79.160 - - [25/Jun/2025:00:05:22 +0000] "GET /index.php?shopdetail/570777278 HTTP/1.1" 404 - "-" "Mozilla/5.0 (Linux; Android 6.0.1; Nexus 5X Build/MMB29P) AppleWebKit/537.36 (KHTML, like Gecko) Chrome/137.0.7151.103 Mobile Safari/537.36 (compatible; Googlebot/2.1; +http://www.google.com/bot.html)"
66.249.79.162 - - [25/Jun/2025:00:05:26 +0000] "GET /index.php?shopdetail/90537978 HTTP/1.1" 301 273 "-" "Mozilla/5.0 (compatible; Googlebot/2.1; +http://www.google.com/bot.html)"
66.249.79.160 - - [25/Jun/2025:00:05:26 +0000] "GET /index.php?shopdetail/90537978 HTTP/1.1" 404 - "-" "Mozilla/5.0 (compatible; Googlebot/2.1; +http://www.google.com/bot.html)"
66.249.79.161 - - [25/Jun/2025:00:05:41 +0000] "GET /index.php?shopdetail/203490478 HTTP/1.1" 301 274 "-" "Mozilla/5.0 (Linux; Android 6.0.1; Nexus 5X Build/MMB29P) AppleWebKit/537.36 (KHTML, like Gecko) Chrome/137.0.7151.103 Mobile Safari/537.36 (compatible; Googlebot/2.1; +http://www.google.com/bot.html)"
66.249.79.160 - - [25/Jun/2025:00:05:42 +0000] "GET /index.php?shopdetail/203490478 HTTP/1.1" 404 - "-" "Mozilla/5.0 (Linux; Android 6.0.1; Nexus 5X Build/MMB29P) AppleWebKit/537.36 (KHTML, like Gecko) Chrome/137.0.7151.103 Mobile Safari/537.36 (compatible; Googlebot/2.1; +http://www.google.com/bot.html)"
57.141.2.28 - - [25/Jun/2025:00:06:55 +0000] "GET /lowpr.php?shopdetail/141755478 HTTP/2.0" 404 - "-" "meta-externalagent/1.1 (+https://developers.facebook.com/docs/sharing/webmasters/crawler)"
57.141.2.13 - - [25/Jun/2025:00:09:03 +0000] "GET /lowpr.php?shopdetail/380346078 HTTP/2.0" 404 - "-" "meta-externalagent/1.1 (+https://developers.facebook.com/docs/sharing/webmasters/crawler)"
66.249.79.161 - - [25/Jun/2025:00:09:05 +0000] "GET /index.php?shopdetail/268981578 HTTP/1.1" 301 274 "-" "Mozilla/5.0 (compatible; Googlebot/2.1; +http://www.google.com/bot.html)"
66.249.79.160 - - [25/Jun/2025:00:09:05 +0000] "GET /index.php?shopdetail/268981578 HTTP/1.1" 404 - "-" "Mozilla/5.0 (compatible; Googlebot/2.1; +http://www.google.com/bot.html)"
66.249.79.161 - - [25/Jun/2025:00:09:31 +0000] "GET /index.php?shopdetail/514004478 HTTP/1.1" 301 274 "-" "Mozilla/5.0 (compatible; Googlebot/2.1; +http://www.google.com/bot.html)"
66.249.79.160 - - [25/Jun/2025:00:09:31 +0000] "GET /index.php?shopdetail/514004478 HTTP/1.1" 404 - "-" "Mozilla/5.0 (compatible; Googlebot/2.1; +http://www.google.com/bot.html)"
66.249.79.161 - - [25/Jun/2025:00:10:29 +0000] "GET /index.php?shopdetail/374746478 HTTP/1.1" 301 274 "-" "Mozilla/5.0 (compatible; Googlebot/2.1; +http://www.google.com/bot.html)"
66.249.79.160 - - [25/Jun/2025:00:10:30 +0000] "GET /index.php?shopdetail/374746478 HTTP/1.1" 404 - "-" "Mozilla/5.0 (compatible; Googlebot/2.1; +http://www.google.com/bot.html)"
66.249.79.162 - - [25/Jun/2025:00:11:06 +0000] "GET /index.php?shopdetail/577732878 HTTP/1.1" 301 274 "-" "Mozilla/5.0 (Linux; Android 6.0.1; Nexus 5X Build/MMB29P) AppleWebKit/537.36 (KHTML, like Gecko) Chrome/137.0.7151.103 Mobile Safari/537.36 (compatible; Googlebot/2.1; +http://www.google.com/bot.html)"
66.249.79.162 - - [25/Jun/2025:00:11:06 +0000] "GET /index.php?shopdetail/577732878 HTTP/1.1" 404 - "-" "Mozilla/5.0 (Linux; Android 6.0.1; Nexus 5X Build/MMB29P) AppleWebKit/537.36 (KHTML, like Gecko) Chrome/137.0.7151.103 Mobile Safari/537.36 (compatible; Googlebot/2.1; +http://www.google.com/bot.html)"
57.141.2.21 - - [25/Jun/2025:00:12:17 +0000] "GET /lowpr.php?shopdetail/154733978 HTTP/2.0" 404 - "-" "meta-externalagent/1.1 (+https://developers.facebook.com/docs/sharing/webmasters/crawler)"
66.249.79.162 - - [25/Jun/2025:00:12:23 +0000] "GET /index.php?shopdetail/174809678 HTTP/1.1" 301 274 "-" "Mozilla/5.0 (compatible; Googlebot/2.1; +http://www.google.com/bot.html)"
66.249.79.160 - - [25/Jun/2025:00:12:24 +0000] "GET /index.php?shopdetail/174809678 HTTP/1.1" 404 - "-" "Mozilla/5.0 (compatible; Googlebot/2.1; +http://www.google.com/bot.html)"
57.141.2.25 - - [25/Jun/2025:00:13:33 +0000] "GET /lowpr.php?shopdetail/347043478 HTTP/2.0" 404 - "-" "meta-externalagent/1.1 (+https://developers.facebook.com/docs/sharing/webmasters/crawler)"
66.249.79.162 - - [25/Jun/2025:00:13:48 +0000] "GET /index.php?shopdetail/442102878 HTTP/1.1" 301 274 "-" "Mozilla/5.0 (compatible; Googlebot/2.1; +http://www.google.com/bot.html)"
66.249.79.162 - - [25/Jun/2025:00:13:48 +0000] "GET /index.php?shopdetail/442102878 HTTP/1.1" 301 274 "-" "Mozilla/5.0 (Linux; Android 6.0.1; Nexus 5X Build/MMB29P) AppleWebKit/537.36 (KHTML, like Gecko) Chrome/137.0.7151.103 Mobile Safari/537.36 (compatible; Googlebot/2.1; +http://www.google.com/bot.html)"
66.249.79.160 - - [25/Jun/2025:00:13:49 +0000] "GET /index.php?shopdetail/442102878 HTTP/1.1" 404 - "-" "Mozilla/5.0 (compatible; Googlebot/2.1; +http://www.google.com/bot.html)"
66.249.79.161 - - [25/Jun/2025:00:13:49 +0000] "GET /index.php?shopdetail/442102878 HTTP/1.1" 404 - "-" "Mozilla/5.0 (Linux; Android 6.0.1; Nexus 5X Build/MMB29P) AppleWebKit/537.36 (KHTML, like Gecko) Chrome/137.0.7151.103 Mobile Safari/537.36 (compatible; Googlebot/2.1; +http://www.google.com/bot.html)"
57.141.2.12 - - [25/Jun/2025:00:14:06 +0000] "GET /lowpr.php?shopdetail/388783778 HTTP/2.0" 404 - "-" "meta-externalagent/1.1 (+https://developers.facebook.com/docs/sharing/webmasters/crawler)"
66.249.79.161 - - [25/Jun/2025:00:14:09 +0000] "GET /index.php?shopdetail/359442178 HTTP/1.1" 301 274 "-" "Mozilla/5.0 (compatible; Googlebot/2.1; +http://www.google.com/bot.html)"
66.249.79.161 - - [25/Jun/2025:00:14:09 +0000] "GET /index.php?shopdetail/359442178 HTTP/1.1" 301 274 "-" "Mozilla/5.0 (Linux; Android 6.0.1; Nexus 5X Build/MMB29P) AppleWebKit/537.36 (KHTML, like Gecko) Chrome/137.0.7151.103 Mobile Safari/537.36 (compatible; Googlebot/2.1; +http://www.google.com/bot.html)"
66.249.79.162 - - [25/Jun/2025:00:14:09 +0000] "GET /index.php?shopdetail/359442178 HTTP/1.1" 404 - "-" "Mozilla/5.0 (compatible; Googlebot/2.1; +http://www.google.com/bot.html)"
66.249.79.160 - - [25/Jun/2025:00:14:09 +0000] "GET /index.php?shopdetail/359442178 HTTP/1.1" 404 - "-" "Mozilla/5.0 (Linux; Android 6.0.1; Nexus 5X Build/MMB29P) AppleWebKit/537.36 (KHTML, like Gecko) Chrome/137.0.7151.103 Mobile Safari/537.36 (compatible; Googlebot/2.1; +http://www.google.com/bot.html)"
66.249.79.161 - - [25/Jun/2025:00:14:19 +0000] "GET /index.php?shopdetail/301076978 HTTP/1.1" 301 274 "-" "Mozilla/5.0 (Linux; Android 6.0.1; Nexus 5X Build/MMB29P) AppleWebKit/537.36 (KHTML, like Gecko) Chrome/137.0.7151.103 Mobile Safari/537.36 (compatible; Googlebot/2.1; +http://www.google.com/bot.html)"
66.249.79.160 - - [25/Jun/2025:00:14:20 +0000] "GET /index.php?shopdetail/301076978 HTTP/1.1" 404 - "-" "Mozilla/5.0 (Linux; Android 6.0.1; Nexus 5X Build/MMB29P) AppleWebKit/537.36 (KHTML, like Gecko) Chrome/137.0.7151.103 Mobile Safari/537.36 (compatible; Googlebot/2.1; +http://www.google.com/bot.html)"
66.249.79.161 - - [25/Jun/2025:00:14:35 +0000] "GET /index.php?shopdetail/412218378 HTTP/1.1" 301 274 "-" "Mozilla/5.0 (compatible; Googlebot/2.1; +http://www.google.com/bot.html)"
66.249.79.160 - - [25/Jun/2025:00:14:36 +0000] "GET /index.php?shopdetail/412218378 HTTP/1.1" 404 - "-" "Mozilla/5.0 (compatible; Googlebot/2.1; +http://www.google.com/bot.html)"
66.249.79.161 - - [25/Jun/2025:00:16:25 +0000] "GET /index.php?shopdetail/386013178 HTTP/1.1" 301 274 "-" "Mozilla/5.0 (Linux; Android 6.0.1; Nexus 5X Build/MMB29P) AppleWebKit/537.36 (KHTML, like Gecko) Chrome/137.0.7151.103 Mobile Safari/537.36 (compatible; Googlebot/2.1; +http://www.google.com/bot.html)"
66.249.79.162 - - [25/Jun/2025:00:16:25 +0000] "GET /index.php?shopdetail/386013178 HTTP/1.1" 404 - "-" "Mozilla/5.0 (Linux; Android 6.0.1; Nexus 5X Build/MMB29P) AppleWebKit/537.36 (KHTML, like Gecko) Chrome/137.0.7151.103 Mobile Safari/537.36 (compatible; Googlebot/2.1; +http://www.google.com/bot.html)"
57.141.2.27 - - [25/Jun/2025:00:16:38 +0000] "GET /lowpr.php?shopdetail/79216678 HTTP/2.0" 404 - "-" "meta-externalagent/1.1 (+https://developers.facebook.com/docs/sharing/webmasters/crawler)"
66.249.79.162 - - [25/Jun/2025:00:18:07 +0000] "GET /index.php?shopdetail/426007178 HTTP/1.1" 301 274 "-" "Mozilla/5.0 (compatible; Googlebot/2.1; +http://www.google.com/bot.html)"
66.249.79.160 - - [25/Jun/2025:00:18:07 +0000] "GET /index.php?shopdetail/426007178 HTTP/1.1" 404 - "-" "Mozilla/5.0 (compatible; Googlebot/2.1; +http://www.google.com/bot.html)"
57.141.2.20 - - [25/Jun/2025:00:18:40 +0000] "GET /lowpr.php?shopdetail/118211978 HTTP/2.0" 404 - "-" "meta-externalagent/1.1 (+https://developers.facebook.com/docs/sharing/webmasters/crawler)"
66.249.79.162 - - [25/Jun/2025:00:19:01 +0000] "GET /index.php?shopdetail/548034778 HTTP/1.1" 301 274 "-" "Mozilla/5.0 (compatible; Googlebot/2.1; +http://www.google.com/bot.html)"
66.249.79.162 - - [25/Jun/2025:00:19:02 +0000] "GET /index.php?shopdetail/548034778 HTTP/1.1" 404 - "-" "Mozilla/5.0 (compatible; Googlebot/2.1; +http://www.google.com/bot.html)"
54.36.148.10 - - [25/Jun/2025:00:20:29 +0000] "GET / HTTP/2.0" 200 65336 "-" "Mozilla/5.0 (compatible; AhrefsBot/7.0; +http://ahrefs.com/robot/)"
202.8.41.49 - - [25/Jun/2025:00:20:31 +0000] "GET /main.css?v=1750810830 HTTP/2.0" 200 10540 "https://udyamonlineregistration.org/" "Mozilla/5.0 (compatible; AhrefsBot/7.0; +http://ahrefs.com/robot/)"
66.249.79.163 - - [25/Jun/2025:00:21:39 +0000] "GET /index.php?shopdetail/366119578 HTTP/1.1" 301 274 "-" "Mozilla/5.0 (Linux; Android 6.0.1; Nexus 5X Build/MMB29P) AppleWebKit/537.36 (KHTML, like Gecko) Chrome/137.0.7151.103 Mobile Safari/537.36 (compatible; Googlebot/2.1; +http://www.google.com/bot.html)"
66.249.79.161 - - [25/Jun/2025:00:21:40 +0000] "GET /index.php?shopdetail/366119578 HTTP/1.1" 404 - "-" "Mozilla/5.0 (Linux; Android 6.0.1; Nexus 5X Build/MMB29P) AppleWebKit/537.36 (KHTML, like Gecko) Chrome/137.0.7151.103 Mobile Safari/537.36 (compatible; Googlebot/2.1; +http://www.google.com/bot.html)"
66.249.79.162 - - [25/Jun/2025:00:24:02 +0000] "GET /index.php?shopdetail/100342478 HTTP/1.1" 301 274 "-" "Mozilla/5.0 (compatible; Googlebot/2.1; +http://www.google.com/bot.html)"
66.249.79.161 - - [25/Jun/2025:00:24:03 +0000] "GET /index.php?shopdetail/100342478 HTTP/1.1" 404 - "-" "Mozilla/5.0 (compatible; Googlebot/2.1; +http://www.google.com/bot.html)"
57.141.2.14 - - [25/Jun/2025:00:24:35 +0000] "GET /lowpr.php?shopdetail/399104478 HTTP/2.0" 404 - "-" "meta-externalagent/1.1 (+https://developers.facebook.com/docs/sharing/webmasters/crawler)"
66.249.79.161 - - [25/Jun/2025:00:24:56 +0000] "GET /index.php?shopdetail/108774978 HTTP/1.1" 301 274 "-" "Mozilla/5.0 (compatible; Googlebot/2.1; +http://www.google.com/bot.html)"
66.249.79.160 - - [25/Jun/2025:00:24:57 +0000] "GET /index.php?shopdetail/108774978 HTTP/1.1" 404 - "-" "Mozilla/5.0 (compatible; Googlebot/2.1; +http://www.google.com/bot.html)"
143.198.21.174 - - [25/Jun/2025:00:25:19 +0000] "GET / HTTP/1.1" 200 65336 "-" "Mozilla/5.0 (Macintosh; Intel Mac OS X 10.15; rv:134.0) Gecko/20100101 Firefox/134.0"
57.141.2.25 - - [25/Jun/2025:00:26:35 +0000] "GET /lowpr.php?shopdetail/97762578 HTTP/2.0" 404 - "-" "meta-externalagent/1.1 (+https://developers.facebook.com/docs/sharing/webmasters/crawler)"
57.141.2.25 - - [25/Jun/2025:00:27:04 +0000] "GET /lowpr.php?shopdetail/81933778 HTTP/2.0" 404 - "-" "meta-externalagent/1.1 (+https://developers.facebook.com/docs/sharing/webmasters/crawler)"
66.249.79.163 - - [25/Jun/2025:00:27:53 +0000] "GET /index.php?shopdetail/423387878 HTTP/1.1" 301 274 "-" "Mozilla/5.0 (compatible; Googlebot/2.1; +http://www.google.com/bot.html)"
66.249.79.161 - - [25/Jun/2025:00:27:54 +0000] "GET /index.php?shopdetail/423387878 HTTP/1.1" 404 - "-" "Mozilla/5.0 (compatible; Googlebot/2.1; +http://www.google.com/bot.html)"
66.249.79.163 - - [25/Jun/2025:00:28:15 +0000] "GET /index.php?shopdetail/408957978 HTTP/1.1" 301 274 "-" "Mozilla/5.0 (compatible; Googlebot/2.1; +http://www.google.com/bot.html)"
66.249.79.162 - - [25/Jun/2025:00:28:16 +0000] "GET /index.php?shopdetail/408957978 HTTP/1.1" 404 - "-" "Mozilla/5.0 (compatible; Googlebot/2.1; +http://www.google.com/bot.html)"
57.141.2.6 - - [25/Jun/2025:00:28:36 +0000] "GET /lowpr.php?shopdetail/32420678 HTTP/2.0" 404 - "-" "meta-externalagent/1.1 (+https://developers.facebook.com/docs/sharing/webmasters/crawler)"
