66.249.79.161 - - [24/Jun/2025:15:11:13 +0000] "GET /index.php?shopdetail/207317378 HTTP/1.1" 301 274 "-" "Mozilla/5.0 (Linux; Android 6.0.1; Nexus 5X Build/MMB29P) AppleWebKit/537.36 (KHTML, like Gecko) Chrome/137.0.7151.103 Mobile Safari/537.36 (compatible; Googlebot/2.1; +http://www.google.com/bot.html)"
66.249.79.162 - - [24/Jun/2025:15:11:14 +0000] "GET /index.php?shopdetail/207317378 HTTP/1.1" 404 - "-" "Mozilla/5.0 (Linux; Android 6.0.1; Nexus 5X Build/MMB29P) AppleWebKit/537.36 (KHTML, like Gecko) Chrome/137.0.7151.103 Mobile Safari/537.36 (compatible; Googlebot/2.1; +http://www.google.com/bot.html)"
66.249.79.161 - - [24/Jun/2025:15:11:36 +0000] "GET /index.php?shopdetail/211865378 HTTP/1.1" 301 274 "-" "Mozilla/5.0 (Linux; Android 6.0.1; Nexus 5X Build/MMB29P) AppleWebKit/537.36 (KHTML, like Gecko) Chrome/137.0.7151.103 Mobile Safari/537.36 (compatible; Googlebot/2.1; +http://www.google.com/bot.html)"
66.249.79.161 - - [24/Jun/2025:15:11:37 +0000] "GET /index.php?shopdetail/211865378 HTTP/1.1" 404 - "-" "Mozilla/5.0 (Linux; Android 6.0.1; Nexus 5X Build/MMB29P) AppleWebKit/537.36 (KHTML, like Gecko) Chrome/137.0.7151.103 Mobile Safari/537.36 (compatible; Googlebot/2.1; +http://www.google.com/bot.html)"
57.141.2.29 - - [24/Jun/2025:15:12:35 +0000] "GET /lowpr.php?shopdetail/146456878 HTTP/2.0" 404 - "-" "meta-externalagent/1.1 (+https://developers.facebook.com/docs/sharing/webmasters/crawler)"
66.249.79.161 - - [24/Jun/2025:15:14:23 +0000] "GET /index.php?shopdetail/460377178 HTTP/1.1" 301 274 "-" "Mozilla/5.0 (Linux; Android 6.0.1; Nexus 5X Build/MMB29P) AppleWebKit/537.36 (KHTML, like Gecko) Chrome/137.0.7151.103 Mobile Safari/537.36 (compatible; Googlebot/2.1; +http://www.google.com/bot.html)"
66.249.79.161 - - [24/Jun/2025:15:14:23 +0000] "GET /index.php?shopdetail/460377178 HTTP/1.1" 301 274 "-" "Mozilla/5.0 (compatible; Googlebot/2.1; +http://www.google.com/bot.html)"
66.249.79.161 - - [24/Jun/2025:15:14:24 +0000] "GET /index.php?shopdetail/460377178 HTTP/1.1" 404 - "-" "Mozilla/5.0 (Linux; Android 6.0.1; Nexus 5X Build/MMB29P) AppleWebKit/537.36 (KHTML, like Gecko) Chrome/137.0.7151.103 Mobile Safari/537.36 (compatible; Googlebot/2.1; +http://www.google.com/bot.html)"
66.249.79.161 - - [24/Jun/2025:15:14:24 +0000] "GET /index.php?shopdetail/460377178 HTTP/1.1" 404 - "-" "Mozilla/5.0 (compatible; Googlebot/2.1; +http://www.google.com/bot.html)"
57.141.2.6 - - [24/Jun/2025:15:14:41 +0000] "GET /lowpr.php?shopdetail/42408178 HTTP/2.0" 404 - "-" "meta-externalagent/1.1 (+https://developers.facebook.com/docs/sharing/webmasters/crawler)"
66.249.79.161 - - [24/Jun/2025:15:15:12 +0000] "GET /index.php?shopdetail/590831378 HTTP/1.1" 301 274 "-" "Mozilla/5.0 (compatible; Googlebot/2.1; +http://www.google.com/bot.html)"
66.249.79.162 - - [24/Jun/2025:15:15:12 +0000] "GET /index.php?shopdetail/590831378 HTTP/1.1" 404 - "-" "Mozilla/5.0 (compatible; Googlebot/2.1; +http://www.google.com/bot.html)"
66.249.79.161 - - [24/Jun/2025:15:15:56 +0000] "GET /index.php?shopdetail/15565278 HTTP/1.1" 301 273 "-" "Mozilla/5.0 (Linux; Android 6.0.1; Nexus 5X Build/MMB29P) AppleWebKit/537.36 (KHTML, like Gecko) Chrome/137.0.7151.103 Mobile Safari/537.36 (compatible; Googlebot/2.1; +http://www.google.com/bot.html)"
66.249.79.160 - - [24/Jun/2025:15:15:57 +0000] "GET /index.php?shopdetail/15565278 HTTP/1.1" 404 - "-" "Mozilla/5.0 (Linux; Android 6.0.1; Nexus 5X Build/MMB29P) AppleWebKit/537.36 (KHTML, like Gecko) Chrome/137.0.7151.103 Mobile Safari/537.36 (compatible; Googlebot/2.1; +http://www.google.com/bot.html)"
66.249.79.163 - - [24/Jun/2025:15:17:06 +0000] "GET /index.php?shopdetail/334040978 HTTP/1.1" 301 274 "-" "Mozilla/5.0 (Linux; Android 6.0.1; Nexus 5X Build/MMB29P) AppleWebKit/537.36 (KHTML, like Gecko) Chrome/137.0.7151.103 Mobile Safari/537.36 (compatible; Googlebot/2.1; +http://www.google.com/bot.html)"
66.249.79.161 - - [24/Jun/2025:15:17:06 +0000] "GET /index.php?shopdetail/334040978 HTTP/1.1" 301 274 "-" "Mozilla/5.0 (compatible; Googlebot/2.1; +http://www.google.com/bot.html)"
66.249.79.162 - - [24/Jun/2025:15:17:06 +0000] "GET /index.php?shopdetail/334040978 HTTP/1.1" 404 - "-" "Mozilla/5.0 (Linux; Android 6.0.1; Nexus 5X Build/MMB29P) AppleWebKit/537.36 (KHTML, like Gecko) Chrome/137.0.7151.103 Mobile Safari/537.36 (compatible; Googlebot/2.1; +http://www.google.com/bot.html)"
66.249.79.161 - - [24/Jun/2025:15:17:06 +0000] "GET /index.php?shopdetail/334040978 HTTP/1.1" 404 - "-" "Mozilla/5.0 (compatible; Googlebot/2.1; +http://www.google.com/bot.html)"
146.190.216.67 - - [24/Jun/2025:15:17:10 +0000] "GET / HTTP/1.1" 401 53 "-" "Mozilla/5.0 (X11; Linux x86_64; rv:137.0) Gecko/20100101 Firefox/137.0"
146.190.216.67 - - [24/Jun/2025:15:17:15 +0000] "GET /favicon.ico HTTP/1.1" 401 53 "https://webdisk.udyamonlineregistration.org/" "Mozilla/5.0 (X11; Linux x86_64; rv:137.0) Gecko/20100101 Firefox/137.0"
146.190.216.67 - - [24/Jun/2025:15:17:16 +0000] "GET /ads.txt HTTP/1.1" 401 53 "-" "Mozilla/5.0 (X11; Linux x86_64; rv:137.0) Gecko/20100101 Firefox/137.0"
66.249.79.163 - - [24/Jun/2025:15:18:31 +0000] "GET /index.php?shopdetail/24425478 HTTP/1.1" 301 273 "-" "Mozilla/5.0 (Linux; Android 6.0.1; Nexus 5X Build/MMB29P) AppleWebKit/537.36 (KHTML, like Gecko) Chrome/137.0.7151.103 Mobile Safari/537.36 (compatible; Googlebot/2.1; +http://www.google.com/bot.html)"
66.249.79.160 - - [24/Jun/2025:15:18:32 +0000] "GET /index.php?shopdetail/24425478 HTTP/1.1" 404 - "-" "Mozilla/5.0 (Linux; Android 6.0.1; Nexus 5X Build/MMB29P) AppleWebKit/537.36 (KHTML, like Gecko) Chrome/137.0.7151.103 Mobile Safari/537.36 (compatible; Googlebot/2.1; +http://www.google.com/bot.html)"
66.249.79.162 - - [24/Jun/2025:15:19:07 +0000] "GET /index.php?shopdetail/87972378 HTTP/1.1" 301 273 "-" "Mozilla/5.0 (Linux; Android 6.0.1; Nexus 5X Build/MMB29P) AppleWebKit/537.36 (KHTML, like Gecko) Chrome/137.0.7151.103 Mobile Safari/537.36 (compatible; Googlebot/2.1; +http://www.google.com/bot.html)"
66.249.79.162 - - [24/Jun/2025:15:19:08 +0000] "GET /index.php?shopdetail/87972378 HTTP/1.1" 404 - "-" "Mozilla/5.0 (Linux; Android 6.0.1; Nexus 5X Build/MMB29P) AppleWebKit/537.36 (KHTML, like Gecko) Chrome/137.0.7151.103 Mobile Safari/537.36 (compatible; Googlebot/2.1; +http://www.google.com/bot.html)"
66.249.79.161 - - [24/Jun/2025:15:19:23 +0000] "GET /index.php?shopdetail/184742178 HTTP/1.1" 301 274 "-" "Mozilla/5.0 (compatible; Googlebot/2.1; +http://www.google.com/bot.html)"
66.249.79.160 - - [24/Jun/2025:15:19:24 +0000] "GET /index.php?shopdetail/184742178 HTTP/1.1" 404 - "-" "Mozilla/5.0 (compatible; Googlebot/2.1; +http://www.google.com/bot.html)"
66.249.79.161 - - [24/Jun/2025:15:20:10 +0000] "GET /index.php?shopdetail/490053778 HTTP/1.1" 301 274 "-" "Mozilla/5.0 (Linux; Android 6.0.1; Nexus 5X Build/MMB29P) AppleWebKit/537.36 (KHTML, like Gecko) Chrome/137.0.7151.103 Mobile Safari/537.36 (compatible; Googlebot/2.1; +http://www.google.com/bot.html)"
66.249.79.161 - - [24/Jun/2025:15:20:11 +0000] "GET /index.php?shopdetail/490053778 HTTP/1.1" 404 - "-" "Mozilla/5.0 (Linux; Android 6.0.1; Nexus 5X Build/MMB29P) AppleWebKit/537.36 (KHTML, like Gecko) Chrome/137.0.7151.103 Mobile Safari/537.36 (compatible; Googlebot/2.1; +http://www.google.com/bot.html)"
66.249.79.163 - - [24/Jun/2025:15:23:06 +0000] "GET /index.php?shopdetail/51294678 HTTP/1.1" 301 273 "-" "Mozilla/5.0 (Linux; Android 6.0.1; Nexus 5X Build/MMB29P) AppleWebKit/537.36 (KHTML, like Gecko) Chrome/137.0.7151.103 Mobile Safari/537.36 (compatible; Googlebot/2.1; +http://www.google.com/bot.html)"
66.249.79.162 - - [24/Jun/2025:15:23:06 +0000] "GET /index.php?shopdetail/51294678 HTTP/1.1" 404 - "-" "Mozilla/5.0 (Linux; Android 6.0.1; Nexus 5X Build/MMB29P) AppleWebKit/537.36 (KHTML, like Gecko) Chrome/137.0.7151.103 Mobile Safari/537.36 (compatible; Googlebot/2.1; +http://www.google.com/bot.html)"
57.141.2.11 - - [24/Jun/2025:15:23:13 +0000] "GET /lowpr.php?shopdetail/155900078 HTTP/2.0" 404 - "-" "meta-externalagent/1.1 (+https://developers.facebook.com/docs/sharing/webmasters/crawler)"
66.249.79.161 - - [24/Jun/2025:15:23:59 +0000] "GET /index.php?shopdetail/340439478 HTTP/1.1" 301 274 "-" "Mozilla/5.0 (compatible; Googlebot/2.1; +http://www.google.com/bot.html)"
66.249.79.160 - - [24/Jun/2025:15:24:00 +0000] "GET /index.php?shopdetail/340439478 HTTP/1.1" 404 - "-" "Mozilla/5.0 (compatible; Googlebot/2.1; +http://www.google.com/bot.html)"
66.249.79.161 - - [24/Jun/2025:15:24:25 +0000] "GET /index.php?shopdetail/205828078 HTTP/1.1" 301 274 "-" "Mozilla/5.0 (compatible; Googlebot/2.1; +http://www.google.com/bot.html)"
66.249.79.160 - - [24/Jun/2025:15:24:25 +0000] "GET /index.php?shopdetail/205828078 HTTP/1.1" 404 - "-" "Mozilla/5.0 (compatible; Googlebot/2.1; +http://www.google.com/bot.html)"
57.141.2.21 - - [24/Jun/2025:15:24:54 +0000] "GET /lowpr.php?shopdetail/148162978 HTTP/2.0" 404 - "-" "meta-externalagent/1.1 (+https://developers.facebook.com/docs/sharing/webmasters/crawler)"
54.208.77.106 - - [24/Jun/2025:15:25:07 +0000] "GET /print-udyam-application.php HTTP/1.1" 200 35141 "https://www.google.com/" "Mozilla/5.0 (Windows NT 10.0; Win64; x64) AppleWebKit/537.36 (KHTML, like Gecko) Chrome/126.0.0.0 Safari/537.36"
54.208.77.106 - - [24/Jun/2025:15:25:09 +0000] "GET /favicon.ico HTTP/1.1" 404 - "https://www.google.com/" "Mozilla/5.0 (Windows NT 10.0; Win64; x64) AppleWebKit/537.36 (KHTML, like Gecko) Chrome/126.0.0.0 Safari/537.36"
54.208.77.106 - - [24/Jun/2025:15:25:10 +0000] "GET /print-udyam-application.php HTTP/1.1" 200 35141 "https://www.google.com/" "Mozilla/5.0 (Windows NT 10.0; Win64; x64) AppleWebKit/537.36 (KHTML, like Gecko) Chrome/126.0.0.0 Safari/537.36"
66.249.79.161 - - [24/Jun/2025:15:28:11 +0000] "GET /index.php?shopdetail/373646778 HTTP/1.1" 301 274 "-" "Mozilla/5.0 (Linux; Android 6.0.1; Nexus 5X Build/MMB29P) AppleWebKit/537.36 (KHTML, like Gecko) Chrome/137.0.7151.103 Mobile Safari/537.36 (compatible; Googlebot/2.1; +http://www.google.com/bot.html)"
66.249.79.162 - - [24/Jun/2025:15:28:12 +0000] "GET /index.php?shopdetail/373646778 HTTP/1.1" 404 - "-" "Mozilla/5.0 (Linux; Android 6.0.1; Nexus 5X Build/MMB29P) AppleWebKit/537.36 (KHTML, like Gecko) Chrome/137.0.7151.103 Mobile Safari/537.36 (compatible; Googlebot/2.1; +http://www.google.com/bot.html)"
54.36.148.247 - - [24/Jun/2025:15:28:51 +0000] "GET /terms-of-service.php HTTP/2.0" 200 30488 "-" "Mozilla/5.0 (compatible; AhrefsBot/7.0; +http://ahrefs.com/robot/)"
66.249.79.162 - - [24/Jun/2025:15:29:34 +0000] "GET /index.php?shopdetail/228202478 HTTP/1.1" 301 274 "-" "Mozilla/5.0 (Linux; Android 6.0.1; Nexus 5X Build/MMB29P) AppleWebKit/537.36 (KHTML, like Gecko) Chrome/137.0.7151.103 Mobile Safari/537.36 (compatible; Googlebot/2.1; +http://www.google.com/bot.html)"
66.249.79.160 - - [24/Jun/2025:15:29:35 +0000] "GET /index.php?shopdetail/228202478 HTTP/1.1" 404 - "-" "Mozilla/5.0 (Linux; Android 6.0.1; Nexus 5X Build/MMB29P) AppleWebKit/537.36 (KHTML, like Gecko) Chrome/137.0.7151.103 Mobile Safari/537.36 (compatible; Googlebot/2.1; +http://www.google.com/bot.html)"
57.141.2.22 - - [24/Jun/2025:15:30:13 +0000] "GET /lowpr.php?shopdetail/211345378 HTTP/2.0" 404 - "-" "meta-externalagent/1.1 (+https://developers.facebook.com/docs/sharing/webmasters/crawler)"
98.83.133.29 - - [24/Jun/2025:15:30:17 +0000] "GET /terms-of-service.php HTTP/1.1" 200 30488 "https://www.google.com/" "Mozilla/5.0 (Windows NT 10.0; Win64; x64) AppleWebKit/537.36 (KHTML, like Gecko) Chrome/126.0.0.0 Safari/537.36"
98.83.133.29 - - [24/Jun/2025:15:30:19 +0000] "GET /favicon.ico HTTP/1.1" 404 - "https://www.google.com/" "Mozilla/5.0 (Windows NT 10.0; Win64; x64) AppleWebKit/537.36 (KHTML, like Gecko) Chrome/126.0.0.0 Safari/537.36"
98.83.133.29 - - [24/Jun/2025:15:30:20 +0000] "GET /terms-of-service.php HTTP/1.1" 200 30488 "https://www.google.com/" "Mozilla/5.0 (Windows NT 10.0; Win64; x64) AppleWebKit/537.36 (KHTML, like Gecko) Chrome/126.0.0.0 Safari/537.36"
57.141.2.6 - - [24/Jun/2025:15:30:38 +0000] "GET /lowpr.php?shopdetail/275936378 HTTP/2.0" 404 - "-" "meta-externalagent/1.1 (+https://developers.facebook.com/docs/sharing/webmasters/crawler)"
57.141.2.24 - - [24/Jun/2025:15:31:09 +0000] "GET /lowpr.php?shopdetail/351625878 HTTP/2.0" 404 - "-" "meta-externalagent/1.1 (+https://developers.facebook.com/docs/sharing/webmasters/crawler)"
43.153.102.138 - - [24/Jun/2025:15:34:42 +0000] "GET / HTTP/1.1" 200 65336 "http://udyamonlineregistration.org" "Mozilla/5.0 (iPhone; CPU iPhone OS 13_2_3 like Mac OS X) AppleWebKit/605.1.15 (KHTML, like Gecko) Version/13.0.3 Mobile/15E148 Safari/604.1"
57.141.2.5 - - [24/Jun/2025:15:34:43 +0000] "GET /lowpr.php?shopdetail/164405378 HTTP/2.0" 404 - "-" "meta-externalagent/1.1 (+https://developers.facebook.com/docs/sharing/webmasters/crawler)"
54.242.163.126 - - [24/Jun/2025:15:34:57 +0000] "GET /re-registration.php HTTP/1.1" 200 46411 "https://www.google.com/" "Mozilla/5.0 (Windows NT 10.0; Win64; x64) AppleWebKit/537.36 (KHTML, like Gecko) Chrome/126.0.0.0 Safari/537.36"
54.242.163.126 - - [24/Jun/2025:15:34:59 +0000] "GET /favicon.ico HTTP/1.1" 404 - "https://www.google.com/" "Mozilla/5.0 (Windows NT 10.0; Win64; x64) AppleWebKit/537.36 (KHTML, like Gecko) Chrome/126.0.0.0 Safari/537.36"
54.242.163.126 - - [24/Jun/2025:15:35:00 +0000] "GET /re-registration.php HTTP/1.1" 200 46411 "https://www.google.com/" "Mozilla/5.0 (Windows NT 10.0; Win64; x64) AppleWebKit/537.36 (KHTML, like Gecko) Chrome/126.0.0.0 Safari/537.36"
66.249.79.162 - - [24/Jun/2025:15:35:04 +0000] "GET /index.php?shopdetail/320971178 HTTP/1.1" 301 274 "-" "Mozilla/5.0 (Linux; Android 6.0.1; Nexus 5X Build/MMB29P) AppleWebKit/537.36 (KHTML, like Gecko) Chrome/137.0.7151.103 Mobile Safari/537.36 (compatible; Googlebot/2.1; +http://www.google.com/bot.html)"
66.249.79.162 - - [24/Jun/2025:15:35:05 +0000] "GET /index.php?shopdetail/320971178 HTTP/1.1" 404 - "-" "Mozilla/5.0 (Linux; Android 6.0.1; Nexus 5X Build/MMB29P) AppleWebKit/537.36 (KHTML, like Gecko) Chrome/137.0.7151.103 Mobile Safari/537.36 (compatible; Googlebot/2.1; +http://www.google.com/bot.html)"
66.249.79.161 - - [24/Jun/2025:15:35:28 +0000] "GET /index.php?shopdetail/33779578 HTTP/1.1" 301 273 "-" "Mozilla/5.0 (Linux; Android 6.0.1; Nexus 5X Build/MMB29P) AppleWebKit/537.36 (KHTML, like Gecko) Chrome/137.0.7151.103 Mobile Safari/537.36 (compatible; Googlebot/2.1; +http://www.google.com/bot.html)"
66.249.79.161 - - [24/Jun/2025:15:35:29 +0000] "GET /index.php?shopdetail/33779578 HTTP/1.1" 404 - "-" "Mozilla/5.0 (Linux; Android 6.0.1; Nexus 5X Build/MMB29P) AppleWebKit/537.36 (KHTML, like Gecko) Chrome/137.0.7151.103 Mobile Safari/537.36 (compatible; Googlebot/2.1; +http://www.google.com/bot.html)"
66.249.79.161 - - [24/Jun/2025:15:35:57 +0000] "GET /index.php?shopdetail/419619078 HTTP/1.1" 301 274 "-" "Mozilla/5.0 (compatible; Googlebot/2.1; +http://www.google.com/bot.html)"
66.249.79.160 - - [24/Jun/2025:15:35:58 +0000] "GET /index.php?shopdetail/419619078 HTTP/1.1" 404 - "-" "Mozilla/5.0 (compatible; Googlebot/2.1; +http://www.google.com/bot.html)"
66.249.79.163 - - [24/Jun/2025:15:37:01 +0000] "GET /index.php?shopdetail/474516978 HTTP/1.1" 301 274 "-" "Mozilla/5.0 (Linux; Android 6.0.1; Nexus 5X Build/MMB29P) AppleWebKit/537.36 (KHTML, like Gecko) Chrome/137.0.7151.103 Mobile Safari/537.36 (compatible; Googlebot/2.1; +http://www.google.com/bot.html)"
66.249.79.160 - - [24/Jun/2025:15:37:02 +0000] "GET /index.php?shopdetail/474516978 HTTP/1.1" 404 - "-" "Mozilla/5.0 (Linux; Android 6.0.1; Nexus 5X Build/MMB29P) AppleWebKit/537.36 (KHTML, like Gecko) Chrome/137.0.7151.103 Mobile Safari/537.36 (compatible; Googlebot/2.1; +http://www.google.com/bot.html)"
57.141.2.21 - - [24/Jun/2025:15:37:59 +0000] "GET /lowpr.php?shopdetail/45467178 HTTP/2.0" 404 - "-" "meta-externalagent/1.1 (+https://developers.facebook.com/docs/sharing/webmasters/crawler)"
57.141.2.20 - - [24/Jun/2025:15:38:29 +0000] "GET /lowpr.php?shopdetail/8022178 HTTP/2.0" 404 - "-" "meta-externalagent/1.1 (+https://developers.facebook.com/docs/sharing/webmasters/crawler)"
66.249.79.161 - - [24/Jun/2025:15:38:42 +0000] "GET /index.php?shopdetail/487754378 HTTP/1.1" 301 274 "-" "Mozilla/5.0 (Linux; Android 6.0.1; Nexus 5X Build/MMB29P) AppleWebKit/537.36 (KHTML, like Gecko) Chrome/137.0.7151.103 Mobile Safari/537.36 (compatible; Googlebot/2.1; +http://www.google.com/bot.html)"
66.249.79.162 - - [24/Jun/2025:15:38:42 +0000] "GET /index.php?shopdetail/487754378 HTTP/1.1" 404 - "-" "Mozilla/5.0 (Linux; Android 6.0.1; Nexus 5X Build/MMB29P) AppleWebKit/537.36 (KHTML, like Gecko) Chrome/137.0.7151.103 Mobile Safari/537.36 (compatible; Googlebot/2.1; +http://www.google.com/bot.html)"
57.141.2.1 - - [24/Jun/2025:15:38:55 +0000] "GET /lowpr.php?shopdetail/248043378 HTTP/2.0" 404 - "-" "meta-externalagent/1.1 (+https://developers.facebook.com/docs/sharing/webmasters/crawler)"
66.249.79.162 - - [24/Jun/2025:15:40:03 +0000] "GET /index.php?shopdetail/570050878 HTTP/1.1" 301 274 "-" "Mozilla/5.0 (Linux; Android 6.0.1; Nexus 5X Build/MMB29P) AppleWebKit/537.36 (KHTML, like Gecko) Chrome/137.0.7151.103 Mobile Safari/537.36 (compatible; Googlebot/2.1; +http://www.google.com/bot.html)"
66.249.79.162 - - [24/Jun/2025:15:40:04 +0000] "GET /index.php?shopdetail/570050878 HTTP/1.1" 404 - "-" "Mozilla/5.0 (Linux; Android 6.0.1; Nexus 5X Build/MMB29P) AppleWebKit/537.36 (KHTML, like Gecko) Chrome/137.0.7151.103 Mobile Safari/537.36 (compatible; Googlebot/2.1; +http://www.google.com/bot.html)"
13.220.231.81 - - [24/Jun/2025:15:42:18 +0000] "GET /trace-certificate.php HTTP/1.1" 200 32325 "https://www.google.com/" "Mozilla/5.0 (Windows NT 10.0; Win64; x64) AppleWebKit/537.36 (KHTML, like Gecko) Chrome/126.0.0.0 Safari/537.36"
13.220.231.81 - - [24/Jun/2025:15:42:20 +0000] "GET /favicon.ico HTTP/1.1" 404 - "https://www.google.com/" "Mozilla/5.0 (Windows NT 10.0; Win64; x64) AppleWebKit/537.36 (KHTML, like Gecko) Chrome/126.0.0.0 Safari/537.36"
13.220.231.81 - - [24/Jun/2025:15:42:21 +0000] "GET /trace-certificate.php HTTP/1.1" 200 32325 "https://www.google.com/" "Mozilla/5.0 (Windows NT 10.0; Win64; x64) AppleWebKit/537.36 (KHTML, like Gecko) Chrome/126.0.0.0 Safari/537.36"
57.141.2.30 - - [24/Jun/2025:15:42:56 +0000] "GET /lowpr.php?shopdetail/292509178 HTTP/2.0" 404 - "-" "meta-externalagent/1.1 (+https://developers.facebook.com/docs/sharing/webmasters/crawler)"
216.244.66.194 - - [24/Jun/2025:15:43:24 +0000] "GET /robots.txt HTTP/1.1" 200 147 "-" "Mozilla/5.0 (compatible; DotBot/1.2; +https://opensiteexplorer.org/dotbot; help@moz.com)"
66.249.79.162 - - [24/Jun/2025:15:44:42 +0000] "GET /index.php?shopdetail/151558978 HTTP/1.1" 301 274 "-" "Mozilla/5.0 (compatible; Googlebot/2.1; +http://www.google.com/bot.html)"
66.249.79.160 - - [24/Jun/2025:15:44:42 +0000] "GET /index.php?shopdetail/151558978 HTTP/1.1" 404 - "-" "Mozilla/5.0 (compatible; Googlebot/2.1; +http://www.google.com/bot.html)"
66.249.79.161 - - [24/Jun/2025:15:44:49 +0000] "GET /%E2%97%8F%E6%96%99%E7%90%86%E3%81%AB%E5%90%88%E3%82%8F%E3%81%9B%E3%81%A6%E6%B8%A9%E5%BA%A6%E8%AA%BF%E7%AF%80%E3%81%8C%E8%87%AA%E5%9C%A8%E3%80%82%E6%9C%80%E3%82%82%E3%81%8A%E3%81%84%E3%81%97%E3%81%84%E9%81%A9%E6%B8%A9%E3%81%8C%E9%81%B8%E3%81%B9%E3%81%BE%E3%81%99%E3%80%82%3Cbr%20/%3E%20%E2%97%8F%E3%83%9B%E3%83%86%E3%83%AB%E3%83%91%E3%83%B3%E3%81%AE%E7%B5%84%E3%81%BF%E6%9B%BF%E3%81%88%E3%82%82%E8%87%AA%E7%94%B1%E3%81%AA%E3%81%AE%E3%81%A7%E3%80%81%E5%A4%A7%E5%A4%89%E4%BE%BF%E5%88%A9%E3%81%A7%E9%87%8D%E5%AE%9D%E3%81%A7%E3%81%99%E3%80%82%3Cbr%20/%3E%20%E3%80%80%E2%80%BB%E3%83%9B%E3%83%86%E3%83%AB%E3%83%91%E3%83%B3%E3%81%AE%E9%AB%98%E3%81%95%E5%AF%B8%E6%B3%95%E3%81%AF%EF%BC%88H%EF%BC%89150mm%E3%81%A7%E3%81%99%E3%80%82%3Cbr%20/%3E%20%E2%97%8F%E6%9C%AC%E4%BD%93%E3%80%81%E5%AE%B9%E5%99%A8%E3%81%A8%E3%82%82%E3%82%B9%E3%83%86%E3%83%B3%E3%83%AC%E3%82%B9%E8%A3%BD%E3%80%82%E3%82%B5%E3%83%93%E3%81%AB%E5%BC%B7%E3%81%8F%E8%A1%9B%E7%94%9F%E7%9A%84%E3%81%A7%E3%81%99%E3%80%82%3Cbr%20/%3E%20%E2%97%8F%E9%81%8E%E7%86%B1%E9%98%B2%E6%AD%A2%E8%A3%85%E7%BD%AE%E3%80%81%E7%B5%A6%E6%B0%B4%E5%8F%A3%E3%80%81%E6%B0%B4%E4%BD%8D%E8%A8%88%E4%BB%98%E3%81%AA%E3%81%AE%E3%81%A7%E5%AE%89%E5%85%A8%E6%80%A7%E3%82%82%E7%A2%BA%E4%BF%9D%E3%81%97%E3%81%A6%E3%81%84%E3%81%BE%E3%81%99%E3%80%82%3Cbr%20/%3E%20%E2%97%8F%E3%83%92%E3%83%BC%E3%82%BF%E3%83%BC%E3%81%8C%E7%9B%B4%E6%8E%A5%E6%B0%B4%E3%81%AB%E8%A7%A6%E3%82%8C%E3%81%AA%E3%81%84%E6%A7%8B%E9%80%A0%E3%81%AB%E3%81%AA%E3%81%A3%E3%81%A6%E3%81%84%E3%81%BE%E3%81%99%E3%81%AE%E3%81%A7%E6%BC%8F%E9%9B%BB%E3%81%AE%E5%BF%83%E9%85%8D%E3%81%8C%E3%81%82%E3%82%8A%E3%81%BE%E3%81%9B%E3%82%93%E3%80%82%3Cbr%20/%3Ehttps://www.rakuten.ne.jp/gold/auc-yasukichi/img/attention_toriyose.gif HTTP/1.1" 301 1937 "-" "Googlebot-Image/1.0"
66.249.79.161 - - [24/Jun/2025:15:44:50 +0000] "GET /%E2%97%8F%E6%96%99%E7%90%86%E3%81%AB%E5%90%88%E3%82%8F%E3%81%9B%E3%81%A6%E6%B8%A9%E5%BA%A6%E8%AA%BF%E7%AF%80%E3%81%8C%E8%87%AA%E5%9C%A8%E3%80%82%E6%9C%80%E3%82%82%E3%81%8A%E3%81%84%E3%81%97%E3%81%84%E9%81%A9%E6%B8%A9%E3%81%8C%E9%81%B8%E3%81%B9%E3%81%BE%E3%81%99%E3%80%82%3Cbr%20/%3E%20%E2%97%8F%E3%83%9B%E3%83%86%E3%83%AB%E3%83%91%E3%83%B3%E3%81%AE%E7%B5%84%E3%81%BF%E6%9B%BF%E3%81%88%E3%82%82%E8%87%AA%E7%94%B1%E3%81%AA%E3%81%AE%E3%81%A7%E3%80%81%E5%A4%A7%E5%A4%89%E4%BE%BF%E5%88%A9%E3%81%A7%E9%87%8D%E5%AE%9D%E3%81%A7%E3%81%99%E3%80%82%3Cbr%20/%3E%20%E3%80%80%E2%80%BB%E3%83%9B%E3%83%86%E3%83%AB%E3%83%91%E3%83%B3%E3%81%AE%E9%AB%98%E3%81%95%E5%AF%B8%E6%B3%95%E3%81%AF%EF%BC%88H%EF%BC%89150mm%E3%81%A7%E3%81%99%E3%80%82%3Cbr%20/%3E%20%E2%97%8F%E6%9C%AC%E4%BD%93%E3%80%81%E5%AE%B9%E5%99%A8%E3%81%A8%E3%82%82%E3%82%B9%E3%83%86%E3%83%B3%E3%83%AC%E3%82%B9%E8%A3%BD%E3%80%82%E3%82%B5%E3%83%93%E3%81%AB%E5%BC%B7%E3%81%8F%E8%A1%9B%E7%94%9F%E7%9A%84%E3%81%A7%E3%81%99%E3%80%82%3Cbr%20/%3E%20%E2%97%8F%E9%81%8E%E7%86%B1%E9%98%B2%E6%AD%A2%E8%A3%85%E7%BD%AE%E3%80%81%E7%B5%A6%E6%B0%B4%E5%8F%A3%E3%80%81%E6%B0%B4%E4%BD%8D%E8%A8%88%E4%BB%98%E3%81%AA%E3%81%AE%E3%81%A7%E5%AE%89%E5%85%A8%E6%80%A7%E3%82%82%E7%A2%BA%E4%BF%9D%E3%81%97%E3%81%A6%E3%81%84%E3%81%BE%E3%81%99%E3%80%82%3Cbr%20/%3E%20%E2%97%8F%E3%83%92%E3%83%BC%E3%82%BF%E3%83%BC%E3%81%8C%E7%9B%B4%E6%8E%A5%E6%B0%B4%E3%81%AB%E8%A7%A6%E3%82%8C%E3%81%AA%E3%81%84%E6%A7%8B%E9%80%A0%E3%81%AB%E3%81%AA%E3%81%A3%E3%81%A6%E3%81%84%E3%81%BE%E3%81%99%E3%81%AE%E3%81%A7%E6%BC%8F%E9%9B%BB%E3%81%AE%E5%BF%83%E9%85%8D%E3%81%8C%E3%81%82%E3%82%8A%E3%81%BE%E3%81%9B%E3%82%93%E3%80%82%3Cbr%20/%3Ehttps:/www.rakuten.ne.jp/gold/auc-yasukichi/img/attention_toriyose.gif HTTP/1.1" 404 - "-" "Googlebot-Image/1.0"
216.244.66.194 - - [24/Jun/2025:15:44:52 +0000] "GET /shipping-policy.php HTTP/1.1" 404 - "-" "Mozilla/5.0 (compatible; DotBot/1.2; +https://opensiteexplorer.org/dotbot; help@moz.com)"
66.249.79.161 - - [24/Jun/2025:15:45:28 +0000] "GET /robots.txt HTTP/1.1" 301 254 "-" "Mozilla/5.0 (compatible; Googlebot/2.1; +http://www.google.com/bot.html)"
54.196.79.69 - - [24/Jun/2025:15:46:06 +0000] "GET /contact-us.php HTTP/1.1" 200 23070 "https://www.google.com/" "Mozilla/5.0 (Windows NT 10.0; Win64; x64) AppleWebKit/537.36 (KHTML, like Gecko) Chrome/126.0.0.0 Safari/537.36"
54.196.79.69 - - [24/Jun/2025:15:46:08 +0000] "GET /favicon.ico HTTP/1.1" 404 - "https://www.google.com/" "Mozilla/5.0 (Windows NT 10.0; Win64; x64) AppleWebKit/537.36 (KHTML, like Gecko) Chrome/126.0.0.0 Safari/537.36"
54.196.79.69 - - [24/Jun/2025:15:46:08 +0000] "GET /contact-us.php HTTP/1.1" 200 23070 "https://www.google.com/" "Mozilla/5.0 (Windows NT 10.0; Win64; x64) AppleWebKit/537.36 (KHTML, like Gecko) Chrome/126.0.0.0 Safari/537.36"
54.209.100.30 - - [24/Jun/2025:15:47:54 +0000] "GET /robots.txt HTTP/1.1" 200 147 "-" "Mozilla/5.0 AppleWebKit/537.36 (KHTML, like Gecko; compatible; Amazonbot/0.1; +https://developer.amazon.com/support/amazonbot) Chrome/119.0.6045.214 Safari/537.36"
57.141.2.16 - - [24/Jun/2025:15:48:09 +0000] "GET /lowpr.php?shopdetail/186650478 HTTP/2.0" 404 - "-" "meta-externalagent/1.1 (+https://developers.facebook.com/docs/sharing/webmasters/crawler)"
66.249.79.161 - - [24/Jun/2025:15:48:32 +0000] "GET /index.php?shopdetail/547884578 HTTP/1.1" 301 274 "-" "Mozilla/5.0 (compatible; Googlebot/2.1; +http://www.google.com/bot.html)"
66.249.79.162 - - [24/Jun/2025:15:48:33 +0000] "GET /index.php?shopdetail/547884578 HTTP/1.1" 404 - "-" "Mozilla/5.0 (compatible; Googlebot/2.1; +http://www.google.com/bot.html)"
57.141.2.20 - - [24/Jun/2025:15:48:38 +0000] "GET /lowpr.php?shopdetail/117131478 HTTP/2.0" 404 - "-" "meta-externalagent/1.1 (+https://developers.facebook.com/docs/sharing/webmasters/crawler)"
66.249.79.162 - - [24/Jun/2025:15:48:48 +0000] "GET /index.php?shopdetail/142595078 HTTP/1.1" 301 274 "-" "Mozilla/5.0 (Linux; Android 6.0.1; Nexus 5X Build/MMB29P) AppleWebKit/537.36 (KHTML, like Gecko) Chrome/137.0.7151.103 Mobile Safari/537.36 (compatible; Googlebot/2.1; +http://www.google.com/bot.html)"
57.141.2.18 - - [24/Jun/2025:15:48:48 +0000] "GET /lowpr.php?shopdetail/263789278 HTTP/2.0" 404 - "-" "meta-externalagent/1.1 (+https://developers.facebook.com/docs/sharing/webmasters/crawler)"
66.249.79.161 - - [24/Jun/2025:15:48:49 +0000] "GET /index.php?shopdetail/142595078 HTTP/1.1" 404 - "-" "Mozilla/5.0 (Linux; Android 6.0.1; Nexus 5X Build/MMB29P) AppleWebKit/537.36 (KHTML, like Gecko) Chrome/137.0.7151.103 Mobile Safari/537.36 (compatible; Googlebot/2.1; +http://www.google.com/bot.html)"
66.249.79.162 - - [24/Jun/2025:15:49:34 +0000] "GET /index.php?shopdetail/367267478 HTTP/1.1" 301 274 "-" "Mozilla/5.0 (Linux; Android 6.0.1; Nexus 5X Build/MMB29P) AppleWebKit/537.36 (KHTML, like Gecko) Chrome/137.0.7151.103 Mobile Safari/537.36 (compatible; Googlebot/2.1; +http://www.google.com/bot.html)"
66.249.79.161 - - [24/Jun/2025:15:49:35 +0000] "GET /index.php?shopdetail/367267478 HTTP/1.1" 404 - "-" "Mozilla/5.0 (Linux; Android 6.0.1; Nexus 5X Build/MMB29P) AppleWebKit/537.36 (KHTML, like Gecko) Chrome/137.0.7151.103 Mobile Safari/537.36 (compatible; Googlebot/2.1; +http://www.google.com/bot.html)"
98.80.227.34 - - [24/Jun/2025:15:51:08 +0000] "GET /privacy-policy.php HTTP/1.1" 200 22293 "https://www.google.com/" "Mozilla/5.0 (Windows NT 10.0; Win64; x64) AppleWebKit/537.36 (KHTML, like Gecko) Chrome/126.0.0.0 Safari/537.36"
98.80.227.34 - - [24/Jun/2025:15:51:10 +0000] "GET /favicon.ico HTTP/1.1" 404 - "https://www.google.com/" "Mozilla/5.0 (Windows NT 10.0; Win64; x64) AppleWebKit/537.36 (KHTML, like Gecko) Chrome/126.0.0.0 Safari/537.36"
98.80.227.34 - - [24/Jun/2025:15:51:11 +0000] "GET /privacy-policy.php HTTP/1.1" 200 22293 "https://www.google.com/" "Mozilla/5.0 (Windows NT 10.0; Win64; x64) AppleWebKit/537.36 (KHTML, like Gecko) Chrome/126.0.0.0 Safari/537.36"
66.249.79.161 - - [24/Jun/2025:15:52:42 +0000] "GET /index.php?shopdetail/197415678 HTTP/1.1" 301 274 "-" "Mozilla/5.0 (Linux; Android 6.0.1; Nexus 5X Build/MMB29P) AppleWebKit/537.36 (KHTML, like Gecko) Chrome/137.0.7151.103 Mobile Safari/537.36 (compatible; Googlebot/2.1; +http://www.google.com/bot.html)"
66.249.79.163 - - [24/Jun/2025:15:52:42 +0000] "GET /robots.txt HTTP/1.1" 301 254 "-" "Mozilla/5.0 (compatible; Googlebot/2.1; +http://www.google.com/bot.html)"
66.249.79.160 - - [24/Jun/2025:15:52:42 +0000] "GET /index.php?shopdetail/197415678 HTTP/1.1" 404 - "-" "Mozilla/5.0 (Linux; Android 6.0.1; Nexus 5X Build/MMB29P) AppleWebKit/537.36 (KHTML, like Gecko) Chrome/137.0.7151.103 Mobile Safari/537.36 (compatible; Googlebot/2.1; +http://www.google.com/bot.html)"
66.249.79.161 - - [24/Jun/2025:15:53:38 +0000] "GET /index.php?shopdetail/499156878 HTTP/1.1" 301 274 "-" "Mozilla/5.0 (Linux; Android 6.0.1; Nexus 5X Build/MMB29P) AppleWebKit/537.36 (KHTML, like Gecko) Chrome/137.0.7151.103 Mobile Safari/537.36 (compatible; Googlebot/2.1; +http://www.google.com/bot.html)"
66.249.79.162 - - [24/Jun/2025:15:53:39 +0000] "GET /index.php?shopdetail/499156878 HTTP/1.1" 404 - "-" "Mozilla/5.0 (Linux; Android 6.0.1; Nexus 5X Build/MMB29P) AppleWebKit/537.36 (KHTML, like Gecko) Chrome/137.0.7151.103 Mobile Safari/537.36 (compatible; Googlebot/2.1; +http://www.google.com/bot.html)"
66.249.79.161 - - [24/Jun/2025:15:53:39 +0000] "GET /robots.txt HTTP/1.1" 200 147 "-" "Mozilla/5.0 (compatible; Googlebot/2.1; +http://www.google.com/bot.html)"
57.141.2.16 - - [24/Jun/2025:15:54:32 +0000] "GET /lowpr.php?shopdetail/29997978 HTTP/2.0" 404 - "-" "meta-externalagent/1.1 (+https://developers.facebook.com/docs/sharing/webmasters/crawler)"
66.249.79.161 - - [24/Jun/2025:15:54:55 +0000] "GET /robots.txt HTTP/1.1" 301 254 "-" "Mozilla/5.0 (compatible; Googlebot/2.1; +http://www.google.com/bot.html)"
66.249.79.162 - - [24/Jun/2025:15:54:55 +0000] "GET /index.php?shopdetail/454868478 HTTP/1.1" 301 274 "-" "Mozilla/5.0 (Linux; Android 6.0.1; Nexus 5X Build/MMB29P) AppleWebKit/537.36 (KHTML, like Gecko) Chrome/137.0.7151.103 Mobile Safari/537.36 (compatible; Googlebot/2.1; +http://www.google.com/bot.html)"
66.249.79.163 - - [24/Jun/2025:15:54:55 +0000] "GET /index.php?shopdetail/454868478 HTTP/1.1" 301 274 "-" "Mozilla/5.0 (compatible; Googlebot/2.1; +http://www.google.com/bot.html)"
66.249.79.160 - - [24/Jun/2025:15:54:55 +0000] "GET /index.php?shopdetail/454868478 HTTP/1.1" 404 - "-" "Mozilla/5.0 (Linux; Android 6.0.1; Nexus 5X Build/MMB29P) AppleWebKit/537.36 (KHTML, like Gecko) Chrome/137.0.7151.103 Mobile Safari/537.36 (compatible; Googlebot/2.1; +http://www.google.com/bot.html)"
66.249.79.160 - - [24/Jun/2025:15:54:55 +0000] "GET /robots.txt HTTP/1.1" 200 147 "-" "Mozilla/5.0 (compatible; Googlebot/2.1; +http://www.google.com/bot.html)"
66.249.79.160 - - [24/Jun/2025:15:54:55 +0000] "GET /index.php?shopdetail/454868478 HTTP/1.1" 404 - "-" "Mozilla/5.0 (compatible; Googlebot/2.1; +http://www.google.com/bot.html)"
57.141.2.27 - - [24/Jun/2025:15:56:36 +0000] "GET /lowpr.php?shopdetail/297841478 HTTP/2.0" 404 - "-" "meta-externalagent/1.1 (+https://developers.facebook.com/docs/sharing/webmasters/crawler)"
66.249.79.162 - - [24/Jun/2025:15:56:53 +0000] "GET /index.php?shopdetail/456428478 HTTP/1.1" 301 274 "-" "Mozilla/5.0 (compatible; Googlebot/2.1; +http://www.google.com/bot.html)"
66.249.79.162 - - [24/Jun/2025:15:56:54 +0000] "GET /robots.txt HTTP/1.1" 200 147 "-" "Mozilla/5.0 (compatible; Googlebot/2.1; +http://www.google.com/bot.html)"
66.249.79.160 - - [24/Jun/2025:15:56:54 +0000] "GET /index.php?shopdetail/456428478 HTTP/1.1" 404 - "-" "Mozilla/5.0 (compatible; Googlebot/2.1; +http://www.google.com/bot.html)"
66.249.79.162 - - [24/Jun/2025:15:58:16 +0000] "GET /assets/pc/images/common/size/ja/225.jpg HTTP/1.1" 301 283 "-" "Googlebot-Image/1.0"
66.249.79.162 - - [24/Jun/2025:15:58:17 +0000] "GET /assets/pc/images/common/size/ja/225.jpg HTTP/1.1" 404 - "-" "Googlebot-Image/1.0"
57.141.2.22 - - [24/Jun/2025:15:58:17 +0000] "GET /lowpr.php?shopdetail/158777278 HTTP/2.0" 404 - "-" "meta-externalagent/1.1 (+https://developers.facebook.com/docs/sharing/webmasters/crawler)"
66.249.79.162 - - [24/Jun/2025:15:59:48 +0000] "GET /index.php?shopdetail/101542578 HTTP/1.1" 301 274 "-" "Mozilla/5.0 (Linux; Android 6.0.1; Nexus 5X Build/MMB29P) AppleWebKit/537.36 (KHTML, like Gecko) Chrome/137.0.7151.103 Mobile Safari/537.36 (compatible; Googlebot/2.1; +http://www.google.com/bot.html)"
66.249.79.162 - - [24/Jun/2025:15:59:49 +0000] "GET /index.php?shopdetail/101542578 HTTP/1.1" 404 - "-" "Mozilla/5.0 (Linux; Android 6.0.1; Nexus 5X Build/MMB29P) AppleWebKit/537.36 (KHTML, like Gecko) Chrome/137.0.7151.103 Mobile Safari/537.36 (compatible; Googlebot/2.1; +http://www.google.com/bot.html)"
66.249.79.163 - - [24/Jun/2025:16:02:41 +0000] "GET /index.php?shopdetail/84899978 HTTP/1.1" 301 273 "-" "Mozilla/5.0 (compatible; Googlebot/2.1; +http://www.google.com/bot.html)"
66.249.79.160 - - [24/Jun/2025:16:02:41 +0000] "GET /index.php?shopdetail/84899978 HTTP/1.1" 404 - "-" "Mozilla/5.0 (compatible; Googlebot/2.1; +http://www.google.com/bot.html)"
64.251.10.185 - - [24/Jun/2025:16:05:01 +0000] "GET / HTTP/1.1" 200 65336 "-" "Bot/1.01-z04bQ"
57.141.2.13 - - [24/Jun/2025:16:05:10 +0000] "GET /lowpr.php?shopdetail/345468778 HTTP/2.0" 404 - "-" "meta-externalagent/1.1 (+https://developers.facebook.com/docs/sharing/webmasters/crawler)"
66.249.79.162 - - [24/Jun/2025:16:07:01 +0000] "GET /index.php?shopdetail/502629678 HTTP/1.1" 301 274 "-" "Mozilla/5.0 (Linux; Android 6.0.1; Nexus 5X Build/MMB29P) AppleWebKit/537.36 (KHTML, like Gecko) Chrome/137.0.7151.103 Mobile Safari/537.36 (compatible; Googlebot/2.1; +http://www.google.com/bot.html)"
66.249.79.161 - - [24/Jun/2025:16:07:02 +0000] "GET /index.php?shopdetail/502629678 HTTP/1.1" 404 - "-" "Mozilla/5.0 (Linux; Android 6.0.1; Nexus 5X Build/MMB29P) AppleWebKit/537.36 (KHTML, like Gecko) Chrome/137.0.7151.103 Mobile Safari/537.36 (compatible; Googlebot/2.1; +http://www.google.com/bot.html)"
66.249.79.162 - - [24/Jun/2025:16:07:19 +0000] "GET /%E3%82%BB%E3%83%9F%E3%82%B7%E3%83%B3%E3%82%B0%E3%83%AB%E3%83%99%E3%83%83%E3%83%89%20%E8%8C%B6%20%E3%82%B7%E3%83%A7%E3%83%BC%E3%83%88%E4%B8%88%20%E7%9F%AD%E3%81%84%20%E3%83%99%E3%83%83%E3%83%89%20%E8%96%84%E5%9E%8B%E6%8A%97%E8%8F%8C%20%E6%B8%85%E6%BD%94%20%E5%9B%BD%E7%94%A3%20%E6%97%A5%E6%9C%AC%E8%A3%BD%20%E3%83%9D%E3%82%B1%E3%83%83%E3%83%88%E3%82%B3%E3%82%A4%E3%83%AB%E3%83%9E%E3%83%83%E3%83%88%E3%83%AC%E3%82%B9%E4%BB%98%E3%81%8D%20%E3%82%BB%E3%83%83%E3%83%88%20%E8%B7%B3%E3%81%AD%E4%B8%8A%E3%81%92%20%E3%82%89%E3%81%8F%E3%82%89%E3%81%8F%20%E6%95%B4%E7%90%86%20%E5%8F%8E%E7%B4%8D%20%E3%83%99%E3%83%83%E3%83%89(%20%E5%B9%85%20:%E3%82%BB%E3%83%9F%E3%82%B7%E3%83%B3%E3%82%B0%E3%83%AB)(%20%E5%A5%A5%E8%A1%8C%20:%E3%82%B7%E3%83%A7%E3%83%BC%E3%83%88%E4%B8%88)(%20%E3%83%95%E3%83%AC%E3%83%BC%E3%83%A0%E8%89%B2%20:%20%E3%83%80%E3%83%BC%E3%82%AF%E3%83%96%E3%83%A9%E3%82%A6%E3%83%B3%20%E8%8C%B6%20)(%20%E3%81%8A%E5%AE%A2%E6%A7%98%E7%B5%84%E7%AB%8B%20%E6%A8%AA%E9%96%8B%E3%81%8D%20%E3%83%98%E3%83%83%E3%83%89%E3%83%AC%E3%82%B9%20)%3Cbr%20/%3E%E5%93%81%E7%95%AA%EF%BC%9AC13-04416860%3Cbr%20/%3Ehttps://image.rakuten.co.jp/yumenokoya/cabinet/sozai/00284231703/03500570157.jpg HTTP/1.1" 301 253 "-" "Googlebot-Image/1.0"
66.249.79.161 - - [24/Jun/2025:16:07:41 +0000] "GET /index.php?shopdetail/18400178 HTTP/1.1" 301 273 "-" "Mozilla/5.0 (compatible; Googlebot/2.1; +http://www.google.com/bot.html)"
66.249.79.160 - - [24/Jun/2025:16:07:42 +0000] "GET /index.php?shopdetail/18400178 HTTP/1.1" 404 - "-" "Mozilla/5.0 (compatible; Googlebot/2.1; +http://www.google.com/bot.html)"
66.249.79.161 - - [24/Jun/2025:16:07:48 +0000] "GET /index.php?shopdetail/57062778 HTTP/1.1" 301 273 "-" "Mozilla/5.0 (Linux; Android 6.0.1; Nexus 5X Build/MMB29P) AppleWebKit/537.36 (KHTML, like Gecko) Chrome/137.0.7151.103 Mobile Safari/537.36 (compatible; Googlebot/2.1; +http://www.google.com/bot.html)"
66.249.79.160 - - [24/Jun/2025:16:07:48 +0000] "GET /index.php?shopdetail/57062778 HTTP/1.1" 404 - "-" "Mozilla/5.0 (Linux; Android 6.0.1; Nexus 5X Build/MMB29P) AppleWebKit/537.36 (KHTML, like Gecko) Chrome/137.0.7151.103 Mobile Safari/537.36 (compatible; Googlebot/2.1; +http://www.google.com/bot.html)"
66.249.79.163 - - [24/Jun/2025:16:10:31 +0000] "GET /index.php?shopdetail/229891478 HTTP/1.1" 301 274 "-" "Mozilla/5.0 (Linux; Android 6.0.1; Nexus 5X Build/MMB29P) AppleWebKit/537.36 (KHTML, like Gecko) Chrome/137.0.7151.103 Mobile Safari/537.36 (compatible; Googlebot/2.1; +http://www.google.com/bot.html)"
66.249.79.161 - - [24/Jun/2025:16:10:31 +0000] "GET /index.php?shopdetail/229891478 HTTP/1.1" 404 - "-" "Mozilla/5.0 (Linux; Android 6.0.1; Nexus 5X Build/MMB29P) AppleWebKit/537.36 (KHTML, like Gecko) Chrome/137.0.7151.103 Mobile Safari/537.36 (compatible; Googlebot/2.1; +http://www.google.com/bot.html)"
91.246.41.166 - - [24/Jun/2025:16:11:20 +0000] "GET / HTTP/1.1" 200 65336 "http://udyamonlineregistration.org" "Mozilla/5.0 (Macintosh; Intel Mac OS X 10_15_7) AppleWebKit/537.36 (KHTML, like Gecko) Chrome/133.0.0.0 Safari/537.36"
57.141.2.11 - - [24/Jun/2025:16:12:14 +0000] "GET /lowpr.php?shopdetail/32657278 HTTP/2.0" 404 - "-" "meta-externalagent/1.1 (+https://developers.facebook.com/docs/sharing/webmasters/crawler)"
47.128.49.61 - - [24/Jun/2025:16:13:26 +0000] "GET /udyam-online-for-others.php HTTP/2.0" 200 44057 "-" "Mozilla/5.0 (Linux; Android 5.0) AppleWebKit/537.36 (KHTML, like Gecko) Mobile Safari/537.36 (compatible; Bytespider; spider-feedback@bytedance.com)"
47.128.49.61 - - [24/Jun/2025:16:13:27 +0000] "GET /fontawesome/css/all.css HTTP/2.0" 404 - "https://udyamonlineregistration.org/udyam-online-for-others.php" "Mozilla/5.0 (Linux; Android 5.0) AppleWebKit/537.36 (KHTML, like Gecko) Mobile Safari/537.36 (compatible; Bytespider; spider-feedback@bytedance.com)"
47.128.49.61 - - [24/Jun/2025:16:13:27 +0000] "GET /assets/img/udyamonlineregistration.org.svg HTTP/2.0" 206 500 "https://udyamonlineregistration.org/udyam-online-for-others.php" "Mozilla/5.0 (Linux; Android 5.0) AppleWebKit/537.36 (KHTML, like Gecko) Mobile Safari/537.36 (compatible; Bytespider; spider-feedback@bytedance.com)"
47.128.49.61 - - [24/Jun/2025:16:13:27 +0000] "GET /assets/img/swach-bharat.png HTTP/2.0" 206 500 "https://udyamonlineregistration.org/udyam-online-for-others.php" "Mozilla/5.0 (Linux; Android 5.0) AppleWebKit/537.36 (KHTML, like Gecko) Mobile Safari/537.36 (compatible; Bytespider; spider-feedback@bytedance.com)"
47.128.49.61 - - [24/Jun/2025:16:13:27 +0000] "GET /sam.jpg HTTP/2.0" 206 500 "https://udyamonlineregistration.org/udyam-online-for-others.php" "Mozilla/5.0 (Linux; Android 5.0) AppleWebKit/537.36 (KHTML, like Gecko) Mobile Safari/537.36 (compatible; Bytespider; spider-feedback@bytedance.com)"
47.128.49.61 - - [24/Jun/2025:16:13:27 +0000] "GET /captcha.php HTTP/2.0" 200 1272 "https://udyamonlineregistration.org/udyam-online-for-others.php" "Mozilla/5.0 (Linux; Android 5.0) AppleWebKit/537.36 (KHTML, like Gecko) Mobile Safari/537.36 (compatible; Bytespider; spider-feedback@bytedance.com)"
216.244.66.194 - - [24/Jun/2025:16:13:29 +0000] "GET /shipping-policy.php HTTP/1.1" 404 - "-" "Mozilla/5.0 (compatible; DotBot/1.2; +https://opensiteexplorer.org/dotbot; help@moz.com)"
66.249.79.163 - - [24/Jun/2025:16:14:09 +0000] "GET /index.php?shopdetail/146174278 HTTP/1.1" 301 274 "-" "Mozilla/5.0 (Linux; Android 6.0.1; Nexus 5X Build/MMB29P) AppleWebKit/537.36 (KHTML, like Gecko) Chrome/137.0.7151.103 Mobile Safari/537.36 (compatible; Googlebot/2.1; +http://www.google.com/bot.html)"
66.249.79.161 - - [24/Jun/2025:16:14:10 +0000] "GET /index.php?shopdetail/146174278 HTTP/1.1" 404 - "-" "Mozilla/5.0 (Linux; Android 6.0.1; Nexus 5X Build/MMB29P) AppleWebKit/537.36 (KHTML, like Gecko) Chrome/137.0.7151.103 Mobile Safari/537.36 (compatible; Googlebot/2.1; +http://www.google.com/bot.html)"
205.210.31.254 - - [24/Jun/2025:16:17:54 +0000] "GET / HTTP/1.1" 401 36 "-" "Expanse, a Palo Alto Networks company, searches across the global IPv4 space multiple times per day to identify customers' presences on the Internet. If you would like to be excluded from our scans, please send IP addresses/domains to: scaninfo@paloaltonetworks.com"
57.141.2.25 - - [24/Jun/2025:16:19:25 +0000] "GET /lowpr.php?shopdetail/179207678 HTTP/2.0" 404 - "-" "meta-externalagent/1.1 (+https://developers.facebook.com/docs/sharing/webmasters/crawler)"
54.36.148.36 - - [24/Jun/2025:16:21:25 +0000] "GET /complaint-form.php HTTP/2.0" 200 19608 "-" "Mozilla/5.0 (compatible; AhrefsBot/7.0; +http://ahrefs.com/robot/)"
66.249.79.163 - - [24/Jun/2025:16:22:07 +0000] "GET /index.php?shopdetail/551706878 HTTP/1.1" 301 274 "-" "Mozilla/5.0 (Linux; Android 6.0.1; Nexus 5X Build/MMB29P) AppleWebKit/537.36 (KHTML, like Gecko) Chrome/137.0.7151.103 Mobile Safari/537.36 (compatible; Googlebot/2.1; +http://www.google.com/bot.html)"
66.249.79.160 - - [24/Jun/2025:16:22:08 +0000] "GET /index.php?shopdetail/551706878 HTTP/1.1" 404 - "-" "Mozilla/5.0 (Linux; Android 6.0.1; Nexus 5X Build/MMB29P) AppleWebKit/537.36 (KHTML, like Gecko) Chrome/137.0.7151.103 Mobile Safari/537.36 (compatible; Googlebot/2.1; +http://www.google.com/bot.html)"
72.14.199.35 - - [24/Jun/2025:16:23:36 +0000] "GET /index.php?shopdetail/210328278 HTTP/1.1" 301 274 "-" "Mozilla/5.0 AppleWebKit/537.36 (KHTML, like Gecko) Chrome/137.0.7151.68 Safari/537.36"
72.14.199.34 - - [24/Jun/2025:16:23:37 +0000] "GET /index.php?shopdetail/210328278 HTTP/1.1" 404 - "-" "Mozilla/5.0 AppleWebKit/537.36 (KHTML, like Gecko) Chrome/137.0.7151.68 Safari/537.36"
66.249.79.162 - - [24/Jun/2025:16:25:11 +0000] "GET /index.php?shopdetail/214713678 HTTP/1.1" 301 274 "-" "Mozilla/5.0 (Linux; Android 6.0.1; Nexus 5X Build/MMB29P) AppleWebKit/537.36 (KHTML, like Gecko) Chrome/137.0.7151.103 Mobile Safari/537.36 (compatible; Googlebot/2.1; +http://www.google.com/bot.html)"
66.249.79.162 - - [24/Jun/2025:16:25:12 +0000] "GET /index.php?shopdetail/214713678 HTTP/1.1" 404 - "-" "Mozilla/5.0 (Linux; Android 6.0.1; Nexus 5X Build/MMB29P) AppleWebKit/537.36 (KHTML, like Gecko) Chrome/137.0.7151.103 Mobile Safari/537.36 (compatible; Googlebot/2.1; +http://www.google.com/bot.html)"
57.141.2.6 - - [24/Jun/2025:16:25:16 +0000] "GET /lowpr.php?shopdetail/213686778 HTTP/2.0" 404 - "-" "meta-externalagent/1.1 (+https://developers.facebook.com/docs/sharing/webmasters/crawler)"
57.141.2.29 - - [24/Jun/2025:16:26:44 +0000] "GET /lowpr.php?shopdetail/332577478 HTTP/2.0" 404 - "-" "meta-externalagent/1.1 (+https://developers.facebook.com/docs/sharing/webmasters/crawler)"
57.141.2.27 - - [24/Jun/2025:16:28:37 +0000] "GET /lowpr.php?shopdetail/364458578 HTTP/2.0" 404 - "-" "meta-externalagent/1.1 (+https://developers.facebook.com/docs/sharing/webmasters/crawler)"
57.141.2.1 - - [24/Jun/2025:16:29:25 +0000] "GET /lowpr.php?shopdetail/368129378 HTTP/2.0" 404 - "-" "meta-externalagent/1.1 (+https://developers.facebook.com/docs/sharing/webmasters/crawler)"
66.249.79.163 - - [24/Jun/2025:16:29:59 +0000] "GET /index.php?shopdetail/394590178 HTTP/1.1" 301 274 "-" "Mozilla/5.0 (compatible; Googlebot/2.1; +http://www.google.com/bot.html)"
66.249.79.162 - - [24/Jun/2025:16:30:00 +0000] "GET /index.php?shopdetail/394590178 HTTP/1.1" 404 - "-" "Mozilla/5.0 (compatible; Googlebot/2.1; +http://www.google.com/bot.html)"
57.141.2.27 - - [24/Jun/2025:16:31:30 +0000] "GET /lowpr.php?shopdetail/99142778 HTTP/2.0" 404 - "-" "meta-externalagent/1.1 (+https://developers.facebook.com/docs/sharing/webmasters/crawler)"
57.141.2.19 - - [24/Jun/2025:16:31:45 +0000] "GET /lowpr.php?shopdetail/294669878 HTTP/2.0" 404 - "-" "meta-externalagent/1.1 (+https://developers.facebook.com/docs/sharing/webmasters/crawler)"
57.141.2.28 - - [24/Jun/2025:16:32:14 +0000] "GET /lowpr.php?shopdetail/238533878 HTTP/2.0" 404 - "-" "meta-externalagent/1.1 (+https://developers.facebook.com/docs/sharing/webmasters/crawler)"
66.249.79.163 - - [24/Jun/2025:16:33:19 +0000] "GET /index.php?shopdetail/191655578 HTTP/1.1" 301 274 "-" "Mozilla/5.0 (Linux; Android 6.0.1; Nexus 5X Build/MMB29P) AppleWebKit/537.36 (KHTML, like Gecko) Chrome/137.0.7151.103 Mobile Safari/537.36 (compatible; Googlebot/2.1; +http://www.google.com/bot.html)"
66.249.79.160 - - [24/Jun/2025:16:33:20 +0000] "GET /index.php?shopdetail/191655578 HTTP/1.1" 404 - "-" "Mozilla/5.0 (Linux; Android 6.0.1; Nexus 5X Build/MMB29P) AppleWebKit/537.36 (KHTML, like Gecko) Chrome/137.0.7151.103 Mobile Safari/537.36 (compatible; Googlebot/2.1; +http://www.google.com/bot.html)"
66.249.79.161 - - [24/Jun/2025:16:33:25 +0000] "GET /index.php?shopdetail/84135578 HTTP/1.1" 301 273 "-" "Mozilla/5.0 (Linux; Android 6.0.1; Nexus 5X Build/MMB29P) AppleWebKit/537.36 (KHTML, like Gecko) Chrome/137.0.7151.103 Mobile Safari/537.36 (compatible; Googlebot/2.1; +http://www.google.com/bot.html)"
66.249.79.160 - - [24/Jun/2025:16:33:26 +0000] "GET /index.php?shopdetail/84135578 HTTP/1.1" 404 - "-" "Mozilla/5.0 (Linux; Android 6.0.1; Nexus 5X Build/MMB29P) AppleWebKit/537.36 (KHTML, like Gecko) Chrome/137.0.7151.103 Mobile Safari/537.36 (compatible; Googlebot/2.1; +http://www.google.com/bot.html)"
66.249.79.162 - - [24/Jun/2025:16:34:41 +0000] "GET /index.php?shopdetail/354230178 HTTP/1.1" 301 274 "-" "Mozilla/5.0 (Linux; Android 6.0.1; Nexus 5X Build/MMB29P) AppleWebKit/537.36 (KHTML, like Gecko) Chrome/137.0.7151.103 Mobile Safari/537.36 (compatible; Googlebot/2.1; +http://www.google.com/bot.html)"
66.249.79.160 - - [24/Jun/2025:16:34:41 +0000] "GET /index.php?shopdetail/354230178 HTTP/1.1" 404 - "-" "Mozilla/5.0 (Linux; Android 6.0.1; Nexus 5X Build/MMB29P) AppleWebKit/537.36 (KHTML, like Gecko) Chrome/137.0.7151.103 Mobile Safari/537.36 (compatible; Googlebot/2.1; +http://www.google.com/bot.html)"
57.141.2.26 - - [24/Jun/2025:16:35:06 +0000] "GET /lowpr.php?shopdetail/171478178 HTTP/2.0" 404 - "-" "meta-externalagent/1.1 (+https://developers.facebook.com/docs/sharing/webmasters/crawler)"
57.141.2.8 - - [24/Jun/2025:16:35:51 +0000] "GET /lowpr.php?shopdetail/157263178 HTTP/2.0" 404 - "-" "meta-externalagent/1.1 (+https://developers.facebook.com/docs/sharing/webmasters/crawler)"
194.247.173.99 - - [24/Jun/2025:16:37:00 +0000] "GET /robots.txt HTTP/1.1" 200 147 "-" "Mozilla/5.0 (compatible; MJ12bot/v1.4.8; http://mj12bot.com/)"
194.247.173.99 - - [24/Jun/2025:16:37:04 +0000] "GET / HTTP/1.1" 200 65336 "-" "Mozilla/5.0 (compatible; MJ12bot/v1.4.8; http://mj12bot.com/)"
66.249.79.161 - - [24/Jun/2025:16:37:13 +0000] "GET /index.php?shopdetail/428705578 HTTP/1.1" 301 274 "-" "Mozilla/5.0 (compatible; Googlebot/2.1; +http://www.google.com/bot.html)"
66.249.79.160 - - [24/Jun/2025:16:37:14 +0000] "GET /index.php?shopdetail/428705578 HTTP/1.1" 404 - "-" "Mozilla/5.0 (compatible; Googlebot/2.1; +http://www.google.com/bot.html)"
66.249.79.163 - - [24/Jun/2025:16:38:38 +0000] "GET /index.php?shopdetail/590706578 HTTP/1.1" 301 274 "-" "Mozilla/5.0 (Linux; Android 6.0.1; Nexus 5X Build/MMB29P) AppleWebKit/537.36 (KHTML, like Gecko) Chrome/137.0.7151.103 Mobile Safari/537.36 (compatible; Googlebot/2.1; +http://www.google.com/bot.html)"
66.249.79.161 - - [24/Jun/2025:16:38:39 +0000] "GET /index.php?shopdetail/590706578 HTTP/1.1" 404 - "-" "Mozilla/5.0 (Linux; Android 6.0.1; Nexus 5X Build/MMB29P) AppleWebKit/537.36 (KHTML, like Gecko) Chrome/137.0.7151.103 Mobile Safari/537.36 (compatible; Googlebot/2.1; +http://www.google.com/bot.html)"
66.249.79.161 - - [24/Jun/2025:16:39:17 +0000] "GET /index.php?shopdetail/397723278 HTTP/1.1" 301 274 "-" "Mozilla/5.0 (compatible; Googlebot/2.1; +http://www.google.com/bot.html)"
66.249.79.162 - - [24/Jun/2025:16:39:17 +0000] "GET /index.php?shopdetail/397723278 HTTP/1.1" 404 - "-" "Mozilla/5.0 (compatible; Googlebot/2.1; +http://www.google.com/bot.html)"
57.141.2.6 - - [24/Jun/2025:16:40:20 +0000] "GET /lowpr.php?shopdetail/390963978 HTTP/2.0" 404 - "-" "meta-externalagent/1.1 (+https://developers.facebook.com/docs/sharing/webmasters/crawler)"
66.249.79.163 - - [24/Jun/2025:16:40:54 +0000] "GET /index.php?shopdetail/562381278 HTTP/1.1" 301 274 "-" "Mozilla/5.0 (Linux; Android 6.0.1; Nexus 5X Build/MMB29P) AppleWebKit/537.36 (KHTML, like Gecko) Chrome/137.0.7151.103 Mobile Safari/537.36 (compatible; Googlebot/2.1; +http://www.google.com/bot.html)"
66.249.79.161 - - [24/Jun/2025:16:40:55 +0000] "GET /index.php?shopdetail/562381278 HTTP/1.1" 404 - "-" "Mozilla/5.0 (Linux; Android 6.0.1; Nexus 5X Build/MMB29P) AppleWebKit/537.36 (KHTML, like Gecko) Chrome/137.0.7151.103 Mobile Safari/537.36 (compatible; Googlebot/2.1; +http://www.google.com/bot.html)"
72.14.199.35 - - [24/Jun/2025:16:43:53 +0000] "GET /index.php?shopdetail/518746278 HTTP/1.1" 301 274 "-" "Mozilla/5.0 AppleWebKit/537.36 (KHTML, like Gecko) Chrome/137.0.7151.68 Safari/537.36"
66.249.79.161 - - [24/Jun/2025:16:45:02 +0000] "GET /index.php?shopdetail/364792878 HTTP/1.1" 301 274 "-" "Mozilla/5.0 (compatible; Googlebot/2.1; +http://www.google.com/bot.html)"
66.249.79.161 - - [24/Jun/2025:16:45:02 +0000] "GET /index.php?shopdetail/364792878 HTTP/1.1" 404 - "-" "Mozilla/5.0 (compatible; Googlebot/2.1; +http://www.google.com/bot.html)"
79.127.148.167 - - [24/Jun/2025:16:45:25 +0000] "GET / HTTP/1.1" 200 65336 "-" "Mozilla/5.0 (Windows NT 10.0; Win64; x64) AppleWebKit/537.36 (KHTML, like Gecko) Chrome/114.0.0.0 Safari/537.36"
79.127.148.167 - - [24/Jun/2025:16:45:28 +0000] "GET /contact-us.php HTTP/1.1" 200 23070 "https://udyamonlineregistration.org" "Mozilla/5.0 (Windows NT 10.0; Win64; x64) AppleWebKit/537.36 (KHTML, like Gecko) Chrome/114.0.0.0 Safari/537.36"
79.127.148.167 - - [24/Jun/2025:16:45:33 +0000] "POST /contact-us.php HTTP/1.1" 200 23136 "https://udyamonlineregistration.org/contact-us.php" "Mozilla/5.0 (Windows NT 10.0; Win64; x64) AppleWebKit/537.36 (KHTML, like Gecko) Chrome/114.0.0.0 Safari/537.36"
66.249.79.161 - - [24/Jun/2025:16:46:07 +0000] "GET /index.php?shopdetail/185828378 HTTP/1.1" 301 274 "-" "Mozilla/5.0 (Linux; Android 6.0.1; Nexus 5X Build/MMB29P) AppleWebKit/537.36 (KHTML, like Gecko) Chrome/137.0.7151.103 Mobile Safari/537.36 (compatible; Googlebot/2.1; +http://www.google.com/bot.html)"
66.249.79.162 - - [24/Jun/2025:16:46:08 +0000] "GET /index.php?shopdetail/185828378 HTTP/1.1" 404 - "-" "Mozilla/5.0 (Linux; Android 6.0.1; Nexus 5X Build/MMB29P) AppleWebKit/537.36 (KHTML, like Gecko) Chrome/137.0.7151.103 Mobile Safari/537.36 (compatible; Googlebot/2.1; +http://www.google.com/bot.html)"
57.141.2.13 - - [24/Jun/2025:16:46:52 +0000] "GET /lowpr.php?shopdetail/145213478 HTTP/2.0" 404 - "-" "meta-externalagent/1.1 (+https://developers.facebook.com/docs/sharing/webmasters/crawler)"
66.249.79.161 - - [24/Jun/2025:16:47:46 +0000] "GET /index.php?shopdetail/217642378 HTTP/1.1" 301 274 "-" "Mozilla/5.0 (Linux; Android 6.0.1; Nexus 5X Build/MMB29P) AppleWebKit/537.36 (KHTML, like Gecko) Chrome/137.0.7151.103 Mobile Safari/537.36 (compatible; Googlebot/2.1; +http://www.google.com/bot.html)"
66.249.79.161 - - [24/Jun/2025:16:47:47 +0000] "GET /index.php?shopdetail/217642378 HTTP/1.1" 404 - "-" "Mozilla/5.0 (Linux; Android 6.0.1; Nexus 5X Build/MMB29P) AppleWebKit/537.36 (KHTML, like Gecko) Chrome/137.0.7151.103 Mobile Safari/537.36 (compatible; Googlebot/2.1; +http://www.google.com/bot.html)"
