57.141.2.19 - - [24/Jun/2025:20:09:40 +0000] "GET /lowpr.php?shopdetail/41693578 HTTP/2.0" 404 - "-" "meta-externalagent/1.1 (+https://developers.facebook.com/docs/sharing/webmasters/crawler)"
57.141.2.2 - - [24/Jun/2025:20:10:19 +0000] "GET /lowpr.php?shopdetail/58736078 HTTP/2.0" 404 - "-" "meta-externalagent/1.1 (+https://developers.facebook.com/docs/sharing/webmasters/crawler)"
66.249.79.162 - - [24/Jun/2025:20:11:02 +0000] "GET /index.php?shopdetail/134896278 HTTP/1.1" 301 274 "-" "Mozilla/5.0 (Linux; Android 6.0.1; Nexus 5X Build/MMB29P) AppleWebKit/537.36 (KHTML, like Gecko) Chrome/137.0.7151.103 Mobile Safari/537.36 (compatible; Googlebot/2.1; +http://www.google.com/bot.html)"
66.249.79.161 - - [24/Jun/2025:20:11:03 +0000] "GET /index.php?shopdetail/134896278 HTTP/1.1" 404 - "-" "Mozilla/5.0 (Linux; Android 6.0.1; Nexus 5X Build/MMB29P) AppleWebKit/537.36 (KHTML, like Gecko) Chrome/137.0.7151.103 Mobile Safari/537.36 (compatible; Googlebot/2.1; +http://www.google.com/bot.html)"
66.249.79.161 - - [24/Jun/2025:20:12:11 +0000] "GET /index.php?shopdetail/10751678 HTTP/1.1" 301 273 "-" "Mozilla/5.0 (compatible; Googlebot/2.1; +http://www.google.com/bot.html)"
66.249.79.161 - - [24/Jun/2025:20:12:11 +0000] "GET /index.php?shopdetail/10751678 HTTP/1.1" 404 - "-" "Mozilla/5.0 (compatible; Googlebot/2.1; +http://www.google.com/bot.html)"
66.249.79.163 - - [24/Jun/2025:20:14:22 +0000] "GET /index.php?shopdetail/586790478 HTTP/1.1" 301 274 "-" "Mozilla/5.0 (Linux; Android 6.0.1; Nexus 5X Build/MMB29P) AppleWebKit/537.36 (KHTML, like Gecko) Chrome/137.0.7151.103 Mobile Safari/537.36 (compatible; Googlebot/2.1; +http://www.google.com/bot.html)"
66.249.79.160 - - [24/Jun/2025:20:14:23 +0000] "GET /index.php?shopdetail/586790478 HTTP/1.1" 404 - "-" "Mozilla/5.0 (Linux; Android 6.0.1; Nexus 5X Build/MMB29P) AppleWebKit/537.36 (KHTML, like Gecko) Chrome/137.0.7151.103 Mobile Safari/537.36 (compatible; Googlebot/2.1; +http://www.google.com/bot.html)"
57.141.2.19 - - [24/Jun/2025:20:14:57 +0000] "GET /lowpr.php?shopdetail/313906278 HTTP/2.0" 404 - "-" "meta-externalagent/1.1 (+https://developers.facebook.com/docs/sharing/webmasters/crawler)"
57.141.2.7 - - [24/Jun/2025:20:15:10 +0000] "GET /lowpr.php?shopdetail/38059678 HTTP/2.0" 404 - "-" "meta-externalagent/1.1 (+https://developers.facebook.com/docs/sharing/webmasters/crawler)"
57.141.2.24 - - [24/Jun/2025:20:15:35 +0000] "GET /lowpr.php?shopdetail/304531578 HTTP/2.0" 404 - "-" "meta-externalagent/1.1 (+https://developers.facebook.com/docs/sharing/webmasters/crawler)"
207.46.13.229 - - [24/Jun/2025:20:16:30 +0000] "GET /robots.txt HTTP/2.0" 200 147 "-" "Mozilla/5.0 AppleWebKit/537.36 (KHTML, like Gecko; compatible; bingbot/2.0; +http://www.bing.com/bingbot.htm) Chrome/116.0.1938.76 Safari/537.36"
40.77.167.37 - - [24/Jun/2025:20:16:41 +0000] "GET /books.html HTTP/2.0" 404 - "-" "Mozilla/5.0 AppleWebKit/537.36 (KHTML, like Gecko; compatible; bingbot/2.0; +http://www.bing.com/bingbot.htm) Chrome/116.0.1938.76 Safari/537.36"
54.36.148.59 - - [24/Jun/2025:20:17:10 +0000] "GET /sitemap.xml HTTP/2.0" 200 4435 "-" "Mozilla/5.0 (compatible; AhrefsBot/7.0; +http://ahrefs.com/robot/)"
57.141.2.24 - - [24/Jun/2025:20:17:30 +0000] "GET /lowpr.php?shopdetail/83112578 HTTP/2.0" 404 - "-" "meta-externalagent/1.1 (+https://developers.facebook.com/docs/sharing/webmasters/crawler)"
57.141.2.8 - - [24/Jun/2025:20:17:31 +0000] "GET /lowpr.php?shopdetail/32781678 HTTP/2.0" 404 - "-" "meta-externalagent/1.1 (+https://developers.facebook.com/docs/sharing/webmasters/crawler)"
57.141.2.10 - - [24/Jun/2025:20:18:12 +0000] "GET /lowpr.php?shopdetail/155371378 HTTP/2.0" 404 - "-" "meta-externalagent/1.1 (+https://developers.facebook.com/docs/sharing/webmasters/crawler)"
66.249.79.163 - - [24/Jun/2025:20:19:22 +0000] "GET /index.php?shopdetail/155154278 HTTP/1.1" 301 274 "-" "Mozilla/5.0 (Linux; Android 6.0.1; Nexus 5X Build/MMB29P) AppleWebKit/537.36 (KHTML, like Gecko) Chrome/137.0.7151.103 Mobile Safari/537.36 (compatible; Googlebot/2.1; +http://www.google.com/bot.html)"
66.249.79.160 - - [24/Jun/2025:20:19:23 +0000] "GET /index.php?shopdetail/155154278 HTTP/1.1" 404 - "-" "Mozilla/5.0 (Linux; Android 6.0.1; Nexus 5X Build/MMB29P) AppleWebKit/537.36 (KHTML, like Gecko) Chrome/137.0.7151.103 Mobile Safari/537.36 (compatible; Googlebot/2.1; +http://www.google.com/bot.html)"
57.141.2.9 - - [24/Jun/2025:20:19:46 +0000] "GET /lowpr.php?shopdetail/242879478 HTTP/2.0" 404 - "-" "meta-externalagent/1.1 (+https://developers.facebook.com/docs/sharing/webmasters/crawler)"
57.141.2.18 - - [24/Jun/2025:20:20:46 +0000] "GET /lowpr.php?shopdetail/313927078 HTTP/2.0" 404 - "-" "meta-externalagent/1.1 (+https://developers.facebook.com/docs/sharing/webmasters/crawler)"
66.249.79.163 - - [24/Jun/2025:20:21:27 +0000] "GET /index.php?shopdetail/69401578 HTTP/1.1" 301 273 "-" "Mozilla/5.0 (compatible; Googlebot/2.1; +http://www.google.com/bot.html)"
66.249.79.162 - - [24/Jun/2025:20:21:28 +0000] "GET /index.php?shopdetail/69401578 HTTP/1.1" 404 - "-" "Mozilla/5.0 (compatible; Googlebot/2.1; +http://www.google.com/bot.html)"
216.73.216.137 - - [24/Jun/2025:20:21:52 +0000] "GET /robots.txt HTTP/2.0" 200 147 "http://udyamonlineregistration.org/robots.txt" "Mozilla/5.0 AppleWebKit/537.36 (KHTML, like Gecko; compatible; ClaudeBot/1.0; +claudebot@anthropic.com)"
216.73.216.137 - - [24/Jun/2025:20:21:52 +0000] "GET /lowpr.php HTTP/2.0" 404 - "http://udyamonlineregistration.org/lowpr.php" "Mozilla/5.0 AppleWebKit/537.36 (KHTML, like Gecko; compatible; ClaudeBot/1.0; +claudebot@anthropic.com)"
66.249.79.163 - - [24/Jun/2025:20:22:20 +0000] "GET /index.php?shopdetail/285074778 HTTP/1.1" 301 274 "-" "Mozilla/5.0 (Linux; Android 6.0.1; Nexus 5X Build/MMB29P) AppleWebKit/537.36 (KHTML, like Gecko) Chrome/137.0.7151.103 Mobile Safari/537.36 (compatible; Googlebot/2.1; +http://www.google.com/bot.html)"
66.249.79.161 - - [24/Jun/2025:20:22:21 +0000] "GET /index.php?shopdetail/285074778 HTTP/1.1" 404 - "-" "Mozilla/5.0 (Linux; Android 6.0.1; Nexus 5X Build/MMB29P) AppleWebKit/537.36 (KHTML, like Gecko) Chrome/137.0.7151.103 Mobile Safari/537.36 (compatible; Googlebot/2.1; +http://www.google.com/bot.html)"
57.141.2.30 - - [24/Jun/2025:20:22:35 +0000] "GET /lowpr.php?shopdetail/18961578 HTTP/2.0" 404 - "-" "meta-externalagent/1.1 (+https://developers.facebook.com/docs/sharing/webmasters/crawler)"
52.90.68.183 - - [24/Jun/2025:20:22:46 +0000] "GET /?ezoic_domain_verify=1&u7kCjhBGdD HTTP/1.1" 200 65336 "-" "Mozilla/5.0 (Windows NT 10.0; Win64; x64) AppleWebKit/537.36 (KHTML, like Gecko) Chrome/90.0.4430.85 Safari/537.36 X-Middleton/1 (compatible; EzoicBot-IntegrationCheck; +https://www.ezoic.com/bot/)"
66.249.79.161 - - [24/Jun/2025:20:22:48 +0000] "GET /index.php?shopdetail/459220178 HTTP/1.1" 301 274 "-" "Mozilla/5.0 (compatible; Googlebot/2.1; +http://www.google.com/bot.html)"
66.249.79.161 - - [24/Jun/2025:20:22:49 +0000] "GET /index.php?shopdetail/459220178 HTTP/1.1" 404 - "-" "Mozilla/5.0 (compatible; Googlebot/2.1; +http://www.google.com/bot.html)"
66.249.79.162 - - [24/Jun/2025:20:24:02 +0000] "GET /index.php?shopdetail/542553278 HTTP/1.1" 301 274 "-" "Mozilla/5.0 (Linux; Android 6.0.1; Nexus 5X Build/MMB29P) AppleWebKit/537.36 (KHTML, like Gecko) Chrome/137.0.7151.103 Mobile Safari/537.36 (compatible; Googlebot/2.1; +http://www.google.com/bot.html)"
66.249.79.162 - - [24/Jun/2025:20:24:02 +0000] "GET /robots.txt HTTP/1.1" 301 254 "-" "Mozilla/5.0 (compatible; Googlebot/2.1; +http://www.google.com/bot.html)"
66.249.79.162 - - [24/Jun/2025:20:24:02 +0000] "GET /index.php?shopdetail/542553278 HTTP/1.1" 301 274 "-" "Mozilla/5.0 (compatible; Googlebot/2.1; +http://www.google.com/bot.html)"
66.249.79.160 - - [24/Jun/2025:20:24:03 +0000] "GET /robots.txt HTTP/1.1" 200 147 "-" "Mozilla/5.0 (compatible; Googlebot/2.1; +http://www.google.com/bot.html)"
66.249.79.160 - - [24/Jun/2025:20:24:03 +0000] "GET /index.php?shopdetail/542553278 HTTP/1.1" 404 - "-" "Mozilla/5.0 (Linux; Android 6.0.1; Nexus 5X Build/MMB29P) AppleWebKit/537.36 (KHTML, like Gecko) Chrome/137.0.7151.103 Mobile Safari/537.36 (compatible; Googlebot/2.1; +http://www.google.com/bot.html)"
66.249.79.160 - - [24/Jun/2025:20:24:03 +0000] "GET /index.php?shopdetail/542553278 HTTP/1.1" 404 - "-" "Mozilla/5.0 (compatible; Googlebot/2.1; +http://www.google.com/bot.html)"
66.249.79.162 - - [24/Jun/2025:20:24:35 +0000] "GET /index.php?shopdetail/123885478 HTTP/1.1" 301 274 "-" "Mozilla/5.0 (Linux; Android 6.0.1; Nexus 5X Build/MMB29P) AppleWebKit/537.36 (KHTML, like Gecko) Chrome/137.0.7151.103 Mobile Safari/537.36 (compatible; Googlebot/2.1; +http://www.google.com/bot.html)"
66.249.79.162 - - [24/Jun/2025:20:24:35 +0000] "GET /index.php?shopdetail/123885478 HTTP/1.1" 301 274 "-" "Mozilla/5.0 (compatible; Googlebot/2.1; +http://www.google.com/bot.html)"
66.249.79.161 - - [24/Jun/2025:20:24:36 +0000] "GET /index.php?shopdetail/123885478 HTTP/1.1" 404 - "-" "Mozilla/5.0 (Linux; Android 6.0.1; Nexus 5X Build/MMB29P) AppleWebKit/537.36 (KHTML, like Gecko) Chrome/137.0.7151.103 Mobile Safari/537.36 (compatible; Googlebot/2.1; +http://www.google.com/bot.html)"
66.249.79.160 - - [24/Jun/2025:20:24:36 +0000] "GET /index.php?shopdetail/123885478 HTTP/1.1" 404 - "-" "Mozilla/5.0 (compatible; Googlebot/2.1; +http://www.google.com/bot.html)"
57.141.2.29 - - [24/Jun/2025:20:25:47 +0000] "GET /lowpr.php?shopdetail/92834178 HTTP/2.0" 404 - "-" "meta-externalagent/1.1 (+https://developers.facebook.com/docs/sharing/webmasters/crawler)"
57.141.2.17 - - [24/Jun/2025:20:25:58 +0000] "GET /lowpr.php?shopdetail/26865978 HTTP/2.0" 404 - "-" "meta-externalagent/1.1 (+https://developers.facebook.com/docs/sharing/webmasters/crawler)"
66.249.79.163 - - [24/Jun/2025:20:27:32 +0000] "GET /index.php?shopdetail/331618778 HTTP/1.1" 301 274 "-" "Mozilla/5.0 (Linux; Android 6.0.1; Nexus 5X Build/MMB29P) AppleWebKit/537.36 (KHTML, like Gecko) Chrome/137.0.7151.103 Mobile Safari/537.36 (compatible; Googlebot/2.1; +http://www.google.com/bot.html)"
66.249.79.160 - - [24/Jun/2025:20:27:33 +0000] "GET /index.php?shopdetail/331618778 HTTP/1.1" 404 - "-" "Mozilla/5.0 (Linux; Android 6.0.1; Nexus 5X Build/MMB29P) AppleWebKit/537.36 (KHTML, like Gecko) Chrome/137.0.7151.103 Mobile Safari/537.36 (compatible; Googlebot/2.1; +http://www.google.com/bot.html)"
66.249.79.162 - - [24/Jun/2025:20:28:38 +0000] "GET /robots.txt HTTP/1.1" 301 254 "-" "Mozilla/5.0 (compatible; Googlebot/2.1; +http://www.google.com/bot.html)"
66.249.79.161 - - [24/Jun/2025:20:28:38 +0000] "GET /index.php?shopdetail/397216678 HTTP/1.1" 301 274 "-" "Mozilla/5.0 (compatible; Googlebot/2.1; +http://www.google.com/bot.html)"
66.249.79.160 - - [24/Jun/2025:20:28:39 +0000] "GET /index.php?shopdetail/397216678 HTTP/1.1" 404 - "-" "Mozilla/5.0 (compatible; Googlebot/2.1; +http://www.google.com/bot.html)"
66.249.79.160 - - [24/Jun/2025:20:28:39 +0000] "GET /robots.txt HTTP/1.1" 200 147 "-" "Mozilla/5.0 (compatible; Googlebot/2.1; +http://www.google.com/bot.html)"
57.141.2.20 - - [24/Jun/2025:20:28:42 +0000] "GET /lowpr.php?shopdetail/166301378 HTTP/2.0" 404 - "-" "meta-externalagent/1.1 (+https://developers.facebook.com/docs/sharing/webmasters/crawler)"
66.249.79.161 - - [24/Jun/2025:20:30:21 +0000] "GET /index.php?shopdetail/48448278 HTTP/1.1" 301 273 "-" "Mozilla/5.0 (compatible; Googlebot/2.1; +http://www.google.com/bot.html)"
66.249.79.161 - - [24/Jun/2025:20:30:21 +0000] "GET /robots.txt HTTP/1.1" 301 254 "-" "Mozilla/5.0 (compatible; Googlebot/2.1; +http://www.google.com/bot.html)"
66.249.79.160 - - [24/Jun/2025:20:30:21 +0000] "GET /index.php?shopdetail/48448278 HTTP/1.1" 404 - "-" "Mozilla/5.0 (compatible; Googlebot/2.1; +http://www.google.com/bot.html)"
66.249.79.160 - - [24/Jun/2025:20:30:21 +0000] "GET /robots.txt HTTP/1.1" 200 147 "-" "Mozilla/5.0 (compatible; Googlebot/2.1; +http://www.google.com/bot.html)"
66.249.79.162 - - [24/Jun/2025:20:31:27 +0000] "GET /robots.txt HTTP/1.1" 200 147 "-" "Mozilla/5.0 (compatible; Googlebot/2.1; +http://www.google.com/bot.html)"
57.141.2.5 - - [24/Jun/2025:20:32:03 +0000] "GET /lowpr.php?shopdetail/58774178 HTTP/2.0" 404 - "-" "meta-externalagent/1.1 (+https://developers.facebook.com/docs/sharing/webmasters/crawler)"
66.249.79.161 - - [24/Jun/2025:20:32:25 +0000] "GET /index.php?shopdetail/12336578 HTTP/1.1" 301 273 "-" "Mozilla/5.0 (compatible; Googlebot/2.1; +http://www.google.com/bot.html)"
66.249.79.160 - - [24/Jun/2025:20:32:26 +0000] "GET /index.php?shopdetail/12336578 HTTP/1.1" 404 - "-" "Mozilla/5.0 (compatible; Googlebot/2.1; +http://www.google.com/bot.html)"
66.249.79.161 - - [24/Jun/2025:20:32:37 +0000] "GET /robots.txt HTTP/1.1" 301 254 "-" "Mozilla/5.0 (compatible; Googlebot/2.1; +http://www.google.com/bot.html)"
66.249.79.161 - - [24/Jun/2025:20:32:37 +0000] "GET /index.php?shopdetail/109270478 HTTP/1.1" 301 274 "-" "Mozilla/5.0 (compatible; Googlebot/2.1; +http://www.google.com/bot.html)"
66.249.79.160 - - [24/Jun/2025:20:32:38 +0000] "GET /robots.txt HTTP/1.1" 200 147 "-" "Mozilla/5.0 (compatible; Googlebot/2.1; +http://www.google.com/bot.html)"
66.249.79.160 - - [24/Jun/2025:20:32:38 +0000] "GET /index.php?shopdetail/109270478 HTTP/1.1" 404 - "-" "Mozilla/5.0 (compatible; Googlebot/2.1; +http://www.google.com/bot.html)"
121.4.97.180 - - [24/Jun/2025:20:33:59 +0000] "GET / HTTP/1.1" 200 65336 "http://www.udyamonlineregistration.org" "Mozilla/5.0 (iPhone; CPU iPhone OS 13_2_3 like Mac OS X) AppleWebKit/605.1.15 (KHTML, like Gecko) Version/13.0.3 Mobile/15E148 Safari/604.1"
66.249.79.163 - - [24/Jun/2025:20:34:02 +0000] "GET /index.php?shopdetail/61205478 HTTP/1.1" 301 273 "-" "Mozilla/5.0 (Linux; Android 6.0.1; Nexus 5X Build/MMB29P) AppleWebKit/537.36 (KHTML, like Gecko) Chrome/137.0.7151.103 Mobile Safari/537.36 (compatible; Googlebot/2.1; +http://www.google.com/bot.html)"
66.249.79.163 - - [24/Jun/2025:20:34:02 +0000] "GET /robots.txt HTTP/1.1" 301 254 "-" "Mozilla/5.0 (compatible; Googlebot/2.1; +http://www.google.com/bot.html)"
66.249.79.160 - - [24/Jun/2025:20:34:03 +0000] "GET /robots.txt HTTP/1.1" 200 147 "-" "Mozilla/5.0 (compatible; Googlebot/2.1; +http://www.google.com/bot.html)"
66.249.79.160 - - [24/Jun/2025:20:34:03 +0000] "GET /index.php?shopdetail/61205478 HTTP/1.1" 404 - "-" "Mozilla/5.0 (Linux; Android 6.0.1; Nexus 5X Build/MMB29P) AppleWebKit/537.36 (KHTML, like Gecko) Chrome/137.0.7151.103 Mobile Safari/537.36 (compatible; Googlebot/2.1; +http://www.google.com/bot.html)"
57.141.2.24 - - [24/Jun/2025:20:34:47 +0000] "GET /lowpr.php?shopdetail/146797778 HTTP/2.0" 404 - "-" "meta-externalagent/1.1 (+https://developers.facebook.com/docs/sharing/webmasters/crawler)"
57.141.2.9 - - [24/Jun/2025:20:35:09 +0000] "GET /lowpr.php?shopdetail/21026278 HTTP/2.0" 404 - "-" "meta-externalagent/1.1 (+https://developers.facebook.com/docs/sharing/webmasters/crawler)"
121.229.156.55 - - [24/Jun/2025:20:36:57 +0000] "GET / HTTP/1.1" 200 65336 "-" "Sogou web spider/4.0(+http://www.sogou.com/docs/help/webmasters.htm#07)"
66.249.79.161 - - [24/Jun/2025:20:37:29 +0000] "GET /index.php?shopdetail/52010278 HTTP/1.1" 301 273 "-" "Mozilla/5.0 (compatible; Googlebot/2.1; +http://www.google.com/bot.html)"
66.249.79.162 - - [24/Jun/2025:20:37:30 +0000] "GET /index.php?shopdetail/52010278 HTTP/1.1" 404 - "-" "Mozilla/5.0 (compatible; Googlebot/2.1; +http://www.google.com/bot.html)"
57.141.2.17 - - [24/Jun/2025:20:38:00 +0000] "GET /lowpr.php?shopdetail/86123178 HTTP/2.0" 404 - "-" "meta-externalagent/1.1 (+https://developers.facebook.com/docs/sharing/webmasters/crawler)"
66.249.79.163 - - [24/Jun/2025:20:38:10 +0000] "GET /index.php?shopdetail/129248978 HTTP/1.1" 301 274 "-" "Mozilla/5.0 (Linux; Android 6.0.1; Nexus 5X Build/MMB29P) AppleWebKit/537.36 (KHTML, like Gecko) Chrome/137.0.7151.103 Mobile Safari/537.36 (compatible; Googlebot/2.1; +http://www.google.com/bot.html)"
66.249.79.161 - - [24/Jun/2025:20:38:11 +0000] "GET /index.php?shopdetail/129248978 HTTP/1.1" 404 - "-" "Mozilla/5.0 (Linux; Android 6.0.1; Nexus 5X Build/MMB29P) AppleWebKit/537.36 (KHTML, like Gecko) Chrome/137.0.7151.103 Mobile Safari/537.36 (compatible; Googlebot/2.1; +http://www.google.com/bot.html)"
66.249.79.161 - - [24/Jun/2025:20:38:56 +0000] "GET /index.php?shopdetail/83328478 HTTP/1.1" 301 273 "-" "Mozilla/5.0 (compatible; Googlebot/2.1; +http://www.google.com/bot.html)"
66.249.79.160 - - [24/Jun/2025:20:38:57 +0000] "GET /index.php?shopdetail/83328478 HTTP/1.1" 404 - "-" "Mozilla/5.0 (compatible; Googlebot/2.1; +http://www.google.com/bot.html)"
57.141.2.13 - - [24/Jun/2025:20:38:57 +0000] "GET /lowpr.php?shopdetail/122848178 HTTP/2.0" 404 - "-" "meta-externalagent/1.1 (+https://developers.facebook.com/docs/sharing/webmasters/crawler)"
216.73.216.137 - - [24/Jun/2025:20:40:36 +0000] "GET /sitemap.xml HTTP/2.0" 200 4435 "http://udyamonlineregistration.org/sitemap.xml" "Mozilla/5.0 AppleWebKit/537.36 (KHTML, like Gecko; compatible; ClaudeBot/1.0; +claudebot@anthropic.com)"
66.249.79.161 - - [24/Jun/2025:20:40:58 +0000] "GET /index.php?shopdetail/261073478 HTTP/1.1" 301 274 "-" "Mozilla/5.0 (Linux; Android 6.0.1; Nexus 5X Build/MMB29P) AppleWebKit/537.36 (KHTML, like Gecko) Chrome/137.0.7151.103 Mobile Safari/537.36 (compatible; Googlebot/2.1; +http://www.google.com/bot.html)"
66.249.79.160 - - [24/Jun/2025:20:40:59 +0000] "GET /index.php?shopdetail/261073478 HTTP/1.1" 404 - "-" "Mozilla/5.0 (Linux; Android 6.0.1; Nexus 5X Build/MMB29P) AppleWebKit/537.36 (KHTML, like Gecko) Chrome/137.0.7151.103 Mobile Safari/537.36 (compatible; Googlebot/2.1; +http://www.google.com/bot.html)"
57.141.2.18 - - [24/Jun/2025:20:43:21 +0000] "GET /lowpr.php?shopdetail/282202878 HTTP/2.0" 404 - "-" "meta-externalagent/1.1 (+https://developers.facebook.com/docs/sharing/webmasters/crawler)"
57.141.2.2 - - [24/Jun/2025:20:44:16 +0000] "GET /lowpr.php?shopdetail/394718378 HTTP/2.0" 404 - "-" "meta-externalagent/1.1 (+https://developers.facebook.com/docs/sharing/webmasters/crawler)"
66.249.79.162 - - [24/Jun/2025:20:45:17 +0000] "GET /index.php?shopdetail/258943078 HTTP/1.1" 301 274 "-" "Mozilla/5.0 (compatible; Googlebot/2.1; +http://www.google.com/bot.html)"
66.249.79.160 - - [24/Jun/2025:20:45:18 +0000] "GET /index.php?shopdetail/258943078 HTTP/1.1" 404 - "-" "Mozilla/5.0 (compatible; Googlebot/2.1; +http://www.google.com/bot.html)"
66.249.79.162 - - [24/Jun/2025:20:45:48 +0000] "GET /index.php?shopdetail/170335078 HTTP/1.1" 301 274 "-" "Mozilla/5.0 (Linux; Android 6.0.1; Nexus 5X Build/MMB29P) AppleWebKit/537.36 (KHTML, like Gecko) Chrome/137.0.7151.103 Mobile Safari/537.36 (compatible; Googlebot/2.1; +http://www.google.com/bot.html)"
66.249.79.161 - - [24/Jun/2025:20:45:49 +0000] "GET /index.php?shopdetail/170335078 HTTP/1.1" 404 - "-" "Mozilla/5.0 (Linux; Android 6.0.1; Nexus 5X Build/MMB29P) AppleWebKit/537.36 (KHTML, like Gecko) Chrome/137.0.7151.103 Mobile Safari/537.36 (compatible; Googlebot/2.1; +http://www.google.com/bot.html)"
57.141.2.4 - - [24/Jun/2025:20:46:19 +0000] "GET /lowpr.php?shopdetail/194936378 HTTP/2.0" 404 - "-" "meta-externalagent/1.1 (+https://developers.facebook.com/docs/sharing/webmasters/crawler)"
198.235.24.212 - - [24/Jun/2025:20:47:19 +0000] "GET / HTTP/1.1" 401 36 "-" "Expanse, a Palo Alto Networks company, searches across the global IPv4 space multiple times per day to identify customers' presences on the Internet. If you would like to be excluded from our scans, please send IP addresses/domains to: scaninfo@paloaltonetworks.com"
85.208.98.18 - - [24/Jun/2025:20:48:13 +0000] "GET /blog/msme-registration HTTP/1.1" 200 26697 "-" "Mozilla/5.0 (compatible; SemrushBot; +http://www.semrush.com/bot.html)"
66.249.79.162 - - [24/Jun/2025:20:48:44 +0000] "GET /index.php?shopdetail/229613278 HTTP/1.1" 301 274 "-" "Mozilla/5.0 (compatible; Googlebot/2.1; +http://www.google.com/bot.html)"
66.249.79.161 - - [24/Jun/2025:20:48:45 +0000] "GET /index.php?shopdetail/229613278 HTTP/1.1" 404 - "-" "Mozilla/5.0 (compatible; Googlebot/2.1; +http://www.google.com/bot.html)"
66.249.79.163 - - [24/Jun/2025:20:51:11 +0000] "GET /index.php?shopdetail/342459578 HTTP/1.1" 301 274 "-" "Mozilla/5.0 (compatible; Googlebot/2.1; +http://www.google.com/bot.html)"
66.249.79.160 - - [24/Jun/2025:20:51:12 +0000] "GET /index.php?shopdetail/342459578 HTTP/1.1" 404 - "-" "Mozilla/5.0 (compatible; Googlebot/2.1; +http://www.google.com/bot.html)"
66.249.79.162 - - [24/Jun/2025:20:52:18 +0000] "GET /index.php?shopdetail/311098478 HTTP/1.1" 301 274 "-" "Mozilla/5.0 (Linux; Android 6.0.1; Nexus 5X Build/MMB29P) AppleWebKit/537.36 (KHTML, like Gecko) Chrome/137.0.7151.103 Mobile Safari/537.36 (compatible; Googlebot/2.1; +http://www.google.com/bot.html)"
66.249.79.161 - - [24/Jun/2025:20:52:19 +0000] "GET /index.php?shopdetail/311098478 HTTP/1.1" 404 - "-" "Mozilla/5.0 (Linux; Android 6.0.1; Nexus 5X Build/MMB29P) AppleWebKit/537.36 (KHTML, like Gecko) Chrome/137.0.7151.103 Mobile Safari/537.36 (compatible; Googlebot/2.1; +http://www.google.com/bot.html)"
66.249.79.162 - - [24/Jun/2025:20:54:55 +0000] "GET /index.php?shopdetail/290575978 HTTP/1.1" 301 274 "-" "Mozilla/5.0 (compatible; Googlebot/2.1; +http://www.google.com/bot.html)"
66.249.79.162 - - [24/Jun/2025:20:54:56 +0000] "GET /index.php?shopdetail/290575978 HTTP/1.1" 404 - "-" "Mozilla/5.0 (compatible; Googlebot/2.1; +http://www.google.com/bot.html)"
66.249.79.161 - - [24/Jun/2025:20:55:01 +0000] "GET /index.php?shopdetail/207705578 HTTP/1.1" 301 274 "-" "Mozilla/5.0 (compatible; Googlebot/2.1; +http://www.google.com/bot.html)"
66.249.79.162 - - [24/Jun/2025:20:55:02 +0000] "GET /index.php?shopdetail/207705578 HTTP/1.1" 404 - "-" "Mozilla/5.0 (compatible; Googlebot/2.1; +http://www.google.com/bot.html)"
57.141.2.15 - - [24/Jun/2025:20:55:56 +0000] "GET /lowpr.php?shopdetail/53483278 HTTP/2.0" 404 - "-" "meta-externalagent/1.1 (+https://developers.facebook.com/docs/sharing/webmasters/crawler)"
57.141.2.11 - - [24/Jun/2025:21:00:45 +0000] "GET /lowpr.php?shopdetail/365034478 HTTP/2.0" 404 - "-" "meta-externalagent/1.1 (+https://developers.facebook.com/docs/sharing/webmasters/crawler)"
66.249.79.163 - - [24/Jun/2025:21:02:01 +0000] "GET /index.php?shopdetail/273853178 HTTP/1.1" 301 274 "-" "Mozilla/5.0 (Linux; Android 6.0.1; Nexus 5X Build/MMB29P) AppleWebKit/537.36 (KHTML, like Gecko) Chrome/137.0.7151.103 Mobile Safari/537.36 (compatible; Googlebot/2.1; +http://www.google.com/bot.html)"
66.249.79.162 - - [24/Jun/2025:21:02:02 +0000] "GET /index.php?shopdetail/273853178 HTTP/1.1" 404 - "-" "Mozilla/5.0 (Linux; Android 6.0.1; Nexus 5X Build/MMB29P) AppleWebKit/537.36 (KHTML, like Gecko) Chrome/137.0.7151.103 Mobile Safari/537.36 (compatible; Googlebot/2.1; +http://www.google.com/bot.html)"
66.249.79.161 - - [24/Jun/2025:21:02:39 +0000] "GET /index.php?shopdetail/484708178 HTTP/1.1" 301 274 "-" "Mozilla/5.0 (compatible; Googlebot/2.1; +http://www.google.com/bot.html)"
66.249.79.160 - - [24/Jun/2025:21:02:40 +0000] "GET /index.php?shopdetail/484708178 HTTP/1.1" 404 - "-" "Mozilla/5.0 (compatible; Googlebot/2.1; +http://www.google.com/bot.html)"
57.141.2.17 - - [24/Jun/2025:21:04:41 +0000] "GET /lowpr.php?shopdetail/37072678 HTTP/2.0" 404 - "-" "meta-externalagent/1.1 (+https://developers.facebook.com/docs/sharing/webmasters/crawler)"
66.249.79.162 - - [24/Jun/2025:21:07:12 +0000] "GET /index.php?shopdetail/484812078 HTTP/1.1" 301 274 "-" "Mozilla/5.0 (Linux; Android 6.0.1; Nexus 5X Build/MMB29P) AppleWebKit/537.36 (KHTML, like Gecko) Chrome/137.0.7151.103 Mobile Safari/537.36 (compatible; Googlebot/2.1; +http://www.google.com/bot.html)"
66.249.79.160 - - [24/Jun/2025:21:07:13 +0000] "GET /index.php?shopdetail/484812078 HTTP/1.1" 404 - "-" "Mozilla/5.0 (Linux; Android 6.0.1; Nexus 5X Build/MMB29P) AppleWebKit/537.36 (KHTML, like Gecko) Chrome/137.0.7151.103 Mobile Safari/537.36 (compatible; Googlebot/2.1; +http://www.google.com/bot.html)"
66.249.79.161 - - [24/Jun/2025:21:07:38 +0000] "GET /index.php?shopdetail/178227278 HTTP/1.1" 301 274 "-" "Mozilla/5.0 (Linux; Android 6.0.1; Nexus 5X Build/MMB29P) AppleWebKit/537.36 (KHTML, like Gecko) Chrome/137.0.7151.103 Mobile Safari/537.36 (compatible; Googlebot/2.1; +http://www.google.com/bot.html)"
66.249.79.162 - - [24/Jun/2025:21:07:38 +0000] "GET /index.php?shopdetail/178227278 HTTP/1.1" 301 274 "-" "Mozilla/5.0 (compatible; Googlebot/2.1; +http://www.google.com/bot.html)"
66.249.79.161 - - [24/Jun/2025:21:07:39 +0000] "GET /index.php?shopdetail/178227278 HTTP/1.1" 404 - "-" "Mozilla/5.0 (Linux; Android 6.0.1; Nexus 5X Build/MMB29P) AppleWebKit/537.36 (KHTML, like Gecko) Chrome/137.0.7151.103 Mobile Safari/537.36 (compatible; Googlebot/2.1; +http://www.google.com/bot.html)"
66.249.79.161 - - [24/Jun/2025:21:07:39 +0000] "GET /index.php?shopdetail/178227278 HTTP/1.1" 404 - "-" "Mozilla/5.0 (compatible; Googlebot/2.1; +http://www.google.com/bot.html)"
66.249.79.161 - - [24/Jun/2025:21:08:21 +0000] "GET /index.php?shopdetail/55376478 HTTP/1.1" 301 273 "-" "Mozilla/5.0 (compatible; Googlebot/2.1; +http://www.google.com/bot.html)"
66.249.79.161 - - [24/Jun/2025:21:08:21 +0000] "GET /index.php?shopdetail/55376478 HTTP/1.1" 404 - "-" "Mozilla/5.0 (compatible; Googlebot/2.1; +http://www.google.com/bot.html)"
66.249.79.162 - - [24/Jun/2025:21:08:48 +0000] "GET /index.php?shopdetail/83602678 HTTP/1.1" 301 273 "-" "Mozilla/5.0 (Linux; Android 6.0.1; Nexus 5X Build/MMB29P) AppleWebKit/537.36 (KHTML, like Gecko) Chrome/137.0.7151.103 Mobile Safari/537.36 (compatible; Googlebot/2.1; +http://www.google.com/bot.html)"
66.249.79.160 - - [24/Jun/2025:21:08:49 +0000] "GET /index.php?shopdetail/83602678 HTTP/1.1" 404 - "-" "Mozilla/5.0 (Linux; Android 6.0.1; Nexus 5X Build/MMB29P) AppleWebKit/537.36 (KHTML, like Gecko) Chrome/137.0.7151.103 Mobile Safari/537.36 (compatible; Googlebot/2.1; +http://www.google.com/bot.html)"
66.249.79.163 - - [24/Jun/2025:21:09:13 +0000] "GET /index.php?shopdetail/315251678 HTTP/1.1" 301 274 "-" "Mozilla/5.0 (compatible; Googlebot/2.1; +http://www.google.com/bot.html)"
66.249.79.162 - - [24/Jun/2025:21:09:13 +0000] "GET /index.php?shopdetail/315251678 HTTP/1.1" 404 - "-" "Mozilla/5.0 (compatible; Googlebot/2.1; +http://www.google.com/bot.html)"
57.141.2.2 - - [24/Jun/2025:21:09:25 +0000] "GET /lowpr.php?shopdetail/141258578 HTTP/2.0" 404 - "-" "meta-externalagent/1.1 (+https://developers.facebook.com/docs/sharing/webmasters/crawler)"
66.249.79.161 - - [24/Jun/2025:21:10:09 +0000] "GET /index.php?shopdetail/279028678 HTTP/1.1" 301 274 "-" "Mozilla/5.0 (Linux; Android 6.0.1; Nexus 5X Build/MMB29P) AppleWebKit/537.36 (KHTML, like Gecko) Chrome/137.0.7151.103 Mobile Safari/537.36 (compatible; Googlebot/2.1; +http://www.google.com/bot.html)"
66.249.79.161 - - [24/Jun/2025:21:10:10 +0000] "GET /index.php?shopdetail/279028678 HTTP/1.1" 404 - "-" "Mozilla/5.0 (Linux; Android 6.0.1; Nexus 5X Build/MMB29P) AppleWebKit/537.36 (KHTML, like Gecko) Chrome/137.0.7151.103 Mobile Safari/537.36 (compatible; Googlebot/2.1; +http://www.google.com/bot.html)"
57.141.2.18 - - [24/Jun/2025:21:11:06 +0000] "GET /lowpr.php?shopdetail/103453878 HTTP/2.0" 404 - "-" "meta-externalagent/1.1 (+https://developers.facebook.com/docs/sharing/webmasters/crawler)"
57.141.2.11 - - [24/Jun/2025:21:12:15 +0000] "GET /lowpr.php?shopdetail/67259678 HTTP/2.0" 404 - "-" "meta-externalagent/1.1 (+https://developers.facebook.com/docs/sharing/webmasters/crawler)"
66.249.79.162 - - [24/Jun/2025:21:12:24 +0000] "GET /index.php?shopdetail/175955378 HTTP/1.1" 301 274 "-" "Mozilla/5.0 (Linux; Android 6.0.1; Nexus 5X Build/MMB29P) AppleWebKit/537.36 (KHTML, like Gecko) Chrome/137.0.7151.103 Mobile Safari/537.36 (compatible; Googlebot/2.1; +http://www.google.com/bot.html)"
66.249.79.160 - - [24/Jun/2025:21:12:25 +0000] "GET /index.php?shopdetail/175955378 HTTP/1.1" 404 - "-" "Mozilla/5.0 (Linux; Android 6.0.1; Nexus 5X Build/MMB29P) AppleWebKit/537.36 (KHTML, like Gecko) Chrome/137.0.7151.103 Mobile Safari/537.36 (compatible; Googlebot/2.1; +http://www.google.com/bot.html)"
57.141.2.2 - - [24/Jun/2025:21:12:36 +0000] "GET /lowpr.php?shopdetail/307099078 HTTP/2.0" 404 - "-" "meta-externalagent/1.1 (+https://developers.facebook.com/docs/sharing/webmasters/crawler)"
57.141.2.8 - - [24/Jun/2025:21:12:44 +0000] "GET /lowpr.php?shopdetail/70171278 HTTP/2.0" 404 - "-" "meta-externalagent/1.1 (+https://developers.facebook.com/docs/sharing/webmasters/crawler)"
66.249.79.162 - - [24/Jun/2025:21:13:10 +0000] "GET /index.php?shopdetail/431945678 HTTP/1.1" 301 274 "-" "Mozilla/5.0 (compatible; Googlebot/2.1; +http://www.google.com/bot.html)"
66.249.79.161 - - [24/Jun/2025:21:13:10 +0000] "GET /index.php?shopdetail/431945678 HTTP/1.1" 404 - "-" "Mozilla/5.0 (compatible; Googlebot/2.1; +http://www.google.com/bot.html)"
104.210.140.138 - - [24/Jun/2025:21:13:49 +0000] "GET /robots.txt HTTP/2.0" 301 254 "-" "Mozilla/5.0 (Macintosh; Intel Mac OS X 10_15_7) AppleWebKit/537.36 (KHTML, like Gecko) Chrome/131.0.0.0 Safari/537.36; compatible; OAI-SearchBot/1.0; +https://openai.com/searchbot"
104.210.140.131 - - [24/Jun/2025:21:13:51 +0000] "GET /robots.txt HTTP/2.0" 200 147 "-" "Mozilla/5.0 (Macintosh; Intel Mac OS X 10_15_7) AppleWebKit/537.36 (KHTML, like Gecko) Chrome/131.0.0.0 Safari/537.36; compatible; OAI-SearchBot/1.0; +https://openai.com/searchbot"
54.36.148.241 - - [24/Jun/2025:21:15:46 +0000] "GET /terms-of-service.php HTTP/2.0" 200 30488 "-" "Mozilla/5.0 (compatible; AhrefsBot/7.0; +http://ahrefs.com/robot/)"
57.141.2.2 - - [24/Jun/2025:21:17:26 +0000] "GET /lowpr.php?shopdetail/396569778 HTTP/2.0" 404 - "-" "meta-externalagent/1.1 (+https://developers.facebook.com/docs/sharing/webmasters/crawler)"
57.141.2.10 - - [24/Jun/2025:21:18:34 +0000] "GET /lowpr.php?shopdetail/136537978 HTTP/2.0" 404 - "-" "meta-externalagent/1.1 (+https://developers.facebook.com/docs/sharing/webmasters/crawler)"
57.141.2.22 - - [24/Jun/2025:21:18:49 +0000] "GET /lowpr.php?shopdetail/394407478 HTTP/2.0" 404 - "-" "meta-externalagent/1.1 (+https://developers.facebook.com/docs/sharing/webmasters/crawler)"
57.141.2.13 - - [24/Jun/2025:21:20:01 +0000] "GET /lowpr.php?shopdetail/314209778 HTTP/2.0" 404 - "-" "meta-externalagent/1.1 (+https://developers.facebook.com/docs/sharing/webmasters/crawler)"
57.141.2.16 - - [24/Jun/2025:21:20:23 +0000] "GET /lowpr.php?shopdetail/276501278 HTTP/2.0" 404 - "-" "meta-externalagent/1.1 (+https://developers.facebook.com/docs/sharing/webmasters/crawler)"
66.249.79.163 - - [24/Jun/2025:21:20:55 +0000] "GET /index.php?shopdetail/69295478 HTTP/1.1" 301 273 "-" "Mozilla/5.0 (Linux; Android 6.0.1; Nexus 5X Build/MMB29P) AppleWebKit/537.36 (KHTML, like Gecko) Chrome/137.0.7151.103 Mobile Safari/537.36 (compatible; Googlebot/2.1; +http://www.google.com/bot.html)"
66.249.79.162 - - [24/Jun/2025:21:20:56 +0000] "GET /index.php?shopdetail/69295478 HTTP/1.1" 404 - "-" "Mozilla/5.0 (Linux; Android 6.0.1; Nexus 5X Build/MMB29P) AppleWebKit/537.36 (KHTML, like Gecko) Chrome/137.0.7151.103 Mobile Safari/537.36 (compatible; Googlebot/2.1; +http://www.google.com/bot.html)"
91.84.110.151 - - [24/Jun/2025:21:20:58 +0000] "GET / HTTP/1.1" 200 65336 "-" "Mozilla/5.0 (Macintosh; Intel Mac OS X 10_15_7) AppleWebKit/537.36 (KHTML, like Gecko) Chrome/133.0.0.0 Safari/537.36"
185.53.229.176 - - [24/Jun/2025:21:21:01 +0000] "POST /submit.php HTTP/1.1" 200 68 "-" "Mozilla/5.0 (Macintosh; Intel Mac OS X 10_15_7) AppleWebKit/537.36 (KHTML, like Gecko) Chrome/133.0.0.0 Safari/537.36"
185.53.229.176 - - [24/Jun/2025:21:21:04 +0000] "POST /submit.php HTTP/1.1" 200 77 "-" "Mozilla/5.0 (Windows NT 10.0; Win64; x64) AppleWebKit/537.36 (KHTML, like Gecko) Chrome/120.0.0.0 Safari/537.36"
91.84.110.151 - - [24/Jun/2025:21:21:05 +0000] "GET / HTTP/1.1" 200 65336 "-" "Mozilla/5.0 (Macintosh; Intel Mac OS X 10_15_7) AppleWebKit/537.36 (KHTML, like Gecko) Chrome/133.0.0.0 Safari/537.36"
185.53.229.176 - - [24/Jun/2025:21:21:07 +0000] "POST /submit.php HTTP/1.1" 200 68 "-" "Mozilla/5.0 (Macintosh; Intel Mac OS X 10_15_7) AppleWebKit/537.36 (KHTML, like Gecko) Chrome/133.0.0.0 Safari/537.36"
185.53.229.176 - - [24/Jun/2025:21:21:10 +0000] "POST /submit.php HTTP/1.1" 200 77 "-" "Mozilla/5.0 (Windows NT 10.0; Win64; x64) AppleWebKit/537.36 (KHTML, like Gecko) Chrome/120.0.0.0 Safari/537.36"
91.84.110.151 - - [24/Jun/2025:21:21:20 +0000] "GET /cancel-registration.php HTTP/1.1" 200 40900 "-" "Mozilla/5.0 (Macintosh; Intel Mac OS X 10_15_7) AppleWebKit/537.36 (KHTML, like Gecko) Chrome/133.0.0.0 Safari/537.36"
185.53.229.176 - - [24/Jun/2025:21:21:22 +0000] "POST /cancel-registration.php HTTP/1.1" 200 68 "-" "Mozilla/5.0 (Macintosh; Intel Mac OS X 10_15_7) AppleWebKit/537.36 (KHTML, like Gecko) Chrome/133.0.0.0 Safari/537.36"
185.53.229.176 - - [24/Jun/2025:21:21:24 +0000] "POST /cancel-registration.php HTTP/1.1" 200 40900 "-" "Mozilla/5.0 (Windows NT 10.0; Win64; x64) AppleWebKit/537.36 (KHTML, like Gecko) Chrome/120.0.0.0 Safari/537.36"
91.84.110.151 - - [24/Jun/2025:21:21:26 +0000] "GET /udyam-registration-certificate-sample.php HTTP/1.1" 200 18977 "-" "Mozilla/5.0 (Macintosh; Intel Mac OS X 10_15_7) AppleWebKit/537.36 (KHTML, like Gecko) Chrome/133.0.0.0 Safari/537.36"
91.84.110.151 - - [24/Jun/2025:21:21:34 +0000] "GET /udyam-registration-certificate-sample.php HTTP/1.1" 200 18977 "-" "Mozilla/5.0 (Macintosh; Intel Mac OS X 10_15_7) AppleWebKit/537.36 (KHTML, like Gecko) Chrome/133.0.0.0 Safari/537.36"
91.84.110.151 - - [24/Jun/2025:21:21:38 +0000] "GET /contact-us.php HTTP/1.1" 200 23070 "-" "Mozilla/5.0 (Macintosh; Intel Mac OS X 10_15_7) AppleWebKit/537.36 (KHTML, like Gecko) Chrome/133.0.0.0 Safari/537.36"
185.53.229.176 - - [24/Jun/2025:21:21:43 +0000] "POST /contact-us.php HTTP/1.1" 200 23136 "-" "Mozilla/5.0 (Macintosh; Intel Mac OS X 10_15_7) AppleWebKit/537.36 (KHTML, like Gecko) Chrome/133.0.0.0 Safari/537.36"
185.53.229.176 - - [24/Jun/2025:21:21:53 +0000] "POST /contact-us.php HTTP/1.1" 200 23070 "-" "Mozilla/5.0 (Windows NT 10.0; Win64; x64) AppleWebKit/537.36 (KHTML, like Gecko) Chrome/120.0.0.0 Safari/537.36"
91.84.110.151 - - [24/Jun/2025:21:21:55 +0000] "GET /enquiry.php HTTP/1.1" 200 25147 "-" "Mozilla/5.0 (Macintosh; Intel Mac OS X 10_15_7) AppleWebKit/537.36 (KHTML, like Gecko) Chrome/133.0.0.0 Safari/537.36"
66.249.79.163 - - [24/Jun/2025:21:21:58 +0000] "GET /index.php?shopdetail/537663478 HTTP/1.1" 301 274 "-" "Mozilla/5.0 (Linux; Android 6.0.1; Nexus 5X Build/MMB29P) AppleWebKit/537.36 (KHTML, like Gecko) Chrome/137.0.7151.103 Mobile Safari/537.36 (compatible; Googlebot/2.1; +http://www.google.com/bot.html)"
185.53.229.176 - - [24/Jun/2025:21:21:59 +0000] "POST /mail.php HTTP/1.1" 200 68 "-" "Mozilla/5.0 (Macintosh; Intel Mac OS X 10_15_7) AppleWebKit/537.36 (KHTML, like Gecko) Chrome/133.0.0.0 Safari/537.36"
66.249.79.161 - - [24/Jun/2025:21:21:59 +0000] "GET /index.php?shopdetail/537663478 HTTP/1.1" 404 - "-" "Mozilla/5.0 (Linux; Android 6.0.1; Nexus 5X Build/MMB29P) AppleWebKit/537.36 (KHTML, like Gecko) Chrome/137.0.7151.103 Mobile Safari/537.36 (compatible; Googlebot/2.1; +http://www.google.com/bot.html)"
185.53.229.176 - - [24/Jun/2025:21:22:06 +0000] "POST /mail.php HTTP/1.1" 200 - "-" "Mozilla/5.0 (Windows NT 10.0; Win64; x64) AppleWebKit/537.36 (KHTML, like Gecko) Chrome/120.0.0.0 Safari/537.36"
91.84.110.151 - - [24/Jun/2025:21:22:07 +0000] "GET /blog HTTP/1.1" 301 249 "-" "Mozilla/5.0 (Macintosh; Intel Mac OS X 10_15_7) AppleWebKit/537.36 (KHTML, like Gecko) Chrome/133.0.0.0 Safari/537.36"
91.84.110.151 - - [24/Jun/2025:21:22:08 +0000] "GET /blog/ HTTP/1.1" 200 25669 "https://UDYAMONLINEREGISTRATION.ORG/blog" "Mozilla/5.0 (Macintosh; Intel Mac OS X 10_15_7) AppleWebKit/537.36 (KHTML, like Gecko) Chrome/133.0.0.0 Safari/537.36"
91.84.110.151 - - [24/Jun/2025:21:22:13 +0000] "GET /blog/ HTTP/1.1" 200 25669 "-" "Mozilla/5.0 (Macintosh; Intel Mac OS X 10_15_7) AppleWebKit/537.36 (KHTML, like Gecko) Chrome/133.0.0.0 Safari/537.36"
91.84.110.151 - - [24/Jun/2025:21:22:15 +0000] "GET /blog/msme-registration-for-business HTTP/1.1" 200 26068 "-" "Mozilla/5.0 (Macintosh; Intel Mac OS X 10_15_7) AppleWebKit/537.36 (KHTML, like Gecko) Chrome/133.0.0.0 Safari/537.36"
91.84.110.151 - - [24/Jun/2025:21:22:18 +0000] "GET /blog/msme-registration HTTP/1.1" 200 26697 "-" "Mozilla/5.0 (Macintosh; Intel Mac OS X 10_15_7) AppleWebKit/537.36 (KHTML, like Gecko) Chrome/133.0.0.0 Safari/537.36"
91.84.110.151 - - [24/Jun/2025:21:22:20 +0000] "GET /blog/govt-considering-giving-msme-status-to-dealers-says-gadkari HTTP/1.1" 200 24503 "-" "Mozilla/5.0 (Macintosh; Intel Mac OS X 10_15_7) AppleWebKit/537.36 (KHTML, like Gecko) Chrome/133.0.0.0 Safari/537.36"
91.84.110.151 - - [24/Jun/2025:21:22:21 +0000] "GET /blog/udyam-registration-benefits-for-business-in-india HTTP/1.1" 200 33787 "-" "Mozilla/5.0 (Macintosh; Intel Mac OS X 10_15_7) AppleWebKit/537.36 (KHTML, like Gecko) Chrome/133.0.0.0 Safari/537.36"
91.84.110.151 - - [24/Jun/2025:21:22:30 +0000] "GET /blog/udyam-registration HTTP/1.1" 200 30148 "-" "Mozilla/5.0 (Macintosh; Intel Mac OS X 10_15_7) AppleWebKit/537.36 (KHTML, like Gecko) Chrome/133.0.0.0 Safari/537.36"
91.84.110.151 - - [24/Jun/2025:21:22:38 +0000] "GET /blog/impact-of-section-43b-h-on-msme HTTP/1.1" 200 18714 "-" "Mozilla/5.0 (Macintosh; Intel Mac OS X 10_15_7) AppleWebKit/537.36 (KHTML, like Gecko) Chrome/133.0.0.0 Safari/537.36"
57.141.2.3 - - [24/Jun/2025:21:23:10 +0000] "GET /lowpr.php?shopdetail/316773778 HTTP/2.0" 404 - "-" "meta-externalagent/1.1 (+https://developers.facebook.com/docs/sharing/webmasters/crawler)"
66.249.79.161 - - [24/Jun/2025:21:23:10 +0000] "GET /index.php?shopdetail/107758778 HTTP/1.1" 301 274 "-" "Mozilla/5.0 (compatible; Googlebot/2.1; +http://www.google.com/bot.html)"
66.249.79.160 - - [24/Jun/2025:21:23:11 +0000] "GET /index.php?shopdetail/107758778 HTTP/1.1" 404 - "-" "Mozilla/5.0 (compatible; Googlebot/2.1; +http://www.google.com/bot.html)"
20.171.207.43 - - [24/Jun/2025:21:24:41 +0000] "GET /sitemap.xml HTTP/2.0" 200 4435 "-" "Mozilla/5.0 AppleWebKit/537.36 (KHTML, like Gecko; compatible; GPTBot/1.2; +https://openai.com/gptbot)"
57.141.2.2 - - [24/Jun/2025:21:24:43 +0000] "GET /lowpr.php?shopdetail/87684478 HTTP/2.0" 404 - "-" "meta-externalagent/1.1 (+https://developers.facebook.com/docs/sharing/webmasters/crawler)"
66.249.79.163 - - [24/Jun/2025:21:26:18 +0000] "GET /index.php?shopdetail/187938378 HTTP/1.1" 301 274 "-" "Mozilla/5.0 (compatible; Googlebot/2.1; +http://www.google.com/bot.html)"
66.249.79.161 - - [24/Jun/2025:21:26:19 +0000] "GET /index.php?shopdetail/187938378 HTTP/1.1" 404 - "-" "Mozilla/5.0 (compatible; Googlebot/2.1; +http://www.google.com/bot.html)"
20.171.207.43 - - [24/Jun/2025:21:26:22 +0000] "GET /lowpr.php?sitemap.xml HTTP/2.0" 404 - "-" "Mozilla/5.0 AppleWebKit/537.36 (KHTML, like Gecko; compatible; GPTBot/1.2; +https://openai.com/gptbot)"
57.141.2.14 - - [24/Jun/2025:21:26:32 +0000] "GET /lowpr.php?shopdetail/123505678 HTTP/2.0" 404 - "-" "meta-externalagent/1.1 (+https://developers.facebook.com/docs/sharing/webmasters/crawler)"
57.141.2.24 - - [24/Jun/2025:21:26:51 +0000] "GET /lowpr.php?shopdetail/6985678 HTTP/2.0" 404 - "-" "meta-externalagent/1.1 (+https://developers.facebook.com/docs/sharing/webmasters/crawler)"
66.249.79.162 - - [24/Jun/2025:21:27:05 +0000] "GET /index.php?shopdetail/69401578 HTTP/1.1" 301 273 "-" "Mozilla/5.0 (Linux; Android 6.0.1; Nexus 5X Build/MMB29P) AppleWebKit/537.36 (KHTML, like Gecko) Chrome/137.0.7151.103 Mobile Safari/537.36 (compatible; Googlebot/2.1; +http://www.google.com/bot.html)"
66.249.79.161 - - [24/Jun/2025:21:27:06 +0000] "GET /index.php?shopdetail/69401578 HTTP/1.1" 404 - "-" "Mozilla/5.0 (Linux; Android 6.0.1; Nexus 5X Build/MMB29P) AppleWebKit/537.36 (KHTML, like Gecko) Chrome/137.0.7151.103 Mobile Safari/537.36 (compatible; Googlebot/2.1; +http://www.google.com/bot.html)"
66.249.79.162 - - [24/Jun/2025:21:28:15 +0000] "GET /index.php?shopdetail/518713878 HTTP/1.1" 301 274 "-" "Mozilla/5.0 (Linux; Android 6.0.1; Nexus 5X Build/MMB29P) AppleWebKit/537.36 (KHTML, like Gecko) Chrome/137.0.7151.103 Mobile Safari/537.36 (compatible; Googlebot/2.1; +http://www.google.com/bot.html)"
66.249.79.162 - - [24/Jun/2025:21:28:15 +0000] "GET /index.php?shopdetail/518713878 HTTP/1.1" 404 - "-" "Mozilla/5.0 (Linux; Android 6.0.1; Nexus 5X Build/MMB29P) AppleWebKit/537.36 (KHTML, like Gecko) Chrome/137.0.7151.103 Mobile Safari/537.36 (compatible; Googlebot/2.1; +http://www.google.com/bot.html)"
57.141.2.24 - - [24/Jun/2025:21:28:38 +0000] "GET /lowpr.php?shopdetail/170434578 HTTP/2.0" 404 - "-" "meta-externalagent/1.1 (+https://developers.facebook.com/docs/sharing/webmasters/crawler)"
66.249.79.163 - - [24/Jun/2025:21:29:43 +0000] "GET /index.php?shopdetail/384304278 HTTP/1.1" 301 274 "-" "Mozilla/5.0 (Linux; Android 6.0.1; Nexus 5X Build/MMB29P) AppleWebKit/537.36 (KHTML, like Gecko) Chrome/137.0.7151.103 Mobile Safari/537.36 (compatible; Googlebot/2.1; +http://www.google.com/bot.html)"
66.249.79.162 - - [24/Jun/2025:21:29:43 +0000] "GET /index.php?shopdetail/384304278 HTTP/1.1" 404 - "-" "Mozilla/5.0 (Linux; Android 6.0.1; Nexus 5X Build/MMB29P) AppleWebKit/537.36 (KHTML, like Gecko) Chrome/137.0.7151.103 Mobile Safari/537.36 (compatible; Googlebot/2.1; +http://www.google.com/bot.html)"
57.141.2.30 - - [24/Jun/2025:21:30:29 +0000] "GET /lowpr.php?shopdetail/238992978 HTTP/2.0" 404 - "-" "meta-externalagent/1.1 (+https://developers.facebook.com/docs/sharing/webmasters/crawler)"
66.249.79.162 - - [24/Jun/2025:21:30:38 +0000] "GET /index.php?shopdetail/559069678 HTTP/1.1" 301 274 "-" "Mozilla/5.0 (Linux; Android 6.0.1; Nexus 5X Build/MMB29P) AppleWebKit/537.36 (KHTML, like Gecko) Chrome/137.0.7151.103 Mobile Safari/537.36 (compatible; Googlebot/2.1; +http://www.google.com/bot.html)"
66.249.79.161 - - [24/Jun/2025:21:30:39 +0000] "GET /index.php?shopdetail/559069678 HTTP/1.1" 404 - "-" "Mozilla/5.0 (Linux; Android 6.0.1; Nexus 5X Build/MMB29P) AppleWebKit/537.36 (KHTML, like Gecko) Chrome/137.0.7151.103 Mobile Safari/537.36 (compatible; Googlebot/2.1; +http://www.google.com/bot.html)"
66.249.79.163 - - [24/Jun/2025:21:32:35 +0000] "GET /index.php?shopdetail/484708178 HTTP/1.1" 301 274 "-" "Mozilla/5.0 (Linux; Android 6.0.1; Nexus 5X Build/MMB29P) AppleWebKit/537.36 (KHTML, like Gecko) Chrome/137.0.7151.103 Mobile Safari/537.36 (compatible; Googlebot/2.1; +http://www.google.com/bot.html)"
66.249.79.162 - - [24/Jun/2025:21:32:35 +0000] "GET /index.php?shopdetail/484708178 HTTP/1.1" 404 - "-" "Mozilla/5.0 (Linux; Android 6.0.1; Nexus 5X Build/MMB29P) AppleWebKit/537.36 (KHTML, like Gecko) Chrome/137.0.7151.103 Mobile Safari/537.36 (compatible; Googlebot/2.1; +http://www.google.com/bot.html)"
66.249.79.161 - - [24/Jun/2025:21:34:27 +0000] "GET /index.php?shopdetail/476546678 HTTP/1.1" 301 274 "-" "Mozilla/5.0 (compatible; Googlebot/2.1; +http://www.google.com/bot.html)"
66.249.79.161 - - [24/Jun/2025:21:34:27 +0000] "GET /index.php?shopdetail/476546678 HTTP/1.1" 301 274 "-" "Mozilla/5.0 (Linux; Android 6.0.1; Nexus 5X Build/MMB29P) AppleWebKit/537.36 (KHTML, like Gecko) Chrome/137.0.7151.103 Mobile Safari/537.36 (compatible; Googlebot/2.1; +http://www.google.com/bot.html)"
66.249.79.160 - - [24/Jun/2025:21:34:28 +0000] "GET /robots.txt HTTP/1.1" 200 147 "-" "Mozilla/5.0 (compatible; Googlebot/2.1; +http://www.google.com/bot.html)"
66.249.79.162 - - [24/Jun/2025:21:34:28 +0000] "GET /index.php?shopdetail/476546678 HTTP/1.1" 404 - "-" "Mozilla/5.0 (compatible; Googlebot/2.1; +http://www.google.com/bot.html)"
66.249.79.160 - - [24/Jun/2025:21:34:28 +0000] "GET /index.php?shopdetail/476546678 HTTP/1.1" 404 - "-" "Mozilla/5.0 (Linux; Android 6.0.1; Nexus 5X Build/MMB29P) AppleWebKit/537.36 (KHTML, like Gecko) Chrome/137.0.7151.103 Mobile Safari/537.36 (compatible; Googlebot/2.1; +http://www.google.com/bot.html)"
66.249.79.161 - - [24/Jun/2025:21:34:38 +0000] "GET /index.php?shopdetail/258943078 HTTP/1.1" 301 274 "-" "Mozilla/5.0 (Linux; Android 6.0.1; Nexus 5X Build/MMB29P) AppleWebKit/537.36 (KHTML, like Gecko) Chrome/137.0.7151.103 Mobile Safari/537.36 (compatible; Googlebot/2.1; +http://www.google.com/bot.html)"
66.249.79.161 - - [24/Jun/2025:21:34:39 +0000] "GET /index.php?shopdetail/258943078 HTTP/1.1" 404 - "-" "Mozilla/5.0 (Linux; Android 6.0.1; Nexus 5X Build/MMB29P) AppleWebKit/537.36 (KHTML, like Gecko) Chrome/137.0.7151.103 Mobile Safari/537.36 (compatible; Googlebot/2.1; +http://www.google.com/bot.html)"
66.249.79.161 - - [24/Jun/2025:21:35:19 +0000] "GET /index.php?shopdetail/544966978 HTTP/1.1" 301 274 "-" "Mozilla/5.0 (Linux; Android 6.0.1; Nexus 5X Build/MMB29P) AppleWebKit/537.36 (KHTML, like Gecko) Chrome/137.0.7151.103 Mobile Safari/537.36 (compatible; Googlebot/2.1; +http://www.google.com/bot.html)"
66.249.79.160 - - [24/Jun/2025:21:35:20 +0000] "GET /index.php?shopdetail/544966978 HTTP/1.1" 404 - "-" "Mozilla/5.0 (Linux; Android 6.0.1; Nexus 5X Build/MMB29P) AppleWebKit/537.36 (KHTML, like Gecko) Chrome/137.0.7151.103 Mobile Safari/537.36 (compatible; Googlebot/2.1; +http://www.google.com/bot.html)"
57.141.2.18 - - [24/Jun/2025:21:35:36 +0000] "GET /lowpr.php?shopdetail/354305878 HTTP/2.0" 404 - "-" "meta-externalagent/1.1 (+https://developers.facebook.com/docs/sharing/webmasters/crawler)"
66.249.79.162 - - [24/Jun/2025:21:36:01 +0000] "GET /index.php?shopdetail/459220178 HTTP/1.1" 301 274 "-" "Mozilla/5.0 (Linux; Android 6.0.1; Nexus 5X Build/MMB29P) AppleWebKit/537.36 (KHTML, like Gecko) Chrome/137.0.7151.103 Mobile Safari/537.36 (compatible; Googlebot/2.1; +http://www.google.com/bot.html)"
66.249.79.160 - - [24/Jun/2025:21:36:02 +0000] "GET /robots.txt HTTP/1.1" 200 147 "-" "Mozilla/5.0 (compatible; Googlebot/2.1; +http://www.google.com/bot.html)"
66.249.79.162 - - [24/Jun/2025:21:36:02 +0000] "GET /index.php?shopdetail/459220178 HTTP/1.1" 404 - "-" "Mozilla/5.0 (Linux; Android 6.0.1; Nexus 5X Build/MMB29P) AppleWebKit/537.36 (KHTML, like Gecko) Chrome/137.0.7151.103 Mobile Safari/537.36 (compatible; Googlebot/2.1; +http://www.google.com/bot.html)"
66.249.79.161 - - [24/Jun/2025:21:37:14 +0000] "GET /robots.txt HTTP/1.1" 301 254 "-" "Mozilla/5.0 (compatible; Googlebot/2.1; +http://www.google.com/bot.html)"
66.249.79.161 - - [24/Jun/2025:21:37:14 +0000] "GET /index.php?shopdetail/303081378 HTTP/1.1" 301 274 "-" "Mozilla/5.0 (compatible; Googlebot/2.1; +http://www.google.com/bot.html)"
66.249.79.160 - - [24/Jun/2025:21:37:15 +0000] "GET /index.php?shopdetail/303081378 HTTP/1.1" 404 - "-" "Mozilla/5.0 (compatible; Googlebot/2.1; +http://www.google.com/bot.html)"
66.249.79.162 - - [24/Jun/2025:21:38:15 +0000] "GET /robots.txt HTTP/1.1" 301 254 "-" "Mozilla/5.0 (compatible; Googlebot/2.1; +http://www.google.com/bot.html)"
66.249.79.163 - - [24/Jun/2025:21:40:09 +0000] "GET /index.php?shopdetail/386106078 HTTP/1.1" 301 274 "-" "Mozilla/5.0 (Linux; Android 6.0.1; Nexus 5X Build/MMB29P) AppleWebKit/537.36 (KHTML, like Gecko) Chrome/137.0.7151.103 Mobile Safari/537.36 (compatible; Googlebot/2.1; +http://www.google.com/bot.html)"
66.249.79.162 - - [24/Jun/2025:21:40:09 +0000] "GET /robots.txt HTTP/1.1" 301 254 "-" "Mozilla/5.0 (compatible; Googlebot/2.1; +http://www.google.com/bot.html)"
66.249.79.160 - - [24/Jun/2025:21:40:10 +0000] "GET /robots.txt HTTP/1.1" 200 147 "-" "Mozilla/5.0 (compatible; Googlebot/2.1; +http://www.google.com/bot.html)"
66.249.79.160 - - [24/Jun/2025:21:40:10 +0000] "GET /index.php?shopdetail/386106078 HTTP/1.1" 404 - "-" "Mozilla/5.0 (Linux; Android 6.0.1; Nexus 5X Build/MMB29P) AppleWebKit/537.36 (KHTML, like Gecko) Chrome/137.0.7151.103 Mobile Safari/537.36 (compatible; Googlebot/2.1; +http://www.google.com/bot.html)"
66.249.79.162 - - [24/Jun/2025:21:41:33 +0000] "GET /index.php?shopdetail/480791278 HTTP/1.1" 301 274 "-" "Mozilla/5.0 (Linux; Android 6.0.1; Nexus 5X Build/MMB29P) AppleWebKit/537.36 (KHTML, like Gecko) Chrome/137.0.7151.103 Mobile Safari/537.36 (compatible; Googlebot/2.1; +http://www.google.com/bot.html)"
66.249.79.163 - - [24/Jun/2025:21:41:33 +0000] "GET /robots.txt HTTP/1.1" 301 254 "-" "Mozilla/5.0 (compatible; Googlebot/2.1; +http://www.google.com/bot.html)"
66.249.79.160 - - [24/Jun/2025:21:41:33 +0000] "GET /index.php?shopdetail/480791278 HTTP/1.1" 404 - "-" "Mozilla/5.0 (Linux; Android 6.0.1; Nexus 5X Build/MMB29P) AppleWebKit/537.36 (KHTML, like Gecko) Chrome/137.0.7151.103 Mobile Safari/537.36 (compatible; Googlebot/2.1; +http://www.google.com/bot.html)"
66.249.79.160 - - [24/Jun/2025:21:41:33 +0000] "GET /robots.txt HTTP/1.1" 200 147 "-" "Mozilla/5.0 (compatible; Googlebot/2.1; +http://www.google.com/bot.html)"
66.249.79.161 - - [24/Jun/2025:21:44:27 +0000] "GET /robots.txt HTTP/1.1" 200 147 "-" "Mozilla/5.0 (compatible; Googlebot/2.1; +http://www.google.com/bot.html)"
57.141.2.26 - - [24/Jun/2025:21:44:33 +0000] "GET /lowpr.php?shopdetail/264385478 HTTP/2.0" 404 - "-" "meta-externalagent/1.1 (+https://developers.facebook.com/docs/sharing/webmasters/crawler)"
66.249.79.162 - - [24/Jun/2025:21:45:37 +0000] "GET /index.php?shopdetail/308654478 HTTP/1.1" 301 274 "-" "Mozilla/5.0 (Linux; Android 6.0.1; Nexus 5X Build/MMB29P) AppleWebKit/537.36 (KHTML, like Gecko) Chrome/137.0.7151.103 Mobile Safari/537.36 (compatible; Googlebot/2.1; +http://www.google.com/bot.html)"
66.249.79.161 - - [24/Jun/2025:21:45:38 +0000] "GET /index.php?shopdetail/308654478 HTTP/1.1" 404 - "-" "Mozilla/5.0 (Linux; Android 6.0.1; Nexus 5X Build/MMB29P) AppleWebKit/537.36 (KHTML, like Gecko) Chrome/137.0.7151.103 Mobile Safari/537.36 (compatible; Googlebot/2.1; +http://www.google.com/bot.html)"
66.249.79.161 - - [24/Jun/2025:21:45:47 +0000] "GET /index.php?shopdetail/479421778 HTTP/1.1" 301 274 "-" "Mozilla/5.0 (compatible; Googlebot/2.1; +http://www.google.com/bot.html)"
66.249.79.160 - - [24/Jun/2025:21:45:48 +0000] "GET /index.php?shopdetail/479421778 HTTP/1.1" 404 - "-" "Mozilla/5.0 (compatible; Googlebot/2.1; +http://www.google.com/bot.html)"
