66.249.79.161 - - [24/Jun/2025:13:20:56 +0000] "GET /index.php?shopdetail/47977878 HTTP/1.1" 404 - "-" "Mozilla/5.0 (Linux; Android 6.0.1; Nexus 5X Build/MMB29P) AppleWebKit/537.36 (KHTML, like Gecko) Chrome/137.0.7151.103 Mobile Safari/537.36 (compatible; Googlebot/2.1; +http://www.google.com/bot.html)"
66.249.79.161 - - [24/Jun/2025:13:21:28 +0000] "GET /index.php?shopdetail/462595178 HTTP/1.1" 301 274 "-" "Mozilla/5.0 (compatible; Googlebot/2.1; +http://www.google.com/bot.html)"
66.249.79.160 - - [24/Jun/2025:13:21:29 +0000] "GET /index.php?shopdetail/462595178 HTTP/1.1" 404 - "-" "Mozilla/5.0 (compatible; Googlebot/2.1; +http://www.google.com/bot.html)"
4.216.143.220 - - [24/Jun/2025:13:21:37 +0000] "GET /wp-content/plugins/hellopress/wp_filemanager.php HTTP/1.1" 404 - "-" "-"
4.216.143.220 - - [24/Jun/2025:13:21:37 +0000] "GET /modules/mod_simplefileuploadv1.3/elements/filemanager.php HTTP/1.1" 404 - "-" "-"
4.216.143.220 - - [24/Jun/2025:13:21:37 +0000] "GET /wp-content/languages/index.php HTTP/1.1" 404 - "-" "-"
4.216.143.220 - - [24/Jun/2025:13:21:38 +0000] "GET /wp-admin/index.php HTTP/1.1" 404 - "-" "-"
4.216.143.220 - - [24/Jun/2025:13:21:38 +0000] "GET /autoload_classmap.php?p= HTTP/1.1" 404 - "-" "-"
4.216.143.220 - - [24/Jun/2025:13:21:38 +0000] "GET /wp-includes/widgets/hehe.php HTTP/1.1" 404 - "-" "-"
4.216.143.220 - - [24/Jun/2025:13:21:38 +0000] "GET /wp-admin/maint/maint.php HTTP/1.1" 404 - "-" "-"
4.216.143.220 - - [24/Jun/2025:13:21:39 +0000] "GET /moon.php?p= HTTP/1.1" 404 - "-" "-"
4.216.143.220 - - [24/Jun/2025:13:21:39 +0000] "GET /inputs.php HTTP/1.1" 404 - "-" "-"
4.216.143.220 - - [24/Jun/2025:13:21:39 +0000] "GET /wp-content/plugins/item.php HTTP/1.1" 404 - "-" "-"
4.216.143.220 - - [24/Jun/2025:13:21:39 +0000] "GET /0x.php HTTP/1.1" 404 - "-" "-"
4.216.143.220 - - [24/Jun/2025:13:21:39 +0000] "GET /randkeyword.PhP8 HTTP/1.1" 404 - "-" "-"
4.216.143.220 - - [24/Jun/2025:13:21:40 +0000] "GET /wp-content/themes/index.php HTTP/1.1" 404 - "-" "-"
4.216.143.220 - - [24/Jun/2025:13:21:40 +0000] "GET /wp-admin/maint/index.php HTTP/1.1" 404 - "-" "-"
4.216.143.220 - - [24/Jun/2025:13:21:40 +0000] "GET /default.php HTTP/1.1" 404 - "-" "-"
4.216.143.220 - - [24/Jun/2025:13:21:40 +0000] "GET /wp-includes/assets/index.php HTTP/1.1" 404 - "-" "-"
4.216.143.220 - - [24/Jun/2025:13:21:41 +0000] "GET /classwithtostring.php HTTP/1.1" 404 - "-" "-"
4.216.143.220 - - [24/Jun/2025:13:21:41 +0000] "GET /about.php HTTP/1.1" 404 - "-" "-"
4.216.143.220 - - [24/Jun/2025:13:21:41 +0000] "GET /about/function.php HTTP/1.1" 404 - "-" "-"
4.216.143.220 - - [24/Jun/2025:13:21:41 +0000] "GET /dropdown.php?p= HTTP/1.1" 404 - "-" "-"
4.216.143.220 - - [24/Jun/2025:13:21:42 +0000] "GET /fm.php HTTP/1.1" 404 - "-" "-"
4.216.143.220 - - [24/Jun/2025:13:21:42 +0000] "GET /wp-admin/css/colors/blue/index.php HTTP/1.1" 404 - "-" "-"
4.216.143.220 - - [24/Jun/2025:13:21:42 +0000] "GET /wp-includes/style-engine/about.php HTTP/1.1" 404 - "-" "-"
4.216.143.220 - - [24/Jun/2025:13:21:42 +0000] "GET /wp-admin/includes/wp-login.php HTTP/1.1" 404 - "-" "-"
4.216.143.220 - - [24/Jun/2025:13:21:43 +0000] "GET /wp-admin/maint/index.php HTTP/1.1" 404 - "-" "-"
4.216.143.220 - - [24/Jun/2025:13:21:43 +0000] "GET /wp-content/plugins/index.php?p= HTTP/1.1" 404 - "-" "-"
4.216.143.220 - - [24/Jun/2025:13:21:43 +0000] "GET /wp.php HTTP/1.1" 404 - "-" "-"
4.216.143.220 - - [24/Jun/2025:13:21:43 +0000] "GET /wp-admin/images/edit-tags.php HTTP/1.1" 404 - "-" "-"
4.216.143.220 - - [24/Jun/2025:13:21:44 +0000] "GET /wp-admin/index.php HTTP/1.1" 404 - "-" "-"
4.216.143.220 - - [24/Jun/2025:13:21:44 +0000] "GET /wp-content/languages/index.php HTTP/1.1" 404 - "-" "-"
4.216.143.220 - - [24/Jun/2025:13:21:44 +0000] "GET /wp-content/uploads/autoload_classmap.php HTTP/1.1" 404 - "-" "-"
4.216.143.220 - - [24/Jun/2025:13:21:44 +0000] "GET /themes/twentytwentytwo/index.php HTTP/1.1" 404 - "-" "-"
4.216.143.220 - - [24/Jun/2025:13:21:45 +0000] "GET /abe.php HTTP/1.1" 404 - "-" "-"
66.249.79.163 - - [24/Jun/2025:13:22:18 +0000] "GET /index.php?shopdetail/207300178 HTTP/1.1" 301 274 "-" "Mozilla/5.0 (Linux; Android 6.0.1; Nexus 5X Build/MMB29P) AppleWebKit/537.36 (KHTML, like Gecko) Chrome/137.0.7151.103 Mobile Safari/537.36 (compatible; Googlebot/2.1; +http://www.google.com/bot.html)"
66.249.79.161 - - [24/Jun/2025:13:22:19 +0000] "GET /index.php?shopdetail/207300178 HTTP/1.1" 404 - "-" "Mozilla/5.0 (Linux; Android 6.0.1; Nexus 5X Build/MMB29P) AppleWebKit/537.36 (KHTML, like Gecko) Chrome/137.0.7151.103 Mobile Safari/537.36 (compatible; Googlebot/2.1; +http://www.google.com/bot.html)"
66.249.79.162 - - [24/Jun/2025:13:25:50 +0000] "GET /index.php?shopdetail/218244478 HTTP/1.1" 301 274 "-" "Mozilla/5.0 (Linux; Android 6.0.1; Nexus 5X Build/MMB29P) AppleWebKit/537.36 (KHTML, like Gecko) Chrome/137.0.7151.103 Mobile Safari/537.36 (compatible; Googlebot/2.1; +http://www.google.com/bot.html)"
66.249.79.162 - - [24/Jun/2025:13:25:51 +0000] "GET /index.php?shopdetail/218244478 HTTP/1.1" 404 - "-" "Mozilla/5.0 (Linux; Android 6.0.1; Nexus 5X Build/MMB29P) AppleWebKit/537.36 (KHTML, like Gecko) Chrome/137.0.7151.103 Mobile Safari/537.36 (compatible; Googlebot/2.1; +http://www.google.com/bot.html)"
66.249.79.163 - - [24/Jun/2025:13:26:03 +0000] "GET /index.php?shopdetail/261697178 HTTP/1.1" 301 274 "-" "Mozilla/5.0 (Linux; Android 6.0.1; Nexus 5X Build/MMB29P) AppleWebKit/537.36 (KHTML, like Gecko) Chrome/137.0.7151.103 Mobile Safari/537.36 (compatible; Googlebot/2.1; +http://www.google.com/bot.html)"
66.249.79.160 - - [24/Jun/2025:13:26:04 +0000] "GET /index.php?shopdetail/261697178 HTTP/1.1" 404 - "-" "Mozilla/5.0 (Linux; Android 6.0.1; Nexus 5X Build/MMB29P) AppleWebKit/537.36 (KHTML, like Gecko) Chrome/137.0.7151.103 Mobile Safari/537.36 (compatible; Googlebot/2.1; +http://www.google.com/bot.html)"
66.249.79.163 - - [24/Jun/2025:13:35:32 +0000] "GET /index.php?shopdetail/368060578 HTTP/1.1" 301 274 "-" "Mozilla/5.0 (Linux; Android 6.0.1; Nexus 5X Build/MMB29P) AppleWebKit/537.36 (KHTML, like Gecko) Chrome/137.0.7151.103 Mobile Safari/537.36 (compatible; Googlebot/2.1; +http://www.google.com/bot.html)"
66.249.79.162 - - [24/Jun/2025:13:35:33 +0000] "GET /robots.txt HTTP/1.1" 301 254 "-" "Mozilla/5.0 (compatible; Googlebot/2.1; +http://www.google.com/bot.html)"
66.249.79.160 - - [24/Jun/2025:13:35:33 +0000] "GET /robots.txt HTTP/1.1" 200 147 "-" "Mozilla/5.0 (compatible; Googlebot/2.1; +http://www.google.com/bot.html)"
66.249.79.162 - - [24/Jun/2025:13:35:33 +0000] "GET /index.php?shopdetail/368060578 HTTP/1.1" 404 - "-" "Mozilla/5.0 (Linux; Android 6.0.1; Nexus 5X Build/MMB29P) AppleWebKit/537.36 (KHTML, like Gecko) Chrome/137.0.7151.103 Mobile Safari/537.36 (compatible; Googlebot/2.1; +http://www.google.com/bot.html)"
57.141.2.22 - - [24/Jun/2025:13:36:50 +0000] "GET /lowpr.php?shopdetail/189054978 HTTP/2.0" 404 - "-" "meta-externalagent/1.1 (+https://developers.facebook.com/docs/sharing/webmasters/crawler)"
66.249.79.163 - - [24/Jun/2025:13:37:06 +0000] "GET /index.php?shopdetail/125795478 HTTP/1.1" 301 274 "-" "Mozilla/5.0 (Linux; Android 6.0.1; Nexus 5X Build/MMB29P) AppleWebKit/537.36 (KHTML, like Gecko) Chrome/137.0.7151.103 Mobile Safari/537.36 (compatible; Googlebot/2.1; +http://www.google.com/bot.html)"
66.249.79.161 - - [24/Jun/2025:13:37:06 +0000] "GET /index.php?shopdetail/125795478 HTTP/1.1" 301 274 "-" "Mozilla/5.0 (compatible; Googlebot/2.1; +http://www.google.com/bot.html)"
66.249.79.160 - - [24/Jun/2025:13:37:07 +0000] "GET /robots.txt HTTP/1.1" 200 147 "-" "Mozilla/5.0 (compatible; Googlebot/2.1; +http://www.google.com/bot.html)"
66.249.79.160 - - [24/Jun/2025:13:37:07 +0000] "GET /index.php?shopdetail/125795478 HTTP/1.1" 404 - "-" "Mozilla/5.0 (Linux; Android 6.0.1; Nexus 5X Build/MMB29P) AppleWebKit/537.36 (KHTML, like Gecko) Chrome/137.0.7151.103 Mobile Safari/537.36 (compatible; Googlebot/2.1; +http://www.google.com/bot.html)"
66.249.79.161 - - [24/Jun/2025:13:37:07 +0000] "GET /index.php?shopdetail/125795478 HTTP/1.1" 404 - "-" "Mozilla/5.0 (compatible; Googlebot/2.1; +http://www.google.com/bot.html)"
54.36.148.168 - - [24/Jun/2025:13:37:37 +0000] "GET /lowpr.php?sitemap.xml HTTP/2.0" 404 - "-" "Mozilla/5.0 (compatible; AhrefsBot/7.0; +http://ahrefs.com/robot/)"
66.249.79.162 - - [24/Jun/2025:13:37:45 +0000] "GET /ecoloquia/cabinet/sample_l.jpg HTTP/1.1" 301 274 "-" "Googlebot-Image/1.0"
66.249.79.160 - - [24/Jun/2025:13:37:46 +0000] "GET /ecoloquia/cabinet/sample_l.jpg HTTP/1.1" 404 - "-" "Googlebot-Image/1.0"
57.141.2.25 - - [24/Jun/2025:13:38:15 +0000] "GET /lowpr.php?shopdetail/336896178 HTTP/2.0" 404 - "-" "meta-externalagent/1.1 (+https://developers.facebook.com/docs/sharing/webmasters/crawler)"
57.141.2.1 - - [24/Jun/2025:13:39:57 +0000] "GET /lowpr.php?shopdetail/338340978 HTTP/2.0" 404 - "-" "meta-externalagent/1.1 (+https://developers.facebook.com/docs/sharing/webmasters/crawler)"
66.249.79.162 - - [24/Jun/2025:13:40:40 +0000] "GET /index.php?shopdetail/3887178 HTTP/1.1" 301 272 "-" "Mozilla/5.0 (compatible; Googlebot/2.1; +http://www.google.com/bot.html)"
66.249.79.161 - - [24/Jun/2025:13:40:41 +0000] "GET /robots.txt HTTP/1.1" 200 147 "-" "Mozilla/5.0 (compatible; Googlebot/2.1; +http://www.google.com/bot.html)"
66.249.79.161 - - [24/Jun/2025:13:40:41 +0000] "GET /index.php?shopdetail/3887178 HTTP/1.1" 404 - "-" "Mozilla/5.0 (compatible; Googlebot/2.1; +http://www.google.com/bot.html)"
162.120.184.19 - - [24/Jun/2025:13:41:30 +0000] "GET /index.php?shopdetail/454827878 HTTP/2.0" 301 274 "https://www.google.com/" "Mozilla/5.0 (Macintosh; Intel Mac OS X 10_15_7) AppleWebKit/537.36 (KHTML, like Gecko) Chrome/137.0.0.0 Safari/537.36"
66.249.82.226 - - [24/Jun/2025:13:41:30 +0000] "GET /.well-known/traffic-advice HTTP/1.1" 301 270 "-" "Chrome Privacy Preserving Prefetch Proxy"
193.186.4.171 - - [24/Jun/2025:13:41:31 +0000] "GET /index.php?shopdetail/454827878 HTTP/2.0" 404 - "https://www.google.com/" "Mozilla/5.0 (Macintosh; Intel Mac OS X 10_15_7) AppleWebKit/537.36 (KHTML, like Gecko) Chrome/137.0.0.0 Safari/537.36"
57.141.2.21 - - [24/Jun/2025:13:42:00 +0000] "GET /lowpr.php?shopdetail/160573678 HTTP/2.0" 404 - "-" "meta-externalagent/1.1 (+https://developers.facebook.com/docs/sharing/webmasters/crawler)"
66.249.79.162 - - [24/Jun/2025:13:42:43 +0000] "GET /index.php?shopdetail/121024878 HTTP/1.1" 301 274 "-" "Mozilla/5.0 (compatible; Googlebot/2.1; +http://www.google.com/bot.html)"
66.249.79.162 - - [24/Jun/2025:13:42:44 +0000] "GET /index.php?shopdetail/121024878 HTTP/1.1" 404 - "-" "Mozilla/5.0 (compatible; Googlebot/2.1; +http://www.google.com/bot.html)"
66.249.79.161 - - [24/Jun/2025:13:42:44 +0000] "GET /robots.txt HTTP/1.1" 200 147 "-" "Mozilla/5.0 (compatible; Googlebot/2.1; +http://www.google.com/bot.html)"
66.249.79.162 - - [24/Jun/2025:13:43:19 +0000] "GET /index.php?shopdetail/115239278 HTTP/1.1" 301 274 "-" "Mozilla/5.0 (compatible; Googlebot/2.1; +http://www.google.com/bot.html)"
66.249.79.162 - - [24/Jun/2025:13:43:20 +0000] "GET /index.php?shopdetail/115239278 HTTP/1.1" 404 - "-" "Mozilla/5.0 (compatible; Googlebot/2.1; +http://www.google.com/bot.html)"
57.141.2.19 - - [24/Jun/2025:13:44:12 +0000] "GET /lowpr.php?shopdetail/100634378 HTTP/2.0" 404 - "-" "meta-externalagent/1.1 (+https://developers.facebook.com/docs/sharing/webmasters/crawler)"
66.249.79.163 - - [24/Jun/2025:13:44:41 +0000] "GET /index.php?shopdetail/559366478 HTTP/1.1" 301 274 "-" "Mozilla/5.0 (Linux; Android 6.0.1; Nexus 5X Build/MMB29P) AppleWebKit/537.36 (KHTML, like Gecko) Chrome/137.0.7151.103 Mobile Safari/537.36 (compatible; Googlebot/2.1; +http://www.google.com/bot.html)"
66.249.79.161 - - [24/Jun/2025:13:44:41 +0000] "GET /robots.txt HTTP/1.1" 200 147 "-" "Mozilla/5.0 (compatible; Googlebot/2.1; +http://www.google.com/bot.html)"
66.249.79.161 - - [24/Jun/2025:13:44:41 +0000] "GET /index.php?shopdetail/559366478 HTTP/1.1" 404 - "-" "Mozilla/5.0 (Linux; Android 6.0.1; Nexus 5X Build/MMB29P) AppleWebKit/537.36 (KHTML, like Gecko) Chrome/137.0.7151.103 Mobile Safari/537.36 (compatible; Googlebot/2.1; +http://www.google.com/bot.html)"
57.141.2.11 - - [24/Jun/2025:13:46:00 +0000] "GET /lowpr.php?shopdetail/123788778 HTTP/2.0" 404 - "-" "meta-externalagent/1.1 (+https://developers.facebook.com/docs/sharing/webmasters/crawler)"
66.249.79.163 - - [24/Jun/2025:13:46:30 +0000] "GET /index.php?shopdetail/64570778 HTTP/1.1" 301 273 "-" "Mozilla/5.0 (Linux; Android 6.0.1; Nexus 5X Build/MMB29P) AppleWebKit/537.36 (KHTML, like Gecko) Chrome/137.0.7151.103 Mobile Safari/537.36 (compatible; Googlebot/2.1; +http://www.google.com/bot.html)"
66.249.79.161 - - [24/Jun/2025:13:46:31 +0000] "GET /index.php?shopdetail/64570778 HTTP/1.1" 404 - "-" "Mozilla/5.0 (Linux; Android 6.0.1; Nexus 5X Build/MMB29P) AppleWebKit/537.36 (KHTML, like Gecko) Chrome/137.0.7151.103 Mobile Safari/537.36 (compatible; Googlebot/2.1; +http://www.google.com/bot.html)"
66.249.79.162 - - [24/Jun/2025:13:50:59 +0000] "GET /index.php?shopdetail/33779578 HTTP/1.1" 301 273 "-" "Mozilla/5.0 (Linux; Android 6.0.1; Nexus 5X Build/MMB29P) AppleWebKit/537.36 (KHTML, like Gecko) Chrome/137.0.7151.103 Mobile Safari/537.36 (compatible; Googlebot/2.1; +http://www.google.com/bot.html)"
66.249.79.161 - - [24/Jun/2025:13:54:47 +0000] "GET /index.php?shopdetail/295591678 HTTP/1.1" 301 274 "-" "Mozilla/5.0 (Linux; Android 6.0.1; Nexus 5X Build/MMB29P) AppleWebKit/537.36 (KHTML, like Gecko) Chrome/137.0.7151.103 Mobile Safari/537.36 (compatible; Googlebot/2.1; +http://www.google.com/bot.html)"
66.249.79.160 - - [24/Jun/2025:13:54:48 +0000] "GET /index.php?shopdetail/295591678 HTTP/1.1" 404 - "-" "Mozilla/5.0 (Linux; Android 6.0.1; Nexus 5X Build/MMB29P) AppleWebKit/537.36 (KHTML, like Gecko) Chrome/137.0.7151.103 Mobile Safari/537.36 (compatible; Googlebot/2.1; +http://www.google.com/bot.html)"
66.249.79.161 - - [24/Jun/2025:13:54:57 +0000] "GET /index.php?shopdetail/326528978 HTTP/1.1" 301 274 "-" "Mozilla/5.0 (Linux; Android 6.0.1; Nexus 5X Build/MMB29P) AppleWebKit/537.36 (KHTML, like Gecko) Chrome/137.0.7151.103 Mobile Safari/537.36 (compatible; Googlebot/2.1; +http://www.google.com/bot.html)"
66.249.79.160 - - [24/Jun/2025:13:54:58 +0000] "GET /index.php?shopdetail/326528978 HTTP/1.1" 404 - "-" "Mozilla/5.0 (Linux; Android 6.0.1; Nexus 5X Build/MMB29P) AppleWebKit/537.36 (KHTML, like Gecko) Chrome/137.0.7151.103 Mobile Safari/537.36 (compatible; Googlebot/2.1; +http://www.google.com/bot.html)"
66.249.79.163 - - [24/Jun/2025:13:58:56 +0000] "GET /%3Cbr%20/%3Ehttps://image.rakuten.co.jp/b-kenkougolf/cabinet/goto/imgrc0099432690.jpg HTTP/1.1" 301 328 "-" "Googlebot-Image/1.0"
66.249.79.160 - - [24/Jun/2025:13:58:57 +0000] "GET /%3Cbr%20/%3Ehttps:/image.rakuten.co.jp/b-kenkougolf/cabinet/goto/imgrc0099432690.jpg HTTP/1.1" 404 - "-" "Googlebot-Image/1.0"
66.249.79.163 - - [24/Jun/2025:13:59:46 +0000] "GET /index.php?shopdetail/203869778 HTTP/1.1" 301 274 "-" "Mozilla/5.0 (Linux; Android 6.0.1; Nexus 5X Build/MMB29P) AppleWebKit/537.36 (KHTML, like Gecko) Chrome/137.0.7151.103 Mobile Safari/537.36 (compatible; Googlebot/2.1; +http://www.google.com/bot.html)"
66.249.79.161 - - [24/Jun/2025:13:59:47 +0000] "GET /index.php?shopdetail/203869778 HTTP/1.1" 404 - "-" "Mozilla/5.0 (Linux; Android 6.0.1; Nexus 5X Build/MMB29P) AppleWebKit/537.36 (KHTML, like Gecko) Chrome/137.0.7151.103 Mobile Safari/537.36 (compatible; Googlebot/2.1; +http://www.google.com/bot.html)"
57.141.2.13 - - [24/Jun/2025:14:04:15 +0000] "GET /lowpr.php?shopdetail/396782978 HTTP/2.0" 404 - "-" "meta-externalagent/1.1 (+https://developers.facebook.com/docs/sharing/webmasters/crawler)"
66.249.79.162 - - [24/Jun/2025:14:05:03 +0000] "GET /index.php?shopdetail/390982178 HTTP/1.1" 301 274 "-" "Mozilla/5.0 (compatible; Googlebot/2.1; +http://www.google.com/bot.html)"
66.249.79.162 - - [24/Jun/2025:14:05:04 +0000] "GET /index.php?shopdetail/390982178 HTTP/1.1" 404 - "-" "Mozilla/5.0 (compatible; Googlebot/2.1; +http://www.google.com/bot.html)"
57.141.2.25 - - [24/Jun/2025:14:05:52 +0000] "GET /lowpr.php?shopdetail/258004678 HTTP/2.0" 404 - "-" "meta-externalagent/1.1 (+https://developers.facebook.com/docs/sharing/webmasters/crawler)"
66.249.79.162 - - [24/Jun/2025:14:06:18 +0000] "GET /index.php?shopdetail/369878778 HTTP/1.1" 301 274 "-" "Mozilla/5.0 (Linux; Android 6.0.1; Nexus 5X Build/MMB29P) AppleWebKit/537.36 (KHTML, like Gecko) Chrome/137.0.7151.103 Mobile Safari/537.36 (compatible; Googlebot/2.1; +http://www.google.com/bot.html)"
66.249.79.163 - - [24/Jun/2025:14:06:18 +0000] "GET /index.php?shopdetail/369878778 HTTP/1.1" 301 274 "-" "Mozilla/5.0 (compatible; Googlebot/2.1; +http://www.google.com/bot.html)"
66.249.79.161 - - [24/Jun/2025:14:06:19 +0000] "GET /index.php?shopdetail/369878778 HTTP/1.1" 404 - "-" "Mozilla/5.0 (Linux; Android 6.0.1; Nexus 5X Build/MMB29P) AppleWebKit/537.36 (KHTML, like Gecko) Chrome/137.0.7151.103 Mobile Safari/537.36 (compatible; Googlebot/2.1; +http://www.google.com/bot.html)"
66.249.79.160 - - [24/Jun/2025:14:06:19 +0000] "GET /index.php?shopdetail/369878778 HTTP/1.1" 404 - "-" "Mozilla/5.0 (compatible; Googlebot/2.1; +http://www.google.com/bot.html)"
66.249.79.161 - - [24/Jun/2025:14:06:36 +0000] "GET /index.php?shopdetail/457342678 HTTP/1.1" 301 274 "-" "Mozilla/5.0 (Linux; Android 6.0.1; Nexus 5X Build/MMB29P) AppleWebKit/537.36 (KHTML, like Gecko) Chrome/137.0.7151.103 Mobile Safari/537.36 (compatible; Googlebot/2.1; +http://www.google.com/bot.html)"
66.249.79.161 - - [24/Jun/2025:14:06:37 +0000] "GET /index.php?shopdetail/457342678 HTTP/1.1" 404 - "-" "Mozilla/5.0 (Linux; Android 6.0.1; Nexus 5X Build/MMB29P) AppleWebKit/537.36 (KHTML, like Gecko) Chrome/137.0.7151.103 Mobile Safari/537.36 (compatible; Googlebot/2.1; +http://www.google.com/bot.html)"
66.249.79.161 - - [24/Jun/2025:14:07:12 +0000] "GET /index.php?shopdetail/195202078 HTTP/1.1" 301 274 "-" "Mozilla/5.0 (compatible; Googlebot/2.1; +http://www.google.com/bot.html)"
66.249.79.161 - - [24/Jun/2025:14:07:13 +0000] "GET /index.php?shopdetail/195202078 HTTP/1.1" 404 - "-" "Mozilla/5.0 (compatible; Googlebot/2.1; +http://www.google.com/bot.html)"
57.141.2.26 - - [24/Jun/2025:14:07:40 +0000] "GET /lowpr.php?shopdetail/382228678 HTTP/2.0" 404 - "-" "meta-externalagent/1.1 (+https://developers.facebook.com/docs/sharing/webmasters/crawler)"
66.249.79.161 - - [24/Jun/2025:14:09:30 +0000] "GET /index.php?shopdetail/503530278 HTTP/1.1" 301 274 "-" "Mozilla/5.0 (Linux; Android 6.0.1; Nexus 5X Build/MMB29P) AppleWebKit/537.36 (KHTML, like Gecko) Chrome/137.0.7151.103 Mobile Safari/537.36 (compatible; Googlebot/2.1; +http://www.google.com/bot.html)"
66.249.79.161 - - [24/Jun/2025:14:09:31 +0000] "GET /index.php?shopdetail/503530278 HTTP/1.1" 404 - "-" "Mozilla/5.0 (Linux; Android 6.0.1; Nexus 5X Build/MMB29P) AppleWebKit/537.36 (KHTML, like Gecko) Chrome/137.0.7151.103 Mobile Safari/537.36 (compatible; Googlebot/2.1; +http://www.google.com/bot.html)"
66.249.79.162 - - [24/Jun/2025:14:09:59 +0000] "GET /index.php?shopdetail/166205578 HTTP/1.1" 301 274 "-" "Mozilla/5.0 (Linux; Android 6.0.1; Nexus 5X Build/MMB29P) AppleWebKit/537.36 (KHTML, like Gecko) Chrome/137.0.7151.103 Mobile Safari/537.36 (compatible; Googlebot/2.1; +http://www.google.com/bot.html)"
66.249.79.160 - - [24/Jun/2025:14:09:59 +0000] "GET /index.php?shopdetail/166205578 HTTP/1.1" 404 - "-" "Mozilla/5.0 (Linux; Android 6.0.1; Nexus 5X Build/MMB29P) AppleWebKit/537.36 (KHTML, like Gecko) Chrome/137.0.7151.103 Mobile Safari/537.36 (compatible; Googlebot/2.1; +http://www.google.com/bot.html)"
57.141.2.23 - - [24/Jun/2025:14:10:05 +0000] "GET /lowpr.php?shopdetail/212108678 HTTP/2.0" 404 - "-" "meta-externalagent/1.1 (+https://developers.facebook.com/docs/sharing/webmasters/crawler)"
66.249.79.163 - - [24/Jun/2025:14:10:56 +0000] "GET /index.php?shopdetail/94864378 HTTP/1.1" 301 273 "-" "Mozilla/5.0 (compatible; Googlebot/2.1; +http://www.google.com/bot.html)"
66.249.79.160 - - [24/Jun/2025:14:10:57 +0000] "GET /index.php?shopdetail/94864378 HTTP/1.1" 404 - "-" "Mozilla/5.0 (compatible; Googlebot/2.1; +http://www.google.com/bot.html)"
66.249.79.162 - - [24/Jun/2025:14:12:19 +0000] "GET /index.php?shopdetail/241189478 HTTP/1.1" 301 274 "-" "Mozilla/5.0 (Linux; Android 6.0.1; Nexus 5X Build/MMB29P) AppleWebKit/537.36 (KHTML, like Gecko) Chrome/137.0.7151.103 Mobile Safari/537.36 (compatible; Googlebot/2.1; +http://www.google.com/bot.html)"
66.249.79.161 - - [24/Jun/2025:14:12:19 +0000] "GET /index.php?shopdetail/241189478 HTTP/1.1" 404 - "-" "Mozilla/5.0 (Linux; Android 6.0.1; Nexus 5X Build/MMB29P) AppleWebKit/537.36 (KHTML, like Gecko) Chrome/137.0.7151.103 Mobile Safari/537.36 (compatible; Googlebot/2.1; +http://www.google.com/bot.html)"
66.249.79.161 - - [24/Jun/2025:14:14:28 +0000] "GET /index.php?shopdetail/128175678 HTTP/1.1" 301 274 "-" "Mozilla/5.0 (Linux; Android 6.0.1; Nexus 5X Build/MMB29P) AppleWebKit/537.36 (KHTML, like Gecko) Chrome/137.0.7151.103 Mobile Safari/537.36 (compatible; Googlebot/2.1; +http://www.google.com/bot.html)"
66.249.79.161 - - [24/Jun/2025:14:14:29 +0000] "GET /index.php?shopdetail/128175678 HTTP/1.1" 404 - "-" "Mozilla/5.0 (Linux; Android 6.0.1; Nexus 5X Build/MMB29P) AppleWebKit/537.36 (KHTML, like Gecko) Chrome/137.0.7151.103 Mobile Safari/537.36 (compatible; Googlebot/2.1; +http://www.google.com/bot.html)"
66.249.79.161 - - [24/Jun/2025:14:14:43 +0000] "GET /index.php?shopdetail/575890878 HTTP/1.1" 301 274 "-" "Mozilla/5.0 (Linux; Android 6.0.1; Nexus 5X Build/MMB29P) AppleWebKit/537.36 (KHTML, like Gecko) Chrome/137.0.7151.103 Mobile Safari/537.36 (compatible; Googlebot/2.1; +http://www.google.com/bot.html)"
66.249.79.161 - - [24/Jun/2025:14:14:44 +0000] "GET /index.php?shopdetail/575890878 HTTP/1.1" 404 - "-" "Mozilla/5.0 (Linux; Android 6.0.1; Nexus 5X Build/MMB29P) AppleWebKit/537.36 (KHTML, like Gecko) Chrome/137.0.7151.103 Mobile Safari/537.36 (compatible; Googlebot/2.1; +http://www.google.com/bot.html)"
110.40.186.63 - - [24/Jun/2025:14:14:51 +0000] "GET / HTTP/1.1" 200 65336 "http://www.udyamonlineregistration.org" "Mozilla/5.0 (iPhone; CPU iPhone OS 13_2_3 like Mac OS X) AppleWebKit/605.1.15 (KHTML, like Gecko) Version/13.0.3 Mobile/15E148 Safari/604.1"
66.249.79.161 - - [24/Jun/2025:14:14:52 +0000] "GET /index.php?shopdetail/255774878 HTTP/1.1" 301 274 "-" "Mozilla/5.0 (Linux; Android 6.0.1; Nexus 5X Build/MMB29P) AppleWebKit/537.36 (KHTML, like Gecko) Chrome/137.0.7151.103 Mobile Safari/537.36 (compatible; Googlebot/2.1; +http://www.google.com/bot.html)"
66.249.79.160 - - [24/Jun/2025:14:14:53 +0000] "GET /index.php?shopdetail/255774878 HTTP/1.1" 404 - "-" "Mozilla/5.0 (Linux; Android 6.0.1; Nexus 5X Build/MMB29P) AppleWebKit/537.36 (KHTML, like Gecko) Chrome/137.0.7151.103 Mobile Safari/537.36 (compatible; Googlebot/2.1; +http://www.google.com/bot.html)"
201.58.68.15 - - [24/Jun/2025:14:14:55 +0000] "GET /trace-certificate.php HTTP/1.1" 200 32325 "-" "Mozilla/5.0 (Macintosh; Intel Mac OS X 10_15) AppleWebKit/605.1.15 (KHTML, like Gecko) Version/17.0 DuckDuckGo/7 Safari/605.1.15"
57.141.2.11 - - [24/Jun/2025:14:15:50 +0000] "GET /lowpr.php?shopdetail/150261278 HTTP/2.0" 404 - "-" "meta-externalagent/1.1 (+https://developers.facebook.com/docs/sharing/webmasters/crawler)"
57.141.2.27 - - [24/Jun/2025:14:16:58 +0000] "GET /lowpr.php?shopdetail/222323078 HTTP/2.0" 404 - "-" "meta-externalagent/1.1 (+https://developers.facebook.com/docs/sharing/webmasters/crawler)"
66.249.79.161 - - [24/Jun/2025:14:17:31 +0000] "GET /index.php?shopdetail/569114378 HTTP/1.1" 301 274 "-" "Mozilla/5.0 (compatible; Googlebot/2.1; +http://www.google.com/bot.html)"
66.249.79.162 - - [24/Jun/2025:14:17:32 +0000] "GET /index.php?shopdetail/569114378 HTTP/1.1" 404 - "-" "Mozilla/5.0 (compatible; Googlebot/2.1; +http://www.google.com/bot.html)"
216.73.216.137 - - [24/Jun/2025:14:18:35 +0000] "GET /robots.txt HTTP/2.0" 200 147 "http://udyamonlineregistration.org/robots.txt" "Mozilla/5.0 AppleWebKit/537.36 (KHTML, like Gecko; compatible; ClaudeBot/1.0; +claudebot@anthropic.com)"
216.73.216.137 - - [24/Jun/2025:14:18:37 +0000] "GET /sitemap.xml HTTP/2.0" 200 4435 "http://udyamonlineregistration.org/sitemap.xml" "Mozilla/5.0 AppleWebKit/537.36 (KHTML, like Gecko; compatible; ClaudeBot/1.0; +claudebot@anthropic.com)"
66.249.79.163 - - [24/Jun/2025:14:18:46 +0000] "GET /index.php?shopdetail/127877578 HTTP/1.1" 301 274 "-" "Mozilla/5.0 (compatible; Googlebot/2.1; +http://www.google.com/bot.html)"
66.249.79.161 - - [24/Jun/2025:14:18:46 +0000] "GET /index.php?shopdetail/127877578 HTTP/1.1" 404 - "-" "Mozilla/5.0 (compatible; Googlebot/2.1; +http://www.google.com/bot.html)"
66.249.79.161 - - [24/Jun/2025:14:19:34 +0000] "GET /index.php?shopdetail/530448778 HTTP/1.1" 301 274 "-" "Mozilla/5.0 (compatible; Googlebot/2.1; +http://www.google.com/bot.html)"
66.249.79.162 - - [24/Jun/2025:14:19:35 +0000] "GET /index.php?shopdetail/530448778 HTTP/1.1" 404 - "-" "Mozilla/5.0 (compatible; Googlebot/2.1; +http://www.google.com/bot.html)"
66.249.79.163 - - [24/Jun/2025:14:20:07 +0000] "GET /%3E%20%3Cp%3Ehttps://www.rakuten.ne.jp/gold/juki-rack/img/detail/rrr_2.png HTTP/1.1" 301 317 "-" "Googlebot-Image/1.0"
66.249.79.162 - - [24/Jun/2025:14:20:07 +0000] "GET /%3E%20%3Cp%3Ehttps:/www.rakuten.ne.jp/gold/juki-rack/img/detail/rrr_2.png HTTP/1.1" 404 - "-" "Googlebot-Image/1.0"
66.249.79.161 - - [24/Jun/2025:14:20:49 +0000] "GET /index.php?shopdetail/499373978 HTTP/1.1" 301 274 "-" "Mozilla/5.0 (compatible; Googlebot/2.1; +http://www.google.com/bot.html)"
66.249.79.160 - - [24/Jun/2025:14:20:49 +0000] "GET /index.php?shopdetail/499373978 HTTP/1.1" 404 - "-" "Mozilla/5.0 (compatible; Googlebot/2.1; +http://www.google.com/bot.html)"
66.249.79.162 - - [24/Jun/2025:14:21:22 +0000] "GET /index.php?shopdetail/63049578 HTTP/1.1" 301 273 "-" "Mozilla/5.0 (Linux; Android 6.0.1; Nexus 5X Build/MMB29P) AppleWebKit/537.36 (KHTML, like Gecko) Chrome/137.0.7151.103 Mobile Safari/537.36 (compatible; Googlebot/2.1; +http://www.google.com/bot.html)"
66.249.79.162 - - [24/Jun/2025:14:21:22 +0000] "GET /index.php?shopdetail/63049578 HTTP/1.1" 404 - "-" "Mozilla/5.0 (Linux; Android 6.0.1; Nexus 5X Build/MMB29P) AppleWebKit/537.36 (KHTML, like Gecko) Chrome/137.0.7151.103 Mobile Safari/537.36 (compatible; Googlebot/2.1; +http://www.google.com/bot.html)"
57.141.2.14 - - [24/Jun/2025:14:21:42 +0000] "GET /lowpr.php?shopdetail/69332778 HTTP/2.0" 404 - "-" "meta-externalagent/1.1 (+https://developers.facebook.com/docs/sharing/webmasters/crawler)"
66.249.79.162 - - [24/Jun/2025:14:21:57 +0000] "GET /index.php?shopdetail/5648978 HTTP/1.1" 301 272 "-" "Mozilla/5.0 (compatible; Googlebot/2.1; +http://www.google.com/bot.html)"
66.249.79.160 - - [24/Jun/2025:14:21:58 +0000] "GET /index.php?shopdetail/5648978 HTTP/1.1" 404 - "-" "Mozilla/5.0 (compatible; Googlebot/2.1; +http://www.google.com/bot.html)"
57.141.2.30 - - [24/Jun/2025:14:22:07 +0000] "GET /lowpr.php?shopdetail/291943978 HTTP/2.0" 404 - "-" "meta-externalagent/1.1 (+https://developers.facebook.com/docs/sharing/webmasters/crawler)"
66.249.79.163 - - [24/Jun/2025:14:23:19 +0000] "GET /index.php?shopdetail/525986078 HTTP/1.1" 301 274 "-" "Mozilla/5.0 (Linux; Android 6.0.1; Nexus 5X Build/MMB29P) AppleWebKit/537.36 (KHTML, like Gecko) Chrome/137.0.7151.103 Mobile Safari/537.36 (compatible; Googlebot/2.1; +http://www.google.com/bot.html)"
66.249.79.161 - - [24/Jun/2025:14:23:20 +0000] "GET /index.php?shopdetail/525986078 HTTP/1.1" 404 - "-" "Mozilla/5.0 (Linux; Android 6.0.1; Nexus 5X Build/MMB29P) AppleWebKit/537.36 (KHTML, like Gecko) Chrome/137.0.7151.103 Mobile Safari/537.36 (compatible; Googlebot/2.1; +http://www.google.com/bot.html)"
66.249.79.162 - - [24/Jun/2025:14:23:34 +0000] "GET /index.php?shopdetail/365628378 HTTP/1.1" 301 274 "-" "Mozilla/5.0 (compatible; Googlebot/2.1; +http://www.google.com/bot.html)"
66.249.79.160 - - [24/Jun/2025:14:23:35 +0000] "GET /index.php?shopdetail/365628378 HTTP/1.1" 404 - "-" "Mozilla/5.0 (compatible; Googlebot/2.1; +http://www.google.com/bot.html)"
66.249.79.161 - - [24/Jun/2025:14:23:37 +0000] "GET /index.php?shopdetail/480896878 HTTP/1.1" 301 274 "-" "Mozilla/5.0 (compatible; Googlebot/2.1; +http://www.google.com/bot.html)"
66.249.79.161 - - [24/Jun/2025:14:23:37 +0000] "GET /index.php?shopdetail/480896878 HTTP/1.1" 404 - "-" "Mozilla/5.0 (compatible; Googlebot/2.1; +http://www.google.com/bot.html)"
66.249.79.161 - - [24/Jun/2025:14:23:38 +0000] "GET /index.php?shopdetail/371874078 HTTP/1.1" 301 274 "-" "Mozilla/5.0 (Linux; Android 6.0.1; Nexus 5X Build/MMB29P) AppleWebKit/537.36 (KHTML, like Gecko) Chrome/137.0.7151.103 Mobile Safari/537.36 (compatible; Googlebot/2.1; +http://www.google.com/bot.html)"
66.249.79.160 - - [24/Jun/2025:14:23:38 +0000] "GET /index.php?shopdetail/371874078 HTTP/1.1" 404 - "-" "Mozilla/5.0 (Linux; Android 6.0.1; Nexus 5X Build/MMB29P) AppleWebKit/537.36 (KHTML, like Gecko) Chrome/137.0.7151.103 Mobile Safari/537.36 (compatible; Googlebot/2.1; +http://www.google.com/bot.html)"
57.141.2.25 - - [24/Jun/2025:14:27:23 +0000] "GET /lowpr.php?shopdetail/16652778 HTTP/2.0" 404 - "-" "meta-externalagent/1.1 (+https://developers.facebook.com/docs/sharing/webmasters/crawler)"
66.249.79.162 - - [24/Jun/2025:14:27:33 +0000] "GET /index.php?shopdetail/53926478 HTTP/1.1" 301 273 "-" "Mozilla/5.0 (Linux; Android 6.0.1; Nexus 5X Build/MMB29P) AppleWebKit/537.36 (KHTML, like Gecko) Chrome/137.0.7151.103 Mobile Safari/537.36 (compatible; Googlebot/2.1; +http://www.google.com/bot.html)"
66.249.79.162 - - [24/Jun/2025:14:27:33 +0000] "GET /index.php?shopdetail/53926478 HTTP/1.1" 404 - "-" "Mozilla/5.0 (Linux; Android 6.0.1; Nexus 5X Build/MMB29P) AppleWebKit/537.36 (KHTML, like Gecko) Chrome/137.0.7151.103 Mobile Safari/537.36 (compatible; Googlebot/2.1; +http://www.google.com/bot.html)"
66.249.79.163 - - [24/Jun/2025:14:30:03 +0000] "GET /index.php?shopdetail/146618978 HTTP/1.1" 301 274 "-" "Mozilla/5.0 (compatible; Googlebot/2.1; +http://www.google.com/bot.html)"
66.249.79.160 - - [24/Jun/2025:14:30:04 +0000] "GET /index.php?shopdetail/146618978 HTTP/1.1" 404 - "-" "Mozilla/5.0 (compatible; Googlebot/2.1; +http://www.google.com/bot.html)"
51.222.253.1 - - [24/Jun/2025:14:31:24 +0000] "GET /robots.txt HTTP/2.0" 200 147 "-" "Mozilla/5.0 (compatible; AhrefsBot/7.0; +http://ahrefs.com/robot/)"
54.36.149.32 - - [24/Jun/2025:14:31:25 +0000] "GET /sitemap.xml HTTP/2.0" 200 4435 "-" "Mozilla/5.0 (compatible; AhrefsBot/7.0; +http://ahrefs.com/robot/)"
66.249.79.161 - - [24/Jun/2025:14:33:52 +0000] "GET /index.php?shopdetail/100494178 HTTP/1.1" 301 274 "-" "Mozilla/5.0 (Linux; Android 6.0.1; Nexus 5X Build/MMB29P) AppleWebKit/537.36 (KHTML, like Gecko) Chrome/137.0.7151.103 Mobile Safari/537.36 (compatible; Googlebot/2.1; +http://www.google.com/bot.html)"
66.249.79.162 - - [24/Jun/2025:14:33:52 +0000] "GET /index.php?shopdetail/100494178 HTTP/1.1" 404 - "-" "Mozilla/5.0 (Linux; Android 6.0.1; Nexus 5X Build/MMB29P) AppleWebKit/537.36 (KHTML, like Gecko) Chrome/137.0.7151.103 Mobile Safari/537.36 (compatible; Googlebot/2.1; +http://www.google.com/bot.html)"
57.141.2.30 - - [24/Jun/2025:14:33:54 +0000] "GET /sitemap.xml HTTP/2.0" 200 4435 "-" "meta-externalagent/1.1 (+https://developers.facebook.com/docs/sharing/webmasters/crawler)"
66.249.79.161 - - [24/Jun/2025:14:35:12 +0000] "GET /index.php?shopdetail/364921378 HTTP/1.1" 301 274 "-" "Mozilla/5.0 (Linux; Android 6.0.1; Nexus 5X Build/MMB29P) AppleWebKit/537.36 (KHTML, like Gecko) Chrome/137.0.7151.103 Mobile Safari/537.36 (compatible; Googlebot/2.1; +http://www.google.com/bot.html)"
66.249.79.161 - - [24/Jun/2025:14:35:13 +0000] "GET /index.php?shopdetail/364921378 HTTP/1.1" 404 - "-" "Mozilla/5.0 (Linux; Android 6.0.1; Nexus 5X Build/MMB29P) AppleWebKit/537.36 (KHTML, like Gecko) Chrome/137.0.7151.103 Mobile Safari/537.36 (compatible; Googlebot/2.1; +http://www.google.com/bot.html)"
57.141.2.18 - - [24/Jun/2025:14:35:55 +0000] "GET /lowpr.php?shopdetail/348629378 HTTP/2.0" 404 - "-" "meta-externalagent/1.1 (+https://developers.facebook.com/docs/sharing/webmasters/crawler)"
66.249.79.162 - - [24/Jun/2025:14:38:27 +0000] "GET /index.php?shopdetail/61795878 HTTP/1.1" 301 273 "-" "Mozilla/5.0 (Linux; Android 6.0.1; Nexus 5X Build/MMB29P) AppleWebKit/537.36 (KHTML, like Gecko) Chrome/137.0.7151.103 Mobile Safari/537.36 (compatible; Googlebot/2.1; +http://www.google.com/bot.html)"
66.249.79.161 - - [24/Jun/2025:14:38:27 +0000] "GET /robots.txt HTTP/1.1" 301 254 "-" "Mozilla/5.0 (compatible; Googlebot/2.1; +http://www.google.com/bot.html)"
66.249.79.160 - - [24/Jun/2025:14:38:27 +0000] "GET /index.php?shopdetail/61795878 HTTP/1.1" 404 - "-" "Mozilla/5.0 (Linux; Android 6.0.1; Nexus 5X Build/MMB29P) AppleWebKit/537.36 (KHTML, like Gecko) Chrome/137.0.7151.103 Mobile Safari/537.36 (compatible; Googlebot/2.1; +http://www.google.com/bot.html)"
45.80.158.101 - - [24/Jun/2025:14:38:54 +0000] "GET / HTTP/1.1" 200 65336 "-" "Mozilla/5.0 (Windows NT 10.0; Win64; x64) AppleWebKit/537.36 (KHTML, like Gecko) Chrome/58.0.3029.110 Safari/537.3"
57.141.2.7 - - [24/Jun/2025:14:39:08 +0000] "GET /lowpr.php?shopdetail/48418278 HTTP/2.0" 404 - "-" "meta-externalagent/1.1 (+https://developers.facebook.com/docs/sharing/webmasters/crawler)"
57.141.2.25 - - [24/Jun/2025:14:39:24 +0000] "GET /lowpr.php?shopdetail/303418078 HTTP/2.0" 404 - "-" "meta-externalagent/1.1 (+https://developers.facebook.com/docs/sharing/webmasters/crawler)"
91.84.87.137 - - [24/Jun/2025:14:39:59 +0000] "GET / HTTP/2.0" 301 244 "-" "Mozilla/5.0 (Linux; Android 6.0; Nexus 5 Build/MRA58N) AppleWebKit/537.36 (KHTML, like Gecko) Chrome/130.0.0.0 Mobile Safari/537.36"
57.141.2.21 - - [24/Jun/2025:14:40:43 +0000] "GET /lowpr.php?shopdetail/380887478 HTTP/2.0" 404 - "-" "meta-externalagent/1.1 (+https://developers.facebook.com/docs/sharing/webmasters/crawler)"
66.249.79.161 - - [24/Jun/2025:14:41:17 +0000] "GET /%E3%82%B7%E3%83%B3%E3%82%B0%E3%83%AB%E3%83%99%E3%83%83%E3%83%89%20%E7%99%BD%20%E5%A4%A7%E5%AE%B9%E9%87%8F%20%E5%A4%A7%E5%9E%8B%20%E6%95%B4%E7%90%86%20%E5%8F%8E%E7%B4%8D%20%E3%83%99%E3%83%83%E3%83%89%20%E8%96%84%E5%9E%8B%E3%83%97%E3%83%AC%E3%83%9F%E3%82%A2%E3%83%A0%E3%83%9D%E3%82%B1%E3%83%83%E3%83%88%E3%82%B3%E3%82%A4%E3%83%AB%E3%83%9E%E3%83%83%E3%83%88%E3%83%AC%E3%82%B9%E4%BB%98%E3%81%8D%20%E3%82%BB%E3%83%83%E3%83%88%20%E5%9B%BD%E7%94%A3%20%E6%97%A5%E6%9C%AC%E8%A3%BD%20%E8%B7%B3%E3%81%AD%E4%B8%8A%E3%81%92%20%E3%82%89%E3%81%8F%E3%82%89%E3%81%8F%20%E6%95%B4%E7%90%86%20%E5%8F%8E%E7%B4%8D%20%E3%83%99%E3%83%83%E3%83%89(%20%E5%B9%85%20:%E3%82%B7%E3%83%B3%E3%82%B0%E3%83%AB)(%20%E5%A5%A5%E8%A1%8C%20:%E3%83%AC%E3%82%AE%E3%83%A5%E3%83%A9%E3%83%BC)(%20%E6%B7%B1%E3%81%95%20:%E6%B7%B1%E3%81%95%E3%82%B0%E3%83%A9%E3%83%B3%E3%83%89)(%20%E3%83%95%E3%83%AC%E3%83%BC%E3%83%A0%E8%89%B2%20:%20%E3%83%9B%E3%83%AF%E3%82%A4%E3%83%88%20%E7%99%BD%20)(%20%E7%B5%84%E7%AB%8B%E8%A8%AD%E7%BD%AE%E4%BB%98%20%E7%B8%A6%E9%96%8B%E3%81%8D%20)%3Cbr%20/%3E%E5%93%81%E7%95%AA%EF%BC%9AC13-04826311%3Cbr%20/%3Ehttps://image.rakuten.co.jp/yumenokoya/cabinet/sozai/03500584479/03500584570.jpg HTTP/1.1" 301 253 "-" "Googlebot-Image/1.0"
66.249.79.162 - - [24/Jun/2025:14:41:18 +0000] "GET /403.shtml HTTP/1.1" 404 - "-" "Googlebot-Image/1.0"
66.249.79.163 - - [24/Jun/2025:14:42:25 +0000] "GET /index.php?shopdetail/199294778 HTTP/1.1" 301 274 "-" "Mozilla/5.0 (compatible; Googlebot/2.1; +http://www.google.com/bot.html)"
66.249.79.161 - - [24/Jun/2025:14:42:25 +0000] "GET /robots.txt HTTP/1.1" 301 254 "-" "Mozilla/5.0 (compatible; Googlebot/2.1; +http://www.google.com/bot.html)"
66.249.79.160 - - [24/Jun/2025:14:42:26 +0000] "GET /index.php?shopdetail/199294778 HTTP/1.1" 404 - "-" "Mozilla/5.0 (compatible; Googlebot/2.1; +http://www.google.com/bot.html)"
91.84.87.137 - - [24/Jun/2025:14:43:46 +0000] "GET / HTTP/2.0" 200 - "-" "Mozilla/5.0 (Linux; Android 6.0; Nexus 5 Build/MRA58N) AppleWebKit/537.36 (KHTML, like Gecko) Chrome/130.0.0.0 Mobile Safari/537.36"
66.249.79.162 - - [24/Jun/2025:14:45:07 +0000] "GET /index.php?shopdetail/255975878 HTTP/1.1" 301 274 "-" "Mozilla/5.0 (Linux; Android 6.0.1; Nexus 5X Build/MMB29P) AppleWebKit/537.36 (KHTML, like Gecko) Chrome/137.0.7151.103 Mobile Safari/537.36 (compatible; Googlebot/2.1; +http://www.google.com/bot.html)"
66.249.79.161 - - [24/Jun/2025:14:45:08 +0000] "GET /index.php?shopdetail/255975878 HTTP/1.1" 404 - "-" "Mozilla/5.0 (Linux; Android 6.0.1; Nexus 5X Build/MMB29P) AppleWebKit/537.36 (KHTML, like Gecko) Chrome/137.0.7151.103 Mobile Safari/537.36 (compatible; Googlebot/2.1; +http://www.google.com/bot.html)"
66.249.79.160 - - [24/Jun/2025:14:45:08 +0000] "GET /robots.txt HTTP/1.1" 200 147 "-" "Mozilla/5.0 (compatible; Googlebot/2.1; +http://www.google.com/bot.html)"
66.249.79.163 - - [24/Jun/2025:14:45:09 +0000] "GET /index.php?shopdetail/26743178 HTTP/1.1" 301 273 "-" "Mozilla/5.0 (compatible; Googlebot/2.1; +http://www.google.com/bot.html)"
66.249.79.163 - - [24/Jun/2025:14:45:09 +0000] "GET /index.php?shopdetail/26743178 HTTP/1.1" 301 273 "-" "Mozilla/5.0 (Linux; Android 6.0.1; Nexus 5X Build/MMB29P) AppleWebKit/537.36 (KHTML, like Gecko) Chrome/137.0.7151.103 Mobile Safari/537.36 (compatible; Googlebot/2.1; +http://www.google.com/bot.html)"
66.249.79.161 - - [24/Jun/2025:14:45:09 +0000] "GET /index.php?shopdetail/26743178 HTTP/1.1" 404 - "-" "Mozilla/5.0 (Linux; Android 6.0.1; Nexus 5X Build/MMB29P) AppleWebKit/537.36 (KHTML, like Gecko) Chrome/137.0.7151.103 Mobile Safari/537.36 (compatible; Googlebot/2.1; +http://www.google.com/bot.html)"
66.249.79.162 - - [24/Jun/2025:14:45:10 +0000] "GET /index.php?shopdetail/26743178 HTTP/1.1" 404 - "-" "Mozilla/5.0 (compatible; Googlebot/2.1; +http://www.google.com/bot.html)"
66.249.79.163 - - [24/Jun/2025:14:46:23 +0000] "GET /index.php?shopdetail/151317578 HTTP/1.1" 301 274 "-" "Mozilla/5.0 (compatible; Googlebot/2.1; +http://www.google.com/bot.html)"
66.249.79.162 - - [24/Jun/2025:14:46:23 +0000] "GET /robots.txt HTTP/1.1" 301 254 "-" "Mozilla/5.0 (compatible; Googlebot/2.1; +http://www.google.com/bot.html)"
66.249.79.160 - - [24/Jun/2025:14:46:24 +0000] "GET /robots.txt HTTP/1.1" 200 147 "-" "Mozilla/5.0 (compatible; Googlebot/2.1; +http://www.google.com/bot.html)"
66.249.79.160 - - [24/Jun/2025:14:46:24 +0000] "GET /index.php?shopdetail/151317578 HTTP/1.1" 404 - "-" "Mozilla/5.0 (compatible; Googlebot/2.1; +http://www.google.com/bot.html)"
45.148.10.248 - - [24/Jun/2025:14:46:53 +0000] "GET / HTTP/1.1" 200 12385 "-" "Mozilla/5.0 (Windows NT 10.0; Win64; x64) AppleWebKit/537.36 (KHTML, like Gecko) Chrome/70.0.3538.110 Safari/537.36"
45.148.10.248 - - [24/Jun/2025:14:47:06 +0000] "GET /unprotected/json-minified.js HTTP/1.1" 200 843 "-" "Mozilla/5.0 (X11; U; Linux x86_64; en-US; rv:1.9.1.17) Gecko/20110123 SeaMonkey/2.0.12"
45.148.10.248 - - [24/Jun/2025:14:47:06 +0000] "GET //submit_post.js HTTP/1.1" 200 12391 "-" "Mozilla/5.0 (X11; Linux x86_64) AppleWebKit/537.36 (KHTML, like Gecko) Chrome/72.0.3626.121 Safari/537.36"
45.148.10.248 - - [24/Jun/2025:14:47:06 +0000] "GET //jstz.min.js HTTP/1.1" 200 12383 "-" "Mozilla/5.0 (Windows NT 6.1; WOW64; rv:41.0) Gecko/20100101 Firefox/41.0"
45.148.10.248 - - [24/Jun/2025:14:47:06 +0000] "GET //login.js HTTP/1.1" 200 12383 "-" "Mozilla/5.0 (Linux; Android 9; SM-G975F) AppleWebKit/537.36 (KHTML, like Gecko) Chrome/76.0.3809.111 Mobile Safari/537.36"
45.148.10.248 - - [24/Jun/2025:14:47:09 +0000] "GET /jstz.min.js HTTP/1.1" 200 12382 "-" "Mozilla/5.0 (Linux; Android 9; SAMSUNG SM-N950F Build/PPR1.180610.011) AppleWebKit/537.36 (KHTML, like Gecko) SamsungBrowser/9.4 Chrome/67.0.3396.87 Mobile Safari/537.36"
45.148.10.248 - - [24/Jun/2025:14:47:15 +0000] "GET //jstz.min.js HTTP/1.1" 200 12387 "-" "Mozilla/5.0 (Linux; U; Android 1.5; en-us; sdk Build/CUPCAKE) AppleWebkit/528.5 (KHTML, like Gecko) Version/3.1.2 Mobile Safari/525.20.1"
45.148.10.248 - - [24/Jun/2025:14:47:15 +0000] "GET //submit_post.js HTTP/1.1" 200 12381 "-" "Mozilla/5.0 (Windows NT 10.0; Win64; x64) AppleWebKit/537.36 (KHTML, like Gecko) Chrome/76.0.3809.100 Safari/537.36 OPR/63.0.3368.35"
45.148.10.248 - - [24/Jun/2025:14:47:15 +0000] "GET //login.js HTTP/1.1" 200 12379 "-" "Mozilla/5.0 (Windows NT 6.1) AppleWebKit/537.36 (KHTML, like Gecko) Chrome/76.0.3809.100 Safari/537.36"
45.148.10.248 - - [24/Jun/2025:14:47:15 +0000] "GET /unprotected/json-minified.js HTTP/1.1" 200 843 "-" "Mozilla/5.0 (Windows NT 6.1; Win64; x64) AppleWebKit/537.36 (KHTML, like Gecko) Chrome/71.0.3542.0 Safari/537.36"
45.148.10.248 - - [24/Jun/2025:14:47:15 +0000] "GET //cptimezone_optimized.js HTTP/1.1" 200 12384 "-" "Mozilla/5.0 (Macintosh; Intel Mac OS X 10_11) AppleWebKit/601.1.56 (KHTML, like Gecko) Version/9.0 Safari/601.1.56"
45.148.10.248 - - [24/Jun/2025:14:47:16 +0000] "GET /jstz.min.js HTTP/1.1" 200 12385 "-" "Mozilla/5.0 (Linux; Android 9; LEX829) AppleWebKit/537.36 (KHTML, like Gecko) SamsungBrowser/10.1 Chrome/71.0.3578.99 Mobile Safari/537.36"
66.249.79.162 - - [24/Jun/2025:14:50:48 +0000] "GET /index.php?shopdetail/145030278 HTTP/1.1" 301 274 "-" "Mozilla/5.0 (Linux; Android 6.0.1; Nexus 5X Build/MMB29P) AppleWebKit/537.36 (KHTML, like Gecko) Chrome/137.0.7151.103 Mobile Safari/537.36 (compatible; Googlebot/2.1; +http://www.google.com/bot.html)"
66.249.79.161 - - [24/Jun/2025:14:50:49 +0000] "GET /robots.txt HTTP/1.1" 200 147 "-" "Mozilla/5.0 (compatible; Googlebot/2.1; +http://www.google.com/bot.html)"
66.249.79.162 - - [24/Jun/2025:14:50:49 +0000] "GET /index.php?shopdetail/145030278 HTTP/1.1" 404 - "-" "Mozilla/5.0 (Linux; Android 6.0.1; Nexus 5X Build/MMB29P) AppleWebKit/537.36 (KHTML, like Gecko) Chrome/137.0.7151.103 Mobile Safari/537.36 (compatible; Googlebot/2.1; +http://www.google.com/bot.html)"
66.249.79.161 - - [24/Jun/2025:14:50:59 +0000] "GET /index.php?shopdetail/553452578 HTTP/1.1" 301 274 "-" "Mozilla/5.0 (Linux; Android 6.0.1; Nexus 5X Build/MMB29P) AppleWebKit/537.36 (KHTML, like Gecko) Chrome/137.0.7151.103 Mobile Safari/537.36 (compatible; Googlebot/2.1; +http://www.google.com/bot.html)"
66.249.79.160 - - [24/Jun/2025:14:51:01 +0000] "GET /index.php?shopdetail/553452578 HTTP/1.1" 404 - "-" "Mozilla/5.0 (Linux; Android 6.0.1; Nexus 5X Build/MMB29P) AppleWebKit/537.36 (KHTML, like Gecko) Chrome/137.0.7151.103 Mobile Safari/537.36 (compatible; Googlebot/2.1; +http://www.google.com/bot.html)"
66.249.79.163 - - [24/Jun/2025:14:53:22 +0000] "GET /index.php?shopdetail/255617178 HTTP/1.1" 301 274 "-" "Mozilla/5.0 (Linux; Android 6.0.1; Nexus 5X Build/MMB29P) AppleWebKit/537.36 (KHTML, like Gecko) Chrome/137.0.7151.103 Mobile Safari/537.36 (compatible; Googlebot/2.1; +http://www.google.com/bot.html)"
66.249.79.160 - - [24/Jun/2025:14:53:23 +0000] "GET /robots.txt HTTP/1.1" 200 147 "-" "Mozilla/5.0 (compatible; Googlebot/2.1; +http://www.google.com/bot.html)"
66.249.79.160 - - [24/Jun/2025:14:53:23 +0000] "GET /index.php?shopdetail/255617178 HTTP/1.1" 404 - "-" "Mozilla/5.0 (Linux; Android 6.0.1; Nexus 5X Build/MMB29P) AppleWebKit/537.36 (KHTML, like Gecko) Chrome/137.0.7151.103 Mobile Safari/537.36 (compatible; Googlebot/2.1; +http://www.google.com/bot.html)"
66.249.79.163 - - [24/Jun/2025:14:54:08 +0000] "GET /index.php?shopdetail/126199578 HTTP/1.1" 301 274 "-" "Mozilla/5.0 (compatible; Googlebot/2.1; +http://www.google.com/bot.html)"
66.249.79.161 - - [24/Jun/2025:14:54:08 +0000] "GET /index.php?shopdetail/126199578 HTTP/1.1" 404 - "-" "Mozilla/5.0 (compatible; Googlebot/2.1; +http://www.google.com/bot.html)"
66.249.79.161 - - [24/Jun/2025:14:55:31 +0000] "GET /index.php?shopdetail/574456078 HTTP/1.1" 301 274 "-" "Mozilla/5.0 (Linux; Android 6.0.1; Nexus 5X Build/MMB29P) AppleWebKit/537.36 (KHTML, like Gecko) Chrome/137.0.7151.103 Mobile Safari/537.36 (compatible; Googlebot/2.1; +http://www.google.com/bot.html)"
66.249.79.160 - - [24/Jun/2025:14:55:31 +0000] "GET /index.php?shopdetail/574456078 HTTP/1.1" 404 - "-" "Mozilla/5.0 (Linux; Android 6.0.1; Nexus 5X Build/MMB29P) AppleWebKit/537.36 (KHTML, like Gecko) Chrome/137.0.7151.103 Mobile Safari/537.36 (compatible; Googlebot/2.1; +http://www.google.com/bot.html)"
57.141.2.19 - - [24/Jun/2025:14:55:32 +0000] "GET /lowpr.php?shopdetail/278865978 HTTP/2.0" 404 - "-" "meta-externalagent/1.1 (+https://developers.facebook.com/docs/sharing/webmasters/crawler)"
57.141.2.11 - - [24/Jun/2025:14:56:04 +0000] "GET /lowpr.php?shopdetail/380023878 HTTP/2.0" 404 - "-" "meta-externalagent/1.1 (+https://developers.facebook.com/docs/sharing/webmasters/crawler)"
57.141.2.26 - - [24/Jun/2025:14:56:27 +0000] "GET /lowpr.php?shopdetail/398108378 HTTP/2.0" 404 - "-" "meta-externalagent/1.1 (+https://developers.facebook.com/docs/sharing/webmasters/crawler)"
57.141.2.12 - - [24/Jun/2025:14:56:47 +0000] "GET /lowpr.php?shopdetail/230751378 HTTP/2.0" 404 - "-" "meta-externalagent/1.1 (+https://developers.facebook.com/docs/sharing/webmasters/crawler)"
66.249.79.163 - - [24/Jun/2025:14:58:32 +0000] "GET /index.php?shopdetail/588861578 HTTP/1.1" 301 274 "-" "Mozilla/5.0 (Linux; Android 6.0.1; Nexus 5X Build/MMB29P) AppleWebKit/537.36 (KHTML, like Gecko) Chrome/137.0.7151.103 Mobile Safari/537.36 (compatible; Googlebot/2.1; +http://www.google.com/bot.html)"
66.249.79.160 - - [24/Jun/2025:14:58:33 +0000] "GET /index.php?shopdetail/588861578 HTTP/1.1" 404 - "-" "Mozilla/5.0 (Linux; Android 6.0.1; Nexus 5X Build/MMB29P) AppleWebKit/537.36 (KHTML, like Gecko) Chrome/137.0.7151.103 Mobile Safari/537.36 (compatible; Googlebot/2.1; +http://www.google.com/bot.html)"
66.249.79.163 - - [24/Jun/2025:15:00:08 +0000] "GET /index.php?shopdetail/46821578 HTTP/1.1" 301 273 "-" "Mozilla/5.0 (compatible; Googlebot/2.1; +http://www.google.com/bot.html)"
66.249.79.160 - - [24/Jun/2025:15:00:09 +0000] "GET /index.php?shopdetail/46821578 HTTP/1.1" 404 - "-" "Mozilla/5.0 (compatible; Googlebot/2.1; +http://www.google.com/bot.html)"
57.141.2.21 - - [24/Jun/2025:15:03:54 +0000] "GET /lowpr.php?shopdetail/187455178 HTTP/2.0" 404 - "-" "meta-externalagent/1.1 (+https://developers.facebook.com/docs/sharing/webmasters/crawler)"
66.249.79.162 - - [24/Jun/2025:15:04:08 +0000] "GET /index.php?shopdetail/15285678 HTTP/1.1" 301 273 "-" "Mozilla/5.0 (Linux; Android 6.0.1; Nexus 5X Build/MMB29P) AppleWebKit/537.36 (KHTML, like Gecko) Chrome/137.0.7151.103 Mobile Safari/537.36 (compatible; Googlebot/2.1; +http://www.google.com/bot.html)"
66.249.79.162 - - [24/Jun/2025:15:04:09 +0000] "GET /index.php?shopdetail/15285678 HTTP/1.1" 404 - "-" "Mozilla/5.0 (Linux; Android 6.0.1; Nexus 5X Build/MMB29P) AppleWebKit/537.36 (KHTML, like Gecko) Chrome/137.0.7151.103 Mobile Safari/537.36 (compatible; Googlebot/2.1; +http://www.google.com/bot.html)"
66.249.79.163 - - [24/Jun/2025:15:05:08 +0000] "GET /index.php?shopdetail/218535578 HTTP/1.1" 301 274 "-" "Mozilla/5.0 (Linux; Android 6.0.1; Nexus 5X Build/MMB29P) AppleWebKit/537.36 (KHTML, like Gecko) Chrome/137.0.7151.103 Mobile Safari/537.36 (compatible; Googlebot/2.1; +http://www.google.com/bot.html)"
66.249.79.162 - - [24/Jun/2025:15:05:08 +0000] "GET /index.php?shopdetail/218535578 HTTP/1.1" 404 - "-" "Mozilla/5.0 (Linux; Android 6.0.1; Nexus 5X Build/MMB29P) AppleWebKit/537.36 (KHTML, like Gecko) Chrome/137.0.7151.103 Mobile Safari/537.36 (compatible; Googlebot/2.1; +http://www.google.com/bot.html)"
66.249.79.161 - - [24/Jun/2025:15:05:21 +0000] "GET /index.php?shopdetail/500884878 HTTP/1.1" 301 274 "-" "Mozilla/5.0 (compatible; Googlebot/2.1; +http://www.google.com/bot.html)"
66.249.79.161 - - [24/Jun/2025:15:05:21 +0000] "GET /index.php?shopdetail/500884878 HTTP/1.1" 301 274 "-" "Mozilla/5.0 (Linux; Android 6.0.1; Nexus 5X Build/MMB29P) AppleWebKit/537.36 (KHTML, like Gecko) Chrome/137.0.7151.103 Mobile Safari/537.36 (compatible; Googlebot/2.1; +http://www.google.com/bot.html)"
66.249.79.161 - - [24/Jun/2025:15:05:22 +0000] "GET /index.php?shopdetail/500884878 HTTP/1.1" 404 - "-" "Mozilla/5.0 (compatible; Googlebot/2.1; +http://www.google.com/bot.html)"
66.249.79.161 - - [24/Jun/2025:15:05:22 +0000] "GET /index.php?shopdetail/500884878 HTTP/1.1" 404 - "-" "Mozilla/5.0 (Linux; Android 6.0.1; Nexus 5X Build/MMB29P) AppleWebKit/537.36 (KHTML, like Gecko) Chrome/137.0.7151.103 Mobile Safari/537.36 (compatible; Googlebot/2.1; +http://www.google.com/bot.html)"
66.249.79.161 - - [24/Jun/2025:15:06:43 +0000] "GET /index.php?shopdetail/574918378 HTTP/1.1" 301 274 "-" "Mozilla/5.0 (compatible; Googlebot/2.1; +http://www.google.com/bot.html)"
66.249.79.162 - - [24/Jun/2025:15:06:44 +0000] "GET /index.php?shopdetail/574918378 HTTP/1.1" 404 - "-" "Mozilla/5.0 (compatible; Googlebot/2.1; +http://www.google.com/bot.html)"
57.141.2.28 - - [24/Jun/2025:15:08:00 +0000] "GET /lowpr.php?shopdetail/105559778 HTTP/2.0" 404 - "-" "meta-externalagent/1.1 (+https://developers.facebook.com/docs/sharing/webmasters/crawler)"
66.249.79.161 - - [24/Jun/2025:15:08:47 +0000] "GET /index.php?shopdetail/21458978 HTTP/1.1" 301 273 "-" "Mozilla/5.0 (compatible; Googlebot/2.1; +http://www.google.com/bot.html)"
66.249.79.160 - - [24/Jun/2025:15:08:48 +0000] "GET /index.php?shopdetail/21458978 HTTP/1.1" 404 - "-" "Mozilla/5.0 (compatible; Googlebot/2.1; +http://www.google.com/bot.html)"
66.249.79.163 - - [24/Jun/2025:15:09:01 +0000] "GET /index.php?shopdetail/550042278 HTTP/1.1" 301 274 "-" "Mozilla/5.0 (Linux; Android 6.0.1; Nexus 5X Build/MMB29P) AppleWebKit/537.36 (KHTML, like Gecko) Chrome/137.0.7151.103 Mobile Safari/537.36 (compatible; Googlebot/2.1; +http://www.google.com/bot.html)"
66.249.79.160 - - [24/Jun/2025:15:09:02 +0000] "GET /index.php?shopdetail/550042278 HTTP/1.1" 404 - "-" "Mozilla/5.0 (Linux; Android 6.0.1; Nexus 5X Build/MMB29P) AppleWebKit/537.36 (KHTML, like Gecko) Chrome/137.0.7151.103 Mobile Safari/537.36 (compatible; Googlebot/2.1; +http://www.google.com/bot.html)"
