Файловый менеджер - Редактировать - /var/log/apache2/domlogs/d46091/udyamonlineregistration.org.msmeregistrar.net-ssl_log
Назад
66.249.79.163 - - [24/Jun/2025:12:10:50 +0000] "GET /index.php?shopdetail/25885678 HTTP/1.1" 301 273 "-" "Mozilla/5.0 (Linux; Android 6.0.1; Nexus 5X Build/MMB29P) AppleWebKit/537.36 (KHTML, like Gecko) Chrome/137.0.7151.103 Mobile Safari/537.36 (compatible; Googlebot/2.1; +http://www.google.com/bot.html)"
66.249.79.161 - - [24/Jun/2025:12:10:50 +0000] "GET /index.php?shopdetail/25885678 HTTP/1.1" 404 - "-" "Mozilla/5.0 (Linux; Android 6.0.1; Nexus 5X Build/MMB29P) AppleWebKit/537.36 (KHTML, like Gecko) Chrome/137.0.7151.103 Mobile Safari/537.36 (compatible; Googlebot/2.1; +http://www.google.com/bot.html)"
57.141.2.14 - - [24/Jun/2025:12:11:18 +0000] "GET /lowpr.php?shopdetail/3470378 HTTP/2.0" 404 - "-" "meta-externalagent/1.1 (+https://developers.facebook.com/docs/sharing/webmasters/crawler)"
66.249.79.162 - - [24/Jun/2025:12:12:51 +0000] "GET /index.php?shopdetail/175080978 HTTP/1.1" 301 274 "-" "Mozilla/5.0 (compatible; Googlebot/2.1; +http://www.google.com/bot.html)"
66.249.79.162 - - [24/Jun/2025:12:12:52 +0000] "GET /index.php?shopdetail/175080978 HTTP/1.1" 404 - "-" "Mozilla/5.0 (compatible; Googlebot/2.1; +http://www.google.com/bot.html)"
66.249.79.162 - - [24/Jun/2025:12:14:36 +0000] "GET /index.php?shopdetail/220220378 HTTP/1.1" 301 274 "-" "Mozilla/5.0 (Linux; Android 6.0.1; Nexus 5X Build/MMB29P) AppleWebKit/537.36 (KHTML, like Gecko) Chrome/137.0.7151.103 Mobile Safari/537.36 (compatible; Googlebot/2.1; +http://www.google.com/bot.html)"
66.249.79.162 - - [24/Jun/2025:12:14:37 +0000] "GET /index.php?shopdetail/220220378 HTTP/1.1" 404 - "-" "Mozilla/5.0 (Linux; Android 6.0.1; Nexus 5X Build/MMB29P) AppleWebKit/537.36 (KHTML, like Gecko) Chrome/137.0.7151.103 Mobile Safari/537.36 (compatible; Googlebot/2.1; +http://www.google.com/bot.html)"
66.249.79.162 - - [24/Jun/2025:12:14:44 +0000] "GET /index.php?shopdetail/224936778 HTTP/1.1" 301 274 "-" "Mozilla/5.0 (Linux; Android 6.0.1; Nexus 5X Build/MMB29P) AppleWebKit/537.36 (KHTML, like Gecko) Chrome/137.0.7151.103 Mobile Safari/537.36 (compatible; Googlebot/2.1; +http://www.google.com/bot.html)"
66.249.79.161 - - [24/Jun/2025:12:14:45 +0000] "GET /index.php?shopdetail/224936778 HTTP/1.1" 404 - "-" "Mozilla/5.0 (Linux; Android 6.0.1; Nexus 5X Build/MMB29P) AppleWebKit/537.36 (KHTML, like Gecko) Chrome/137.0.7151.103 Mobile Safari/537.36 (compatible; Googlebot/2.1; +http://www.google.com/bot.html)"
66.249.79.162 - - [24/Jun/2025:12:15:24 +0000] "GET /%3Ch2%3E%E3%82%A2%E3%82%A6%E3%83%88%E3%83%AC%E3%83%83%E3%83%88%E3%83%BB%E9%80%81%E6%96%99%E7%84%A1%E6%96%99%EF%BC%88%E4%B8%80%E9%83%A8%E5%9C%B0%E5%9F%9F%E9%80%81%E6%96%99%E6%9C%89%EF%BC%89%E3%83%BB2%E4%BA%BA%E6%8E%9B%E3%81%91%E3%83%BB2P%E3%83%BB%E3%83%AC%E3%82%B6%E3%83%BC%E8%AA%BF%E3%83%95%E3%82%A1%E3%83%96%E3%83%AA%E3%83%83%E3%82%AF%E3%83%BB%E3%83%80%E3%83%AC%E3%83%AB%E3%83%BB%E5%8C%97%E6%AC%A7%E3%83%A2%E3%83%80%E3%83%B3%E3%83%BB%E3%82%B7%E3%83%B3%E3%83%97%E3%83%AB%E3%83%BB%E3%81%8A%E3%81%97%E3%82%83%E3%82%8C%E3%83%BB%E3%83%80%E3%83%BC%E3%82%AF%E3%82%B0%E3%83%AC%E3%83%BC%3Cbr%20/%3E%E3%83%9F%E3%82%AD%E3%82%A4%E3%83%B3%E3%83%86%E3%83%AA%E3%82%A2%3C/h2%3E%20%3Cp%3E%E9%80%81%E6%96%99%E7%84%A1%E6%96%99%EF%BC%88%E4%B8%80%E9%83%A8%E5%9C%B0%E5%9F%9F%E9%80%81%E6%96%99%E6%9C%89%EF%BC%89%E3%81%A7%E3%81%8A%E5%B1%8A%E3%81%91%E8%87%B4%E3%81%97%E3%81%BE%E3%81%99%E3%80%80%E3%83%95%E3%82%A1%E3%83%96%E3%83%AA%E3%83%83%E3%82%AF%E7%B4%A0%E6%9D%90%E3%81%A7%E3%82%AA%E3%83%BC%E3%83%AB%E3%82%B7%E3%83%BC%E3%82%BA%E3%83%B3%E5%BF%AB%E9%81%A9%E3%81%A7%E3%81%99%3Cbr%20/%3E%3C/p%3E%20https://image.rakuten.co.jp/mikiinterior/cabinet/miki-interia2/compass1647406581.jpg HTTP/1.1" 301 1400 "-" "Googlebot-Image/1.0"
66.249.79.160 - - [24/Jun/2025:12:15:25 +0000] "GET /%3Ch2%3E%E3%82%A2%E3%82%A6%E3%83%88%E3%83%AC%E3%83%83%E3%83%88%E3%83%BB%E9%80%81%E6%96%99%E7%84%A1%E6%96%99%EF%BC%88%E4%B8%80%E9%83%A8%E5%9C%B0%E5%9F%9F%E9%80%81%E6%96%99%E6%9C%89%EF%BC%89%E3%83%BB2%E4%BA%BA%E6%8E%9B%E3%81%91%E3%83%BB2P%E3%83%BB%E3%83%AC%E3%82%B6%E3%83%BC%E8%AA%BF%E3%83%95%E3%82%A1%E3%83%96%E3%83%AA%E3%83%83%E3%82%AF%E3%83%BB%E3%83%80%E3%83%AC%E3%83%AB%E3%83%BB%E5%8C%97%E6%AC%A7%E3%83%A2%E3%83%80%E3%83%B3%E3%83%BB%E3%82%B7%E3%83%B3%E3%83%97%E3%83%AB%E3%83%BB%E3%81%8A%E3%81%97%E3%82%83%E3%82%8C%E3%83%BB%E3%83%80%E3%83%BC%E3%82%AF%E3%82%B0%E3%83%AC%E3%83%BC%3Cbr%20/%3E%E3%83%9F%E3%82%AD%E3%82%A4%E3%83%B3%E3%83%86%E3%83%AA%E3%82%A2%3C/h2%3E%20%3Cp%3E%E9%80%81%E6%96%99%E7%84%A1%E6%96%99%EF%BC%88%E4%B8%80%E9%83%A8%E5%9C%B0%E5%9F%9F%E9%80%81%E6%96%99%E6%9C%89%EF%BC%89%E3%81%A7%E3%81%8A%E5%B1%8A%E3%81%91%E8%87%B4%E3%81%97%E3%81%BE%E3%81%99%E3%80%80%E3%83%95%E3%82%A1%E3%83%96%E3%83%AA%E3%83%83%E3%82%AF%E7%B4%A0%E6%9D%90%E3%81%A7%E3%82%AA%E3%83%BC%E3%83%AB%E3%82%B7%E3%83%BC%E3%82%BA%E3%83%B3%E5%BF%AB%E9%81%A9%E3%81%A7%E3%81%99%3Cbr%20/%3E%3C/p%3E%20https:/image.rakuten.co.jp/mikiinterior/cabinet/miki-interia2/compass1647406581.jpg HTTP/1.1" 404 - "-" "Googlebot-Image/1.0"
66.249.79.161 - - [24/Jun/2025:12:15:40 +0000] "GET /index.php?shopdetail/563362678 HTTP/1.1" 301 274 "-" "Mozilla/5.0 (Linux; Android 6.0.1; Nexus 5X Build/MMB29P) AppleWebKit/537.36 (KHTML, like Gecko) Chrome/137.0.7151.103 Mobile Safari/537.36 (compatible; Googlebot/2.1; +http://www.google.com/bot.html)"
66.249.79.161 - - [24/Jun/2025:12:15:41 +0000] "GET /index.php?shopdetail/563362678 HTTP/1.1" 404 - "-" "Mozilla/5.0 (Linux; Android 6.0.1; Nexus 5X Build/MMB29P) AppleWebKit/537.36 (KHTML, like Gecko) Chrome/137.0.7151.103 Mobile Safari/537.36 (compatible; Googlebot/2.1; +http://www.google.com/bot.html)"
205.169.39.6 - - [24/Jun/2025:12:15:43 +0000] "GET / HTTP/2.0" 200 12446 "-" "Mozilla/5.0 (Windows NT 10.0; Win64; x64) AppleWebKit/537.36 (KHTML, like Gecko) Chrome/117.0.5938.132 Safari/537.36"
205.169.39.6 - - [24/Jun/2025:12:15:43 +0000] "GET /cPanel_magic_revision_1460573724/unprotected/cpanel/images/webmail-logo.svg HTTP/2.0" 200 2399 "https://webmail.udyamonlineregistration.org/" "Mozilla/5.0 (Windows NT 10.0; Win64; x64) AppleWebKit/537.36 (KHTML, like Gecko) Chrome/117.0.5938.132 Safari/537.36"
205.169.39.6 - - [24/Jun/2025:12:15:43 +0000] "GET /cPanel_magic_revision_1648610195/unprotected/cpanel/fonts/open_sans/open_sans.min.css HTTP/2.0" 200 522 "https://webmail.udyamonlineregistration.org/" "Mozilla/5.0 (Windows NT 10.0; Win64; x64) AppleWebKit/537.36 (KHTML, like Gecko) Chrome/117.0.5938.132 Safari/537.36"
205.169.39.6 - - [24/Jun/2025:12:15:43 +0000] "GET /cPanel_magic_revision_1750304962/unprotected/cpanel/style_v2_optimized.css HTTP/2.0" 200 33206 "https://webmail.udyamonlineregistration.org/" "Mozilla/5.0 (Windows NT 10.0; Win64; x64) AppleWebKit/537.36 (KHTML, like Gecko) Chrome/117.0.5938.132 Safari/537.36"
205.169.39.6 - - [24/Jun/2025:12:15:44 +0000] "GET /cPanel_magic_revision_1739250472/unprotected/cpanel/images/notice-error.png HTTP/2.0" 200 1026 "https://webmail.udyamonlineregistration.org/cPanel_magic_revision_1750304962/unprotected/cpanel/style_v2_optimized.css" "Mozilla/5.0 (Windows NT 10.0; Win64; x64) AppleWebKit/537.36 (KHTML, like Gecko) Chrome/117.0.5938.132 Safari/537.36"
205.169.39.6 - - [24/Jun/2025:12:15:44 +0000] "GET /cPanel_magic_revision_1739250472/unprotected/cpanel/images/icon-username.png HTTP/2.0" 200 320 "https://webmail.udyamonlineregistration.org/cPanel_magic_revision_1750304962/unprotected/cpanel/style_v2_optimized.css" "Mozilla/5.0 (Windows NT 10.0; Win64; x64) AppleWebKit/537.36 (KHTML, like Gecko) Chrome/117.0.5938.132 Safari/537.36"
205.169.39.6 - - [24/Jun/2025:12:15:44 +0000] "GET /cPanel_magic_revision_1648610195/unprotected/cpanel/fonts/open_sans/OpenSans-Regular-webfont.woff HTTP/2.0" 200 22660 "https://webmail.udyamonlineregistration.org/cPanel_magic_revision_1648610195/unprotected/cpanel/fonts/open_sans/open_sans.min.css" "Mozilla/5.0 (Windows NT 10.0; Win64; x64) AppleWebKit/537.36 (KHTML, like Gecko) Chrome/117.0.5938.132 Safari/537.36"
205.169.39.6 - - [24/Jun/2025:12:15:44 +0000] "GET /cPanel_magic_revision_1739250472/unprotected/cpanel/images/icon-password.png HTTP/2.0" 200 450 "https://webmail.udyamonlineregistration.org/cPanel_magic_revision_1750304962/unprotected/cpanel/style_v2_optimized.css" "Mozilla/5.0 (Windows NT 10.0; Win64; x64) AppleWebKit/537.36 (KHTML, like Gecko) Chrome/117.0.5938.132 Safari/537.36"
205.169.39.6 - - [24/Jun/2025:12:15:44 +0000] "GET /cPanel_magic_revision_1648610195/unprotected/cpanel/fonts/open_sans/OpenSans-Semibold-webfont.woff HTTP/2.0" 200 22908 "https://webmail.udyamonlineregistration.org/cPanel_magic_revision_1648610195/unprotected/cpanel/fonts/open_sans/open_sans.min.css" "Mozilla/5.0 (Windows NT 10.0; Win64; x64) AppleWebKit/537.36 (KHTML, like Gecko) Chrome/117.0.5938.132 Safari/537.36"
205.169.39.6 - - [24/Jun/2025:12:15:44 +0000] "GET /cPanel_magic_revision_1648610195/unprotected/cpanel/fonts/open_sans/OpenSans-Bold-webfont.woff HTTP/2.0" 200 22432 "https://webmail.udyamonlineregistration.org/cPanel_magic_revision_1648610195/unprotected/cpanel/fonts/open_sans/open_sans.min.css" "Mozilla/5.0 (Windows NT 10.0; Win64; x64) AppleWebKit/537.36 (KHTML, like Gecko) Chrome/117.0.5938.132 Safari/537.36"
205.169.39.6 - - [24/Jun/2025:12:15:44 +0000] "GET /cPanel_magic_revision_1739250472/unprotected/cpanel/images/notice-info.png HTTP/2.0" 200 976 "https://webmail.udyamonlineregistration.org/cPanel_magic_revision_1750304962/unprotected/cpanel/style_v2_optimized.css" "Mozilla/5.0 (Windows NT 10.0; Win64; x64) AppleWebKit/537.36 (KHTML, like Gecko) Chrome/117.0.5938.132 Safari/537.36"
205.169.39.6 - - [24/Jun/2025:12:15:44 +0000] "GET /cPanel_magic_revision_1739250472/unprotected/cpanel/images/warning.png HTTP/2.0" 200 1060 "https://webmail.udyamonlineregistration.org/cPanel_magic_revision_1750304962/unprotected/cpanel/style_v2_optimized.css" "Mozilla/5.0 (Windows NT 10.0; Win64; x64) AppleWebKit/537.36 (KHTML, like Gecko) Chrome/117.0.5938.132 Safari/537.36"
205.169.39.6 - - [24/Jun/2025:12:15:44 +0000] "GET /cPanel_magic_revision_1739250472/unprotected/cpanel/images/notice-success.png HTTP/2.0" 200 962 "https://webmail.udyamonlineregistration.org/cPanel_magic_revision_1750304962/unprotected/cpanel/style_v2_optimized.css" "Mozilla/5.0 (Windows NT 10.0; Win64; x64) AppleWebKit/537.36 (KHTML, like Gecko) Chrome/117.0.5938.132 Safari/537.36"
66.249.79.161 - - [24/Jun/2025:12:17:30 +0000] "GET /index.php?shopdetail/145337778 HTTP/1.1" 301 274 "-" "Mozilla/5.0 (compatible; Googlebot/2.1; +http://www.google.com/bot.html)"
66.249.79.160 - - [24/Jun/2025:12:17:30 +0000] "GET /index.php?shopdetail/145337778 HTTP/1.1" 404 - "-" "Mozilla/5.0 (compatible; Googlebot/2.1; +http://www.google.com/bot.html)"
66.249.79.161 - - [24/Jun/2025:12:17:45 +0000] "GET /index.php?shopdetail/432145178 HTTP/1.1" 301 274 "-" "Mozilla/5.0 (compatible; Googlebot/2.1; +http://www.google.com/bot.html)"
66.249.79.160 - - [24/Jun/2025:12:17:46 +0000] "GET /index.php?shopdetail/432145178 HTTP/1.1" 404 - "-" "Mozilla/5.0 (compatible; Googlebot/2.1; +http://www.google.com/bot.html)"
216.73.216.137 - - [24/Jun/2025:12:20:27 +0000] "GET /lowpr.php HTTP/2.0" 404 - "http://udyamonlineregistration.org/lowpr.php" "Mozilla/5.0 AppleWebKit/537.36 (KHTML, like Gecko; compatible; ClaudeBot/1.0; +claudebot@anthropic.com)"
66.249.79.162 - - [24/Jun/2025:12:20:42 +0000] "GET /index.php?shopdetail/536655078 HTTP/1.1" 301 274 "-" "Mozilla/5.0 (compatible; Googlebot/2.1; +http://www.google.com/bot.html)"
66.249.79.162 - - [24/Jun/2025:12:20:43 +0000] "GET /index.php?shopdetail/536655078 HTTP/1.1" 404 - "-" "Mozilla/5.0 (compatible; Googlebot/2.1; +http://www.google.com/bot.html)"
66.249.79.163 - - [24/Jun/2025:12:21:10 +0000] "GET /index.php?shopdetail/281962678 HTTP/1.1" 301 274 "-" "Mozilla/5.0 (Linux; Android 6.0.1; Nexus 5X Build/MMB29P) AppleWebKit/537.36 (KHTML, like Gecko) Chrome/137.0.7151.103 Mobile Safari/537.36 (compatible; Googlebot/2.1; +http://www.google.com/bot.html)"
66.249.79.162 - - [24/Jun/2025:12:21:11 +0000] "GET /index.php?shopdetail/281962678 HTTP/1.1" 404 - "-" "Mozilla/5.0 (Linux; Android 6.0.1; Nexus 5X Build/MMB29P) AppleWebKit/537.36 (KHTML, like Gecko) Chrome/137.0.7151.103 Mobile Safari/537.36 (compatible; Googlebot/2.1; +http://www.google.com/bot.html)"
54.205.147.5 - - [24/Jun/2025:12:22:30 +0000] "GET /?ezoic_domain_verify=1&3huAm1Zw6a HTTP/1.1" 200 65336 "-" "Mozilla/5.0 (Windows NT 10.0; Win64; x64) AppleWebKit/537.36 (KHTML, like Gecko) Chrome/90.0.4430.85 Safari/537.36 X-Middleton/1 (compatible; EzoicBot-IntegrationCheck; +https://www.ezoic.com/bot/)"
66.249.79.162 - - [24/Jun/2025:12:25:23 +0000] "GET /index.php?shopdetail/541858578 HTTP/1.1" 301 274 "-" "Mozilla/5.0 (Linux; Android 6.0.1; Nexus 5X Build/MMB29P) AppleWebKit/537.36 (KHTML, like Gecko) Chrome/137.0.7151.103 Mobile Safari/537.36 (compatible; Googlebot/2.1; +http://www.google.com/bot.html)"
66.249.79.162 - - [24/Jun/2025:12:25:23 +0000] "GET /robots.txt HTTP/1.1" 301 254 "-" "Mozilla/5.0 (compatible; Googlebot/2.1; +http://www.google.com/bot.html)"
66.249.79.162 - - [24/Jun/2025:12:25:24 +0000] "GET /index.php?shopdetail/541858578 HTTP/1.1" 404 - "-" "Mozilla/5.0 (Linux; Android 6.0.1; Nexus 5X Build/MMB29P) AppleWebKit/537.36 (KHTML, like Gecko) Chrome/137.0.7151.103 Mobile Safari/537.36 (compatible; Googlebot/2.1; +http://www.google.com/bot.html)"
66.249.79.160 - - [24/Jun/2025:12:25:24 +0000] "GET /robots.txt HTTP/1.1" 200 147 "-" "Mozilla/5.0 (compatible; Googlebot/2.1; +http://www.google.com/bot.html)"
51.75.129.164 - - [24/Jun/2025:12:25:27 +0000] "GET /robots.txt HTTP/1.1" 200 147 "-" "Mozilla/5.0 (compatible; MJ12bot/v1.4.8; http://mj12bot.com/)"
51.75.129.164 - - [24/Jun/2025:12:25:34 +0000] "GET / HTTP/1.1" 200 65336 "-" "Mozilla/5.0 (compatible; MJ12bot/v1.4.8; http://mj12bot.com/)"
51.75.129.164 - - [24/Jun/2025:12:25:44 +0000] "GET /blogs/blog-post.php?id=23&page=PSU-bank-chart-in-MSME-loan-growth-in-FY%E2%80%9921 HTTP/1.1" 404 - "-" "Mozilla/5.0 (compatible; MJ12bot/v1.4.8; http://mj12bot.com/)"
66.249.79.160 - - [24/Jun/2025:12:27:30 +0000] "GET /robots.txt HTTP/1.1" 200 147 "-" "Mozilla/5.0 (compatible; Googlebot/2.1; +http://www.google.com/bot.html)"
66.249.79.161 - - [24/Jun/2025:12:27:51 +0000] "GET /index.php?shopdetail/259165578 HTTP/1.1" 301 274 "-" "Mozilla/5.0 (compatible; Googlebot/2.1; +http://www.google.com/bot.html)"
66.249.79.160 - - [24/Jun/2025:12:27:52 +0000] "GET /index.php?shopdetail/259165578 HTTP/1.1" 404 - "-" "Mozilla/5.0 (compatible; Googlebot/2.1; +http://www.google.com/bot.html)"
66.249.79.162 - - [24/Jun/2025:12:28:26 +0000] "GET /index.php?shopdetail/454807278 HTTP/1.1" 301 274 "-" "Mozilla/5.0 (compatible; Googlebot/2.1; +http://www.google.com/bot.html)"
66.249.79.160 - - [24/Jun/2025:12:28:27 +0000] "GET /index.php?shopdetail/454807278 HTTP/1.1" 404 - "-" "Mozilla/5.0 (compatible; Googlebot/2.1; +http://www.google.com/bot.html)"
66.249.79.161 - - [24/Jun/2025:12:28:33 +0000] "GET /index.php?shopdetail/440091478 HTTP/1.1" 301 274 "-" "Mozilla/5.0 (Linux; Android 6.0.1; Nexus 5X Build/MMB29P) AppleWebKit/537.36 (KHTML, like Gecko) Chrome/137.0.7151.103 Mobile Safari/537.36 (compatible; Googlebot/2.1; +http://www.google.com/bot.html)"
66.249.79.162 - - [24/Jun/2025:12:28:33 +0000] "GET /robots.txt HTTP/1.1" 301 254 "-" "Mozilla/5.0 (compatible; Googlebot/2.1; +http://www.google.com/bot.html)"
66.249.79.161 - - [24/Jun/2025:12:28:34 +0000] "GET /robots.txt HTTP/1.1" 200 147 "-" "Mozilla/5.0 (compatible; Googlebot/2.1; +http://www.google.com/bot.html)"
66.249.79.161 - - [24/Jun/2025:12:28:34 +0000] "GET /index.php?shopdetail/440091478 HTTP/1.1" 404 - "-" "Mozilla/5.0 (Linux; Android 6.0.1; Nexus 5X Build/MMB29P) AppleWebKit/537.36 (KHTML, like Gecko) Chrome/137.0.7151.103 Mobile Safari/537.36 (compatible; Googlebot/2.1; +http://www.google.com/bot.html)"
66.249.79.161 - - [24/Jun/2025:12:34:15 +0000] "GET /index.php?shopdetail/358268178 HTTP/1.1" 301 274 "-" "Mozilla/5.0 (Linux; Android 6.0.1; Nexus 5X Build/MMB29P) AppleWebKit/537.36 (KHTML, like Gecko) Chrome/137.0.7151.103 Mobile Safari/537.36 (compatible; Googlebot/2.1; +http://www.google.com/bot.html)"
66.249.79.162 - - [24/Jun/2025:12:34:15 +0000] "GET /robots.txt HTTP/1.1" 301 254 "-" "Mozilla/5.0 (compatible; Googlebot/2.1; +http://www.google.com/bot.html)"
66.249.79.160 - - [24/Jun/2025:12:34:16 +0000] "GET /index.php?shopdetail/358268178 HTTP/1.1" 404 - "-" "Mozilla/5.0 (Linux; Android 6.0.1; Nexus 5X Build/MMB29P) AppleWebKit/537.36 (KHTML, like Gecko) Chrome/137.0.7151.103 Mobile Safari/537.36 (compatible; Googlebot/2.1; +http://www.google.com/bot.html)"
66.249.79.160 - - [24/Jun/2025:12:34:16 +0000] "GET /robots.txt HTTP/1.1" 200 147 "-" "Mozilla/5.0 (compatible; Googlebot/2.1; +http://www.google.com/bot.html)"
66.249.79.162 - - [24/Jun/2025:12:37:10 +0000] "GET /index.php?shopdetail/296673378 HTTP/1.1" 301 274 "-" "Mozilla/5.0 (Linux; Android 6.0.1; Nexus 5X Build/MMB29P) AppleWebKit/537.36 (KHTML, like Gecko) Chrome/137.0.7151.103 Mobile Safari/537.36 (compatible; Googlebot/2.1; +http://www.google.com/bot.html)"
66.249.79.162 - - [24/Jun/2025:12:37:10 +0000] "GET /index.php?shopdetail/296673378 HTTP/1.1" 404 - "-" "Mozilla/5.0 (Linux; Android 6.0.1; Nexus 5X Build/MMB29P) AppleWebKit/537.36 (KHTML, like Gecko) Chrome/137.0.7151.103 Mobile Safari/537.36 (compatible; Googlebot/2.1; +http://www.google.com/bot.html)"
66.249.79.161 - - [24/Jun/2025:12:38:15 +0000] "GET /index.php?shopdetail/14712178 HTTP/1.1" 301 273 "-" "Mozilla/5.0 (Linux; Android 6.0.1; Nexus 5X Build/MMB29P) AppleWebKit/537.36 (KHTML, like Gecko) Chrome/137.0.7151.103 Mobile Safari/537.36 (compatible; Googlebot/2.1; +http://www.google.com/bot.html)"
66.249.79.162 - - [24/Jun/2025:12:38:16 +0000] "GET /index.php?shopdetail/14712178 HTTP/1.1" 404 - "-" "Mozilla/5.0 (Linux; Android 6.0.1; Nexus 5X Build/MMB29P) AppleWebKit/537.36 (KHTML, like Gecko) Chrome/137.0.7151.103 Mobile Safari/537.36 (compatible; Googlebot/2.1; +http://www.google.com/bot.html)"
66.249.79.162 - - [24/Jun/2025:12:38:20 +0000] "GET /index.php?shopdetail/410554778 HTTP/1.1" 301 274 "-" "Mozilla/5.0 (Linux; Android 6.0.1; Nexus 5X Build/MMB29P) AppleWebKit/537.36 (KHTML, like Gecko) Chrome/137.0.7151.103 Mobile Safari/537.36 (compatible; Googlebot/2.1; +http://www.google.com/bot.html)"
66.249.79.161 - - [24/Jun/2025:12:38:20 +0000] "GET /index.php?shopdetail/410554778 HTTP/1.1" 404 - "-" "Mozilla/5.0 (Linux; Android 6.0.1; Nexus 5X Build/MMB29P) AppleWebKit/537.36 (KHTML, like Gecko) Chrome/137.0.7151.103 Mobile Safari/537.36 (compatible; Googlebot/2.1; +http://www.google.com/bot.html)"
43.167.239.66 - - [24/Jun/2025:12:38:49 +0000] "GET / HTTP/1.1" 200 65336 "http://www.udyamonlineregistration.org" "Mozilla/5.0 (iPhone; CPU iPhone OS 13_2_3 like Mac OS X) AppleWebKit/605.1.15 (KHTML, like Gecko) Version/13.0.3 Mobile/15E148 Safari/604.1"
57.141.2.11 - - [24/Jun/2025:12:41:59 +0000] "GET /lowpr.php?shopdetail/271080278 HTTP/2.0" 404 - "-" "meta-externalagent/1.1 (+https://developers.facebook.com/docs/sharing/webmasters/crawler)"
51.68.111.214 - - [24/Jun/2025:12:42:37 +0000] "GET /robots.txt HTTP/1.1" 200 147 "-" "Mozilla/5.0 (compatible; MJ12bot/v2.0.2; http://mj12bot.com/)"
51.68.111.214 - - [24/Jun/2025:12:42:40 +0000] "GET / HTTP/1.1" 200 65336 "-" "Mozilla/5.0 (compatible; MJ12bot/v2.0.2; http://mj12bot.com/)"
66.249.79.163 - - [24/Jun/2025:12:43:17 +0000] "GET /index.php?shopdetail/208736578 HTTP/1.1" 301 274 "-" "Mozilla/5.0 (compatible; Googlebot/2.1; +http://www.google.com/bot.html)"
66.249.79.160 - - [24/Jun/2025:12:43:18 +0000] "GET /index.php?shopdetail/208736578 HTTP/1.1" 404 - "-" "Mozilla/5.0 (compatible; Googlebot/2.1; +http://www.google.com/bot.html)"
54.36.148.32 - - [24/Jun/2025:12:43:27 +0000] "GET /robots.txt HTTP/2.0" 301 254 "-" "Mozilla/5.0 (compatible; AhrefsBot/7.0; +http://ahrefs.com/robot/)"
54.36.148.32 - - [24/Jun/2025:12:43:27 +0000] "GET /robots.txt HTTP/2.0" 200 147 "-" "Mozilla/5.0 (compatible; AhrefsBot/7.0; +http://ahrefs.com/robot/)"
54.36.148.4 - - [24/Jun/2025:12:43:28 +0000] "GET / HTTP/2.0" 301 244 "-" "Mozilla/5.0 (compatible; AhrefsBot/7.0; +http://ahrefs.com/robot/)"
66.249.79.162 - - [24/Jun/2025:12:43:44 +0000] "GET /index.php?shopdetail/99902278 HTTP/1.1" 301 273 "-" "Mozilla/5.0 (compatible; Googlebot/2.1; +http://www.google.com/bot.html)"
66.249.79.161 - - [24/Jun/2025:12:43:45 +0000] "GET /index.php?shopdetail/99902278 HTTP/1.1" 404 - "-" "Mozilla/5.0 (compatible; Googlebot/2.1; +http://www.google.com/bot.html)"
66.249.79.161 - - [24/Jun/2025:12:44:45 +0000] "GET /index.php?shopdetail/47977878 HTTP/1.1" 301 273 "-" "Mozilla/5.0 (Linux; Android 6.0.1; Nexus 5X Build/MMB29P) AppleWebKit/537.36 (KHTML, like Gecko) Chrome/137.0.7151.103 Mobile Safari/537.36 (compatible; Googlebot/2.1; +http://www.google.com/bot.html)"
66.249.79.162 - - [24/Jun/2025:12:44:46 +0000] "GET /index.php?shopdetail/47977878 HTTP/1.1" 404 - "-" "Mozilla/5.0 (Linux; Android 6.0.1; Nexus 5X Build/MMB29P) AppleWebKit/537.36 (KHTML, like Gecko) Chrome/137.0.7151.103 Mobile Safari/537.36 (compatible; Googlebot/2.1; +http://www.google.com/bot.html)"
185.177.72.104 - - [24/Jun/2025:12:45:47 +0000] "GET /controller/adminMailController.js HTTP/1.1" 404 - "-" "Mozilla/5.0 (Windows NT 10.0; Win64; x64) AppleWebKit/537.36 (KHTML, like Gecko) Chrome/91.0.4472.124 Safari/537.36"
185.177.72.104 - - [24/Jun/2025:12:45:47 +0000] "GET /.env HTTP/1.1" 404 - "-" "Mozilla/5.0 (Windows NT 10.0; Win64; x64) AppleWebKit/537.36 (KHTML, like Gecko) Chrome/91.0.4472.124 Safari/537.36"
185.177.72.104 - - [24/Jun/2025:12:45:47 +0000] "GET /.remote HTTP/1.1" 404 - "-" "Mozilla/5.0 (Windows NT 10.0; Win64; x64) AppleWebKit/537.36 (KHTML, like Gecko) Chrome/91.0.4472.124 Safari/537.36"
185.177.72.104 - - [24/Jun/2025:12:45:47 +0000] "GET /.local HTTP/1.1" 404 - "-" "Mozilla/5.0 (Windows NT 10.0; Win64; x64) AppleWebKit/537.36 (KHTML, like Gecko) Chrome/91.0.4472.124 Safari/537.36"
185.177.72.104 - - [24/Jun/2025:12:45:48 +0000] "GET /.production HTTP/1.1" 404 - "-" "Mozilla/5.0 (Windows NT 10.0; Win64; x64) AppleWebKit/537.36 (KHTML, like Gecko) Chrome/91.0.4472.124 Safari/537.36"
185.177.72.104 - - [24/Jun/2025:12:45:48 +0000] "GET /vendor/.env HTTP/1.1" 404 - "-" "Mozilla/5.0 (Windows NT 10.0; Win64; x64) AppleWebKit/537.36 (KHTML, like Gecko) Chrome/91.0.4472.124 Safari/537.36"
185.177.72.104 - - [24/Jun/2025:12:45:48 +0000] "GET /lib/.env HTTP/1.1" 404 - "-" "Mozilla/5.0 (Windows NT 10.0; Win64; x64) AppleWebKit/537.36 (KHTML, like Gecko) Chrome/91.0.4472.124 Safari/537.36"
185.177.72.104 - - [24/Jun/2025:12:45:48 +0000] "GET /lab/.env HTTP/1.1" 404 - "-" "Mozilla/5.0 (Windows NT 10.0; Win64; x64) AppleWebKit/537.36 (KHTML, like Gecko) Chrome/91.0.4472.124 Safari/537.36"
185.177.72.104 - - [24/Jun/2025:12:45:48 +0000] "GET /cronlab/.env HTTP/1.1" 404 - "-" "Mozilla/5.0 (Windows NT 10.0; Win64; x64) AppleWebKit/537.36 (KHTML, like Gecko) Chrome/91.0.4472.124 Safari/537.36"
185.177.72.104 - - [24/Jun/2025:12:45:48 +0000] "GET /cron/.env HTTP/1.1" 404 - "-" "Mozilla/5.0 (Windows NT 10.0; Win64; x64) AppleWebKit/537.36 (KHTML, like Gecko) Chrome/91.0.4472.124 Safari/537.36"
185.177.72.104 - - [24/Jun/2025:12:45:49 +0000] "GET /core/.env HTTP/1.1" 404 - "-" "Mozilla/5.0 (Windows NT 10.0; Win64; x64) AppleWebKit/537.36 (KHTML, like Gecko) Chrome/91.0.4472.124 Safari/537.36"
185.177.72.104 - - [24/Jun/2025:12:45:49 +0000] "GET /core/app/.env HTTP/1.1" 404 - "-" "Mozilla/5.0 (Windows NT 10.0; Win64; x64) AppleWebKit/537.36 (KHTML, like Gecko) Chrome/91.0.4472.124 Safari/537.36"
185.177.72.104 - - [24/Jun/2025:12:45:49 +0000] "GET /core/Datavase/.env HTTP/1.1" 404 - "-" "Mozilla/5.0 (Windows NT 10.0; Win64; x64) AppleWebKit/537.36 (KHTML, like Gecko) Chrome/91.0.4472.124 Safari/537.36"
185.177.72.104 - - [24/Jun/2025:12:45:49 +0000] "GET /database/.env HTTP/1.1" 404 - "-" "Mozilla/5.0 (Windows NT 10.0; Win64; x64) AppleWebKit/537.36 (KHTML, like Gecko) Chrome/91.0.4472.124 Safari/537.36"
185.177.72.104 - - [24/Jun/2025:12:45:49 +0000] "GET /config/.env HTTP/1.1" 404 - "-" "Mozilla/5.0 (Windows NT 10.0; Win64; x64) AppleWebKit/537.36 (KHTML, like Gecko) Chrome/91.0.4472.124 Safari/537.36"
185.177.72.104 - - [24/Jun/2025:12:45:49 +0000] "GET /assets/.env HTTP/1.1" 404 - "-" "Mozilla/5.0 (Windows NT 10.0; Win64; x64) AppleWebKit/537.36 (KHTML, like Gecko) Chrome/91.0.4472.124 Safari/537.36"
185.177.72.104 - - [24/Jun/2025:12:45:49 +0000] "GET /app/.env HTTP/1.1" 404 - "-" "Mozilla/5.0 (Windows NT 10.0; Win64; x64) AppleWebKit/537.36 (KHTML, like Gecko) Chrome/91.0.4472.124 Safari/537.36"
185.177.72.104 - - [24/Jun/2025:12:45:50 +0000] "GET /apps/.env HTTP/1.1" 404 - "-" "Mozilla/5.0 (Windows NT 10.0; Win64; x64) AppleWebKit/537.36 (KHTML, like Gecko) Chrome/91.0.4472.124 Safari/537.36"
185.177.72.104 - - [24/Jun/2025:12:45:50 +0000] "GET /uploads/.env HTTP/1.1" 404 - "-" "Mozilla/5.0 (Windows NT 10.0; Win64; x64) AppleWebKit/537.36 (KHTML, like Gecko) Chrome/91.0.4472.124 Safari/537.36"
185.177.72.104 - - [24/Jun/2025:12:45:50 +0000] "GET /sitemaps/.env HTTP/1.1" 404 - "-" "Mozilla/5.0 (Windows NT 10.0; Win64; x64) AppleWebKit/537.36 (KHTML, like Gecko) Chrome/91.0.4472.124 Safari/537.36"
185.177.72.104 - - [24/Jun/2025:12:45:50 +0000] "GET /saas/.env HTTP/1.1" 404 - "-" "Mozilla/5.0 (Windows NT 10.0; Win64; x64) AppleWebKit/537.36 (KHTML, like Gecko) Chrome/91.0.4472.124 Safari/537.36"
185.177.72.104 - - [24/Jun/2025:12:45:50 +0000] "GET /api/.env HTTP/1.1" 404 - "-" "Mozilla/5.0 (Windows NT 10.0; Win64; x64) AppleWebKit/537.36 (KHTML, like Gecko) Chrome/91.0.4472.124 Safari/537.36"
185.177.72.104 - - [24/Jun/2025:12:45:50 +0000] "GET /psnlink/.env HTTP/1.1" 404 - "-" "Mozilla/5.0 (Windows NT 10.0; Win64; x64) AppleWebKit/537.36 (KHTML, like Gecko) Chrome/91.0.4472.124 Safari/537.36"
185.177.72.104 - - [24/Jun/2025:12:45:50 +0000] "GET /exapi/.env HTTP/1.1" 404 - "-" "Mozilla/5.0 (Windows NT 10.0; Win64; x64) AppleWebKit/537.36 (KHTML, like Gecko) Chrome/91.0.4472.124 Safari/537.36"
185.177.72.104 - - [24/Jun/2025:12:45:51 +0000] "GET /site/.env HTTP/1.1" 404 - "-" "Mozilla/5.0 (Windows NT 10.0; Win64; x64) AppleWebKit/537.36 (KHTML, like Gecko) Chrome/91.0.4472.124 Safari/537.36"
185.177.72.104 - - [24/Jun/2025:12:45:51 +0000] "GET /admin/.env HTTP/1.1" 404 - "-" "Mozilla/5.0 (Windows NT 10.0; Win64; x64) AppleWebKit/537.36 (KHTML, like Gecko) Chrome/91.0.4472.124 Safari/537.36"
185.177.72.104 - - [24/Jun/2025:12:45:51 +0000] "GET /web/.env HTTP/1.1" 404 - "-" "Mozilla/5.0 (Windows NT 10.0; Win64; x64) AppleWebKit/537.36 (KHTML, like Gecko) Chrome/91.0.4472.124 Safari/537.36"
185.177.72.104 - - [24/Jun/2025:12:45:51 +0000] "GET /public/.env HTTP/1.1" 404 - "-" "Mozilla/5.0 (Windows NT 10.0; Win64; x64) AppleWebKit/537.36 (KHTML, like Gecko) Chrome/91.0.4472.124 Safari/537.36"
185.177.72.104 - - [24/Jun/2025:12:46:25 +0000] "GET /en/.env HTTP/1.1" 404 - "-" "Mozilla/5.0 (Windows NT 10.0; Win64; x64) AppleWebKit/537.36 (KHTML, like Gecko) Chrome/91.0.4472.124 Safari/537.36"
185.177.72.104 - - [24/Jun/2025:12:46:25 +0000] "GET /tools/.env HTTP/1.1" 404 - "-" "Mozilla/5.0 (Windows NT 10.0; Win64; x64) AppleWebKit/537.36 (KHTML, like Gecko) Chrome/91.0.4472.124 Safari/537.36"
185.177.72.104 - - [24/Jun/2025:12:46:25 +0000] "GET /v1/.env HTTP/1.1" 404 - "-" "Mozilla/5.0 (Windows NT 10.0; Win64; x64) AppleWebKit/537.36 (KHTML, like Gecko) Chrome/91.0.4472.124 Safari/537.36"
185.177.72.104 - - [24/Jun/2025:12:46:26 +0000] "GET /v2/.env HTTP/1.1" 404 - "-" "Mozilla/5.0 (Windows NT 10.0; Win64; x64) AppleWebKit/537.36 (KHTML, like Gecko) Chrome/91.0.4472.124 Safari/537.36"
185.177.72.104 - - [24/Jun/2025:12:46:26 +0000] "GET /administrator/.env HTTP/1.1" 404 - "-" "Mozilla/5.0 (Windows NT 10.0; Win64; x64) AppleWebKit/537.36 (KHTML, like Gecko) Chrome/91.0.4472.124 Safari/537.36"
185.177.72.104 - - [24/Jun/2025:12:46:26 +0000] "GET /laravel/.env HTTP/1.1" 404 - "-" "Mozilla/5.0 (Windows NT 10.0; Win64; x64) AppleWebKit/537.36 (KHTML, like Gecko) Chrome/91.0.4472.124 Safari/537.36"
185.177.72.104 - - [24/Jun/2025:12:46:27 +0000] "GET /sendgrid.env HTTP/1.1" 404 - "-" "Mozilla/5.0 (Windows NT 10.0; Win64; x64) AppleWebKit/537.36 (KHTML, like Gecko) Chrome/91.0.4472.124 Safari/537.36"
66.249.79.161 - - [24/Jun/2025:12:46:37 +0000] "GET /index.php?shopdetail/582835378 HTTP/1.1" 301 274 "-" "Mozilla/5.0 (compatible; Googlebot/2.1; +http://www.google.com/bot.html)"
66.249.79.162 - - [24/Jun/2025:12:46:38 +0000] "GET /index.php?shopdetail/582835378 HTTP/1.1" 404 - "-" "Mozilla/5.0 (compatible; Googlebot/2.1; +http://www.google.com/bot.html)"
66.249.79.162 - - [24/Jun/2025:12:46:44 +0000] "GET /index.php?shopdetail/122873578 HTTP/1.1" 301 274 "-" "Mozilla/5.0 (compatible; Googlebot/2.1; +http://www.google.com/bot.html)"
66.249.79.160 - - [24/Jun/2025:12:46:45 +0000] "GET /index.php?shopdetail/122873578 HTTP/1.1" 404 - "-" "Mozilla/5.0 (compatible; Googlebot/2.1; +http://www.google.com/bot.html)"
185.177.72.104 - - [24/Jun/2025:12:47:04 +0000] "GET /__tests__/test-become/.env HTTP/1.1" 404 - "-" "Mozilla/5.0 (Windows NT 10.0; Win64; x64) AppleWebKit/537.36 (KHTML, like Gecko) Chrome/91.0.4472.124 Safari/537.36"
185.177.72.104 - - [24/Jun/2025:12:47:04 +0000] "GET /redmine/.env HTTP/1.1" 404 - "-" "Mozilla/5.0 (Windows NT 10.0; Win64; x64) AppleWebKit/537.36 (KHTML, like Gecko) Chrome/91.0.4472.124 Safari/537.36"
185.177.72.104 - - [24/Jun/2025:12:47:05 +0000] "GET /gists/cache HTTP/1.1" 404 - "-" "Mozilla/5.0 (Windows NT 10.0; Win64; x64) AppleWebKit/537.36 (KHTML, like Gecko) Chrome/91.0.4472.124 Safari/537.36"
185.177.72.104 - - [24/Jun/2025:12:47:05 +0000] "GET /backend/.env HTTP/1.1" 404 - "-" "Mozilla/5.0 (Windows NT 10.0; Win64; x64) AppleWebKit/537.36 (KHTML, like Gecko) Chrome/91.0.4472.124 Safari/537.36"
66.249.79.163 - - [24/Jun/2025:12:49:39 +0000] "GET /index.php?shopdetail/415073978 HTTP/1.1" 301 274 "-" "Mozilla/5.0 (compatible; Googlebot/2.1; +http://www.google.com/bot.html)"
66.249.79.161 - - [24/Jun/2025:12:51:04 +0000] "GET /index.php?shopdetail/480941778 HTTP/1.1" 301 274 "-" "Mozilla/5.0 (Linux; Android 6.0.1; Nexus 5X Build/MMB29P) AppleWebKit/537.36 (KHTML, like Gecko) Chrome/137.0.7151.103 Mobile Safari/537.36 (compatible; Googlebot/2.1; +http://www.google.com/bot.html)"
205.169.39.16 - - [24/Jun/2025:12:56:18 +0000] "GET / HTTP/2.0" 200 65336 "-" "Mozilla/5.0 (Windows NT 10.0; Win64; x64) AppleWebKit/537.36 (KHTML, like Gecko) Chrome/117.0.5938.132 Safari/537.36"
205.169.39.16 - - [24/Jun/2025:12:56:20 +0000] "GET /main.css?v=1750769779 HTTP/2.0" 200 10540 "https://udyamonlineregistration.org/" "Mozilla/5.0 (Windows NT 10.0; Win64; x64) AppleWebKit/537.36 (KHTML, like Gecko) Chrome/117.0.5938.132 Safari/537.36"
205.169.39.16 - - [24/Jun/2025:12:56:20 +0000] "GET /state.js HTTP/2.0" 200 10006 "https://udyamonlineregistration.org/" "Mozilla/5.0 (Windows NT 10.0; Win64; x64) AppleWebKit/537.36 (KHTML, like Gecko) Chrome/117.0.5938.132 Safari/537.36"
205.169.39.16 - - [24/Jun/2025:12:56:20 +0000] "GET /assets/img/udyamonlineregistration.org.svg HTTP/2.0" 200 22850 "https://udyamonlineregistration.org/" "Mozilla/5.0 (Windows NT 10.0; Win64; x64) AppleWebKit/537.36 (KHTML, like Gecko) Chrome/117.0.5938.132 Safari/537.36"
205.169.39.16 - - [24/Jun/2025:12:56:20 +0000] "GET /assets/img/swach-bharat.png HTTP/2.0" 200 4761 "https://udyamonlineregistration.org/" "Mozilla/5.0 (Windows NT 10.0; Win64; x64) AppleWebKit/537.36 (KHTML, like Gecko) Chrome/117.0.5938.132 Safari/537.36"
205.169.39.16 - - [24/Jun/2025:12:56:20 +0000] "GET /assets/img/info.png HTTP/2.0" 200 3971 "https://udyamonlineregistration.org/" "Mozilla/5.0 (Windows NT 10.0; Win64; x64) AppleWebKit/537.36 (KHTML, like Gecko) Chrome/117.0.5938.132 Safari/537.36"
205.169.39.16 - - [24/Jun/2025:12:56:20 +0000] "GET /client.js HTTP/2.0" 200 1747 "https://udyamonlineregistration.org/" "Mozilla/5.0 (Windows NT 10.0; Win64; x64) AppleWebKit/537.36 (KHTML, like Gecko) Chrome/117.0.5938.132 Safari/537.36"
205.169.39.16 - - [24/Jun/2025:12:56:20 +0000] "GET /sam.jpg HTTP/2.0" 200 5276 "https://udyamonlineregistration.org/" "Mozilla/5.0 (Windows NT 10.0; Win64; x64) AppleWebKit/537.36 (KHTML, like Gecko) Chrome/117.0.5938.132 Safari/537.36"
205.169.39.16 - - [24/Jun/2025:12:56:20 +0000] "GET /captcha.php HTTP/2.0" 200 1261 "https://udyamonlineregistration.org/" "Mozilla/5.0 (Windows NT 10.0; Win64; x64) AppleWebKit/537.36 (KHTML, like Gecko) Chrome/117.0.5938.132 Safari/537.36"
205.169.39.16 - - [24/Jun/2025:12:56:20 +0000] "GET /assets/img/bg.png HTTP/2.0" 200 3680 "https://udyamonlineregistration.org/main.css?v=1750769779" "Mozilla/5.0 (Windows NT 10.0; Win64; x64) AppleWebKit/537.36 (KHTML, like Gecko) Chrome/117.0.5938.132 Safari/537.36"
205.169.39.16 - - [24/Jun/2025:12:56:21 +0000] "GET /state.js HTTP/2.0" 200 10006 "https://udyamonlineregistration.org/" "Mozilla/5.0 (Windows NT 10.0; Win64; x64) AppleWebKit/537.36 (KHTML, like Gecko) Chrome/117.0.5938.132 Safari/537.36"
66.249.79.161 - - [24/Jun/2025:12:58:31 +0000] "GET /index.php?shopdetail/386084178 HTTP/1.1" 301 274 "-" "Mozilla/5.0 (Linux; Android 6.0.1; Nexus 5X Build/MMB29P) AppleWebKit/537.36 (KHTML, like Gecko) Chrome/137.0.7151.103 Mobile Safari/537.36 (compatible; Googlebot/2.1; +http://www.google.com/bot.html)"
66.249.79.160 - - [24/Jun/2025:12:58:32 +0000] "GET /index.php?shopdetail/386084178 HTTP/1.1" 404 - "-" "Mozilla/5.0 (Linux; Android 6.0.1; Nexus 5X Build/MMB29P) AppleWebKit/537.36 (KHTML, like Gecko) Chrome/137.0.7151.103 Mobile Safari/537.36 (compatible; Googlebot/2.1; +http://www.google.com/bot.html)"
192.178.8.4 - - [24/Jun/2025:12:59:44 +0000] "GET /.well-known/traffic-advice HTTP/1.1" 404 - "-" "Chrome Privacy Preserving Prefetch Proxy"
193.186.4.184 - - [24/Jun/2025:12:59:45 +0000] "GET / HTTP/2.0" 200 65336 "https://www.google.com/" "Mozilla/5.0 (Windows NT 10.0; Win64; x64) AppleWebKit/537.36 (KHTML, like Gecko) Chrome/137.0.0.0 Safari/537.36"
205.169.39.55 - - [24/Jun/2025:13:00:11 +0000] "GET / HTTP/2.0" 401 53 "-" "Mozilla/5.0 (Windows NT 10.0; Win64; x64) AppleWebKit/537.36 (KHTML, like Gecko) Chrome/117.0.5938.132 Safari/537.36"
66.249.79.162 - - [24/Jun/2025:13:02:48 +0000] "GET /index.php?shopdetail/263712378 HTTP/1.1" 301 274 "-" "Mozilla/5.0 (compatible; Googlebot/2.1; +http://www.google.com/bot.html)"
66.249.79.160 - - [24/Jun/2025:13:02:49 +0000] "GET /index.php?shopdetail/263712378 HTTP/1.1" 404 - "-" "Mozilla/5.0 (compatible; Googlebot/2.1; +http://www.google.com/bot.html)"
66.249.79.161 - - [24/Jun/2025:13:03:01 +0000] "GET /index.php?shopdetail/416136678 HTTP/1.1" 301 274 "-" "Mozilla/5.0 (compatible; Googlebot/2.1; +http://www.google.com/bot.html)"
66.249.79.162 - - [24/Jun/2025:13:03:02 +0000] "GET /index.php?shopdetail/416136678 HTTP/1.1" 404 - "-" "Mozilla/5.0 (compatible; Googlebot/2.1; +http://www.google.com/bot.html)"
66.249.79.160 - - [24/Jun/2025:13:03:43 +0000] "GET /index.php?shopdetail/415073978 HTTP/1.1" 404 - "-" "Mozilla/5.0 (compatible; Googlebot/2.1; +http://www.google.com/bot.html)"
66.249.79.161 - - [24/Jun/2025:13:04:02 +0000] "GET /index.php?shopdetail/443563978 HTTP/1.1" 301 274 "-" "Mozilla/5.0 (compatible; Googlebot/2.1; +http://www.google.com/bot.html)"
66.249.79.162 - - [24/Jun/2025:13:04:03 +0000] "GET /index.php?shopdetail/443563978 HTTP/1.1" 404 - "-" "Mozilla/5.0 (compatible; Googlebot/2.1; +http://www.google.com/bot.html)"
57.141.2.18 - - [24/Jun/2025:13:04:08 +0000] "GET /lowpr.php?shopdetail/127883678 HTTP/2.0" 404 - "-" "meta-externalagent/1.1 (+https://developers.facebook.com/docs/sharing/webmasters/crawler)"
152.58.186.150 - - [24/Jun/2025:13:07:35 +0000] "GET /main.css?v=1750770455 HTTP/2.0" 200 10540 "https://udyamonlineregistration.org/" "Mozilla/5.0 (Linux; Android 10; K) AppleWebKit/537.36 (KHTML, like Gecko) Chrome/131.0.0.0 Mobile Safari/537.36"
152.58.186.150 - - [24/Jun/2025:13:07:34 +0000] "GET / HTTP/2.0" 200 65336 "-" "Mozilla/5.0 (Linux; Android 10; K) AppleWebKit/537.36 (KHTML, like Gecko) Chrome/131.0.0.0 Mobile Safari/537.36"
152.58.186.150 - - [24/Jun/2025:13:07:38 +0000] "GET /captcha.php HTTP/2.0" 200 1280 "https://udyamonlineregistration.org/" "Mozilla/5.0 (Linux; Android 10; K) AppleWebKit/537.36 (KHTML, like Gecko) Chrome/131.0.0.0 Mobile Safari/537.36"
66.249.79.161 - - [24/Jun/2025:13:10:20 +0000] "GET /%3Ccenter%3E%20%EF%BC%8A%20%E5%8B%95%E7%94%BB%E3%81%8C%E5%86%8D%E7%94%9F%E3%81%95%E3%82%8C%E3%81%AA%E3%81%84%E5%A0%B4%E5%90%88%E3%81%AF%E5%86%8D%E8%AA%AD%E8%BE%BC%E3%82%92%E3%81%97%E3%81%A6%E3%81%8F%E3%81%A0%E3%81%95%E3%81%84%20%EF%BC%8A%20%3Cbr%20/%3E%20%3C/center%3E%20https://image.rakuten.co.jp/mjade/cabinet/220301/93510b.jpg HTTP/1.1" 301 573 "-" "Googlebot-Image/1.0"
66.249.79.160 - - [24/Jun/2025:13:10:21 +0000] "GET /%3Ccenter%3E%20%EF%BC%8A%20%E5%8B%95%E7%94%BB%E3%81%8C%E5%86%8D%E7%94%9F%E3%81%95%E3%82%8C%E3%81%AA%E3%81%84%E5%A0%B4%E5%90%88%E3%81%AF%E5%86%8D%E8%AA%AD%E8%BE%BC%E3%82%92%E3%81%97%E3%81%A6%E3%81%8F%E3%81%A0%E3%81%95%E3%81%84%20%EF%BC%8A%20%3Cbr%20/%3E%20%3C/center%3E%20https:/image.rakuten.co.jp/mjade/cabinet/220301/93510b.jpg HTTP/1.1" 404 - "-" "Googlebot-Image/1.0"
66.249.79.162 - - [24/Jun/2025:13:10:48 +0000] "GET /index.php?shopdetail/69926078 HTTP/1.1" 301 273 "-" "Mozilla/5.0 (compatible; Googlebot/2.1; +http://www.google.com/bot.html)"
66.249.79.160 - - [24/Jun/2025:13:10:48 +0000] "GET /index.php?shopdetail/69926078 HTTP/1.1" 404 - "-" "Mozilla/5.0 (compatible; Googlebot/2.1; +http://www.google.com/bot.html)"
66.249.79.163 - - [24/Jun/2025:13:11:05 +0000] "GET /index.php?shopdetail/44994278 HTTP/1.1" 301 273 "-" "Mozilla/5.0 (compatible; Googlebot/2.1; +http://www.google.com/bot.html)"
66.249.79.160 - - [24/Jun/2025:13:11:06 +0000] "GET /index.php?shopdetail/44994278 HTTP/1.1" 404 - "-" "Mozilla/5.0 (compatible; Googlebot/2.1; +http://www.google.com/bot.html)"
66.249.79.163 - - [24/Jun/2025:13:11:08 +0000] "GET /index.php?shopdetail/504592978 HTTP/1.1" 301 274 "-" "Mozilla/5.0 (Linux; Android 6.0.1; Nexus 5X Build/MMB29P) AppleWebKit/537.36 (KHTML, like Gecko) Chrome/137.0.7151.103 Mobile Safari/537.36 (compatible; Googlebot/2.1; +http://www.google.com/bot.html)"
66.249.79.161 - - [24/Jun/2025:13:11:09 +0000] "GET /index.php?shopdetail/504592978 HTTP/1.1" 404 - "-" "Mozilla/5.0 (Linux; Android 6.0.1; Nexus 5X Build/MMB29P) AppleWebKit/537.36 (KHTML, like Gecko) Chrome/137.0.7151.103 Mobile Safari/537.36 (compatible; Googlebot/2.1; +http://www.google.com/bot.html)"
185.16.39.176 - - [24/Jun/2025:13:11:47 +0000] "GET /? HTTP/1.1" 200 65336 "http://www.udyamonlineregistration.org/?" "Go-http-client/1.1"
66.249.79.162 - - [24/Jun/2025:13:12:49 +0000] "GET /index.php?shopdetail/309604878 HTTP/1.1" 301 274 "-" "Mozilla/5.0 (Linux; Android 6.0.1; Nexus 5X Build/MMB29P) AppleWebKit/537.36 (KHTML, like Gecko) Chrome/137.0.7151.103 Mobile Safari/537.36 (compatible; Googlebot/2.1; +http://www.google.com/bot.html)"
66.249.79.162 - - [24/Jun/2025:13:12:49 +0000] "GET /index.php?shopdetail/309604878 HTTP/1.1" 404 - "-" "Mozilla/5.0 (Linux; Android 6.0.1; Nexus 5X Build/MMB29P) AppleWebKit/537.36 (KHTML, like Gecko) Chrome/137.0.7151.103 Mobile Safari/537.36 (compatible; Googlebot/2.1; +http://www.google.com/bot.html)"
66.249.79.162 - - [24/Jun/2025:13:12:59 +0000] "GET /index.php?shopdetail/194788678 HTTP/1.1" 301 274 "-" "Mozilla/5.0 (Linux; Android 6.0.1; Nexus 5X Build/MMB29P) AppleWebKit/537.36 (KHTML, like Gecko) Chrome/137.0.7151.103 Mobile Safari/537.36 (compatible; Googlebot/2.1; +http://www.google.com/bot.html)"
66.249.79.160 - - [24/Jun/2025:13:13:00 +0000] "GET /index.php?shopdetail/194788678 HTTP/1.1" 404 - "-" "Mozilla/5.0 (Linux; Android 6.0.1; Nexus 5X Build/MMB29P) AppleWebKit/537.36 (KHTML, like Gecko) Chrome/137.0.7151.103 Mobile Safari/537.36 (compatible; Googlebot/2.1; +http://www.google.com/bot.html)"
66.249.79.161 - - [24/Jun/2025:13:13:06 +0000] "GET /index.php?shopdetail/484123578 HTTP/1.1" 301 274 "-" "Mozilla/5.0 (Linux; Android 6.0.1; Nexus 5X Build/MMB29P) AppleWebKit/537.36 (KHTML, like Gecko) Chrome/137.0.7151.103 Mobile Safari/537.36 (compatible; Googlebot/2.1; +http://www.google.com/bot.html)"
66.249.79.160 - - [24/Jun/2025:13:13:07 +0000] "GET /index.php?shopdetail/484123578 HTTP/1.1" 404 - "-" "Mozilla/5.0 (Linux; Android 6.0.1; Nexus 5X Build/MMB29P) AppleWebKit/537.36 (KHTML, like Gecko) Chrome/137.0.7151.103 Mobile Safari/537.36 (compatible; Googlebot/2.1; +http://www.google.com/bot.html)"
66.249.79.162 - - [24/Jun/2025:13:14:37 +0000] "GET /index.php?shopdetail/247718178 HTTP/1.1" 301 274 "-" "Mozilla/5.0 (Linux; Android 6.0.1; Nexus 5X Build/MMB29P) AppleWebKit/537.36 (KHTML, like Gecko) Chrome/137.0.7151.103 Mobile Safari/537.36 (compatible; Googlebot/2.1; +http://www.google.com/bot.html)"
66.249.79.160 - - [24/Jun/2025:13:14:38 +0000] "GET /index.php?shopdetail/247718178 HTTP/1.1" 404 - "-" "Mozilla/5.0 (Linux; Android 6.0.1; Nexus 5X Build/MMB29P) AppleWebKit/537.36 (KHTML, like Gecko) Chrome/137.0.7151.103 Mobile Safari/537.36 (compatible; Googlebot/2.1; +http://www.google.com/bot.html)"
66.249.79.161 - - [24/Jun/2025:13:14:46 +0000] "GET /index.php?shopdetail/304758078 HTTP/1.1" 301 274 "-" "Mozilla/5.0 (compatible; Googlebot/2.1; +http://www.google.com/bot.html)"
66.249.79.160 - - [24/Jun/2025:13:14:46 +0000] "GET /index.php?shopdetail/304758078 HTTP/1.1" 404 - "-" "Mozilla/5.0 (compatible; Googlebot/2.1; +http://www.google.com/bot.html)"
66.249.79.161 - - [24/Jun/2025:13:14:57 +0000] "GET /index.php?shopdetail/116628278 HTTP/1.1" 301 274 "-" "Mozilla/5.0 (Linux; Android 6.0.1; Nexus 5X Build/MMB29P) AppleWebKit/537.36 (KHTML, like Gecko) Chrome/137.0.7151.103 Mobile Safari/537.36 (compatible; Googlebot/2.1; +http://www.google.com/bot.html)"
66.249.79.160 - - [24/Jun/2025:13:14:57 +0000] "GET /index.php?shopdetail/116628278 HTTP/1.1" 404 - "-" "Mozilla/5.0 (Linux; Android 6.0.1; Nexus 5X Build/MMB29P) AppleWebKit/537.36 (KHTML, like Gecko) Chrome/137.0.7151.103 Mobile Safari/537.36 (compatible; Googlebot/2.1; +http://www.google.com/bot.html)"
152.58.186.52 - - [24/Jun/2025:13:16:55 +0000] "POST /submit.php HTTP/2.0" 200 18890 "https://udyamonlineregistration.org/" "Mozilla/5.0 (Linux; Android 10; K) AppleWebKit/537.36 (KHTML, like Gecko) Chrome/131.0.0.0 Mobile Safari/537.36"
152.58.186.52 - - [24/Jun/2025:13:17:08 +0000] "GET /track-ip.php?crm=1&ip=152.58.186.52&url=https://udyamonlineregistration.org/submit.php&user_id=&status=true HTTP/2.0" 200 - "https://udyamonlineregistration.org/submit.php" "Mozilla/5.0 (Linux; Android 10; K) AppleWebKit/537.36 (KHTML, like Gecko) Chrome/131.0.0.0 Mobile Safari/537.36"
152.58.186.52 - - [24/Jun/2025:13:17:08 +0000] "GET /favicon.ico HTTP/2.0" 404 - "https://udyamonlineregistration.org/submit.php" "Mozilla/5.0 (Linux; Android 10; K) AppleWebKit/537.36 (KHTML, like Gecko) Chrome/131.0.0.0 Mobile Safari/537.36"
152.58.186.52 - - [24/Jun/2025:13:17:08 +0000] "GET /track-ip.php?crm=2&ip=152.58.186.52&url=https://udyamonlineregistration.org/submit.php&user_id=1198291&status=true HTTP/2.0" 200 - "https://udyamonlineregistration.org/submit.php" "Mozilla/5.0 (Linux; Android 10; K) AppleWebKit/537.36 (KHTML, like Gecko) Chrome/131.0.0.0 Mobile Safari/537.36"
152.58.186.52 - - [24/Jun/2025:13:17:34 +0000] "GET /udyam-online.php HTTP/2.0" 301 244 "https://udyamonlineregistration.org/submit.php" "Mozilla/5.0 (Linux; Android 10; K) AppleWebKit/537.36 (KHTML, like Gecko) Chrome/131.0.0.0 Mobile Safari/537.36"
152.58.186.52 - - [24/Jun/2025:13:17:34 +0000] "GET /track-ip.php?crm=1&ip=152.58.186.52&url=https://udyamonlineregistration.org/submit.php&status=false HTTP/2.0" 200 - "https://udyamonlineregistration.org/submit.php" "Mozilla/5.0 (Linux; Android 10; K) AppleWebKit/537.36 (KHTML, like Gecko) Chrome/131.0.0.0 Mobile Safari/537.36"
152.58.186.52 - - [24/Jun/2025:13:17:34 +0000] "GET /track-ip.php?crm=2&ip=152.58.186.52&url=https://udyamonlineregistration.org/submit.php&status=false HTTP/2.0" 200 - "https://udyamonlineregistration.org/submit.php" "Mozilla/5.0 (Linux; Android 10; K) AppleWebKit/537.36 (KHTML, like Gecko) Chrome/131.0.0.0 Mobile Safari/537.36"
152.58.186.52 - - [24/Jun/2025:13:17:35 +0000] "GET /track-ip.php?crm=1&ip=152.58.186.52&url=https://udyamonlineregistration.org/submit.php&status=false HTTP/2.0" 200 - "https://udyamonlineregistration.org/submit.php" "Mozilla/5.0 (Linux; Android 10; K) AppleWebKit/537.36 (KHTML, like Gecko) Chrome/131.0.0.0 Mobile Safari/537.36"
152.58.186.52 - - [24/Jun/2025:13:17:34 +0000] "GET / HTTP/2.0" 200 65336 "https://udyamonlineregistration.org/submit.php" "Mozilla/5.0 (Linux; Android 10; K) AppleWebKit/537.36 (KHTML, like Gecko) Chrome/131.0.0.0 Mobile Safari/537.36"
152.58.186.52 - - [24/Jun/2025:13:17:35 +0000] "GET /track-ip.php?crm=2&ip=152.58.186.52&url=https://udyamonlineregistration.org/submit.php&status=false HTTP/2.0" 200 - "https://udyamonlineregistration.org/submit.php" "Mozilla/5.0 (Linux; Android 10; K) AppleWebKit/537.36 (KHTML, like Gecko) Chrome/131.0.0.0 Mobile Safari/537.36"
152.58.186.52 - - [24/Jun/2025:13:17:36 +0000] "GET /track-ip.php?crm=1&ip=152.58.186.52&url=https://udyamonlineregistration.org/submit.php&status=false HTTP/2.0" 200 - "https://udyamonlineregistration.org/submit.php" "Mozilla/5.0 (Linux; Android 10; K) AppleWebKit/537.36 (KHTML, like Gecko) Chrome/131.0.0.0 Mobile Safari/537.36"
152.58.186.52 - - [24/Jun/2025:13:17:36 +0000] "GET /track-ip.php?crm=2&ip=152.58.186.52&url=https://udyamonlineregistration.org/submit.php&status=false HTTP/2.0" 200 - "https://udyamonlineregistration.org/submit.php" "Mozilla/5.0 (Linux; Android 10; K) AppleWebKit/537.36 (KHTML, like Gecko) Chrome/131.0.0.0 Mobile Safari/537.36"
152.58.186.52 - - [24/Jun/2025:13:17:35 +0000] "GET / HTTP/2.0" 200 - "https://udyamonlineregistration.org/submit.php" "Mozilla/5.0 (Linux; Android 10; K) AppleWebKit/537.36 (KHTML, like Gecko) Chrome/131.0.0.0 Mobile Safari/537.36"
152.58.186.52 - - [24/Jun/2025:13:17:36 +0000] "GET / HTTP/2.0" 200 65336 "https://udyamonlineregistration.org/submit.php" "Mozilla/5.0 (Linux; Android 10; K) AppleWebKit/537.36 (KHTML, like Gecko) Chrome/131.0.0.0 Mobile Safari/537.36"
152.58.186.52 - - [24/Jun/2025:13:17:37 +0000] "GET /main.css?v=1750771056 HTTP/2.0" 200 10540 "https://udyamonlineregistration.org/" "Mozilla/5.0 (Linux; Android 10; K) AppleWebKit/537.36 (KHTML, like Gecko) Chrome/131.0.0.0 Mobile Safari/537.36"
152.58.186.52 - - [24/Jun/2025:13:17:37 +0000] "GET /captcha.php HTTP/2.0" 200 1255 "https://udyamonlineregistration.org/" "Mozilla/5.0 (Linux; Android 10; K) AppleWebKit/537.36 (KHTML, like Gecko) Chrome/131.0.0.0 Mobile Safari/537.36"
152.58.186.52 - - [24/Jun/2025:13:17:49 +0000] "GET /main.css?v=1750771068 HTTP/2.0" 200 10540 "https://udyamonlineregistration.org/" "Mozilla/5.0 (Linux; Android 10; K) AppleWebKit/537.36 (KHTML, like Gecko) Chrome/131.0.0.0 Mobile Safari/537.36"
152.58.186.52 - - [24/Jun/2025:13:17:48 +0000] "GET / HTTP/2.0" 200 65336 "-" "Mozilla/5.0 (Linux; Android 10; K) AppleWebKit/537.36 (KHTML, like Gecko) Chrome/131.0.0.0 Mobile Safari/537.36"
66.249.79.162 - - [24/Jun/2025:13:17:55 +0000] "GET /index.php?shopdetail/393323278 HTTP/1.1" 301 274 "-" "Mozilla/5.0 (Linux; Android 6.0.1; Nexus 5X Build/MMB29P) AppleWebKit/537.36 (KHTML, like Gecko) Chrome/137.0.7151.103 Mobile Safari/537.36 (compatible; Googlebot/2.1; +http://www.google.com/bot.html)"
66.249.79.160 - - [24/Jun/2025:13:17:56 +0000] "GET /index.php?shopdetail/393323278 HTTP/1.1" 404 - "-" "Mozilla/5.0 (Linux; Android 6.0.1; Nexus 5X Build/MMB29P) AppleWebKit/537.36 (KHTML, like Gecko) Chrome/137.0.7151.103 Mobile Safari/537.36 (compatible; Googlebot/2.1; +http://www.google.com/bot.html)"
66.249.79.163 - - [24/Jun/2025:13:18:43 +0000] "GET /index.php?shopdetail/456334078 HTTP/1.1" 301 274 "-" "Mozilla/5.0 (compatible; Googlebot/2.1; +http://www.google.com/bot.html)"
66.249.79.161 - - [24/Jun/2025:13:18:43 +0000] "GET /index.php?shopdetail/456334078 HTTP/1.1" 404 - "-" "Mozilla/5.0 (compatible; Googlebot/2.1; +http://www.google.com/bot.html)"
66.249.79.163 - - [24/Jun/2025:13:19:38 +0000] "GET /index.php?shopdetail/327129378 HTTP/1.1" 301 274 "-" "Mozilla/5.0 (compatible; Googlebot/2.1; +http://www.google.com/bot.html)"
66.249.79.161 - - [24/Jun/2025:13:19:39 +0000] "GET /index.php?shopdetail/327129378 HTTP/1.1" 404 - "-" "Mozilla/5.0 (compatible; Googlebot/2.1; +http://www.google.com/bot.html)"
66.249.79.161 - - [24/Jun/2025:13:20:35 +0000] "GET /index.php?shopdetail/474727378 HTTP/1.1" 301 274 "-" "Mozilla/5.0 (Linux; Android 6.0.1; Nexus 5X Build/MMB29P) AppleWebKit/537.36 (KHTML, like Gecko) Chrome/137.0.7151.103 Mobile Safari/537.36 (compatible; Googlebot/2.1; +http://www.google.com/bot.html)"
66.249.79.162 - - [24/Jun/2025:13:20:35 +0000] "GET /index.php?shopdetail/149917078 HTTP/1.1" 301 274 "-" "Mozilla/5.0 (compatible; Googlebot/2.1; +http://www.google.com/bot.html)"
66.249.79.162 - - [24/Jun/2025:13:20:36 +0000] "GET /index.php?shopdetail/474727378 HTTP/1.1" 404 - "-" "Mozilla/5.0 (Linux; Android 6.0.1; Nexus 5X Build/MMB29P) AppleWebKit/537.36 (KHTML, like Gecko) Chrome/137.0.7151.103 Mobile Safari/537.36 (compatible; Googlebot/2.1; +http://www.google.com/bot.html)"
66.249.79.160 - - [24/Jun/2025:13:20:37 +0000] "GET /index.php?shopdetail/149917078 HTTP/1.1" 404 - "-" "Mozilla/5.0 (compatible; Googlebot/2.1; +http://www.google.com/bot.html)"
66.249.79.162 - - [24/Jun/2025:13:20:46 +0000] "GET /index.php?shopdetail/47977878 HTTP/1.1" 301 273 "-" "Mozilla/5.0 (Linux; Android 6.0.1; Nexus 5X Build/MMB29P) AppleWebKit/537.36 (KHTML, like Gecko) Chrome/137.0.7151.103 Mobile Safari/537.36 (compatible; Googlebot/2.1; +http://www.google.com/bot.html)"
