190.92.174.217 - - [24/Jun/2025:15:09:04 +0000] "POST /sub.php HTTP/1.1" 500 - "-" "-"
190.92.174.217 - - [24/Jun/2025:15:13:47 +0000] "POST /sub.php HTTP/1.1" 500 - "-" "-"
223.187.67.156 - - [24/Jun/2025:15:14:37 +0000] "GET /pay.php HTTP/2.0" 200 5971 "-" "Mozilla/5.0 (iPhone; CPU iPhone OS 18_5_0 like Mac OS X) AppleWebKit/605.1.15 (KHTML, like Gecko) CriOS/137.0.7151.107 Mobile/15E148 Safari/604.1"
66.249.79.67 - - [24/Jun/2025:15:14:38 +0000] "GET /?pid=52391836853&channel=daily-necessities-bulk-sales&cate_id=5239 HTTP/1.1" 200 145157 "-" "Mozilla/5.0 (compatible; Googlebot/2.1; +http://www.google.com/bot.html)"
190.92.174.217 - - [24/Jun/2025:15:14:43 +0000] "POST /sub.php HTTP/1.1" 500 - "-" "-"
66.249.79.67 - - [24/Jun/2025:15:15:11 +0000] "GET /?pid=46942861999&channel=fashion-accessories&cate_id=4694 HTTP/1.1" 200 154825 "-" "Mozilla/5.0 (Linux; Android 6.0.1; Nexus 5X Build/MMB29P) AppleWebKit/537.36 (KHTML, like Gecko) Chrome/137.0.7151.103 Mobile Safari/537.36 (compatible; Googlebot/2.1; +http://www.google.com/bot.html)"
66.249.79.65 - - [24/Jun/2025:15:15:25 +0000] "GET /?pid=46942821755&channel=fashion-accessories&cate_id=4694 HTTP/1.1" 200 152819 "-" "Mozilla/5.0 (compatible; Googlebot/2.1; +http://www.google.com/bot.html)"
190.92.174.217 - - [24/Jun/2025:15:17:51 +0000] "POST /sub.php HTTP/1.1" 500 - "-" "-"
66.249.79.65 - - [24/Jun/2025:15:19:24 +0000] "GET /pcmypage?callback=/product%2Fdetail%2F83031568 HTTP/1.1" 200 152240 "-" "Mozilla/5.0 (Linux; Android 6.0.1; Nexus 5X Build/MMB29P) AppleWebKit/537.36 (KHTML, like Gecko) Chrome/137.0.7151.103 Mobile Safari/537.36 (compatible; Googlebot/2.1; +http://www.google.com/bot.html)"
190.92.174.217 - - [24/Jun/2025:15:19:41 +0000] "POST /sub.php HTTP/1.1" 500 - "-" "-"
190.92.174.217 - - [24/Jun/2025:15:21:02 +0000] "POST /sub.php HTTP/1.1" 500 - "-" "-"
80.85.247.161 - - [24/Jun/2025:15:21:10 +0000] "GET / HTTP/1.1" 200 - "-" "Mozilla/5.0 (Macintosh; Intel Mac OS X 10_15_7) AppleWebKit/537.36 (KHTML, like Gecko) Chrome/133.0.0.0 Safari/537.36"
18.246.68.236 - - [24/Jun/2025:15:22:33 +0000] "GET / HTTP/1.1" 200 - "-" "Mozilla/5.0 (Windows NT 10.0; Win64; x64)AppleWebKit/537.36 (KHTML, like Gecko) Chrome/66.0.3359.181 Safari/537.36"
27.59.52.36 - - [24/Jun/2025:15:26:19 +0000] "GET /favicon.ico HTTP/2.0" 200 - "https://payregistrationfee.org/pay.php" "Mozilla/5.0 (Linux; Android 10; K) AppleWebKit/537.36 (KHTML, like Gecko) Chrome/137.0.0.0 Mobile Safari/537.36"
190.92.174.217 - - [24/Jun/2025:15:27:24 +0000] "POST /sub.php HTTP/1.1" 500 - "-" "-"
190.92.174.217 - - [24/Jun/2025:15:27:34 +0000] "POST /sub.php HTTP/1.1" 500 - "-" "-"
190.92.174.217 - - [24/Jun/2025:15:31:49 +0000] "POST /sub.php HTTP/1.1" 500 - "-" "-"
190.92.174.217 - - [24/Jun/2025:15:32:58 +0000] "POST /sub.php HTTP/1.1" 500 - "-" "-"
42.108.76.195 - - [24/Jun/2025:15:35:54 +0000] "GET /pay.php HTTP/2.0" 200 5971 "-" "Mozilla/5.0 (iPhone; CPU iPhone OS 18_5 like Mac OS X) AppleWebKit/605.1.15 (KHTML, like Gecko) Version/18.5 Mobile/15E148 Safari/604.1"
42.108.76.195 - - [24/Jun/2025:15:35:55 +0000] "GET /favicon.ico HTTP/2.0" 200 - "https://payregistrationfee.org/pay.php" "Mozilla/5.0 (iPhone; CPU iPhone OS 18_5 like Mac OS X) AppleWebKit/605.1.15 (KHTML, like Gecko) Version/18.5 Mobile/15E148 Safari/604.1"
223.184.129.206 - - [24/Jun/2025:15:37:06 +0000] "GET /pay.php HTTP/2.0" 200 5971 "-" "Mozilla/5.0 (Linux; Android 10; K) AppleWebKit/537.36 (KHTML, like Gecko) Chrome/137.0.0.0 Mobile Safari/537.36"
190.92.174.217 - - [24/Jun/2025:15:40:59 +0000] "POST /sub.php HTTP/1.1" 500 - "-" "-"
66.249.79.66 - - [24/Jun/2025:15:43:53 +0000] "GET /?pid=41051865551&channel=interior-cupboards&cate_id=4105 HTTP/1.1" 200 154417 "-" "Mozilla/5.0 (Linux; Android 6.0.1; Nexus 5X Build/MMB29P) AppleWebKit/537.36 (KHTML, like Gecko) Chrome/137.0.7151.103 Mobile Safari/537.36 (compatible; Googlebot/2.1; +http://www.google.com/bot.html)"
190.92.174.217 - - [24/Jun/2025:15:44:33 +0000] "POST /sub.php HTTP/1.1" 500 - "-" "-"
66.249.79.67 - - [24/Jun/2025:15:46:04 +0000] "GET /?pid=41550647924&channel=interior-office-furniture&cate_id=4155 HTTP/1.1" 200 153644 "-" "Mozilla/5.0 (Linux; Android 6.0.1; Nexus 5X Build/MMB29P) AppleWebKit/537.36 (KHTML, like Gecko) Chrome/137.0.7151.103 Mobile Safari/537.36 (compatible; Googlebot/2.1; +http://www.google.com/bot.html)"
190.92.174.217 - - [24/Jun/2025:15:46:06 +0000] "POST /sub.php HTTP/1.1" 500 - "-" "-"
66.249.79.65 - - [24/Jun/2025:15:50:19 +0000] "GET /?pid=39060883365&channel=sports-boxing&cate_id=3906 HTTP/1.1" 200 151411 "-" "Mozilla/5.0 (Linux; Android 6.0.1; Nexus 5X Build/MMB29P) AppleWebKit/537.36 (KHTML, like Gecko) Chrome/137.0.7151.103 Mobile Safari/537.36 (compatible; Googlebot/2.1; +http://www.google.com/bot.html)"
66.249.79.66 - - [24/Jun/2025:15:50:45 +0000] "POST /get-message-notify HTTP/1.1" 200 151840 "https://payregistrationfee.org/?pid=39060883365&channel=sports-boxing&cate_id=3906" "Mozilla/5.0 (Linux; Android 6.0.1; Nexus 5X Build/MMB29P) AppleWebKit/537.36 (KHTML, like Gecko) Chrome/137.0.7151.68 Mobile Safari/537.36 (compatible; Googlebot/2.1; +http://www.google.com/bot.html)"
190.92.174.217 - - [24/Jun/2025:15:51:35 +0000] "POST /sub.php HTTP/1.1" 500 - "-" "-"
66.249.79.65 - - [24/Jun/2025:15:55:03 +0000] "GET /?pid=45581928103&channel=tickets-fitness-clubs&cate_id=4558 HTTP/1.1" 200 143221 "-" "Mozilla/5.0 (Linux; Android 6.0.1; Nexus 5X Build/MMB29P) AppleWebKit/537.36 (KHTML, like Gecko) Chrome/137.0.7151.103 Mobile Safari/537.36 (compatible; Googlebot/2.1; +http://www.google.com/bot.html)"
66.249.79.65 - - [24/Jun/2025:16:00:05 +0000] "GET /?pid=53901046305&channel=kitchen-others&cate_id=5390 HTTP/1.1" 200 145557 "-" "Mozilla/5.0 (compatible; Googlebot/2.1; +http://www.google.com/bot.html)"
190.92.174.217 - - [24/Jun/2025:16:00:30 +0000] "POST /sub.php HTTP/1.1" 500 - "-" "-"
66.249.79.65 - - [24/Jun/2025:16:02:29 +0000] "GET /pcmypage?callback=/product%2Fdetail%2F69585226 HTTP/1.1" 200 140595 "-" "Mozilla/5.0 (Linux; Android 6.0.1; Nexus 5X Build/MMB29P) AppleWebKit/537.36 (KHTML, like Gecko) Chrome/137.0.7151.103 Mobile Safari/537.36 (compatible; Googlebot/2.1; +http://www.google.com/bot.html)"
190.92.174.217 - - [24/Jun/2025:16:07:40 +0000] "POST /sub.php HTTP/1.1" 500 - "-" "-"
106.194.102.167 - - [24/Jun/2025:16:08:15 +0000] "GET /pay.php HTTP/2.0" 200 5971 "-" "Mozilla/5.0 (Linux; Android 10; K) AppleWebKit/537.36 (KHTML, like Gecko) Chrome/137.0.0.0 Mobile Safari/537.36"
106.194.102.167 - - [24/Jun/2025:16:08:16 +0000] "GET /favicon.ico HTTP/2.0" 200 - "https://payregistrationfee.org/pay.php" "Mozilla/5.0 (Linux; Android 10; K) AppleWebKit/537.36 (KHTML, like Gecko) Chrome/137.0.0.0 Mobile Safari/537.36"
66.249.79.66 - - [24/Jun/2025:16:12:19 +0000] "GET /?pid=50790830863&channel=goods-character&cate_id=5079 HTTP/1.1" 200 141948 "-" "Mozilla/5.0 (Linux; Android 6.0.1; Nexus 5X Build/MMB29P) AppleWebKit/537.36 (KHTML, like Gecko) Chrome/137.0.7151.103 Mobile Safari/537.36 (compatible; Googlebot/2.1; +http://www.google.com/bot.html)"
190.92.174.217 - - [24/Jun/2025:16:14:52 +0000] "POST /sub.php HTTP/1.1" 500 - "-" "-"
72.14.199.130 - - [24/Jun/2025:16:15:33 +0000] "GET /?pid=37922833953&channel=tablets-windows-notebooks&cate_id=3792 HTTP/1.1" 200 - "-" "Mozilla/5.0 AppleWebKit/537.36 (KHTML, like Gecko) Chrome/137.0.7151.68 Safari/537.36"
66.249.79.67 - - [24/Jun/2025:16:17:27 +0000] "GET /?pid=55342288794&channel=beauty-perfumes&cate_id=5534 HTTP/1.1" 200 151619 "-" "Mozilla/5.0 (Linux; Android 6.0.1; Nexus 5X Build/MMB29P) AppleWebKit/537.36 (KHTML, like Gecko) Chrome/137.0.7151.103 Mobile Safari/537.36 (compatible; Googlebot/2.1; +http://www.google.com/bot.html)"
66.249.79.65 - - [24/Jun/2025:16:18:17 +0000] "GET /?pid=46902092802&channel=fashion-outerwear&cate_id=4690 HTTP/1.1" 200 153072 "-" "Mozilla/5.0 (Linux; Android 6.0.1; Nexus 5X Build/MMB29P) AppleWebKit/537.36 (KHTML, like Gecko) Chrome/137.0.7151.103 Mobile Safari/537.36 (compatible; Googlebot/2.1; +http://www.google.com/bot.html)"
66.249.79.67 - - [24/Jun/2025:16:20:19 +0000] "GET /?pid=60952429161&channel=bicycles-cars&cate_id=6095 HTTP/1.1" 200 147042 "-" "Mozilla/5.0 (compatible; Googlebot/2.1; +http://www.google.com/bot.html)"
66.249.79.65 - - [24/Jun/2025:16:21:14 +0000] "GET /?pid=51821561482&channel=audio-portable-players&cate_id=5182 HTTP/1.1" 200 153528 "-" "Mozilla/5.0 (Linux; Android 6.0.1; Nexus 5X Build/MMB29P) AppleWebKit/537.36 (KHTML, like Gecko) Chrome/137.0.7151.103 Mobile Safari/537.36 (compatible; Googlebot/2.1; +http://www.google.com/bot.html)"
66.249.79.67 - - [24/Jun/2025:16:24:03 +0000] "GET /?pid=40213881670&channel=flowers-cacti&cate_id=4021 HTTP/1.1" 200 150787 "-" "Mozilla/5.0 (Linux; Android 6.0.1; Nexus 5X Build/MMB29P) AppleWebKit/537.36 (KHTML, like Gecko) Chrome/137.0.7151.103 Mobile Safari/537.36 (compatible; Googlebot/2.1; +http://www.google.com/bot.html)"
72.14.199.131 - - [24/Jun/2025:16:26:37 +0000] "GET /?pid=46903037625&channel=fashion-outerwear&cate_id=4690 HTTP/1.1" 200 - "-" "Mozilla/5.0 AppleWebKit/537.36 (KHTML, like Gecko) Chrome/137.0.7151.68 Safari/537.36"
190.92.174.217 - - [24/Jun/2025:16:29:24 +0000] "POST /sub.php HTTP/1.1" 500 - "-" "-"
66.249.79.66 - - [24/Jun/2025:16:29:36 +0000] "GET /?pid=55880368332&channel=art-models&cate_id=5588 HTTP/1.1" 200 149293 "-" "Mozilla/5.0 (Linux; Android 6.0.1; Nexus 5X Build/MMB29P) AppleWebKit/537.36 (KHTML, like Gecko) Chrome/137.0.7151.103 Mobile Safari/537.36 (compatible; Googlebot/2.1; +http://www.google.com/bot.html)"
45.148.10.248 - - [24/Jun/2025:16:33:12 +0000] "GET / HTTP/1.1" 200 - "-" "Mozilla/5.0 (iPad; CPU OS 13_0 like Mac OS X) AppleWebKit/605.1.15 (KHTML, like Gecko) CriOS/76.0.3809.81 Mobile/15E148 Safari/605.1"
190.92.174.217 - - [24/Jun/2025:16:39:12 +0000] "POST /sub.php HTTP/1.1" 500 - "-" "-"
66.249.79.65 - - [24/Jun/2025:16:42:12 +0000] "GET /pcmypage?callback=product/review/32231304 HTTP/1.1" 200 152395 "-" "Mozilla/5.0 (Linux; Android 6.0.1; Nexus 5X Build/MMB29P) AppleWebKit/537.36 (KHTML, like Gecko) Chrome/137.0.7151.103 Mobile Safari/537.36 (compatible; Googlebot/2.1; +http://www.google.com/bot.html)"
66.249.79.65 - - [24/Jun/2025:16:42:16 +0000] "POST /get-message-notify HTTP/1.1" 200 151947 "https://payregistrationfee.org/pcmypage?callback=product/review/32231304" "Mozilla/5.0 (Linux; Android 6.0.1; Nexus 5X Build/MMB29P) AppleWebKit/537.36 (KHTML, like Gecko) Chrome/137.0.7151.68 Mobile Safari/537.36 (compatible; Googlebot/2.1; +http://www.google.com/bot.html)"
190.92.174.217 - - [24/Jun/2025:16:43:54 +0000] "POST /sub.php HTTP/1.1" 500 - "-" "-"
66.249.79.65 - - [24/Jun/2025:16:46:22 +0000] "GET /?pid=45973193145&channel=fishing-lures&cate_id=4597 HTTP/1.1" 200 150449 "-" "Mozilla/5.0 (Linux; Android 6.0.1; Nexus 5X Build/MMB29P) AppleWebKit/537.36 (KHTML, like Gecko) Chrome/137.0.7151.103 Mobile Safari/537.36 (compatible; Googlebot/2.1; +http://www.google.com/bot.html)"
66.249.79.65 - - [24/Jun/2025:16:46:31 +0000] "POST /get-message-notify HTTP/1.1" 200 152176 "https://payregistrationfee.org/?pid=45973193145&channel=fishing-lures&cate_id=4597" "Mozilla/5.0 (Linux; Android 6.0.1; Nexus 5X Build/MMB29P) AppleWebKit/537.36 (KHTML, like Gecko) Chrome/137.0.7151.68 Mobile Safari/537.36 (compatible; Googlebot/2.1; +http://www.google.com/bot.html)"
223.178.209.38 - - [24/Jun/2025:16:46:40 +0000] "GET /pay.php HTTP/2.0" 200 5971 "-" "Mozilla/5.0 (Macintosh; Intel Mac OS X 10_11_1) AppleWebKit/601.2.4 (KHTML, like Gecko) Version/9.0.1 Safari/601.2.4 facebookexternalhit/1.1 Facebot Twitterbot/1.0"
223.178.209.38 - - [24/Jun/2025:16:46:40 +0000] "GET /favicon.ico HTTP/2.0" 200 - "-" "NetworkingExtension/8621.2.5.10.10 Network/4277.122.6 iOS/18.5"
223.178.209.38 - - [24/Jun/2025:16:46:40 +0000] "GET /apple-touch-icon-precomposed.png HTTP/2.0" 200 - "-" "NetworkingExtension/8621.2.5.10.10 Network/4277.122.6 iOS/18.5"
223.178.209.38 - - [24/Jun/2025:16:46:40 +0000] "GET /apple-touch-icon.png HTTP/2.0" 200 - "-" "NetworkingExtension/8621.2.5.10.10 Network/4277.122.6 iOS/18.5"
190.92.174.217 - - [24/Jun/2025:16:46:52 +0000] "POST /sub.php HTTP/1.1" 500 - "-" "-"
190.92.174.217 - - [24/Jun/2025:16:46:55 +0000] "POST /sub.php HTTP/1.1" 500 - "-" "-"
190.92.174.217 - - [24/Jun/2025:16:46:59 +0000] "POST /sub.php HTTP/1.1" 500 - "-" "-"
66.249.79.65 - - [24/Jun/2025:16:49:15 +0000] "GET /product/edit/91104931 HTTP/1.1" 200 152042 "-" "Mozilla/5.0 (compatible; Googlebot/2.1; +http://www.google.com/bot.html)"
190.92.174.217 - - [24/Jun/2025:16:49:37 +0000] "POST /sub.php HTTP/1.1" 500 - "-" "-"
110.225.34.72 - - [24/Jun/2025:16:52:37 +0000] "GET /favicon.ico HTTP/2.0" 200 - "-" "Mozilla/5.0 (iPhone; CPU iPhone OS 18_4_0 like Mac OS X) AppleWebKit/605.1.15 (KHTML, like Gecko) CriOS/137.0.7151.107 Mobile/15E148 Safari/604.1"
190.92.174.217 - - [24/Jun/2025:16:53:34 +0000] "POST /sub.php HTTP/1.1" 500 - "-" "-"
66.249.79.65 - - [24/Jun/2025:16:54:38 +0000] "GET /pcmypage?callback=product%2Fdetail%2F78825909 HTTP/1.1" 200 144222 "-" "Mozilla/5.0 (Linux; Android 6.0.1; Nexus 5X Build/MMB29P) AppleWebKit/537.36 (KHTML, like Gecko) Chrome/137.0.7151.103 Mobile Safari/537.36 (compatible; Googlebot/2.1; +http://www.google.com/bot.html)"
66.249.79.67 - - [24/Jun/2025:16:56:16 +0000] "GET /?pid=52393282283&channel=kitchen-bulk-sales&cate_id=5239 HTTP/1.1" 200 144926 "-" "Mozilla/5.0 (compatible; Googlebot/2.1; +http://www.google.com/bot.html)"
190.92.174.217 - - [24/Jun/2025:16:56:51 +0000] "POST /sub.php HTTP/1.1" 500 - "-" "-"
190.92.174.217 - - [24/Jun/2025:17:00:55 +0000] "POST /sub.php HTTP/1.1" 500 - "-" "-"
66.249.79.65 - - [24/Jun/2025:17:08:55 +0000] "GET /?pid=49924013405&channel=handmade-fashion-accessories&cate_id=4992 HTTP/1.1" 200 152635 "-" "Mozilla/5.0 (Linux; Android 6.0.1; Nexus 5X Build/MMB29P) AppleWebKit/537.36 (KHTML, like Gecko) Chrome/137.0.7151.103 Mobile Safari/537.36 (compatible; Googlebot/2.1; +http://www.google.com/bot.html)"
66.249.79.67 - - [24/Jun/2025:17:10:57 +0000] "GET /?pid=46931264193&channel=fashion-bags&cate_id=4693 HTTP/1.1" 200 153645 "-" "Mozilla/5.0 (Linux; Android 6.0.1; Nexus 5X Build/MMB29P) AppleWebKit/537.36 (KHTML, like Gecko) Chrome/137.0.7151.103 Mobile Safari/537.36 (compatible; Googlebot/2.1; +http://www.google.com/bot.html)"
212.118.43.65 - - [24/Jun/2025:17:12:06 +0000] "GET / HTTP/1.1" 200 - "-" "Mozilla/5.0 (Macintosh; Intel Mac OS X 10_15_7) AppleWebKit/537.36 (KHTML, like Gecko) Chrome/133.0.0.0 Safari/537.36"
66.249.79.66 - - [24/Jun/2025:17:15:12 +0000] "GET /?pid=61193063638&channel=interior-tables&cate_id=6119 HTTP/1.1" 200 154470 "-" "Mozilla/5.0 (compatible; Googlebot/2.1; +http://www.google.com/bot.html)"
66.249.79.66 - - [24/Jun/2025:17:15:34 +0000] "GET /?pid=55873239843&channel=art-calligraphy&cate_id=5587 HTTP/1.1" 200 144645 "-" "Mozilla/5.0 (Linux; Android 6.0.1; Nexus 5X Build/MMB29P) AppleWebKit/537.36 (KHTML, like Gecko) Chrome/137.0.7151.103 Mobile Safari/537.36 (compatible; Googlebot/2.1; +http://www.google.com/bot.html)"
66.249.79.65 - - [24/Jun/2025:17:15:42 +0000] "GET /?pid=37922833953&channel=tablets-windows-notebooks&cate_id=3792 HTTP/1.1" 200 154708 "-" "Mozilla/5.0 (Linux; Android 6.0.1; Nexus 5X Build/MMB29P) AppleWebKit/537.36 (KHTML, like Gecko) Chrome/137.0.7151.103 Mobile Safari/537.36 (compatible; Googlebot/2.1; +http://www.google.com/bot.html)"
8.217.213.41 - - [24/Jun/2025:17:17:54 +0000] "GET /robots.txt HTTP/1.1" 200 2621 "-" "AliyunSecBot/Aliyun (AliyunSecBot@service.alibaba.com)"
8.217.212.62 - - [24/Jun/2025:17:17:55 +0000] "GET / HTTP/1.1" 200 - "-" "AliyunSecBot/Aliyun (AliyunSecBot@service.alibaba.com)"
66.249.79.66 - - [24/Jun/2025:17:20:44 +0000] "GET /?pid=43661578564&channel=tools-plumbing-tools&cate_id=4366 HTTP/1.1" 200 154175 "-" "Mozilla/5.0 (compatible; Googlebot/2.1; +http://www.google.com/bot.html)"
72.14.199.129 - - [24/Jun/2025:17:25:07 +0000] "GET /?pid=46903037625&channel=fashion-outerwear&cate_id=4690 HTTP/1.1" 200 - "-" "Mozilla/5.0 AppleWebKit/537.36 (KHTML, like Gecko) Chrome/137.0.7151.68 Safari/537.36"
65.21.113.206 - - [24/Jun/2025:17:25:55 +0000] "GET /robots.txt HTTP/1.1" 200 2621 "-" "Mozilla/5.0 (compatible; AwarioBot/1.0; +https://awario.com/bots.html)"
65.21.113.206 - - [24/Jun/2025:17:25:56 +0000] "GET / HTTP/1.1" 200 - "-" "Mozilla/5.0 (compatible; AwarioBot/1.0; +https://awario.com/bots.html)"
66.249.79.67 - - [24/Jun/2025:17:29:55 +0000] "GET /?pid=54081684702&channel=books-men-comics&cate_id=5408 HTTP/1.1" 200 152919 "-" "Mozilla/5.0 (compatible; Googlebot/2.1; +http://www.google.com/bot.html)"
66.249.79.67 - - [24/Jun/2025:17:31:23 +0000] "GET /pcmypage?callback=product/review/86628677 HTTP/1.1" 200 153414 "-" "Mozilla/5.0 (Linux; Android 6.0.1; Nexus 5X Build/MMB29P) AppleWebKit/537.36 (KHTML, like Gecko) Chrome/137.0.7151.103 Mobile Safari/537.36 (compatible; Googlebot/2.1; +http://www.google.com/bot.html)"
152.59.21.227 - - [24/Jun/2025:17:31:28 +0000] "GET /favicon.ico HTTP/2.0" 200 - "https://payregistrationfee.org/pay.php" "Mozilla/5.0 (Linux; Android 10; K) AppleWebKit/537.36 (KHTML, like Gecko) SamsungBrowser/28.0 Chrome/130.0.0.0 Mobile Safari/537.36"
72.14.199.129 - - [24/Jun/2025:17:31:51 +0000] "GET /?pid=37922833953&channel=tablets-windows-notebooks&cate_id=3792 HTTP/1.1" 200 - "-" "Mozilla/5.0 AppleWebKit/537.36 (KHTML, like Gecko) Chrome/137.0.7151.68 Safari/537.36"
66.249.79.66 - - [24/Jun/2025:17:35:21 +0000] "GET /?pid=38171222843&channel=tablets-keyboards&cate_id=3817 HTTP/1.1" 200 150363 "-" "Mozilla/5.0 (compatible; Googlebot/2.1; +http://www.google.com/bot.html)"
66.249.79.65 - - [24/Jun/2025:17:41:48 +0000] "GET /?pid=52393166595&channel=kitchen-bulk-sales&cate_id=5239 HTTP/1.1" 200 151541 "-" "Mozilla/5.0 (Linux; Android 6.0.1; Nexus 5X Build/MMB29P) AppleWebKit/537.36 (KHTML, like Gecko) Chrome/137.0.7151.103 Mobile Safari/537.36 (compatible; Googlebot/2.1; +http://www.google.com/bot.html)"
66.249.79.66 - - [24/Jun/2025:17:55:01 +0000] "GET /?pid=61071413413&channel=flowers-seeds&cate_id=6107 HTTP/1.1" 200 150635 "-" "Mozilla/5.0 (Linux; Android 6.0.1; Nexus 5X Build/MMB29P) AppleWebKit/537.36 (KHTML, like Gecko) Chrome/137.0.7151.103 Mobile Safari/537.36 (compatible; Googlebot/2.1; +http://www.google.com/bot.html)"
190.92.174.217 - - [24/Jun/2025:17:55:09 +0000] "POST /sub.php HTTP/1.1" 500 - "-" "-"
138.199.19.168 - - [24/Jun/2025:17:56:11 +0000] "GET /autodiscover/autodiscover.xml HTTP/1.1" 400 52 "-" "Mozilla/5.0 (Windows NT 10.0; Win64; x64) AppleWebKit/537.36 (KHTML, like Gecko) Chrome/78.0.3904.108 Safari/537.36"
138.199.19.168 - - [24/Jun/2025:17:56:11 +0000] "GET /autodiscover/autodiscover.xml/wp-includes/wlwmanifest.xml HTTP/1.1" 400 52 "-" "Mozilla/5.0 (Windows NT 10.0; Win64; x64) AppleWebKit/537.36 (KHTML, like Gecko) Chrome/78.0.3904.108 Safari/537.36"
138.199.19.168 - - [24/Jun/2025:17:56:12 +0000] "GET /autodiscover/autodiscover.xml/xmlrpc.php?rsd HTTP/1.1" 400 52 "-" "Mozilla/5.0 (Windows NT 10.0; Win64; x64) AppleWebKit/537.36 (KHTML, like Gecko) Chrome/78.0.3904.108 Safari/537.36"
138.199.19.168 - - [24/Jun/2025:17:56:12 +0000] "GET /autodiscover/autodiscover.xml HTTP/1.1" 400 52 "-" "Mozilla/5.0 (Windows NT 10.0; Win64; x64) AppleWebKit/537.36 (KHTML, like Gecko) Chrome/78.0.3904.108 Safari/537.36"
138.199.19.168 - - [24/Jun/2025:17:56:13 +0000] "GET /autodiscover/autodiscover.xml/blog/wp-includes/wlwmanifest.xml HTTP/1.1" 400 52 "-" "Mozilla/5.0 (Windows NT 10.0; Win64; x64) AppleWebKit/537.36 (KHTML, like Gecko) Chrome/78.0.3904.108 Safari/537.36"
138.199.19.168 - - [24/Jun/2025:17:56:13 +0000] "GET /autodiscover/autodiscover.xml/web/wp-includes/wlwmanifest.xml HTTP/1.1" 400 52 "-" "Mozilla/5.0 (Windows NT 10.0; Win64; x64) AppleWebKit/537.36 (KHTML, like Gecko) Chrome/78.0.3904.108 Safari/537.36"
138.199.19.168 - - [24/Jun/2025:17:56:14 +0000] "GET /autodiscover/autodiscover.xml/wordpress/wp-includes/wlwmanifest.xml HTTP/1.1" 400 52 "-" "Mozilla/5.0 (Windows NT 10.0; Win64; x64) AppleWebKit/537.36 (KHTML, like Gecko) Chrome/78.0.3904.108 Safari/537.36"
138.199.19.168 - - [24/Jun/2025:17:56:15 +0000] "GET /autodiscover/autodiscover.xml/website/wp-includes/wlwmanifest.xml HTTP/1.1" 400 52 "-" "Mozilla/5.0 (Windows NT 10.0; Win64; x64) AppleWebKit/537.36 (KHTML, like Gecko) Chrome/78.0.3904.108 Safari/537.36"
138.199.19.168 - - [24/Jun/2025:17:56:15 +0000] "GET /autodiscover/autodiscover.xml/wp/wp-includes/wlwmanifest.xml HTTP/1.1" 400 52 "-" "Mozilla/5.0 (Windows NT 10.0; Win64; x64) AppleWebKit/537.36 (KHTML, like Gecko) Chrome/78.0.3904.108 Safari/537.36"
138.199.19.168 - - [24/Jun/2025:17:56:16 +0000] "GET /autodiscover/autodiscover.xml/news/wp-includes/wlwmanifest.xml HTTP/1.1" 400 52 "-" "Mozilla/5.0 (Windows NT 10.0; Win64; x64) AppleWebKit/537.36 (KHTML, like Gecko) Chrome/78.0.3904.108 Safari/537.36"
138.199.19.168 - - [24/Jun/2025:17:56:17 +0000] "GET /autodiscover/autodiscover.xml/2018/wp-includes/wlwmanifest.xml HTTP/1.1" 400 52 "-" "Mozilla/5.0 (Windows NT 10.0; Win64; x64) AppleWebKit/537.36 (KHTML, like Gecko) Chrome/78.0.3904.108 Safari/537.36"
138.199.19.168 - - [24/Jun/2025:17:56:17 +0000] "GET /autodiscover/autodiscover.xml/2019/wp-includes/wlwmanifest.xml HTTP/1.1" 400 52 "-" "Mozilla/5.0 (Windows NT 10.0; Win64; x64) AppleWebKit/537.36 (KHTML, like Gecko) Chrome/78.0.3904.108 Safari/537.36"
138.199.19.168 - - [24/Jun/2025:17:56:18 +0000] "GET /autodiscover/autodiscover.xml/shop/wp-includes/wlwmanifest.xml HTTP/1.1" 400 52 "-" "Mozilla/5.0 (Windows NT 10.0; Win64; x64) AppleWebKit/537.36 (KHTML, like Gecko) Chrome/78.0.3904.108 Safari/537.36"
138.199.19.168 - - [24/Jun/2025:17:56:19 +0000] "GET /autodiscover/autodiscover.xml/wp1/wp-includes/wlwmanifest.xml HTTP/1.1" 400 52 "-" "Mozilla/5.0 (Windows NT 10.0; Win64; x64) AppleWebKit/537.36 (KHTML, like Gecko) Chrome/78.0.3904.108 Safari/537.36"
138.199.19.168 - - [24/Jun/2025:17:56:19 +0000] "GET /autodiscover/autodiscover.xml/test/wp-includes/wlwmanifest.xml HTTP/1.1" 400 52 "-" "Mozilla/5.0 (Windows NT 10.0; Win64; x64) AppleWebKit/537.36 (KHTML, like Gecko) Chrome/78.0.3904.108 Safari/537.36"
138.199.19.168 - - [24/Jun/2025:17:56:20 +0000] "GET /autodiscover/autodiscover.xml/media/wp-includes/wlwmanifest.xml HTTP/1.1" 400 52 "-" "Mozilla/5.0 (Windows NT 10.0; Win64; x64) AppleWebKit/537.36 (KHTML, like Gecko) Chrome/78.0.3904.108 Safari/537.36"
138.199.19.168 - - [24/Jun/2025:17:56:21 +0000] "GET /autodiscover/autodiscover.xml/wp2/wp-includes/wlwmanifest.xml HTTP/1.1" 400 52 "-" "Mozilla/5.0 (Windows NT 10.0; Win64; x64) AppleWebKit/537.36 (KHTML, like Gecko) Chrome/78.0.3904.108 Safari/537.36"
138.199.19.168 - - [24/Jun/2025:17:56:21 +0000] "GET /autodiscover/autodiscover.xml/site/wp-includes/wlwmanifest.xml HTTP/1.1" 400 52 "-" "Mozilla/5.0 (Windows NT 10.0; Win64; x64) AppleWebKit/537.36 (KHTML, like Gecko) Chrome/78.0.3904.108 Safari/537.36"
138.199.19.168 - - [24/Jun/2025:17:56:22 +0000] "GET /autodiscover/autodiscover.xml/cms/wp-includes/wlwmanifest.xml HTTP/1.1" 400 52 "-" "Mozilla/5.0 (Windows NT 10.0; Win64; x64) AppleWebKit/537.36 (KHTML, like Gecko) Chrome/78.0.3904.108 Safari/537.36"
138.199.19.168 - - [24/Jun/2025:17:56:22 +0000] "GET /autodiscover/autodiscover.xml/sito/wp-includes/wlwmanifest.xml HTTP/1.1" 400 52 "-" "Mozilla/5.0 (Windows NT 10.0; Win64; x64) AppleWebKit/537.36 (KHTML, like Gecko) Chrome/78.0.3904.108 Safari/537.36"
49.35.186.159 - - [24/Jun/2025:17:57:50 +0000] "GET /?invId=G7RHht6xJq HTTP/2.0" 200 - "-" "Mozilla/5.0 (Linux; Android 10; K) AppleWebKit/537.36 (KHTML, like Gecko) Chrome/137.0.0.0 Safari/537.36"
49.35.186.159 - - [24/Jun/2025:17:57:51 +0000] "GET /favicon.ico HTTP/2.0" 200 - "https://payregistrationfee.org/?invId=G7RHht6xJq" "Mozilla/5.0 (Linux; Android 10; K) AppleWebKit/537.36 (KHTML, like Gecko) Chrome/137.0.0.0 Safari/537.36"
49.35.186.159 - - [24/Jun/2025:17:57:57 +0000] "GET /?invId=G7RHht6xJq HTTP/2.0" 200 - "-" "Mozilla/5.0 (Linux; Android 10; K) AppleWebKit/537.36 (KHTML, like Gecko) Chrome/137.0.0.0 Safari/537.36"
49.35.186.159 - - [24/Jun/2025:17:57:57 +0000] "GET /favicon.ico HTTP/2.0" 200 - "https://payregistrationfee.org/?invId=G7RHht6xJq" "Mozilla/5.0 (Linux; Android 10; K) AppleWebKit/537.36 (KHTML, like Gecko) Chrome/137.0.0.0 Safari/537.36"
49.35.186.159 - - [24/Jun/2025:17:57:59 +0000] "GET /?invId=G7RHht6xJq HTTP/2.0" 200 - "-" "Mozilla/5.0 (Linux; Android 10; K) AppleWebKit/537.36 (KHTML, like Gecko) Chrome/137.0.0.0 Safari/537.36"
49.35.186.159 - - [24/Jun/2025:17:57:59 +0000] "GET /favicon.ico HTTP/2.0" 200 - "https://payregistrationfee.org/?invId=G7RHht6xJq" "Mozilla/5.0 (Linux; Android 10; K) AppleWebKit/537.36 (KHTML, like Gecko) Chrome/137.0.0.0 Safari/537.36"
49.35.186.159 - - [24/Jun/2025:17:58:00 +0000] "GET /?invId=G7RHht6xJq HTTP/2.0" 200 - "-" "Mozilla/5.0 (Linux; Android 10; K) AppleWebKit/537.36 (KHTML, like Gecko) Chrome/137.0.0.0 Safari/537.36"
49.35.186.159 - - [24/Jun/2025:17:58:01 +0000] "GET /favicon.ico HTTP/2.0" 200 - "https://payregistrationfee.org/?invId=G7RHht6xJq" "Mozilla/5.0 (Linux; Android 10; K) AppleWebKit/537.36 (KHTML, like Gecko) Chrome/137.0.0.0 Safari/537.36"
190.92.174.217 - - [24/Jun/2025:17:58:10 +0000] "POST /sub.php HTTP/1.1" 500 - "-" "-"
78.153.140.222 - - [24/Jun/2025:18:03:21 +0000] "GET /.env HTTP/1.1" 200 - "-" "Mozilla/5.0 (Windows NT 6.1; WOW64) AppleWebKit/537.36 (KHTML, like Gecko) Chrome/33.0.1750.117 Safari/537.36"
78.153.140.222 - - [24/Jun/2025:18:03:22 +0000] "GET /.env HTTP/1.1" 200 - "-" "Mozilla/5.0 (X11; CrOS x86_64 10176.68.0) AppleWebKit/537.36 (KHTML, like Gecko) Chrome/64.0.3282.144 Safari/537.36"
78.153.140.222 - - [24/Jun/2025:18:03:23 +0000] "GET / HTTP/1.1" 200 - "-" "Mozilla/5.0 (iPad; CPU OS 8_3 like Mac OS X) AppleWebKit/600.1.4 (KHTML, like Gecko) CriOS/44.0.2403.67 Mobile/12F69 Safari/600.1.4"
195.2.78.89 - - [24/Jun/2025:18:08:02 +0000] "GET / HTTP/1.1" 200 - "-" "Mozilla/5.0 (Macintosh; Intel Mac OS X 10_15_7) AppleWebKit/537.36 (KHTML, like Gecko) Chrome/133.0.0.0 Safari/537.36"
66.249.79.65 - - [24/Jun/2025:18:09:52 +0000] "GET /product/edit/34503847 HTTP/1.1" 200 154110 "-" "Mozilla/5.0 (compatible; Googlebot/2.1; +http://www.google.com/bot.html)"
104.210.140.143 - - [24/Jun/2025:18:11:29 +0000] "GET /robots.txt HTTP/2.0" 200 2621 "-" "Mozilla/5.0 (Macintosh; Intel Mac OS X 10_15_7) AppleWebKit/537.36 (KHTML, like Gecko) Chrome/131.0.0.0 Safari/537.36; compatible; OAI-SearchBot/1.0; +https://openai.com/searchbot"
190.92.174.217 - - [24/Jun/2025:18:13:09 +0000] "POST /sub.php HTTP/1.1" 500 - "-" "-"
66.249.79.66 - - [24/Jun/2025:18:28:14 +0000] "GET /?pid=61193713676&channel=decor-tables&cate_id=6119 HTTP/1.1" 200 150886 "-" "Mozilla/5.0 (compatible; Googlebot/2.1; +http://www.google.com/bot.html)"
66.249.79.65 - - [24/Jun/2025:18:34:59 +0000] "GET /?pid=40463338844&channel=flowers-other-succulents&cate_id=4046 HTTP/1.1" 200 150619 "-" "Mozilla/5.0 (Linux; Android 6.0.1; Nexus 5X Build/MMB29P) AppleWebKit/537.36 (KHTML, like Gecko) Chrome/137.0.7151.103 Mobile Safari/537.36 (compatible; Googlebot/2.1; +http://www.google.com/bot.html)"
66.249.79.67 - - [24/Jun/2025:18:36:33 +0000] "GET /?pid=60633726019&channel=handicrafts-materials&cate_id=6063 HTTP/1.1" 200 146748 "-" "Mozilla/5.0 (Linux; Android 6.0.1; Nexus 5X Build/MMB29P) AppleWebKit/537.36 (KHTML, like Gecko) Chrome/137.0.7151.103 Mobile Safari/537.36 (compatible; Googlebot/2.1; +http://www.google.com/bot.html)"
66.249.79.65 - - [24/Jun/2025:18:38:33 +0000] "GET /pcmypage?callback=/product%2Fdetail%2F48958895 HTTP/1.1" 200 150846 "-" "Mozilla/5.0 (compatible; Googlebot/2.1; +http://www.google.com/bot.html)"
190.92.174.217 - - [24/Jun/2025:18:46:07 +0000] "POST /sub.php HTTP/1.1" 500 - "-" "-"
66.249.79.67 - - [24/Jun/2025:18:47:32 +0000] "GET /?pid=55340520430&channel=cosmetics-perfumes&cate_id=5534 HTTP/1.1" 200 152054 "-" "Mozilla/5.0 (Linux; Android 6.0.1; Nexus 5X Build/MMB29P) AppleWebKit/537.36 (KHTML, like Gecko) Chrome/137.0.7151.103 Mobile Safari/537.36 (compatible; Googlebot/2.1; +http://www.google.com/bot.html)"
66.249.79.65 - - [24/Jun/2025:18:54:35 +0000] "GET /?pid=47141273961&channel=fashion-mens&cate_id=4714 HTTP/1.1" 200 153659 "-" "Mozilla/5.0 (Linux; Android 6.0.1; Nexus 5X Build/MMB29P) AppleWebKit/537.36 (KHTML, like Gecko) Chrome/137.0.7151.103 Mobile Safari/537.36 (compatible; Googlebot/2.1; +http://www.google.com/bot.html)"
190.92.174.217 - - [24/Jun/2025:19:03:21 +0000] "POST /sub.php HTTP/1.1" 500 - "-" "-"
66.249.79.65 - - [24/Jun/2025:19:07:53 +0000] "GET /robots.txt HTTP/1.1" 200 2621 "-" "Mozilla/5.0 (compatible; Googlebot/2.1; +http://www.google.com/bot.html)"
66.249.79.65 - - [24/Jun/2025:19:07:53 +0000] "GET /product/edit/50081484 HTTP/1.1" 200 153445 "-" "Mozilla/5.0 (compatible; Googlebot/2.1; +http://www.google.com/bot.html)"
74.125.215.33 - - [24/Jun/2025:19:10:23 +0000] "GET /pay.php HTTP/1.1" 200 5971 "-" "Mozilla/5.0 (X11; Linux x86_64) AppleWebKit/537.36 (KHTML, like Gecko) Chrome/56.0.2924.87 Safari/537.36 Google-PageRenderer Google (+https://developers.google.com/+/web/snippet/)"
66.249.79.65 - - [24/Jun/2025:19:12:59 +0000] "GET /robots.txt HTTP/1.1" 200 2621 "-" "Mozilla/5.0 (compatible; Googlebot/2.1; +http://www.google.com/bot.html)"
66.249.79.67 - - [24/Jun/2025:19:12:59 +0000] "GET /category/7604/listing HTTP/1.1" 200 141457 "-" "Mozilla/5.0 (compatible; Googlebot/2.1; +http://www.google.com/bot.html)"
66.249.79.66 - - [24/Jun/2025:19:16:22 +0000] "GET /product/edit/26980270 HTTP/1.1" 200 151129 "-" "Mozilla/5.0 (Linux; Android 6.0.1; Nexus 5X Build/MMB29P) AppleWebKit/537.36 (KHTML, like Gecko) Chrome/137.0.7151.103 Mobile Safari/537.36 (compatible; Googlebot/2.1; +http://www.google.com/bot.html)"
66.249.79.65 - - [24/Jun/2025:19:16:38 +0000] "GET /?pid=39161703705&channel=sports-shoes&cate_id=3916 HTTP/1.1" 200 153498 "-" "Mozilla/5.0 (compatible; Googlebot/2.1; +http://www.google.com/bot.html)"
66.249.79.65 - - [24/Jun/2025:19:19:52 +0000] "GET /?pid=47233714042&channel=diet-aromatherapy&cate_id=4723 HTTP/1.1" 200 153150 "-" "Mozilla/5.0 (Linux; Android 6.0.1; Nexus 5X Build/MMB29P) AppleWebKit/537.36 (KHTML, like Gecko) Chrome/137.0.7151.103 Mobile Safari/537.36 (compatible; Googlebot/2.1; +http://www.google.com/bot.html)"
66.249.79.65 - - [24/Jun/2025:19:26:05 +0000] "GET /?pid=47152096441&channel=fashion-womens&cate_id=4715 HTTP/1.1" 200 153808 "-" "Mozilla/5.0 (compatible; Googlebot/2.1; +http://www.google.com/bot.html)"
66.249.79.66 - - [24/Jun/2025:19:34:34 +0000] "GET /?pid=55572245574&channel=art-guitars&cate_id=5557 HTTP/1.1" 200 151702 "-" "Mozilla/5.0 (compatible; Googlebot/2.1; +http://www.google.com/bot.html)"
190.92.174.217 - - [24/Jun/2025:19:35:49 +0000] "POST /sub.php HTTP/1.1" 500 - "-" "-"
104.210.140.131 - - [24/Jun/2025:19:36:47 +0000] "GET /robots.txt HTTP/2.0" 200 2621 "-" "Mozilla/5.0 (Macintosh; Intel Mac OS X 10_15_7) AppleWebKit/537.36 (KHTML, like Gecko) Chrome/131.0.0.0 Safari/537.36; compatible; OAI-SearchBot/1.0; +https://openai.com/searchbot"
190.92.174.217 - - [24/Jun/2025:19:38:34 +0000] "POST /sub.php HTTP/1.1" 500 - "-" "-"
66.249.79.65 - - [24/Jun/2025:19:38:33 +0000] "GET /?pid=38740947540&channel=computers-smartphone&cate_id=3874 HTTP/1.1" 200 151594 "-" "Mozilla/5.0 (Linux; Android 6.0.1; Nexus 5X Build/MMB29P) AppleWebKit/537.36 (KHTML, like Gecko) Chrome/137.0.7151.103 Mobile Safari/537.36 (compatible; Googlebot/2.1; +http://www.google.com/bot.html)"
66.249.79.65 - - [24/Jun/2025:19:52:56 +0000] "GET /pcmypage?callback=product/review/23832383 HTTP/1.1" 200 150627 "-" "Mozilla/5.0 (compatible; Googlebot/2.1; +http://www.google.com/bot.html)"
66.249.79.65 - - [24/Jun/2025:19:58:27 +0000] "GET /product/edit/44299246 HTTP/1.1" 200 150101 "-" "Mozilla/5.0 (Linux; Android 6.0.1; Nexus 5X Build/MMB29P) AppleWebKit/537.36 (KHTML, like Gecko) Chrome/137.0.7151.103 Mobile Safari/537.36 (compatible; Googlebot/2.1; +http://www.google.com/bot.html)"
190.92.174.217 - - [24/Jun/2025:20:01:51 +0000] "POST /sub.php HTTP/1.1" 500 - "-" "-"
66.249.79.66 - - [24/Jun/2025:20:07:11 +0000] "GET /product/edit/41025031 HTTP/1.1" 200 140790 "-" "Mozilla/5.0 (Linux; Android 6.0.1; Nexus 5X Build/MMB29P) AppleWebKit/537.36 (KHTML, like Gecko) Chrome/137.0.7151.103 Mobile Safari/537.36 (compatible; Googlebot/2.1; +http://www.google.com/bot.html)"
66.249.79.65 - - [24/Jun/2025:20:07:17 +0000] "POST /get-message-notify HTTP/1.1" 200 151876 "https://payregistrationfee.org/product/edit/41025031" "Mozilla/5.0 (Linux; Android 6.0.1; Nexus 5X Build/MMB29P) AppleWebKit/537.36 (KHTML, like Gecko) Chrome/137.0.7151.68 Mobile Safari/537.36 (compatible; Googlebot/2.1; +http://www.google.com/bot.html)"
66.249.79.65 - - [24/Jun/2025:20:14:31 +0000] "GET /pcmypage?callback=product/review/22510368 HTTP/1.1" 200 153646 "-" "Mozilla/5.0 (compatible; Googlebot/2.1; +http://www.google.com/bot.html)"
190.92.174.217 - - [24/Jun/2025:20:20:28 +0000] "POST /sub.php HTTP/1.1" 500 - "-" "-"
66.249.79.65 - - [24/Jun/2025:20:26:38 +0000] "GET /?pid=46011302671&channel=outdoor-outdoor-wear&cate_id=4601 HTTP/1.1" 200 153677 "-" "Mozilla/5.0 (compatible; Googlebot/2.1; +http://www.google.com/bot.html)"
66.249.79.65 - - [24/Jun/2025:20:27:14 +0000] "GET /?pid=38803039683&channel=sports-snowboard&cate_id=3880 HTTP/1.1" 200 145489 "-" "Mozilla/5.0 (Linux; Android 6.0.1; Nexus 5X Build/MMB29P) AppleWebKit/537.36 (KHTML, like Gecko) Chrome/137.0.7151.103 Mobile Safari/537.36 (compatible; Googlebot/2.1; +http://www.google.com/bot.html)"
66.249.79.67 - - [24/Jun/2025:20:38:16 +0000] "GET /?pid=51702445400&channel=cameras-film-cameras&cate_id=5170 HTTP/1.1" 200 152515 "-" "Mozilla/5.0 (compatible; Googlebot/2.1; +http://www.google.com/bot.html)"
66.249.79.67 - - [24/Jun/2025:20:42:33 +0000] "GET /?pid=46343937110&channel=alcohol-whiskey&cate_id=4634 HTTP/1.1" 200 151115 "-" "Mozilla/5.0 (Linux; Android 6.0.1; Nexus 5X Build/MMB29P) AppleWebKit/537.36 (KHTML, like Gecko) Chrome/137.0.7151.103 Mobile Safari/537.36 (compatible; Googlebot/2.1; +http://www.google.com/bot.html)"
66.249.79.66 - - [24/Jun/2025:20:43:01 +0000] "POST /get-message-notify HTTP/1.1" 200 151842 "https://payregistrationfee.org/?pid=46343937110&channel=alcohol-whiskey&cate_id=4634" "Mozilla/5.0 (Linux; Android 6.0.1; Nexus 5X Build/MMB29P) AppleWebKit/537.36 (KHTML, like Gecko) Chrome/137.0.7151.68 Mobile Safari/537.36 (compatible; Googlebot/2.1; +http://www.google.com/bot.html)"
66.249.79.66 - - [24/Jun/2025:20:43:21 +0000] "GET /pcmypage?callback=product/review/15239850 HTTP/1.1" 200 147894 "-" "Mozilla/5.0 (Linux; Android 6.0.1; Nexus 5X Build/MMB29P) AppleWebKit/537.36 (KHTML, like Gecko) Chrome/137.0.7151.103 Mobile Safari/537.36 (compatible; Googlebot/2.1; +http://www.google.com/bot.html)"
66.249.79.66 - - [24/Jun/2025:20:44:48 +0000] "GET /?pid=40073185742&channel=sports-futsal&cate_id=4007 HTTP/1.1" 200 143165 "-" "Mozilla/5.0 (Linux; Android 6.0.1; Nexus 5X Build/MMB29P) AppleWebKit/537.36 (KHTML, like Gecko) Chrome/137.0.7151.103 Mobile Safari/537.36 (compatible; Googlebot/2.1; +http://www.google.com/bot.html)"
66.249.79.66 - - [24/Jun/2025:20:50:25 +0000] "GET /helicopters/list HTTP/1.1" 200 147154 "-" "Mozilla/5.0 (Linux; Android 6.0.1; Nexus 5X Build/MMB29P) AppleWebKit/537.36 (KHTML, like Gecko) Chrome/137.0.7151.103 Mobile Safari/537.36 (compatible; Googlebot/2.1; +http://www.google.com/bot.html)"
66.249.79.66 - - [24/Jun/2025:21:01:02 +0000] "GET /product/edit/84072759 HTTP/1.1" 200 150756 "-" "Mozilla/5.0 (Linux; Android 6.0.1; Nexus 5X Build/MMB29P) AppleWebKit/537.36 (KHTML, like Gecko) Chrome/137.0.7151.103 Mobile Safari/537.36 (compatible; Googlebot/2.1; +http://www.google.com/bot.html)"
66.249.79.65 - - [24/Jun/2025:21:01:03 +0000] "GET /?pid=60953438176&channel=cars-cars&cate_id=6095 HTTP/1.1" 200 154797 "-" "Mozilla/5.0 (Linux; Android 6.0.1; Nexus 5X Build/MMB29P) AppleWebKit/537.36 (KHTML, like Gecko) Chrome/137.0.7151.103 Mobile Safari/537.36 (compatible; Googlebot/2.1; +http://www.google.com/bot.html)"
66.249.79.65 - - [24/Jun/2025:21:04:13 +0000] "GET /?pid=60263212900&channel=home-appliances-heating&cate_id=6026 HTTP/1.1" 200 152750 "-" "Mozilla/5.0 (compatible; Googlebot/2.1; +http://www.google.com/bot.html)"
66.249.79.65 - - [24/Jun/2025:21:04:25 +0000] "GET /?pid=48280804821&channel=diet-others&cate_id=4828 HTTP/1.1" 200 150325 "-" "Mozilla/5.0 (Linux; Android 6.0.1; Nexus 5X Build/MMB29P) AppleWebKit/537.36 (KHTML, like Gecko) Chrome/137.0.7151.103 Mobile Safari/537.36 (compatible; Googlebot/2.1; +http://www.google.com/bot.html)"
66.249.79.65 - - [24/Jun/2025:21:05:21 +0000] "GET /product/edit/27597976 HTTP/1.1" 200 150238 "-" "Mozilla/5.0 (compatible; Googlebot/2.1; +http://www.google.com/bot.html)"
66.249.79.67 - - [24/Jun/2025:21:06:36 +0000] "GET /?pid=46113777052&channel=outdoor-travel-appliances&cate_id=4611 HTTP/1.1" 200 153038 "-" "Mozilla/5.0 (compatible; Googlebot/2.1; +http://www.google.com/bot.html)"
66.249.79.67 - - [24/Jun/2025:21:07:28 +0000] "GET /?pid=52162572700&channel=cds-japanese-music&cate_id=5216 HTTP/1.1" 200 151576 "-" "Mozilla/5.0 (Linux; Android 6.0.1; Nexus 5X Build/MMB29P) AppleWebKit/537.36 (KHTML, like Gecko) Chrome/137.0.7151.103 Mobile Safari/537.36 (compatible; Googlebot/2.1; +http://www.google.com/bot.html)"
66.249.79.65 - - [24/Jun/2025:21:13:48 +0000] "GET /?pid=52113597079&channel=tv-audio-equipment&cate_id=5211 HTTP/1.1" 200 150816 "-" "Mozilla/5.0 (compatible; Googlebot/2.1; +http://www.google.com/bot.html)"
66.249.79.65 - - [24/Jun/2025:21:16:51 +0000] "GET /?pid=38763556681&channel=computers-pc-parts&cate_id=3876 HTTP/1.1" 200 153209 "-" "Mozilla/5.0 (Linux; Android 6.0.1; Nexus 5X Build/MMB29P) AppleWebKit/537.36 (KHTML, like Gecko) Chrome/137.0.7151.103 Mobile Safari/537.36 (compatible; Googlebot/2.1; +http://www.google.com/bot.html)"
66.249.79.65 - - [24/Jun/2025:21:19:53 +0000] "GET /?pid=46991604932&channel=fashion-dresses&cate_id=4699 HTTP/1.1" 200 154787 "-" "Mozilla/5.0 (Linux; Android 6.0.1; Nexus 5X Build/MMB29P) AppleWebKit/537.36 (KHTML, like Gecko) Chrome/137.0.7151.103 Mobile Safari/537.36 (compatible; Googlebot/2.1; +http://www.google.com/bot.html)"
66.249.79.65 - - [24/Jun/2025:21:24:29 +0000] "GET /?pid=55552654030&channel=cars-accessories&cate_id=5555 HTTP/1.1" 200 153665 "-" "Mozilla/5.0 (Linux; Android 6.0.1; Nexus 5X Build/MMB29P) AppleWebKit/537.36 (KHTML, like Gecko) Chrome/137.0.7151.103 Mobile Safari/537.36 (compatible; Googlebot/2.1; +http://www.google.com/bot.html)"
66.249.79.65 - - [24/Jun/2025:21:26:02 +0000] "GET /product/edit/60097583 HTTP/1.1" 200 146720 "-" "Mozilla/5.0 (compatible; Googlebot/2.1; +http://www.google.com/bot.html)"
66.249.79.67 - - [24/Jun/2025:21:29:40 +0000] "GET /?pid=55401282382&channel=motorcycles-parts&cate_id=5540 HTTP/1.1" 200 152417 "-" "Mozilla/5.0 (Linux; Android 6.0.1; Nexus 5X Build/MMB29P) AppleWebKit/537.36 (KHTML, like Gecko) Chrome/137.0.7151.103 Mobile Safari/537.36 (compatible; Googlebot/2.1; +http://www.google.com/bot.html)"
66.249.79.66 - - [24/Jun/2025:21:43:08 +0000] "GET /?pid=55403239779&channel=motorcycles-parts&cate_id=5540 HTTP/1.1" 200 148238 "-" "Mozilla/5.0 (compatible; Googlebot/2.1; +http://www.google.com/bot.html)"
195.2.81.242 - - [24/Jun/2025:21:44:04 +0000] "GET / HTTP/1.1" 200 - "-" "Mozilla/5.0 (Macintosh; Intel Mac OS X 10_15_7) AppleWebKit/537.36 (KHTML, like Gecko) Chrome/133.0.0.0 Safari/537.36"
66.249.79.65 - - [24/Jun/2025:21:46:37 +0000] "GET /?pid=47151892795&channel=fashion-womens&cate_id=4715 HTTP/1.1" 200 155353 "-" "Mozilla/5.0 (compatible; Googlebot/2.1; +http://www.google.com/bot.html)"
66.249.79.65 - - [24/Jun/2025:21:49:39 +0000] "GET /?pid=60244314979&channel=sports-baseball&cate_id=6024 HTTP/1.1" 200 147328 "-" "Mozilla/5.0 (Linux; Android 6.0.1; Nexus 5X Build/MMB29P) AppleWebKit/537.36 (KHTML, like Gecko) Chrome/137.0.7151.103 Mobile Safari/537.36 (compatible; Googlebot/2.1; +http://www.google.com/bot.html)"
190.92.174.217 - - [24/Jun/2025:21:50:16 +0000] "POST /sub.php HTTP/1.1" 500 - "-" "-"
66.249.79.66 - - [24/Jun/2025:21:53:12 +0000] "GET /?pid=37921748639&channel=tablets-windows-notebooks&cate_id=3792 HTTP/1.1" 200 153121 "-" "Mozilla/5.0 (compatible; Googlebot/2.1; +http://www.google.com/bot.html)"
66.249.79.66 - - [24/Jun/2025:21:54:30 +0000] "GET /?pid=60291777125&channel=beauty-basic-cosmetics&cate_id=6029 HTTP/1.1" 200 143699 "-" "Mozilla/5.0 (compatible; Googlebot/2.1; +http://www.google.com/bot.html)"
66.249.79.65 - - [24/Jun/2025:21:54:33 +0000] "GET /?pid=46922998975&channel=fashion-shoes&cate_id=4692 HTTP/1.1" 200 151821 "-" "Mozilla/5.0 (Linux; Android 6.0.1; Nexus 5X Build/MMB29P) AppleWebKit/537.36 (KHTML, like Gecko) Chrome/137.0.7151.103 Mobile Safari/537.36 (compatible; Googlebot/2.1; +http://www.google.com/bot.html)"
66.249.79.66 - - [24/Jun/2025:21:56:30 +0000] "GET /?pid=60952198229&channel=cars-cars&cate_id=6095 HTTP/1.1" 200 151778 "-" "Mozilla/5.0 (compatible; Googlebot/2.1; +http://www.google.com/bot.html)"
190.92.174.217 - - [24/Jun/2025:22:03:58 +0000] "POST /sub.php HTTP/1.1" 500 - "-" "-"
66.249.79.67 - - [24/Jun/2025:22:14:19 +0000] "GET /?pid=44541895228&channel=diy-others&cate_id=4454 HTTP/1.1" 200 152279 "-" "Mozilla/5.0 (compatible; Googlebot/2.1; +http://www.google.com/bot.html)"
190.92.174.217 - - [24/Jun/2025:22:22:40 +0000] "POST /sub.php HTTP/1.1" 500 - "-" "-"
66.249.79.66 - - [24/Jun/2025:22:25:57 +0000] "GET /?pid=52770506578&channel=kitchen-fabric-softener&cate_id=5277 HTTP/1.1" 200 146232 "-" "Mozilla/5.0 (compatible; Googlebot/2.1; +http://www.google.com/bot.html)"
66.249.79.66 - - [24/Jun/2025:22:29:32 +0000] "GET /?pid=38461909376&channel=computers-e-book-readers&cate_id=3846 HTTP/1.1" 200 153498 "-" "Mozilla/5.0 (Linux; Android 6.0.1; Nexus 5X Build/MMB29P) AppleWebKit/537.36 (KHTML, like Gecko) Chrome/137.0.7151.103 Mobile Safari/537.36 (compatible; Googlebot/2.1; +http://www.google.com/bot.html)"
66.249.79.66 - - [24/Jun/2025:22:31:43 +0000] "GET /?pid=51701798909&channel=audio-film-cameras&cate_id=5170 HTTP/1.1" 200 152306 "-" "Mozilla/5.0 (Linux; Android 6.0.1; Nexus 5X Build/MMB29P) AppleWebKit/537.36 (KHTML, like Gecko) Chrome/137.0.7151.103 Mobile Safari/537.36 (compatible; Googlebot/2.1; +http://www.google.com/bot.html)"
190.92.174.217 - - [24/Jun/2025:22:32:11 +0000] "POST /sub.php HTTP/1.1" 500 - "-" "-"
66.249.79.65 - - [24/Jun/2025:22:36:16 +0000] "GET /?pid=46343182964&channel=drinks-whiskey&cate_id=4634 HTTP/1.1" 200 148607 "-" "Mozilla/5.0 (Linux; Android 6.0.1; Nexus 5X Build/MMB29P) AppleWebKit/537.36 (KHTML, like Gecko) Chrome/137.0.7151.103 Mobile Safari/537.36 (compatible; Googlebot/2.1; +http://www.google.com/bot.html)"
66.249.79.65 - - [24/Jun/2025:22:42:10 +0000] "GET /?pid=55402136235&channel=motorcycles-parts&cate_id=5540 HTTP/1.1" 200 151953 "-" "Mozilla/5.0 (Linux; Android 6.0.1; Nexus 5X Build/MMB29P) AppleWebKit/537.36 (KHTML, like Gecko) Chrome/137.0.7151.103 Mobile Safari/537.36 (compatible; Googlebot/2.1; +http://www.google.com/bot.html)"
66.249.79.65 - - [24/Jun/2025:22:53:17 +0000] "GET /?pid=52120625323&channel=blu-ray-anime&cate_id=5212 HTTP/1.1" 200 154998 "-" "Mozilla/5.0 (compatible; Googlebot/2.1; +http://www.google.com/bot.html)"
66.249.79.67 - - [24/Jun/2025:22:59:39 +0000] "GET /product/edit/96538037 HTTP/1.1" 200 151959 "-" "Mozilla/5.0 (Linux; Android 6.0.1; Nexus 5X Build/MMB29P) AppleWebKit/537.36 (KHTML, like Gecko) Chrome/137.0.7151.103 Mobile Safari/537.36 (compatible; Googlebot/2.1; +http://www.google.com/bot.html)"
66.249.79.66 - - [24/Jun/2025:23:00:02 +0000] "GET /?pid=40461831944&channel=gardening-other-succulents&cate_id=4046 HTTP/1.1" 200 153748 "-" "Mozilla/5.0 (compatible; Googlebot/2.1; +http://www.google.com/bot.html)"
190.92.174.217 - - [24/Jun/2025:23:00:54 +0000] "POST /sub.php HTTP/1.1" 500 - "-" "-"
66.249.79.67 - - [24/Jun/2025:23:01:54 +0000] "GET /?pid=48761765817&channel=handicrafts-table-clocks&cate_id=4876 HTTP/1.1" 200 151680 "-" "Mozilla/5.0 (Linux; Android 6.0.1; Nexus 5X Build/MMB29P) AppleWebKit/537.36 (KHTML, like Gecko) Chrome/137.0.7151.103 Mobile Safari/537.36 (compatible; Googlebot/2.1; +http://www.google.com/bot.html)"
66.249.79.65 - - [24/Jun/2025:23:10:49 +0000] "GET /?pid=60851127783&channel=art-collections&cate_id=6085 HTTP/1.1" 200 151620 "-" "Mozilla/5.0 (Linux; Android 6.0.1; Nexus 5X Build/MMB29P) AppleWebKit/537.36 (KHTML, like Gecko) Chrome/137.0.7151.103 Mobile Safari/537.36 (compatible; Googlebot/2.1; +http://www.google.com/bot.html)"
66.249.79.65 - - [24/Jun/2025:23:16:47 +0000] "GET /product/edit/41967607 HTTP/1.1" 200 150809 "-" "Mozilla/5.0 (Linux; Android 6.0.1; Nexus 5X Build/MMB29P) AppleWebKit/537.36 (KHTML, like Gecko) Chrome/137.0.7151.103 Mobile Safari/537.36 (compatible; Googlebot/2.1; +http://www.google.com/bot.html)"
66.249.79.65 - - [24/Jun/2025:23:17:36 +0000] "GET /product/edit/78610906 HTTP/1.1" 200 145384 "-" "Mozilla/5.0 (Linux; Android 6.0.1; Nexus 5X Build/MMB29P) AppleWebKit/537.36 (KHTML, like Gecko) Chrome/137.0.7151.103 Mobile Safari/537.36 (compatible; Googlebot/2.1; +http://www.google.com/bot.html)"
66.249.79.66 - - [24/Jun/2025:23:25:34 +0000] "GET /?pid=47150798377&channel=fashion-womens&cate_id=4715 HTTP/1.1" 200 143731 "-" "Mozilla/5.0 (Linux; Android 6.0.1; Nexus 5X Build/MMB29P) AppleWebKit/537.36 (KHTML, like Gecko) Chrome/137.0.7151.103 Mobile Safari/537.36 (compatible; Googlebot/2.1; +http://www.google.com/bot.html)"
66.249.79.66 - - [24/Jun/2025:23:28:28 +0000] "GET /pcmypage?callback=product/detail/35528743 HTTP/1.1" 200 151603 "-" "Mozilla/5.0 (compatible; Googlebot/2.1; +http://www.google.com/bot.html)"
66.249.79.65 - - [24/Jun/2025:23:32:29 +0000] "GET /?pid=61092300934&channel=smartphones-gaming-pcs&cate_id=6109 HTTP/1.1" 200 150937 "-" "Mozilla/5.0 (Linux; Android 6.0.1; Nexus 5X Build/MMB29P) AppleWebKit/537.36 (KHTML, like Gecko) Chrome/137.0.7151.103 Mobile Safari/537.36 (compatible; Googlebot/2.1; +http://www.google.com/bot.html)"
66.249.79.67 - - [24/Jun/2025:23:34:54 +0000] "POST /get-message-notify HTTP/1.1" 200 151756 "https://payregistrationfee.org/?pid=61092300934&channel=smartphones-gaming-pcs&cate_id=6109" "Mozilla/5.0 (Linux; Android 6.0.1; Nexus 5X Build/MMB29P) AppleWebKit/537.36 (KHTML, like Gecko) Chrome/137.0.7151.68 Mobile Safari/537.36 (compatible; Googlebot/2.1; +http://www.google.com/bot.html)"
190.92.174.217 - - [24/Jun/2025:23:34:59 +0000] "POST /sub.php HTTP/1.1" 500 - "-" "-"
66.249.79.65 - - [24/Jun/2025:23:35:58 +0000] "GET /?pid=52104200971&channel=audio-cameras&cate_id=5210 HTTP/1.1" 200 150304 "-" "Mozilla/5.0 (Linux; Android 6.0.1; Nexus 5X Build/MMB29P) AppleWebKit/537.36 (KHTML, like Gecko) Chrome/137.0.7151.103 Mobile Safari/537.36 (compatible; Googlebot/2.1; +http://www.google.com/bot.html)"
66.249.79.65 - - [24/Jun/2025:23:37:00 +0000] "GET /product/edit/69708088 HTTP/1.1" 200 152672 "-" "Mozilla/5.0 (Linux; Android 6.0.1; Nexus 5X Build/MMB29P) AppleWebKit/537.36 (KHTML, like Gecko) Chrome/137.0.7151.103 Mobile Safari/537.36 (compatible; Googlebot/2.1; +http://www.google.com/bot.html)"
66.249.79.65 - - [24/Jun/2025:23:38:03 +0000] "GET /pcmypage?callback=product/review/21469059 HTTP/1.1" 200 155640 "-" "Mozilla/5.0 (Linux; Android 6.0.1; Nexus 5X Build/MMB29P) AppleWebKit/537.36 (KHTML, like Gecko) Chrome/137.0.7151.103 Mobile Safari/537.36 (compatible; Googlebot/2.1; +http://www.google.com/bot.html)"
66.249.79.65 - - [24/Jun/2025:23:38:56 +0000] "GET /?pid=60881855678&channel=games-figures&cate_id=6088 HTTP/1.1" 200 148975 "-" "Mozilla/5.0 (Linux; Android 6.0.1; Nexus 5X Build/MMB29P) AppleWebKit/537.36 (KHTML, like Gecko) Chrome/137.0.7151.103 Mobile Safari/537.36 (compatible; Googlebot/2.1; +http://www.google.com/bot.html)"
190.92.174.217 - - [24/Jun/2025:23:40:48 +0000] "POST /sub.php HTTP/1.1" 500 - "-" "-"
190.92.174.217 - - [24/Jun/2025:23:41:13 +0000] "POST /sub.php HTTP/1.1" 500 - "-" "-"
66.249.79.65 - - [24/Jun/2025:23:42:00 +0000] "GET /?pid=55400609916&channel=motorcycles-parts&cate_id=5540 HTTP/1.1" 200 152598 "-" "Mozilla/5.0 (compatible; Googlebot/2.1; +http://www.google.com/bot.html)"
66.249.79.65 - - [24/Jun/2025:23:47:31 +0000] "GET /?pid=39152278733&channel=sports-head-covers&cate_id=3915 HTTP/1.1" 200 148190 "-" "Mozilla/5.0 (Linux; Android 6.0.1; Nexus 5X Build/MMB29P) AppleWebKit/537.36 (KHTML, like Gecko) Chrome/137.0.7151.103 Mobile Safari/537.36 (compatible; Googlebot/2.1; +http://www.google.com/bot.html)"
51.68.111.219 - - [24/Jun/2025:23:48:10 +0000] "GET /robots.txt HTTP/1.1" 200 2621 "-" "Mozilla/5.0 (compatible; MJ12bot/v2.0.2; http://mj12bot.com/)"
51.68.111.219 - - [24/Jun/2025:23:48:10 +0000] "GET / HTTP/1.1" 200 - "-" "Mozilla/5.0 (compatible; MJ12bot/v2.0.2; http://mj12bot.com/)"
66.249.79.65 - - [24/Jun/2025:23:49:05 +0000] "GET /?pid=45493829384&channel=tickets-shopping&cate_id=4549 HTTP/1.1" 200 145181 "-" "Mozilla/5.0 (Linux; Android 6.0.1; Nexus 5X Build/MMB29P) AppleWebKit/537.36 (KHTML, like Gecko) Chrome/137.0.7151.103 Mobile Safari/537.36 (compatible; Googlebot/2.1; +http://www.google.com/bot.html)"
66.249.79.65 - - [24/Jun/2025:23:49:49 +0000] "GET /?pid=38490397435&channel=tablets-displays&cate_id=3849 HTTP/1.1" 200 152676 "-" "Mozilla/5.0 (compatible; Googlebot/2.1; +http://www.google.com/bot.html)"
190.92.174.217 - - [24/Jun/2025:23:51:19 +0000] "POST /sub.php HTTP/1.1" 500 - "-" "-"
190.92.174.217 - - [24/Jun/2025:23:51:25 +0000] "POST /sub.php HTTP/1.1" 500 - "-" "-"
66.249.79.66 - - [24/Jun/2025:23:51:46 +0000] "POST /get-message-notify HTTP/1.1" 200 151864 "https://payregistrationfee.org/?pid=45493829384&channel=tickets-shopping&cate_id=4549" "Mozilla/5.0 (Linux; Android 6.0.1; Nexus 5X Build/MMB29P) AppleWebKit/537.36 (KHTML, like Gecko) Chrome/137.0.7151.68 Mobile Safari/537.36 (compatible; Googlebot/2.1; +http://www.google.com/bot.html)"
