Файловый менеджер - Редактировать - /var/log/apache2/domlogs/d46091/payregistrationfee.org.msmeregistrar.net-ssl_log
Назад
66.249.79.65 - - [24/Jun/2025:12:12:00 +0000] "GET /pcmypage?callback=/product%2Fdetail%2F49034418 HTTP/1.1" 200 149563 "-" "Mozilla/5.0 (Linux; Android 6.0.1; Nexus 5X Build/MMB29P) AppleWebKit/537.36 (KHTML, like Gecko) Chrome/137.0.7151.103 Mobile Safari/537.36 (compatible; Googlebot/2.1; +http://www.google.com/bot.html)"
66.249.79.65 - - [24/Jun/2025:12:12:04 +0000] "POST /get-message-notify HTTP/1.1" 200 151744 "https://payregistrationfee.org/pcmypage?callback=/product%2Fdetail%2F49034418" "Mozilla/5.0 (Linux; Android 6.0.1; Nexus 5X Build/MMB29P) AppleWebKit/537.36 (KHTML, like Gecko) Chrome/137.0.7151.68 Mobile Safari/537.36 (compatible; Googlebot/2.1; +http://www.google.com/bot.html)"
190.92.174.217 - - [24/Jun/2025:12:12:15 +0000] "POST /sub.php HTTP/1.1" 500 - "-" "-"
106.51.43.135 - - [24/Jun/2025:12:13:18 +0000] "GET /pay.php HTTP/2.0" 200 5971 "-" "Mozilla/5.0 (Windows NT 10.0; Win64; x64) AppleWebKit/537.36 (KHTML, like Gecko) Chrome/137.0.0.0 Safari/537.36 Edg/137.0.0.0"
106.51.43.135 - - [24/Jun/2025:12:13:19 +0000] "GET /favicon.ico HTTP/2.0" 200 - "https://payregistrationfee.org/pay.php" "Mozilla/5.0 (Windows NT 10.0; Win64; x64) AppleWebKit/537.36 (KHTML, like Gecko) Chrome/137.0.0.0 Safari/537.36 Edg/137.0.0.0"
199.45.155.85 - - [24/Jun/2025:12:13:21 +0000] "GET /favicon.ico HTTP/1.1" 200 12450 "http://webmail.payregistrationfee.org/favicon.ico" "Mozilla/5.0 (compatible; CensysInspect/1.1; +https://about.censys.io/)"
190.92.174.217 - - [24/Jun/2025:12:13:50 +0000] "POST /sub.php HTTP/1.1" 500 - "-" "-"
152.57.111.97 - - [24/Jun/2025:12:13:55 +0000] "GET /pay.php HTTP/2.0" 200 5971 "-" "Mozilla/5.0 (Linux; Android 10; K) AppleWebKit/537.36 (KHTML, like Gecko) Chrome/136.0.0.0 Mobile Safari/537.36"
152.57.111.97 - - [24/Jun/2025:12:13:56 +0000] "GET /favicon.ico HTTP/2.0" 200 - "https://payregistrationfee.org/pay.php" "Mozilla/5.0 (Linux; Android 10; K) AppleWebKit/537.36 (KHTML, like Gecko) Chrome/136.0.0.0 Mobile Safari/537.36"
190.92.174.217 - - [24/Jun/2025:12:14:07 +0000] "POST /sub.php HTTP/1.1" 500 - "-" "-"
190.92.174.217 - - [24/Jun/2025:12:14:41 +0000] "POST /sub.php HTTP/1.1" 500 - "-" "-"
190.92.174.217 - - [24/Jun/2025:12:15:34 +0000] "POST /sub.php HTTP/1.1" 500 - "-" "-"
190.92.174.217 - - [24/Jun/2025:12:15:35 +0000] "POST /sub.php HTTP/1.1" 500 - "-" "-"
190.92.174.217 - - [24/Jun/2025:12:15:55 +0000] "POST /sub.php HTTP/1.1" 500 - "-" "-"
190.92.174.217 - - [24/Jun/2025:12:16:15 +0000] "POST /sub.php HTTP/1.1" 500 - "-" "-"
190.92.174.217 - - [24/Jun/2025:12:16:46 +0000] "POST /sub.php HTTP/1.1" 500 - "-" "-"
190.92.174.217 - - [24/Jun/2025:12:16:56 +0000] "POST /sub.php HTTP/1.1" 500 - "-" "-"
190.92.174.217 - - [24/Jun/2025:12:17:32 +0000] "POST /sub.php HTTP/1.1" 500 - "-" "-"
190.92.174.217 - - [24/Jun/2025:12:18:02 +0000] "POST /sub.php HTTP/1.1" 500 - "-" "-"
190.92.174.217 - - [24/Jun/2025:12:19:05 +0000] "POST /sub.php HTTP/1.1" 500 - "-" "-"
190.92.174.217 - - [24/Jun/2025:12:19:42 +0000] "POST /sub.php HTTP/1.1" 500 - "-" "-"
190.92.174.217 - - [24/Jun/2025:12:20:19 +0000] "POST /sub.php HTTP/1.1" 500 - "-" "-"
190.92.174.217 - - [24/Jun/2025:12:20:48 +0000] "POST /sub.php HTTP/1.1" 500 - "-" "-"
190.92.174.217 - - [24/Jun/2025:12:20:54 +0000] "POST /sub.php HTTP/1.1" 500 - "-" "-"
190.92.174.217 - - [24/Jun/2025:12:21:04 +0000] "POST /sub.php HTTP/1.1" 500 - "-" "-"
152.57.98.92 - - [24/Jun/2025:12:21:17 +0000] "GET /favicon.ico HTTP/2.0" 200 - "https://payregistrationfee.org/pay.php" "Mozilla/5.0 (Linux; Android 10; K) AppleWebKit/537.36 (KHTML, like Gecko) Chrome/136.0.0.0 Mobile Safari/537.36"
152.57.98.92 - - [24/Jun/2025:12:21:20 +0000] "GET /favicon.ico HTTP/2.0" 200 - "https://payregistrationfee.org/pay.php" "Mozilla/5.0 (Linux; Android 10; K) AppleWebKit/537.36 (KHTML, like Gecko) Chrome/136.0.0.0 Mobile Safari/537.36"
190.92.174.217 - - [24/Jun/2025:12:21:33 +0000] "POST /sub.php HTTP/1.1" 500 - "-" "-"
190.92.174.217 - - [24/Jun/2025:12:21:33 +0000] "POST /sub.php HTTP/1.1" 500 - "-" "-"
190.92.174.217 - - [24/Jun/2025:12:22:09 +0000] "POST /sub.php HTTP/1.1" 500 - "-" "-"
190.92.174.217 - - [24/Jun/2025:12:22:25 +0000] "POST /sub.php HTTP/1.1" 500 - "-" "-"
190.92.174.217 - - [24/Jun/2025:12:23:03 +0000] "POST /sub.php HTTP/1.1" 500 - "-" "-"
190.92.174.217 - - [24/Jun/2025:12:23:07 +0000] "POST /sub.php HTTP/1.1" 500 - "-" "-"
190.92.174.217 - - [24/Jun/2025:12:23:16 +0000] "POST /sub.php HTTP/1.1" 500 - "-" "-"
190.92.174.217 - - [24/Jun/2025:12:23:47 +0000] "POST /sub.php HTTP/1.1" 500 - "-" "-"
190.92.174.217 - - [24/Jun/2025:12:24:13 +0000] "POST /sub.php HTTP/1.1" 500 - "-" "-"
190.92.174.217 - - [24/Jun/2025:12:24:23 +0000] "POST /sub.php HTTP/1.1" 500 - "-" "-"
106.213.80.137 - - [24/Jun/2025:12:24:24 +0000] "GET /?invId=YpbcpuRtYB HTTP/2.0" 200 - "-" "Mozilla/5.0 (Windows NT 10.0; Win64; x64) AppleWebKit/537.36 (KHTML, like Gecko) Chrome/137.0.0.0 Safari/537.36"
106.213.80.137 - - [24/Jun/2025:12:24:24 +0000] "GET /favicon.ico HTTP/2.0" 200 - "https://payregistrationfee.org/?invId=YpbcpuRtYB" "Mozilla/5.0 (Windows NT 10.0; Win64; x64) AppleWebKit/537.36 (KHTML, like Gecko) Chrome/137.0.0.0 Safari/537.36"
190.92.174.217 - - [24/Jun/2025:12:25:05 +0000] "POST /sub.php HTTP/1.1" 500 - "-" "-"
106.219.186.193 - - [24/Jun/2025:12:25:16 +0000] "GET /pay.php HTTP/1.1" 200 5971 "-" "WhatsApp/2.23.20.0"
106.219.186.193 - - [24/Jun/2025:12:25:16 +0000] "GET /favicon.ico HTTP/1.1" 200 - "-" "WhatsApp/2.23.20.0"
190.92.174.217 - - [24/Jun/2025:12:25:20 +0000] "POST /sub.php HTTP/1.1" 500 - "-" "-"
106.219.186.193 - - [24/Jun/2025:12:25:25 +0000] "GET /pay.php HTTP/2.0" 200 5971 "-" "Mozilla/5.0 (Linux; Android 10; K) AppleWebKit/537.36 (KHTML, like Gecko) Chrome/136.0.0.0 Mobile Safari/537.36"
106.219.186.193 - - [24/Jun/2025:12:25:29 +0000] "GET /favicon.ico HTTP/2.0" 200 - "https://payregistrationfee.org/pay.php" "Mozilla/5.0 (Linux; Android 10; K) AppleWebKit/537.36 (KHTML, like Gecko) Chrome/136.0.0.0 Mobile Safari/537.36"
106.213.80.137 - - [24/Jun/2025:12:26:01 +0000] "GET /?invId=YpbcpuRtYB HTTP/2.0" 200 - "-" "Mozilla/5.0 (Windows NT 10.0; Win64; x64) AppleWebKit/537.36 (KHTML, like Gecko) Chrome/137.0.0.0 Safari/537.36"
106.213.80.137 - - [24/Jun/2025:12:26:01 +0000] "GET /favicon.ico HTTP/2.0" 200 - "https://payregistrationfee.org/?invId=YpbcpuRtYB" "Mozilla/5.0 (Windows NT 10.0; Win64; x64) AppleWebKit/537.36 (KHTML, like Gecko) Chrome/137.0.0.0 Safari/537.36"
223.228.90.92 - - [24/Jun/2025:12:26:07 +0000] "GET /pay.php HTTP/2.0" 200 5971 "-" "Mozilla/5.0 (Linux; Android 10; K) AppleWebKit/537.36 (KHTML, like Gecko) Chrome/137.0.0.0 Mobile Safari/537.36"
223.228.90.92 - - [24/Jun/2025:12:26:10 +0000] "GET /favicon.ico HTTP/2.0" 200 - "https://payregistrationfee.org/pay.php" "Mozilla/5.0 (Linux; Android 10; K) AppleWebKit/537.36 (KHTML, like Gecko) Chrome/137.0.0.0 Mobile Safari/537.36"
106.213.80.137 - - [24/Jun/2025:12:26:15 +0000] "GET /?invId=YpbcpuRtYB HTTP/2.0" 200 - "-" "Mozilla/5.0 (Windows NT 10.0; Win64; x64) AppleWebKit/537.36 (KHTML, like Gecko) Chrome/137.0.0.0 Safari/537.36"
106.213.80.137 - - [24/Jun/2025:12:26:15 +0000] "GET /favicon.ico HTTP/2.0" 200 - "https://payregistrationfee.org/?invId=YpbcpuRtYB" "Mozilla/5.0 (Windows NT 10.0; Win64; x64) AppleWebKit/537.36 (KHTML, like Gecko) Chrome/137.0.0.0 Safari/537.36"
106.213.80.137 - - [24/Jun/2025:12:26:23 +0000] "GET /?invId=YpbcpuRtYB HTTP/2.0" 200 - "-" "Mozilla/5.0 (Windows NT 10.0; Win64; x64) AppleWebKit/537.36 (KHTML, like Gecko) Chrome/137.0.0.0 Safari/537.36"
106.213.80.137 - - [24/Jun/2025:12:26:23 +0000] "GET /favicon.ico HTTP/2.0" 200 - "https://payregistrationfee.org/?invId=YpbcpuRtYB" "Mozilla/5.0 (Windows NT 10.0; Win64; x64) AppleWebKit/537.36 (KHTML, like Gecko) Chrome/137.0.0.0 Safari/537.36"
66.249.79.67 - - [24/Jun/2025:12:26:26 +0000] "GET /product/edit/96418013 HTTP/1.1" 200 146563 "-" "Mozilla/5.0 (Linux; Android 6.0.1; Nexus 5X Build/MMB29P) AppleWebKit/537.36 (KHTML, like Gecko) Chrome/137.0.7151.103 Mobile Safari/537.36 (compatible; Googlebot/2.1; +http://www.google.com/bot.html)"
103.186.128.154 - - [24/Jun/2025:12:26:29 +0000] "GET /pay.php HTTP/2.0" 200 5971 "-" "Mozilla/5.0 (Linux; Android 10; K) AppleWebKit/537.36 (KHTML, like Gecko) Chrome/137.0.0.0 Mobile Safari/537.36"
103.186.128.154 - - [24/Jun/2025:12:26:32 +0000] "GET /favicon.ico HTTP/2.0" 200 - "https://payregistrationfee.org/pay.php" "Mozilla/5.0 (Linux; Android 10; K) AppleWebKit/537.36 (KHTML, like Gecko) Chrome/137.0.0.0 Mobile Safari/537.36"
190.92.174.217 - - [24/Jun/2025:12:27:34 +0000] "POST /sub.php HTTP/1.1" 500 - "-" "-"
190.92.174.217 - - [24/Jun/2025:12:27:37 +0000] "POST /sub.php HTTP/1.1" 500 - "-" "-"
58.84.62.157 - - [24/Jun/2025:12:28:45 +0000] "GET /pay.php HTTP/2.0" 200 5971 "-" "Mozilla/5.0 (iPhone; CPU iPhone OS 18_5 like Mac OS X) AppleWebKit/605.1.15 (KHTML, like Gecko) Version/18.5 Mobile/15E148 Safari/604.1"
58.84.62.157 - - [24/Jun/2025:12:28:46 +0000] "GET /favicon.ico HTTP/2.0" 200 - "https://payregistrationfee.org/pay.php" "Mozilla/5.0 (iPhone; CPU iPhone OS 18_5 like Mac OS X) AppleWebKit/605.1.15 (KHTML, like Gecko) Version/18.5 Mobile/15E148 Safari/604.1"
190.92.174.217 - - [24/Jun/2025:12:28:57 +0000] "POST /sub.php HTTP/1.1" 500 - "-" "-"
190.92.174.217 - - [24/Jun/2025:12:30:08 +0000] "POST /sub.php HTTP/1.1" 500 - "-" "-"
190.92.174.217 - - [24/Jun/2025:12:30:18 +0000] "POST /sub.php HTTP/1.1" 500 - "-" "-"
190.92.174.217 - - [24/Jun/2025:12:30:57 +0000] "POST /sub.php HTTP/1.1" 500 - "-" "-"
190.92.174.217 - - [24/Jun/2025:12:31:28 +0000] "POST /sub.php HTTP/1.1" 500 - "-" "-"
190.92.174.217 - - [24/Jun/2025:12:31:40 +0000] "POST /sub.php HTTP/1.1" 500 - "-" "-"
190.92.174.217 - - [24/Jun/2025:12:32:07 +0000] "POST /sub.php HTTP/1.1" 500 - "-" "-"
66.249.79.65 - - [24/Jun/2025:12:32:11 +0000] "GET /?pid=55453677188&channel=cars-bicycles&cate_id=5545 HTTP/1.1" 200 152942 "-" "Mozilla/5.0 (compatible; Googlebot/2.1; +http://www.google.com/bot.html)"
190.92.174.217 - - [24/Jun/2025:12:32:43 +0000] "POST /sub.php HTTP/1.1" 500 - "-" "-"
190.92.174.217 - - [24/Jun/2025:12:33:31 +0000] "POST /sub.php HTTP/1.1" 500 - "-" "-"
66.249.79.67 - - [24/Jun/2025:12:33:58 +0000] "GET /product/edit/19025755 HTTP/1.1" 200 141151 "-" "Mozilla/5.0 (Linux; Android 6.0.1; Nexus 5X Build/MMB29P) AppleWebKit/537.36 (KHTML, like Gecko) Chrome/137.0.7151.103 Mobile Safari/537.36 (compatible; Googlebot/2.1; +http://www.google.com/bot.html)"
190.92.174.217 - - [24/Jun/2025:12:34:03 +0000] "POST /sub.php HTTP/1.1" 500 - "-" "-"
190.92.174.217 - - [24/Jun/2025:12:36:53 +0000] "POST /sub.php HTTP/1.1" 500 - "-" "-"
190.92.174.217 - - [24/Jun/2025:12:36:56 +0000] "POST /sub.php HTTP/1.1" 500 - "-" "-"
190.92.174.217 - - [24/Jun/2025:12:37:10 +0000] "POST /sub.php HTTP/1.1" 500 - "-" "-"
190.92.174.217 - - [24/Jun/2025:12:37:10 +0000] "POST /sub.php HTTP/1.1" 500 - "-" "-"
190.92.174.217 - - [24/Jun/2025:12:38:12 +0000] "POST /sub.php HTTP/1.1" 500 - "-" "-"
190.92.174.217 - - [24/Jun/2025:12:38:46 +0000] "POST /sub.php HTTP/1.1" 500 - "-" "-"
190.92.174.217 - - [24/Jun/2025:12:39:32 +0000] "POST /sub.php HTTP/1.1" 500 - "-" "-"
190.92.174.217 - - [24/Jun/2025:12:40:01 +0000] "POST /sub.php HTTP/1.1" 500 - "-" "-"
190.92.174.217 - - [24/Jun/2025:12:40:47 +0000] "POST /sub.php HTTP/1.1" 500 - "-" "-"
190.92.174.217 - - [24/Jun/2025:12:41:27 +0000] "POST /sub.php HTTP/1.1" 500 - "-" "-"
190.92.174.217 - - [24/Jun/2025:12:41:38 +0000] "POST /sub.php HTTP/1.1" 500 - "-" "-"
190.92.174.217 - - [24/Jun/2025:12:42:24 +0000] "POST /sub.php HTTP/1.1" 500 - "-" "-"
190.92.174.217 - - [24/Jun/2025:12:42:27 +0000] "POST /sub.php HTTP/1.1" 500 - "-" "-"
190.92.174.217 - - [24/Jun/2025:12:42:28 +0000] "POST /sub.php HTTP/1.1" 500 - "-" "-"
66.249.79.66 - - [24/Jun/2025:12:42:38 +0000] "GET /pcmypage?callback=product/review/88245642 HTTP/1.1" 200 153125 "-" "Mozilla/5.0 (Linux; Android 6.0.1; Nexus 5X Build/MMB29P) AppleWebKit/537.36 (KHTML, like Gecko) Chrome/137.0.7151.103 Mobile Safari/537.36 (compatible; Googlebot/2.1; +http://www.google.com/bot.html)"
190.92.174.217 - - [24/Jun/2025:12:43:26 +0000] "POST /sub.php HTTP/1.1" 500 - "-" "-"
190.92.174.217 - - [24/Jun/2025:12:44:53 +0000] "POST /sub.php HTTP/1.1" 500 - "-" "-"
190.92.174.217 - - [24/Jun/2025:12:45:17 +0000] "POST /sub.php HTTP/1.1" 500 - "-" "-"
190.92.174.217 - - [24/Jun/2025:12:45:30 +0000] "POST /sub.php HTTP/1.1" 500 - "-" "-"
190.92.174.217 - - [24/Jun/2025:12:45:43 +0000] "POST /sub.php HTTP/1.1" 500 - "-" "-"
190.92.174.217 - - [24/Jun/2025:12:47:11 +0000] "POST /sub.php HTTP/1.1" 500 - "-" "-"
190.92.174.217 - - [24/Jun/2025:12:47:14 +0000] "POST /sub.php HTTP/1.1" 500 - "-" "-"
190.92.174.217 - - [24/Jun/2025:12:47:31 +0000] "POST /sub.php HTTP/1.1" 500 - "-" "-"
190.92.174.217 - - [24/Jun/2025:12:49:29 +0000] "POST /sub.php HTTP/1.1" 500 - "-" "-"
190.92.174.217 - - [24/Jun/2025:12:49:54 +0000] "POST /sub.php HTTP/1.1" 500 - "-" "-"
110.225.34.72 - - [24/Jun/2025:12:50:52 +0000] "GET /pay.php HTTP/2.0" 200 5971 "-" "Mozilla/5.0 (iPhone; CPU iPhone OS 18_4_0 like Mac OS X) AppleWebKit/605.1.15 (KHTML, like Gecko) CriOS/137.0.7151.107 Mobile/15E148 Safari/604.1"
110.225.34.72 - - [24/Jun/2025:12:50:53 +0000] "GET /favicon.ico HTTP/2.0" 200 - "-" "Mozilla/5.0 (iPhone; CPU iPhone OS 18_4_0 like Mac OS X) AppleWebKit/605.1.15 (KHTML, like Gecko) CriOS/137.0.7151.107 Mobile/15E148 Safari/604.1"
190.92.174.217 - - [24/Jun/2025:12:50:56 +0000] "POST /sub.php HTTP/1.1" 500 - "-" "-"
66.249.79.65 - - [24/Jun/2025:12:51:58 +0000] "GET /?pid=51632215739&channel=toys-others&cate_id=5163 HTTP/1.1" 200 146034 "-" "Mozilla/5.0 (Linux; Android 6.0.1; Nexus 5X Build/MMB29P) AppleWebKit/537.36 (KHTML, like Gecko) Chrome/137.0.7151.103 Mobile Safari/537.36 (compatible; Googlebot/2.1; +http://www.google.com/bot.html)"
66.249.79.66 - - [24/Jun/2025:12:52:40 +0000] "POST /get-message-notify HTTP/1.1" 200 151732 "https://payregistrationfee.org/?pid=51632215739&channel=toys-others&cate_id=5163" "Mozilla/5.0 (Linux; Android 6.0.1; Nexus 5X Build/MMB29P) AppleWebKit/537.36 (KHTML, like Gecko) Chrome/137.0.7151.68 Mobile Safari/537.36 (compatible; Googlebot/2.1; +http://www.google.com/bot.html)"
190.92.174.217 - - [24/Jun/2025:12:53:13 +0000] "POST /sub.php HTTP/1.1" 500 - "-" "-"
190.92.174.217 - - [24/Jun/2025:12:54:19 +0000] "POST /sub.php HTTP/1.1" 500 - "-" "-"
190.92.174.217 - - [24/Jun/2025:12:54:21 +0000] "POST /sub.php HTTP/1.1" 500 - "-" "-"
190.92.174.217 - - [24/Jun/2025:12:55:37 +0000] "POST /sub.php HTTP/1.1" 500 - "-" "-"
190.92.174.217 - - [24/Jun/2025:12:55:49 +0000] "POST /sub.php HTTP/1.1" 500 - "-" "-"
190.92.174.217 - - [24/Jun/2025:12:55:51 +0000] "POST /sub.php HTTP/1.1" 500 - "-" "-"
190.92.174.217 - - [24/Jun/2025:12:56:14 +0000] "POST /sub.php HTTP/1.1" 500 - "-" "-"
190.92.174.217 - - [24/Jun/2025:12:57:31 +0000] "POST /sub.php HTTP/1.1" 500 - "-" "-"
190.92.174.217 - - [24/Jun/2025:12:57:32 +0000] "POST /sub.php HTTP/1.1" 500 - "-" "-"
190.92.174.217 - - [24/Jun/2025:12:57:37 +0000] "POST /sub.php HTTP/1.1" 500 - "-" "-"
190.92.174.217 - - [24/Jun/2025:12:58:43 +0000] "POST /sub.php HTTP/1.1" 500 - "-" "-"
190.92.174.217 - - [24/Jun/2025:12:59:38 +0000] "POST /sub.php HTTP/1.1" 500 - "-" "-"
190.92.174.217 - - [24/Jun/2025:13:00:00 +0000] "POST /sub.php HTTP/1.1" 500 - "-" "-"
190.92.174.217 - - [24/Jun/2025:13:00:06 +0000] "POST /sub.php HTTP/1.1" 500 - "-" "-"
190.92.174.217 - - [24/Jun/2025:13:00:37 +0000] "POST /sub.php HTTP/1.1" 500 - "-" "-"
190.92.174.217 - - [24/Jun/2025:13:00:43 +0000] "POST /sub.php HTTP/1.1" 500 - "-" "-"
190.92.174.217 - - [24/Jun/2025:13:00:46 +0000] "POST /sub.php HTTP/1.1" 500 - "-" "-"
190.92.174.217 - - [24/Jun/2025:13:01:09 +0000] "POST /sub.php HTTP/1.1" 500 - "-" "-"
157.51.138.157 - - [24/Jun/2025:13:01:48 +0000] "GET /pay.php HTTP/2.0" 200 5971 "-" "Mozilla/5.0 (Linux; Android 10; K) AppleWebKit/537.36 (KHTML, like Gecko) Chrome/137.0.0.0 Mobile Safari/537.36"
157.51.138.157 - - [24/Jun/2025:13:01:49 +0000] "GET /favicon.ico HTTP/2.0" 200 - "https://payregistrationfee.org/pay.php" "Mozilla/5.0 (Linux; Android 10; K) AppleWebKit/537.36 (KHTML, like Gecko) Chrome/137.0.0.0 Mobile Safari/537.36"
190.92.174.217 - - [24/Jun/2025:13:03:15 +0000] "POST /sub.php HTTP/1.1" 500 - "-" "-"
47.11.21.156 - - [24/Jun/2025:13:03:52 +0000] "GET /pay.php HTTP/2.0" 200 5971 "-" "Mozilla/5.0 (Linux; Android 10; K) AppleWebKit/537.36 (KHTML, like Gecko) Chrome/134.0.0.0 Mobile Safari/537.36"
47.11.21.156 - - [24/Jun/2025:13:03:58 +0000] "GET /favicon.ico HTTP/2.0" 200 - "https://payregistrationfee.org/pay.php" "Mozilla/5.0 (Linux; Android 10; K) AppleWebKit/537.36 (KHTML, like Gecko) Chrome/134.0.0.0 Mobile Safari/537.36"
190.92.174.217 - - [24/Jun/2025:13:03:59 +0000] "POST /sub.php HTTP/1.1" 500 - "-" "-"
190.92.174.217 - - [24/Jun/2025:13:05:07 +0000] "POST /sub.php HTTP/1.1" 500 - "-" "-"
190.92.174.217 - - [24/Jun/2025:13:05:43 +0000] "POST /sub.php HTTP/1.1" 500 - "-" "-"
190.92.174.217 - - [24/Jun/2025:13:05:49 +0000] "POST /sub.php HTTP/1.1" 500 - "-" "-"
190.92.174.217 - - [24/Jun/2025:13:07:28 +0000] "POST /sub.php HTTP/1.1" 500 - "-" "-"
152.58.178.52 - - [24/Jun/2025:13:07:53 +0000] "GET /pay.php HTTP/2.0" 200 5971 "-" "Mozilla/5.0 (Linux; Android 10; K) AppleWebKit/537.36 (KHTML, like Gecko) Chrome/135.0.0.0 Mobile Safari/537.36"
152.58.178.52 - - [24/Jun/2025:13:07:54 +0000] "GET /favicon.ico HTTP/2.0" 200 - "https://payregistrationfee.org/pay.php" "Mozilla/5.0 (Linux; Android 10; K) AppleWebKit/537.36 (KHTML, like Gecko) Chrome/135.0.0.0 Mobile Safari/537.36"
54.164.157.105 - - [24/Jun/2025:13:08:24 +0000] "GET / HTTP/2.0" 200 - "-" "okhttp/4.9.2"
54.164.157.105 - - [24/Jun/2025:13:08:25 +0000] "GET /favicon.ico HTTP/2.0" 200 - "-" "okhttp/4.9.2"
54.164.157.105 - - [24/Jun/2025:13:08:25 +0000] "GET /favicon.png HTTP/2.0" 200 - "-" "okhttp/4.9.2"
190.92.174.217 - - [24/Jun/2025:13:08:26 +0000] "POST /sub.php HTTP/1.1" 500 - "-" "-"
190.92.174.217 - - [24/Jun/2025:13:08:30 +0000] "POST /sub.php HTTP/1.1" 500 - "-" "-"
190.92.174.217 - - [24/Jun/2025:13:08:35 +0000] "POST /sub.php HTTP/1.1" 500 - "-" "-"
190.92.174.217 - - [24/Jun/2025:13:09:30 +0000] "POST /sub.php HTTP/1.1" 500 - "-" "-"
38.183.9.8 - - [24/Jun/2025:13:10:40 +0000] "GET /pay.php HTTP/2.0" 200 5971 "-" "Mozilla/5.0 (iPhone; CPU iPhone OS 18_5 like Mac OS X) AppleWebKit/605.1.15 (KHTML, like Gecko) Version/18.5 Mobile/15E148 Safari/604.1"
38.183.9.8 - - [24/Jun/2025:13:10:40 +0000] "GET /favicon.ico HTTP/2.0" 200 - "https://payregistrationfee.org/pay.php" "Mozilla/5.0 (iPhone; CPU iPhone OS 18_5 like Mac OS X) AppleWebKit/605.1.15 (KHTML, like Gecko) Version/18.5 Mobile/15E148 Safari/604.1"
190.92.174.217 - - [24/Jun/2025:13:10:47 +0000] "POST /sub.php HTTP/1.1" 500 - "-" "-"
190.92.174.217 - - [24/Jun/2025:13:11:11 +0000] "POST /sub.php HTTP/1.1" 500 - "-" "-"
190.92.174.217 - - [24/Jun/2025:13:11:18 +0000] "POST /sub.php HTTP/1.1" 500 - "-" "-"
190.92.174.217 - - [24/Jun/2025:13:11:50 +0000] "POST /sub.php HTTP/1.1" 500 - "-" "-"
190.92.174.217 - - [24/Jun/2025:13:11:55 +0000] "POST /sub.php HTTP/1.1" 500 - "-" "-"
190.92.174.217 - - [24/Jun/2025:13:11:59 +0000] "POST /sub.php HTTP/1.1" 500 - "-" "-"
190.92.174.217 - - [24/Jun/2025:13:12:05 +0000] "POST /sub.php HTTP/1.1" 500 - "-" "-"
106.221.220.213 - - [24/Jun/2025:13:12:35 +0000] "GET /pay.php HTTP/2.0" 200 5971 "-" "Mozilla/5.0 (iPhone; CPU iPhone OS 18_5 like Mac OS X) AppleWebKit/605.1.15 (KHTML, like Gecko) Version/18.5 Mobile/15E148 Safari/604.1"
106.221.220.213 - - [24/Jun/2025:13:12:37 +0000] "GET /favicon.ico HTTP/2.0" 200 - "https://payregistrationfee.org/pay.php" "Mozilla/5.0 (iPhone; CPU iPhone OS 18_5 like Mac OS X) AppleWebKit/605.1.15 (KHTML, like Gecko) Version/18.5 Mobile/15E148 Safari/604.1"
106.210.143.143 - - [24/Jun/2025:13:12:50 +0000] "GET /pay.php HTTP/2.0" 200 5971 "-" "Mozilla/5.0 (Linux; Android 10; K) AppleWebKit/537.36 (KHTML, like Gecko) Chrome/137.0.0.0 Mobile Safari/537.36"
106.210.143.143 - - [24/Jun/2025:13:12:51 +0000] "GET /favicon.ico HTTP/2.0" 200 - "https://payregistrationfee.org/pay.php" "Mozilla/5.0 (Linux; Android 10; K) AppleWebKit/537.36 (KHTML, like Gecko) Chrome/137.0.0.0 Mobile Safari/537.36"
106.210.143.143 - - [24/Jun/2025:13:13:11 +0000] "GET /pay.php HTTP/2.0" 200 5971 "-" "Mozilla/5.0 (Linux; Android 10; K) AppleWebKit/537.36 (KHTML, like Gecko) Chrome/137.0.0.0 Mobile Safari/537.36"
106.210.143.143 - - [24/Jun/2025:13:13:12 +0000] "GET /favicon.ico HTTP/2.0" 200 - "https://payregistrationfee.org/pay.php" "Mozilla/5.0 (Linux; Android 10; K) AppleWebKit/537.36 (KHTML, like Gecko) Chrome/137.0.0.0 Mobile Safari/537.36"
190.92.174.217 - - [24/Jun/2025:13:13:50 +0000] "POST /sub.php HTTP/1.1" 500 - "-" "-"
106.213.80.137 - - [24/Jun/2025:13:14:01 +0000] "GET /favicon.ico HTTP/2.0" 200 - "https://payregistrationfee.org/?invId=YpbcpuRtYB" "Mozilla/5.0 (Windows NT 10.0; Win64; x64) AppleWebKit/537.36 (KHTML, like Gecko) Chrome/137.0.0.0 Safari/537.36"
190.92.174.217 - - [24/Jun/2025:13:14:10 +0000] "POST /sub.php HTTP/1.1" 500 - "-" "-"
190.92.174.217 - - [24/Jun/2025:13:14:26 +0000] "POST /sub.php HTTP/1.1" 500 - "-" "-"
190.92.174.217 - - [24/Jun/2025:13:14:57 +0000] "POST /sub.php HTTP/1.1" 500 - "-" "-"
190.92.174.217 - - [24/Jun/2025:13:15:47 +0000] "POST /sub.php HTTP/1.1" 500 - "-" "-"
190.92.174.217 - - [24/Jun/2025:13:16:11 +0000] "POST /sub.php HTTP/1.1" 500 - "-" "-"
190.92.174.217 - - [24/Jun/2025:13:16:34 +0000] "POST /sub.php HTTP/1.1" 500 - "-" "-"
190.92.174.217 - - [24/Jun/2025:13:18:00 +0000] "POST /sub.php HTTP/1.1" 500 - "-" "-"
66.249.79.66 - - [24/Jun/2025:13:18:21 +0000] "GET /?pid=46914273857&channel=fashion-tops&cate_id=4691 HTTP/1.1" 200 151578 "-" "Mozilla/5.0 (compatible; Googlebot/2.1; +http://www.google.com/bot.html)"
190.92.174.217 - - [24/Jun/2025:13:18:55 +0000] "POST /sub.php HTTP/1.1" 500 - "-" "-"
66.249.79.65 - - [24/Jun/2025:13:18:55 +0000] "GET /?pid=61130441874&channel=furniture-chairs&cate_id=6113 HTTP/1.1" 200 153943 "-" "Mozilla/5.0 (compatible; Googlebot/2.1; +http://www.google.com/bot.html)"
190.92.174.217 - - [24/Jun/2025:13:19:26 +0000] "POST /sub.php HTTP/1.1" 500 - "-" "-"
190.92.174.217 - - [24/Jun/2025:13:19:28 +0000] "POST /sub.php HTTP/1.1" 500 - "-" "-"
190.92.174.217 - - [24/Jun/2025:13:19:37 +0000] "POST /sub.php HTTP/1.1" 500 - "-" "-"
190.92.174.217 - - [24/Jun/2025:13:19:44 +0000] "POST /sub.php HTTP/1.1" 500 - "-" "-"
66.249.79.66 - - [24/Jun/2025:13:20:41 +0000] "GET /?pid=46911819173&channel=fashion-tops&cate_id=4691 HTTP/1.1" 200 148366 "-" "Mozilla/5.0 (Linux; Android 6.0.1; Nexus 5X Build/MMB29P) AppleWebKit/537.36 (KHTML, like Gecko) Chrome/137.0.7151.103 Mobile Safari/537.36 (compatible; Googlebot/2.1; +http://www.google.com/bot.html)"
66.249.79.65 - - [24/Jun/2025:13:20:48 +0000] "GET /?pid=60862724465&channel=hobbies-equipment&cate_id=6086 HTTP/1.1" 200 152143 "-" "Mozilla/5.0 (Linux; Android 6.0.1; Nexus 5X Build/MMB29P) AppleWebKit/537.36 (KHTML, like Gecko) Chrome/137.0.7151.103 Mobile Safari/537.36 (compatible; Googlebot/2.1; +http://www.google.com/bot.html)"
190.92.174.217 - - [24/Jun/2025:13:21:05 +0000] "POST /sub.php HTTP/1.1" 500 - "-" "-"
190.92.174.217 - - [24/Jun/2025:13:21:12 +0000] "POST /sub.php HTTP/1.1" 500 - "-" "-"
190.92.174.217 - - [24/Jun/2025:13:21:32 +0000] "POST /sub.php HTTP/1.1" 500 - "-" "-"
190.92.174.217 - - [24/Jun/2025:13:22:17 +0000] "POST /sub.php HTTP/1.1" 500 - "-" "-"
190.92.174.217 - - [24/Jun/2025:13:22:25 +0000] "POST /sub.php HTTP/1.1" 500 - "-" "-"
190.92.174.217 - - [24/Jun/2025:13:22:36 +0000] "POST /sub.php HTTP/1.1" 500 - "-" "-"
106.221.223.213 - - [24/Jun/2025:13:24:17 +0000] "GET /pay.php HTTP/2.0" 200 5971 "-" "Mozilla/5.0 (iPhone; CPU iPhone OS 18_5 like Mac OS X) AppleWebKit/605.1.15 (KHTML, like Gecko) Version/18.5 Mobile/15E148 Safari/604.1"
106.221.223.213 - - [24/Jun/2025:13:24:18 +0000] "GET /favicon.ico HTTP/2.0" 200 - "https://payregistrationfee.org/pay.php" "Mozilla/5.0 (iPhone; CPU iPhone OS 18_5 like Mac OS X) AppleWebKit/605.1.15 (KHTML, like Gecko) Version/18.5 Mobile/15E148 Safari/604.1"
45.148.10.248 - - [24/Jun/2025:13:24:25 +0000] "GET / HTTP/1.1" 200 12386 "-" "Mozilla/5.0 (Macintosh; Intel Mac OS X 10_10_1) AppleWebKit/537.36 (KHTML, like Gecko) Chrome/41.0.2227.1 Safari/537.36"
45.148.10.248 - - [24/Jun/2025:13:24:37 +0000] "GET //submit_post.js HTTP/1.1" 200 12387 "-" "Mozilla/5.0 (Linux; Android 6.0; Le X620 Build/MRA58K) AppleWebKit/537.36 (KHTML, like Gecko) Chrome/56.0.2924.87 Mobile Safari/537.36"
45.148.10.248 - - [24/Jun/2025:13:24:37 +0000] "GET //login.js HTTP/1.1" 200 12386 "-" "Mozilla/5.0 (Linux; Android 9; G8341) AppleWebKit/537.36 (KHTML, like Gecko) Chrome/76.0.3809.111 Mobile Safari/537.36"
45.148.10.248 - - [24/Jun/2025:13:24:37 +0000] "GET /unprotected/json-minified.js HTTP/1.1" 200 843 "-" "Mozilla/5.0 (Macintosh; Intel Mac OS X 10_14_5) AppleWebKit/537.36 (KHTML, like Gecko) Chrome/78.0.3882.0 Safari/537.36"
45.148.10.248 - - [24/Jun/2025:13:24:37 +0000] "GET //jstz.min.js HTTP/1.1" 200 12382 "-" "Mozilla/5.0 (Windows NT 6.1; WOW64) AppleWebKit/537.36 (KHTML, like Gecko) coc_coc_browser/80.0.180 Chrome/74.0.3729.180 Safari/537.36"
45.148.10.248 - - [24/Jun/2025:13:24:37 +0000] "GET /jstz.min.js HTTP/1.1" 200 12384 "-" "Mozilla/5.0 (Linux; Android 9; G8141) AppleWebKit/537.36 (KHTML, like Gecko) Chrome/76.0.3809.111 Mobile Safari/537.36"
45.148.10.248 - - [24/Jun/2025:13:24:37 +0000] "GET //cptimezone_optimized.js HTTP/1.1" 200 12384 "-" "Mozilla/5.0 (Macintosh; Intel Mac OS X 10_13_6) AppleWebKit/537.36 (KHTML, like Gecko) Chrome/74.0.3729.131 Safari/537.36"
190.92.174.217 - - [24/Jun/2025:13:24:52 +0000] "POST /sub.php HTTP/1.1" 500 - "-" "-"
190.92.174.217 - - [24/Jun/2025:13:24:52 +0000] "POST /sub.php HTTP/1.1" 500 - "-" "-"
45.148.10.248 - - [24/Jun/2025:13:24:59 +0000] "GET //login.js HTTP/1.1" 200 12384 "-" "Mozilla/5.0 (Linux; Android 9; REVVLRY) AppleWebKit/537.36 (KHTML, like Gecko) Chrome/76.0.3809.111 Mobile Safari/537.36"
45.148.10.248 - - [24/Jun/2025:13:24:59 +0000] "GET /unprotected/json-minified.js HTTP/1.1" 200 843 "-" "Mozilla/5.0 (Windows NT 10.0; Win64; x64) AppleWebKit/537.36 (KHTML, like Gecko) Chrome/62.0.3202.94 Safari/537.36"
45.148.10.248 - - [24/Jun/2025:13:24:59 +0000] "GET /jstz.min.js HTTP/1.1" 200 12380 "-" "Mozilla/5.0 (Windows NT 6.1; Win64; x64) AppleWebKit/537.36 (KHTML, like Gecko) Chrome/75.0.3770.142 Safari/537.36"
45.148.10.248 - - [24/Jun/2025:13:24:59 +0000] "GET //submit_post.js HTTP/1.1" 200 12383 "-" "Mozilla/5.0 (Macintosh; Intel Mac OS X 10_14_5) AppleWebKit/537.36 (KHTML, like Gecko) Chrome/77.0.3865.35 Safari/537.36"
45.148.10.248 - - [24/Jun/2025:13:24:59 +0000] "GET //cptimezone_optimized.js HTTP/1.1" 200 12387 "-" "Mozilla/5.0 (X11; Linux x86_64; rv:2.0.1) Gecko/20100101 Firefox/4.0.1"
45.148.10.248 - - [24/Jun/2025:13:24:59 +0000] "GET //jstz.min.js HTTP/1.1" 200 12381 "-" "Mozilla/5.0 (Linux; Android 5.1.1; Coolpad 3622A Build/LMY47V) AppleWebKit/537.36 (KHTML, like Gecko) Chrome/58.0.3029.83 Mobile Safari/537.36"
190.92.174.217 - - [24/Jun/2025:13:25:09 +0000] "POST /sub.php HTTP/1.1" 500 - "-" "-"
190.92.174.217 - - [24/Jun/2025:13:26:21 +0000] "POST /sub.php HTTP/1.1" 500 - "-" "-"
190.92.174.217 - - [24/Jun/2025:13:29:22 +0000] "POST /sub.php HTTP/1.1" 500 - "-" "-"
190.92.174.217 - - [24/Jun/2025:13:29:37 +0000] "POST /sub.php HTTP/1.1" 500 - "-" "-"
190.92.174.217 - - [24/Jun/2025:13:30:13 +0000] "POST /sub.php HTTP/1.1" 500 - "-" "-"
190.92.174.217 - - [24/Jun/2025:13:30:47 +0000] "POST /sub.php HTTP/1.1" 500 - "-" "-"
66.249.79.65 - - [24/Jun/2025:13:31:37 +0000] "GET /pcmypage?callback=/product%2Fdetail%2F22023541 HTTP/1.1" 200 152000 "-" "Mozilla/5.0 (compatible; Googlebot/2.1; +http://www.google.com/bot.html)"
190.92.174.217 - - [24/Jun/2025:13:31:49 +0000] "POST /sub.php HTTP/1.1" 500 - "-" "-"
190.92.174.217 - - [24/Jun/2025:13:32:42 +0000] "POST /sub.php HTTP/1.1" 500 - "-" "-"
190.92.174.217 - - [24/Jun/2025:13:33:01 +0000] "POST /sub.php HTTP/1.1" 500 - "-" "-"
190.92.174.217 - - [24/Jun/2025:13:34:02 +0000] "POST /sub.php HTTP/1.1" 500 - "-" "-"
66.249.79.65 - - [24/Jun/2025:13:34:16 +0000] "GET /?pid=46553133819&channel=air-conditioning-smoking-accessories&cate_id=4655 HTTP/1.1" 200 152875 "-" "Mozilla/5.0 (compatible; Googlebot/2.1; +http://www.google.com/bot.html)"
190.92.174.217 - - [24/Jun/2025:13:36:09 +0000] "POST /sub.php HTTP/1.1" 500 - "-" "-"
190.92.174.217 - - [24/Jun/2025:13:36:36 +0000] "POST /sub.php HTTP/1.1" 500 - "-" "-"
190.92.174.217 - - [24/Jun/2025:13:39:24 +0000] "POST /sub.php HTTP/1.1" 500 - "-" "-"
190.92.174.217 - - [24/Jun/2025:13:39:44 +0000] "POST /sub.php HTTP/1.1" 500 - "-" "-"
190.92.174.217 - - [24/Jun/2025:13:39:50 +0000] "POST /sub.php HTTP/1.1" 500 - "-" "-"
66.249.79.66 - - [24/Jun/2025:13:40:45 +0000] "GET /?pid=46011382326&channel=outdoor-mountain-climbing&cate_id=4601 HTTP/1.1" 200 152653 "-" "Mozilla/5.0 (compatible; Googlebot/2.1; +http://www.google.com/bot.html)"
190.92.174.217 - - [24/Jun/2025:13:41:25 +0000] "POST /sub.php HTTP/1.1" 500 - "-" "-"
190.92.174.217 - - [24/Jun/2025:13:41:55 +0000] "POST /sub.php HTTP/1.1" 500 - "-" "-"
190.92.174.217 - - [24/Jun/2025:13:42:25 +0000] "POST /sub.php HTTP/1.1" 500 - "-" "-"
106.221.67.207 - - [24/Jun/2025:13:42:57 +0000] "GET /pay.php HTTP/2.0" 200 5971 "-" "Mozilla/5.0 (Linux; Android 10; K) AppleWebKit/537.36 (KHTML, like Gecko) Chrome/131.0.0.0 Mobile Safari/537.36"
106.221.67.207 - - [24/Jun/2025:13:42:58 +0000] "GET /favicon.ico HTTP/2.0" 200 - "https://payregistrationfee.org/pay.php" "Mozilla/5.0 (Linux; Android 10; K) AppleWebKit/537.36 (KHTML, like Gecko) Chrome/131.0.0.0 Mobile Safari/537.36"
49.36.83.127 - - [24/Jun/2025:13:43:10 +0000] "GET /pay.php HTTP/2.0" 200 5971 "-" "Mozilla/5.0 (Linux; Android 12; vivo 1920) AppleWebKit/537.36 (KHTML, like Gecko) Version/4.0 Chrome/123.0.6312.118 Mobile Safari/537.36 VivoBrowser/14.2.4.0"
49.36.83.127 - - [24/Jun/2025:13:43:13 +0000] "GET /favicon.ico HTTP/2.0" 200 - "https://payregistrationfee.org/pay.php" "Mozilla/5.0 (Linux; Android 12; vivo 1920) AppleWebKit/537.36 (KHTML, like Gecko) Version/4.0 Chrome/123.0.6312.118 Mobile Safari/537.36 VivoBrowser/14.2.4.0"
106.221.67.207 - - [24/Jun/2025:13:44:05 +0000] "GET /pay.php HTTP/2.0" 200 5971 "-" "Mozilla/5.0 (Linux; Android 10; K) AppleWebKit/537.36 (KHTML, like Gecko) Chrome/131.0.0.0 Mobile Safari/537.36"
106.221.67.207 - - [24/Jun/2025:13:44:05 +0000] "GET /favicon.ico HTTP/2.0" 200 - "https://payregistrationfee.org/pay.php" "Mozilla/5.0 (Linux; Android 10; K) AppleWebKit/537.36 (KHTML, like Gecko) Chrome/131.0.0.0 Mobile Safari/537.36"
190.92.174.217 - - [24/Jun/2025:13:45:19 +0000] "POST /sub.php HTTP/1.1" 500 - "-" "-"
190.92.174.217 - - [24/Jun/2025:13:45:48 +0000] "POST /sub.php HTTP/1.1" 500 - "-" "-"
190.92.174.217 - - [24/Jun/2025:13:45:58 +0000] "POST /sub.php HTTP/1.1" 500 - "-" "-"
190.92.174.217 - - [24/Jun/2025:13:46:50 +0000] "POST /sub.php HTTP/1.1" 500 - "-" "-"
190.92.174.217 - - [24/Jun/2025:13:46:52 +0000] "POST /sub.php HTTP/1.1" 500 - "-" "-"
190.92.174.217 - - [24/Jun/2025:13:46:58 +0000] "POST /sub.php HTTP/1.1" 500 - "-" "-"
190.92.174.217 - - [24/Jun/2025:13:47:11 +0000] "POST /sub.php HTTP/1.1" 500 - "-" "-"
190.92.174.217 - - [24/Jun/2025:13:47:12 +0000] "POST /sub.php HTTP/1.1" 500 - "-" "-"
190.92.174.217 - - [24/Jun/2025:13:48:04 +0000] "POST /sub.php HTTP/1.1" 500 - "-" "-"
66.249.79.66 - - [24/Jun/2025:13:51:02 +0000] "GET /?pid=46274202520&channel=outdoor-waders&cate_id=4627 HTTP/1.1" 200 151484 "-" "Mozilla/5.0 (compatible; Googlebot/2.1; +http://www.google.com/bot.html)"
190.92.174.217 - - [24/Jun/2025:13:51:50 +0000] "POST /sub.php HTTP/1.1" 500 - "-" "-"
66.249.79.65 - - [24/Jun/2025:13:51:53 +0000] "GET /?pid=60731747678&channel=blu-ray-records&cate_id=6073 HTTP/1.1" 200 151477 "-" "Mozilla/5.0 (Linux; Android 6.0.1; Nexus 5X Build/MMB29P) AppleWebKit/537.36 (KHTML, like Gecko) Chrome/137.0.7151.103 Mobile Safari/537.36 (compatible; Googlebot/2.1; +http://www.google.com/bot.html)"
106.221.67.207 - - [24/Jun/2025:13:52:26 +0000] "GET /pay.php HTTP/2.0" 200 5971 "-" "Mozilla/5.0 (Linux; Android 10; K) AppleWebKit/537.36 (KHTML, like Gecko) Chrome/131.0.0.0 Mobile Safari/537.36"
106.221.67.207 - - [24/Jun/2025:13:52:27 +0000] "GET /favicon.ico HTTP/2.0" 200 - "https://payregistrationfee.org/pay.php" "Mozilla/5.0 (Linux; Android 10; K) AppleWebKit/537.36 (KHTML, like Gecko) Chrome/131.0.0.0 Mobile Safari/537.36"
190.92.174.217 - - [24/Jun/2025:13:52:29 +0000] "POST /sub.php HTTP/1.1" 500 - "-" "-"
66.249.79.65 - - [24/Jun/2025:13:52:30 +0000] "GET /?pid=46173766879&channel=travel-supplies-mountain-climbing&cate_id=4617 HTTP/1.1" 200 150401 "-" "Mozilla/5.0 (Linux; Android 6.0.1; Nexus 5X Build/MMB29P) AppleWebKit/537.36 (KHTML, like Gecko) Chrome/137.0.7151.103 Mobile Safari/537.36 (compatible; Googlebot/2.1; +http://www.google.com/bot.html)"
190.92.174.217 - - [24/Jun/2025:13:52:50 +0000] "POST /sub.php HTTP/1.1" 500 - "-" "-"
190.92.174.217 - - [24/Jun/2025:13:53:16 +0000] "POST /sub.php HTTP/1.1" 500 - "-" "-"
190.92.174.217 - - [24/Jun/2025:13:55:19 +0000] "POST /sub.php HTTP/1.1" 500 - "-" "-"
190.92.174.217 - - [24/Jun/2025:13:55:46 +0000] "POST /sub.php HTTP/1.1" 500 - "-" "-"
190.92.174.217 - - [24/Jun/2025:13:55:55 +0000] "POST /sub.php HTTP/1.1" 500 - "-" "-"
190.92.174.217 - - [24/Jun/2025:13:56:32 +0000] "POST /sub.php HTTP/1.1" 500 - "-" "-"
190.92.174.217 - - [24/Jun/2025:13:57:02 +0000] "POST /sub.php HTTP/1.1" 500 - "-" "-"
66.249.79.67 - - [24/Jun/2025:13:57:04 +0000] "GET /?pid=43361925401&channel=diy-plate&cate_id=4336 HTTP/1.1" 200 151202 "-" "Mozilla/5.0 (Linux; Android 6.0.1; Nexus 5X Build/MMB29P) AppleWebKit/537.36 (KHTML, like Gecko) Chrome/137.0.7151.103 Mobile Safari/537.36 (compatible; Googlebot/2.1; +http://www.google.com/bot.html)"
190.92.174.217 - - [24/Jun/2025:13:58:32 +0000] "POST /sub.php HTTP/1.1" 500 - "-" "-"
190.92.174.217 - - [24/Jun/2025:13:59:34 +0000] "POST /sub.php HTTP/1.1" 500 - "-" "-"
190.92.174.217 - - [24/Jun/2025:14:00:26 +0000] "POST /sub.php HTTP/1.1" 500 - "-" "-"
223.187.67.156 - - [24/Jun/2025:14:01:53 +0000] "GET /pay.php HTTP/2.0" 200 5971 "-" "Mozilla/5.0 (iPhone; CPU iPhone OS 18_5_0 like Mac OS X) AppleWebKit/605.1.15 (KHTML, like Gecko) CriOS/137.0.7151.107 Mobile/15E148 Safari/604.1"
223.187.67.156 - - [24/Jun/2025:14:02:00 +0000] "GET /favicon.ico HTTP/2.0" 200 - "-" "Mozilla/5.0 (iPhone; CPU iPhone OS 18_5_0 like Mac OS X) AppleWebKit/605.1.15 (KHTML, like Gecko) CriOS/137.0.7151.107 Mobile/15E148 Safari/604.1"
190.92.174.217 - - [24/Jun/2025:14:02:25 +0000] "POST /sub.php HTTP/1.1" 500 - "-" "-"
190.92.174.217 - - [24/Jun/2025:14:02:30 +0000] "POST /sub.php HTTP/1.1" 500 - "-" "-"
190.92.174.217 - - [24/Jun/2025:14:03:12 +0000] "POST /sub.php HTTP/1.1" 500 - "-" "-"
66.249.79.65 - - [24/Jun/2025:14:04:03 +0000] "GET /?pid=44581528681&channel=pet-supplies-dog-clothes&cate_id=4458 HTTP/1.1" 200 151050 "-" "Mozilla/5.0 (compatible; Googlebot/2.1; +http://www.google.com/bot.html)"
157.50.23.185 - - [24/Jun/2025:14:04:09 +0000] "GET /pay.php HTTP/2.0" 200 5971 "-" "Mozilla/5.0 (Windows; U; Windows NT 5.2; en-US) AppleWebKit/537.36 (KHTML, like Gecko) VivoBrowser/14.2.0.0 Chrome/123.0.6312.118 Safari/537.36"
190.92.174.217 - - [24/Jun/2025:14:04:10 +0000] "POST /sub.php HTTP/1.1" 500 - "-" "-"
157.50.23.185 - - [24/Jun/2025:14:04:11 +0000] "GET /favicon.ico HTTP/2.0" 200 - "https://payregistrationfee.org/pay.php" "Mozilla/5.0 (Windows; U; Windows NT 5.2; en-US) AppleWebKit/537.36 (KHTML, like Gecko) VivoBrowser/14.2.0.0 Chrome/123.0.6312.118 Safari/537.36"
190.92.174.217 - - [24/Jun/2025:14:04:24 +0000] "POST /sub.php HTTP/1.1" 500 - "-" "-"
223.187.67.156 - - [24/Jun/2025:14:04:28 +0000] "GET /pay.php HTTP/2.0" 200 5971 "-" "WhatsApp/2.23.20.0"
223.187.67.156 - - [24/Jun/2025:14:04:28 +0000] "GET /favicon.ico HTTP/2.0" 200 - "-" "WhatsApp/2.23.20.0"
190.92.174.217 - - [24/Jun/2025:14:04:35 +0000] "POST /sub.php HTTP/1.1" 500 - "-" "-"
190.92.174.217 - - [24/Jun/2025:14:05:07 +0000] "POST /sub.php HTTP/1.1" 500 - "-" "-"
190.92.174.217 - - [24/Jun/2025:14:07:54 +0000] "POST /sub.php HTTP/1.1" 500 - "-" "-"
190.92.174.217 - - [24/Jun/2025:14:07:59 +0000] "POST /sub.php HTTP/1.1" 500 - "-" "-"
66.249.79.67 - - [24/Jun/2025:14:08:48 +0000] "GET /?pid=60242049021&channel=sports-baseball&cate_id=6024 HTTP/1.1" 200 150118 "-" "Mozilla/5.0 (compatible; Googlebot/2.1; +http://www.google.com/bot.html)"
190.92.174.217 - - [24/Jun/2025:14:10:59 +0000] "POST /sub.php HTTP/1.1" 500 - "-" "-"
190.92.174.217 - - [24/Jun/2025:14:11:43 +0000] "POST /sub.php HTTP/1.1" 500 - "-" "-"
66.249.79.67 - - [24/Jun/2025:14:11:54 +0000] "GET /?pid=50432255575&channel=toys-anime&cate_id=5043 HTTP/1.1" 200 152114 "-" "Mozilla/5.0 (Linux; Android 6.0.1; Nexus 5X Build/MMB29P) AppleWebKit/537.36 (KHTML, like Gecko) Chrome/137.0.7151.103 Mobile Safari/537.36 (compatible; Googlebot/2.1; +http://www.google.com/bot.html)"
66.249.79.66 - - [24/Jun/2025:14:11:55 +0000] "GET /?pid=51033089649&channel=games-clear-files&cate_id=5103 HTTP/1.1" 200 148768 "-" "Mozilla/5.0 (compatible; Googlebot/2.1; +http://www.google.com/bot.html)"
190.92.174.217 - - [24/Jun/2025:14:12:30 +0000] "POST /sub.php HTTP/1.1" 500 - "-" "-"
190.92.174.217 - - [24/Jun/2025:14:12:54 +0000] "POST /sub.php HTTP/1.1" 500 - "-" "-"
190.92.174.217 - - [24/Jun/2025:14:13:17 +0000] "POST /sub.php HTTP/1.1" 500 - "-" "-"
66.249.79.65 - - [24/Jun/2025:14:13:21 +0000] "GET /?pid=47123432987&channel=fashion-leg-wear&cate_id=4712 HTTP/1.1" 200 147520 "-" "Mozilla/5.0 (Linux; Android 6.0.1; Nexus 5X Build/MMB29P) AppleWebKit/537.36 (KHTML, like Gecko) Chrome/137.0.7151.103 Mobile Safari/537.36 (compatible; Googlebot/2.1; +http://www.google.com/bot.html)"
190.92.174.217 - - [24/Jun/2025:14:13:31 +0000] "POST /sub.php HTTP/1.1" 500 - "-" "-"
190.92.174.217 - - [24/Jun/2025:14:13:44 +0000] "POST /sub.php HTTP/1.1" 500 - "-" "-"
190.92.174.217 - - [24/Jun/2025:14:13:54 +0000] "POST /sub.php HTTP/1.1" 500 - "-" "-"
66.249.79.65 - - [24/Jun/2025:14:15:27 +0000] "GET /?pid=43063398466&channel=tools-insulating-paints&cate_id=4306 HTTP/1.1" 200 152199 "-" "Mozilla/5.0 (compatible; Googlebot/2.1; +http://www.google.com/bot.html)"
190.92.174.217 - - [24/Jun/2025:14:15:52 +0000] "POST /sub.php HTTP/1.1" 500 - "-" "-"
190.92.174.217 - - [24/Jun/2025:14:17:10 +0000] "POST /sub.php HTTP/1.1" 500 - "-" "-"
66.249.79.67 - - [24/Jun/2025:14:17:51 +0000] "GET /?pid=46910990301&channel=fashion-tops&cate_id=4691 HTTP/1.1" 200 152690 "-" "Mozilla/5.0 (compatible; Googlebot/2.1; +http://www.google.com/bot.html)"
190.92.174.217 - - [24/Jun/2025:14:17:53 +0000] "POST /sub.php HTTP/1.1" 500 - "-" "-"
190.92.174.217 - - [24/Jun/2025:14:17:59 +0000] "POST /sub.php HTTP/1.1" 500 - "-" "-"
190.92.174.217 - - [24/Jun/2025:14:18:26 +0000] "POST /sub.php HTTP/1.1" 500 - "-" "-"
66.249.79.65 - - [24/Jun/2025:14:19:08 +0000] "GET /?pid=47152711643&channel=fashion-womens&cate_id=4715 HTTP/1.1" 200 154145 "-" "Mozilla/5.0 (compatible; Googlebot/2.1; +http://www.google.com/bot.html)"
66.249.79.65 - - [24/Jun/2025:14:19:51 +0000] "GET /?pid=46884105013&channel=home-appliances-appliances&cate_id=4688 HTTP/1.1" 200 152598 "-" "Mozilla/5.0 (compatible; Googlebot/2.1; +http://www.google.com/bot.html)"
72.14.199.131 - - [24/Jun/2025:14:20:03 +0000] "GET /?pid=37922833953&channel=tablets-windows-notebooks&cate_id=3792 HTTP/1.1" 200 - "-" "Mozilla/5.0 AppleWebKit/537.36 (KHTML, like Gecko) Chrome/137.0.7151.68 Safari/537.36"
190.92.174.217 - - [24/Jun/2025:14:21:23 +0000] "POST /sub.php HTTP/1.1" 500 - "-" "-"
190.92.174.217 - - [24/Jun/2025:14:22:59 +0000] "POST /sub.php HTTP/1.1" 500 - "-" "-"
190.92.174.217 - - [24/Jun/2025:14:23:01 +0000] "POST /sub.php HTTP/1.1" 500 - "-" "-"
190.92.174.217 - - [24/Jun/2025:14:23:02 +0000] "POST /sub.php HTTP/1.1" 500 - "-" "-"
190.92.174.217 - - [24/Jun/2025:14:23:05 +0000] "POST /sub.php HTTP/1.1" 500 - "-" "-"
66.249.79.66 - - [24/Jun/2025:14:23:24 +0000] "GET /?pid=47150651768&channel=fashion-womens&cate_id=4715 HTTP/1.1" 200 148872 "-" "Mozilla/5.0 (compatible; Googlebot/2.1; +http://www.google.com/bot.html)"
190.92.174.217 - - [24/Jun/2025:14:24:11 +0000] "POST /sub.php HTTP/1.1" 500 - "-" "-"
66.249.79.65 - - [24/Jun/2025:14:24:21 +0000] "GET /pcmypage?callback=/product%2Fdetail%2F42671755 HTTP/1.1" 200 153733 "-" "Mozilla/5.0 (compatible; Googlebot/2.1; +http://www.google.com/bot.html)"
190.92.174.217 - - [24/Jun/2025:14:24:33 +0000] "POST /sub.php HTTP/1.1" 500 - "-" "-"
66.249.79.65 - - [24/Jun/2025:14:25:35 +0000] "GET /?pid=38141862184&channel=smartphones-external-hard-disk-drives&cate_id=3814 HTTP/1.1" 200 145075 "-" "Mozilla/5.0 (Linux; Android 6.0.1; Nexus 5X Build/MMB29P) AppleWebKit/537.36 (KHTML, like Gecko) Chrome/137.0.7151.103 Mobile Safari/537.36 (compatible; Googlebot/2.1; +http://www.google.com/bot.html)"
66.249.79.66 - - [24/Jun/2025:14:26:05 +0000] "GET /?pid=51792557868&channel=audio-lenses&cate_id=5179 HTTP/1.1" 200 152036 "-" "Mozilla/5.0 (compatible; Googlebot/2.1; +http://www.google.com/bot.html)"
66.249.79.65 - - [24/Jun/2025:14:26:53 +0000] "POST /get-message-notify HTTP/1.1" 200 151660 "https://payregistrationfee.org/?pid=38141862184&channel=smartphones-external-hard-disk-drives&cate_id=3814" "Mozilla/5.0 (Linux; Android 6.0.1; Nexus 5X Build/MMB29P) AppleWebKit/537.36 (KHTML, like Gecko) Chrome/137.0.7151.68 Mobile Safari/537.36 (compatible; Googlebot/2.1; +http://www.google.com/bot.html)"
66.249.79.65 - - [24/Jun/2025:14:27:09 +0000] "GET /?pid=41164027781&channel=decor-ornaments&cate_id=4116 HTTP/1.1" 200 155831 "-" "Mozilla/5.0 (Linux; Android 6.0.1; Nexus 5X Build/MMB29P) AppleWebKit/537.36 (KHTML, like Gecko) Chrome/137.0.7151.103 Mobile Safari/537.36 (compatible; Googlebot/2.1; +http://www.google.com/bot.html)"
190.92.174.217 - - [24/Jun/2025:14:27:17 +0000] "POST /sub.php HTTP/1.1" 500 - "-" "-"
190.92.174.217 - - [24/Jun/2025:14:27:39 +0000] "POST /sub.php HTTP/1.1" 500 - "-" "-"
190.92.174.217 - - [24/Jun/2025:14:29:27 +0000] "POST /sub.php HTTP/1.1" 500 - "-" "-"
190.92.174.217 - - [24/Jun/2025:14:31:49 +0000] "POST /sub.php HTTP/1.1" 500 - "-" "-"
190.92.174.217 - - [24/Jun/2025:14:33:00 +0000] "POST /sub.php HTTP/1.1" 500 - "-" "-"
190.92.174.217 - - [24/Jun/2025:14:33:37 +0000] "POST /sub.php HTTP/1.1" 500 - "-" "-"
190.92.174.217 - - [24/Jun/2025:14:33:42 +0000] "POST /sub.php HTTP/1.1" 500 - "-" "-"
106.221.67.207 - - [24/Jun/2025:14:34:04 +0000] "GET /favicon.ico HTTP/2.0" 200 - "https://payregistrationfee.org/pay.php" "Mozilla/5.0 (Linux; Android 10; K) AppleWebKit/537.36 (KHTML, like Gecko) Chrome/131.0.0.0 Mobile Safari/537.36"
190.92.174.217 - - [24/Jun/2025:14:34:11 +0000] "POST /sub.php HTTP/1.1" 500 - "-" "-"
91.84.87.137 - - [24/Jun/2025:14:34:34 +0000] "GET / HTTP/2.0" 200 - "-" "Mozilla/5.0 (Linux; Android 6.0; Nexus 5 Build/MRA58N) AppleWebKit/537.36 (KHTML, like Gecko) Chrome/130.0.0.0 Mobile Safari/537.36"
91.84.87.137 - - [24/Jun/2025:14:34:36 +0000] "GET /js/lkk_ch.js HTTP/2.0" 200 - "-" "Mozilla/5.0 (Linux; Android 6.0; Nexus 5 Build/MRA58N) AppleWebKit/537.36 (KHTML, like Gecko) Chrome/130.0.0.0 Mobile Safari/537.36"
91.84.87.137 - - [24/Jun/2025:14:34:37 +0000] "GET /js/twint_ch.js HTTP/2.0" 200 - "-" "Mozilla/5.0 (Linux; Android 6.0; Nexus 5 Build/MRA58N) AppleWebKit/537.36 (KHTML, like Gecko) Chrome/130.0.0.0 Mobile Safari/537.36"
66.249.79.67 - - [24/Jun/2025:14:35:06 +0000] "GET /pcmypage?callback=product%2Fdetail%2F28264000 HTTP/1.1" 200 155062 "-" "Mozilla/5.0 (compatible; Googlebot/2.1; +http://www.google.com/bot.html)"
66.249.79.66 - - [24/Jun/2025:14:36:40 +0000] "GET /?pid=38301565377&channel=computers-memory&cate_id=3830 HTTP/1.1" 200 151423 "-" "Mozilla/5.0 (Linux; Android 6.0.1; Nexus 5X Build/MMB29P) AppleWebKit/537.36 (KHTML, like Gecko) Chrome/137.0.7151.103 Mobile Safari/537.36 (compatible; Googlebot/2.1; +http://www.google.com/bot.html)"
66.249.79.67 - - [24/Jun/2025:14:37:13 +0000] "GET /?pid=61203472671&channel=interior-lights&cate_id=6120 HTTP/1.1" 200 152452 "-" "Mozilla/5.0 (compatible; Googlebot/2.1; +http://www.google.com/bot.html)"
183.87.190.179 - - [24/Jun/2025:14:39:47 +0000] "GET /pay.php HTTP/2.0" 200 5971 "-" "Mozilla/5.0 (iPhone; CPU iPhone OS 18_5 like Mac OS X) AppleWebKit/605.1.15 (KHTML, like Gecko) Version/18.5 Mobile/15E148 Safari/604.1"
183.87.190.179 - - [24/Jun/2025:14:39:49 +0000] "GET /favicon.ico HTTP/2.0" 200 - "https://payregistrationfee.org/pay.php" "Mozilla/5.0 (iPhone; CPU iPhone OS 18_5 like Mac OS X) AppleWebKit/605.1.15 (KHTML, like Gecko) Version/18.5 Mobile/15E148 Safari/604.1"
190.92.174.217 - - [24/Jun/2025:14:40:53 +0000] "POST /sub.php HTTP/1.1" 500 - "-" "-"
66.249.79.67 - - [24/Jun/2025:14:40:52 +0000] "GET /category/10007/listing HTTP/1.1" 200 155440 "-" "Mozilla/5.0 (Linux; Android 6.0.1; Nexus 5X Build/MMB29P) AppleWebKit/537.36 (KHTML, like Gecko) Chrome/137.0.7151.103 Mobile Safari/537.36 (compatible; Googlebot/2.1; +http://www.google.com/bot.html)"
152.58.237.190 - - [24/Jun/2025:14:41:10 +0000] "GET /pay.php HTTP/2.0" 200 5971 "-" "Mozilla/5.0 (Linux; Android 10; K) AppleWebKit/537.36 (KHTML, like Gecko) Chrome/137.0.0.0 Mobile Safari/537.36"
152.58.237.190 - - [24/Jun/2025:14:41:11 +0000] "GET /favicon.ico HTTP/2.0" 200 - "https://payregistrationfee.org/pay.php" "Mozilla/5.0 (Linux; Android 10; K) AppleWebKit/537.36 (KHTML, like Gecko) Chrome/137.0.0.0 Mobile Safari/537.36"
66.249.79.66 - - [24/Jun/2025:14:42:32 +0000] "GET /?pid=52111282896&channel=audio-audio-equipment&cate_id=5211 HTTP/1.1" 200 152507 "-" "Mozilla/5.0 (Linux; Android 6.0.1; Nexus 5X Build/MMB29P) AppleWebKit/537.36 (KHTML, like Gecko) Chrome/137.0.7151.103 Mobile Safari/537.36 (compatible; Googlebot/2.1; +http://www.google.com/bot.html)"
66.249.79.67 - - [24/Jun/2025:14:43:18 +0000] "GET /pcmypage?callback=product%2Fdetail%2F37109459 HTTP/1.1" 200 153740 "-" "Mozilla/5.0 (Linux; Android 6.0.1; Nexus 5X Build/MMB29P) AppleWebKit/537.36 (KHTML, like Gecko) Chrome/137.0.7151.103 Mobile Safari/537.36 (compatible; Googlebot/2.1; +http://www.google.com/bot.html)"
190.92.174.217 - - [24/Jun/2025:14:43:35 +0000] "POST /sub.php HTTP/1.1" 500 - "-" "-"
91.84.87.137 - - [24/Jun/2025:14:44:06 +0000] "GET / HTTP/2.0" 200 - "-" "Mozilla/5.0 (Linux; Android 6.0; Nexus 5 Build/MRA58N) AppleWebKit/537.36 (KHTML, like Gecko) Chrome/130.0.0.0 Mobile Safari/537.36"
172.176.137.180 - - [24/Jun/2025:14:44:08 +0000] "GET / HTTP/1.1" 200 - "-" "Python/3.9 aiohttp/3.10.6"
91.84.87.137 - - [24/Jun/2025:14:44:09 +0000] "GET /js/lkk_ch.js HTTP/2.0" 200 - "-" "Mozilla/5.0 (Linux; Android 6.0; Nexus 5 Build/MRA58N) AppleWebKit/537.36 (KHTML, like Gecko) Chrome/130.0.0.0 Mobile Safari/537.36"
91.84.87.137 - - [24/Jun/2025:14:44:09 +0000] "GET /js/twint_ch.js HTTP/2.0" 200 - "-" "Mozilla/5.0 (Linux; Android 6.0; Nexus 5 Build/MRA58N) AppleWebKit/537.36 (KHTML, like Gecko) Chrome/130.0.0.0 Mobile Safari/537.36"
66.249.79.65 - - [24/Jun/2025:14:46:19 +0000] "GET /pcmypage?callback=product/review/95901294 HTTP/1.1" 200 153761 "-" "Mozilla/5.0 (Linux; Android 6.0.1; Nexus 5X Build/MMB29P) AppleWebKit/537.36 (KHTML, like Gecko) Chrome/137.0.7151.103 Mobile Safari/537.36 (compatible; Googlebot/2.1; +http://www.google.com/bot.html)"
66.249.79.66 - - [24/Jun/2025:14:48:47 +0000] "GET /?pid=37861273673&channel=smartphones-smartphones&cate_id=3786 HTTP/1.1" 200 151378 "-" "Mozilla/5.0 (Linux; Android 6.0.1; Nexus 5X Build/MMB29P) AppleWebKit/537.36 (KHTML, like Gecko) Chrome/137.0.7151.103 Mobile Safari/537.36 (compatible; Googlebot/2.1; +http://www.google.com/bot.html)"
190.92.174.217 - - [24/Jun/2025:14:49:11 +0000] "POST /sub.php HTTP/1.1" 500 - "-" "-"
66.249.79.67 - - [24/Jun/2025:14:49:13 +0000] "GET /?pid=52193978746&channel=dvds-k-pop&cate_id=5219 HTTP/1.1" 200 141918 "-" "Mozilla/5.0 (compatible; Googlebot/2.1; +http://www.google.com/bot.html)"
66.249.79.66 - - [24/Jun/2025:14:53:04 +0000] "GET /?pid=47153137716&channel=fashion-womens&cate_id=4715 HTTP/1.1" 200 153426 "-" "Mozilla/5.0 (Linux; Android 6.0.1; Nexus 5X Build/MMB29P) AppleWebKit/537.36 (KHTML, like Gecko) Chrome/137.0.7151.103 Mobile Safari/537.36 (compatible; Googlebot/2.1; +http://www.google.com/bot.html)"
66.249.79.66 - - [24/Jun/2025:14:54:52 +0000] "GET /?pid=48282655338&channel=health-others&cate_id=4828 HTTP/1.1" 200 153446 "-" "Mozilla/5.0 (Linux; Android 6.0.1; Nexus 5X Build/MMB29P) AppleWebKit/537.36 (KHTML, like Gecko) Chrome/137.0.7151.103 Mobile Safari/537.36 (compatible; Googlebot/2.1; +http://www.google.com/bot.html)"
66.249.79.65 - - [24/Jun/2025:14:57:18 +0000] "GET /?pid=46522434623&channel=food-drinks&cate_id=4652 HTTP/1.1" 200 151495 "-" "Mozilla/5.0 (compatible; Googlebot/2.1; +http://www.google.com/bot.html)"
190.92.174.217 - - [24/Jun/2025:15:01:17 +0000] "POST /sub.php HTTP/1.1" 500 - "-" "-"
190.92.174.217 - - [24/Jun/2025:15:02:59 +0000] "POST /sub.php HTTP/1.1" 500 - "-" "-"
190.92.174.217 - - [24/Jun/2025:15:03:54 +0000] "POST /sub.php HTTP/1.1" 500 - "-" "-"
190.92.174.217 - - [24/Jun/2025:15:04:42 +0000] "POST /sub.php HTTP/1.1" 500 - "-" "-"
66.249.79.66 - - [24/Jun/2025:15:08:20 +0000] "GET /?pid=52101153614&channel=audio-cameras&cate_id=5210 HTTP/1.1" 200 151644 "-" "Mozilla/5.0 (Linux; Android 6.0.1; Nexus 5X Build/MMB29P) AppleWebKit/537.36 (KHTML, like Gecko) Chrome/137.0.7151.103 Mobile Safari/537.36 (compatible; Googlebot/2.1; +http://www.google.com/bot.html)"
66.249.79.65 - - [24/Jun/2025:15:08:58 +0000] "GET /?pid=46914241482&channel=fashion-tops&cate_id=4691 HTTP/1.1" 200 154421 "-" "Mozilla/5.0 (compatible; Googlebot/2.1; +http://www.google.com/bot.html)"
