57.141.2.19 - - [24/Jun/2025:17:43:29 +0000] "GET /shopdetail/4322232 HTTP/2.0" 404 - "-" "meta-externalagent/1.1 (+https://developers.facebook.com/docs/sharing/webmasters/crawler)"
57.141.2.22 - - [24/Jun/2025:17:43:29 +0000] "GET /buy.php/shopdetail/0954625 HTTP/2.0" 404 - "-" "meta-externalagent/1.1 (+https://developers.facebook.com/docs/sharing/webmasters/crawler)"
57.141.2.28 - - [24/Jun/2025:17:43:35 +0000] "GET /buy.php/shopdetail/2316723 HTTP/2.0" 404 - "-" "meta-externalagent/1.1 (+https://developers.facebook.com/docs/sharing/webmasters/crawler)"
57.141.2.14 - - [24/Jun/2025:17:43:36 +0000] "GET /shopdetail/2553291 HTTP/2.0" 404 - "-" "meta-externalagent/1.1 (+https://developers.facebook.com/docs/sharing/webmasters/crawler)"
57.141.2.25 - - [24/Jun/2025:17:43:38 +0000] "GET /shopdetail/4319329 HTTP/2.0" 404 - "-" "meta-externalagent/1.1 (+https://developers.facebook.com/docs/sharing/webmasters/crawler)"
57.141.2.4 - - [24/Jun/2025:17:43:39 +0000] "GET /shopdetail/2303492 HTTP/2.0" 404 - "-" "meta-externalagent/1.1 (+https://developers.facebook.com/docs/sharing/webmasters/crawler)"
57.141.2.22 - - [24/Jun/2025:17:43:40 +0000] "GET /buy.php/shopdetail/2533010 HTTP/2.0" 404 - "-" "meta-externalagent/1.1 (+https://developers.facebook.com/docs/sharing/webmasters/crawler)"
57.141.2.13 - - [24/Jun/2025:17:43:43 +0000] "GET /shopdetail/1339548 HTTP/2.0" 404 - "-" "meta-externalagent/1.1 (+https://developers.facebook.com/docs/sharing/webmasters/crawler)"
57.141.2.16 - - [24/Jun/2025:17:43:48 +0000] "GET /buy.php/shopdetail/2709069 HTTP/2.0" 404 - "-" "meta-externalagent/1.1 (+https://developers.facebook.com/docs/sharing/webmasters/crawler)"
95.108.213.180 - - [24/Jun/2025:17:43:48 +0000] "GET /shopdetail/0905193 HTTP/1.1" 404 - "-" "Mozilla/5.0 (compatible; YandexBot/3.0; +http://yandex.com/bots)"
57.141.2.1 - - [24/Jun/2025:17:43:49 +0000] "GET /buy.php/shopdetail/2106527 HTTP/2.0" 404 - "-" "meta-externalagent/1.1 (+https://developers.facebook.com/docs/sharing/webmasters/crawler)"
57.141.2.9 - - [24/Jun/2025:17:43:50 +0000] "GET /shopdetail/1775235 HTTP/2.0" 404 - "-" "meta-externalagent/1.1 (+https://developers.facebook.com/docs/sharing/webmasters/crawler)"
57.141.2.16 - - [24/Jun/2025:17:43:50 +0000] "GET /buy.php/shopdetail/4395836 HTTP/2.0" 404 - "-" "meta-externalagent/1.1 (+https://developers.facebook.com/docs/sharing/webmasters/crawler)"
57.141.2.8 - - [24/Jun/2025:17:43:51 +0000] "GET /shopdetail/4549841 HTTP/2.0" 404 - "-" "meta-externalagent/1.1 (+https://developers.facebook.com/docs/sharing/webmasters/crawler)"
40.77.167.53 - - [24/Jun/2025:17:43:55 +0000] "GET /buy.php/shopdetail/2198386 HTTP/2.0" 404 - "-" "Mozilla/5.0 AppleWebKit/537.36 (KHTML, like Gecko; compatible; bingbot/2.0; +http://www.bing.com/bingbot.htm) Chrome/116.0.1938.76 Safari/537.36"
57.141.2.7 - - [24/Jun/2025:17:43:56 +0000] "GET /buy.php/shopdetail/1682441 HTTP/2.0" 404 - "-" "meta-externalagent/1.1 (+https://developers.facebook.com/docs/sharing/webmasters/crawler)"
57.141.2.8 - - [24/Jun/2025:17:43:57 +0000] "GET /shopdetail/3306665 HTTP/2.0" 404 - "-" "meta-externalagent/1.1 (+https://developers.facebook.com/docs/sharing/webmasters/crawler)"
57.141.2.21 - - [24/Jun/2025:17:43:57 +0000] "GET /shopdetail/1626282 HTTP/2.0" 404 - "-" "meta-externalagent/1.1 (+https://developers.facebook.com/docs/sharing/webmasters/crawler)"
57.141.2.2 - - [24/Jun/2025:17:43:59 +0000] "GET /buy.php/shopdetail/1369169 HTTP/2.0" 404 - "-" "meta-externalagent/1.1 (+https://developers.facebook.com/docs/sharing/webmasters/crawler)"
57.141.2.2 - - [24/Jun/2025:17:44:00 +0000] "GET /buy.php/shopdetail/3791317 HTTP/2.0" 404 - "-" "meta-externalagent/1.1 (+https://developers.facebook.com/docs/sharing/webmasters/crawler)"
57.141.2.10 - - [24/Jun/2025:17:44:01 +0000] "GET /shopdetail/1819974 HTTP/2.0" 404 - "-" "meta-externalagent/1.1 (+https://developers.facebook.com/docs/sharing/webmasters/crawler)"
57.141.2.11 - - [24/Jun/2025:17:44:01 +0000] "GET /shopdetail/4116833 HTTP/2.0" 404 - "-" "meta-externalagent/1.1 (+https://developers.facebook.com/docs/sharing/webmasters/crawler)"
57.141.2.20 - - [24/Jun/2025:17:44:03 +0000] "GET /buy.php/shopdetail/4082755 HTTP/2.0" 404 - "-" "meta-externalagent/1.1 (+https://developers.facebook.com/docs/sharing/webmasters/crawler)"
57.141.2.25 - - [24/Jun/2025:17:44:06 +0000] "GET /shopdetail/3498454 HTTP/2.0" 404 - "-" "meta-externalagent/1.1 (+https://developers.facebook.com/docs/sharing/webmasters/crawler)"
57.141.2.5 - - [24/Jun/2025:17:44:08 +0000] "GET /shopdetail/4181315 HTTP/2.0" 404 - "-" "meta-externalagent/1.1 (+https://developers.facebook.com/docs/sharing/webmasters/crawler)"
57.141.2.5 - - [24/Jun/2025:17:44:15 +0000] "GET /shopdetail/3227041 HTTP/2.0" 404 - "-" "meta-externalagent/1.1 (+https://developers.facebook.com/docs/sharing/webmasters/crawler)"
40.77.167.53 - - [24/Jun/2025:17:44:15 +0000] "GET /buy.php/shopdetail/0975877 HTTP/2.0" 404 - "-" "Mozilla/5.0 AppleWebKit/537.36 (KHTML, like Gecko; compatible; bingbot/2.0; +http://www.bing.com/bingbot.htm) Chrome/116.0.1938.76 Safari/537.36"
57.141.2.6 - - [24/Jun/2025:17:44:16 +0000] "GET /buy.php/shopdetail/1581037 HTTP/2.0" 404 - "-" "meta-externalagent/1.1 (+https://developers.facebook.com/docs/sharing/webmasters/crawler)"
57.141.2.23 - - [24/Jun/2025:17:44:22 +0000] "GET /shopdetail/1725698 HTTP/2.0" 404 - "-" "meta-externalagent/1.1 (+https://developers.facebook.com/docs/sharing/webmasters/crawler)"
57.141.2.20 - - [24/Jun/2025:17:44:22 +0000] "GET /buy.php/shopdetail/1606863 HTTP/2.0" 404 - "-" "meta-externalagent/1.1 (+https://developers.facebook.com/docs/sharing/webmasters/crawler)"
57.141.2.22 - - [24/Jun/2025:17:44:25 +0000] "GET /buy.php/shopdetail/4368638 HTTP/2.0" 404 - "-" "meta-externalagent/1.1 (+https://developers.facebook.com/docs/sharing/webmasters/crawler)"
57.141.2.11 - - [24/Jun/2025:17:44:30 +0000] "GET /shopdetail/1827396 HTTP/2.0" 404 - "-" "meta-externalagent/1.1 (+https://developers.facebook.com/docs/sharing/webmasters/crawler)"
57.141.2.11 - - [24/Jun/2025:17:44:30 +0000] "GET /buy.php/shopdetail/2059136 HTTP/2.0" 404 - "-" "meta-externalagent/1.1 (+https://developers.facebook.com/docs/sharing/webmasters/crawler)"
57.141.2.12 - - [24/Jun/2025:17:44:32 +0000] "GET /buy.php/shopdetail/3751013 HTTP/2.0" 404 - "-" "meta-externalagent/1.1 (+https://developers.facebook.com/docs/sharing/webmasters/crawler)"
57.141.2.7 - - [24/Jun/2025:17:44:36 +0000] "GET /shopdetail/2125024 HTTP/2.0" 404 - "-" "meta-externalagent/1.1 (+https://developers.facebook.com/docs/sharing/webmasters/crawler)"
57.141.2.20 - - [24/Jun/2025:17:44:36 +0000] "GET /shopdetail/1849287 HTTP/2.0" 404 - "-" "meta-externalagent/1.1 (+https://developers.facebook.com/docs/sharing/webmasters/crawler)"
57.141.2.20 - - [24/Jun/2025:17:44:37 +0000] "GET /buy.php/shopdetail/4682196 HTTP/2.0" 404 - "-" "meta-externalagent/1.1 (+https://developers.facebook.com/docs/sharing/webmasters/crawler)"
57.141.2.9 - - [24/Jun/2025:17:44:38 +0000] "GET /buy.php/shopdetail/2112680 HTTP/2.0" 404 - "-" "meta-externalagent/1.1 (+https://developers.facebook.com/docs/sharing/webmasters/crawler)"
57.141.2.18 - - [24/Jun/2025:17:44:38 +0000] "GET /shopdetail/4652965 HTTP/2.0" 404 - "-" "meta-externalagent/1.1 (+https://developers.facebook.com/docs/sharing/webmasters/crawler)"
57.141.2.1 - - [24/Jun/2025:17:44:39 +0000] "GET /shopdetail/2096032 HTTP/2.0" 404 - "-" "meta-externalagent/1.1 (+https://developers.facebook.com/docs/sharing/webmasters/crawler)"
87.250.224.129 - - [24/Jun/2025:17:44:41 +0000] "GET /shopdetail/3365842 HTTP/1.1" 404 - "-" "Mozilla/5.0 (compatible; YandexBot/3.0; +http://yandex.com/bots)"
57.141.2.24 - - [24/Jun/2025:17:44:41 +0000] "GET /buy.php/shopdetail/4014844 HTTP/2.0" 404 - "-" "meta-externalagent/1.1 (+https://developers.facebook.com/docs/sharing/webmasters/crawler)"
57.141.2.16 - - [24/Jun/2025:17:44:42 +0000] "GET /shopdetail/1767639 HTTP/2.0" 404 - "-" "meta-externalagent/1.1 (+https://developers.facebook.com/docs/sharing/webmasters/crawler)"
57.141.2.11 - - [24/Jun/2025:17:44:43 +0000] "GET /buy.php/shopdetail/1172971 HTTP/2.0" 404 - "-" "meta-externalagent/1.1 (+https://developers.facebook.com/docs/sharing/webmasters/crawler)"
57.141.2.17 - - [24/Jun/2025:17:44:45 +0000] "GET /shopdetail/2249488 HTTP/2.0" 404 - "-" "meta-externalagent/1.1 (+https://developers.facebook.com/docs/sharing/webmasters/crawler)"
57.141.2.20 - - [24/Jun/2025:17:44:48 +0000] "GET /shopdetail/2697141 HTTP/2.0" 404 - "-" "meta-externalagent/1.1 (+https://developers.facebook.com/docs/sharing/webmasters/crawler)"
57.141.2.23 - - [24/Jun/2025:17:44:48 +0000] "GET /buy.php/shopdetail/4267523 HTTP/2.0" 404 - "-" "meta-externalagent/1.1 (+https://developers.facebook.com/docs/sharing/webmasters/crawler)"
57.141.2.29 - - [24/Jun/2025:17:44:50 +0000] "GET /shopdetail/2123955 HTTP/2.0" 404 - "-" "meta-externalagent/1.1 (+https://developers.facebook.com/docs/sharing/webmasters/crawler)"
57.141.2.9 - - [24/Jun/2025:17:44:53 +0000] "GET /shopdetail/0871956 HTTP/2.0" 404 - "-" "meta-externalagent/1.1 (+https://developers.facebook.com/docs/sharing/webmasters/crawler)"
57.141.2.1 - - [24/Jun/2025:17:44:54 +0000] "GET /buy.php/shopdetail/4636521 HTTP/2.0" 404 - "-" "meta-externalagent/1.1 (+https://developers.facebook.com/docs/sharing/webmasters/crawler)"
87.250.224.134 - - [24/Jun/2025:17:44:56 +0000] "GET /buy.php/shopdetail/3310128 HTTP/1.1" 404 - "-" "Mozilla/5.0 (compatible; YandexBot/3.0; +http://yandex.com/bots)"
57.141.2.12 - - [24/Jun/2025:17:44:59 +0000] "GET /shopdetail/3049239 HTTP/2.0" 404 - "-" "meta-externalagent/1.1 (+https://developers.facebook.com/docs/sharing/webmasters/crawler)"
57.141.2.13 - - [24/Jun/2025:17:45:01 +0000] "GET /shopdetail/1982260 HTTP/2.0" 404 - "-" "meta-externalagent/1.1 (+https://developers.facebook.com/docs/sharing/webmasters/crawler)"
57.141.2.13 - - [24/Jun/2025:17:45:09 +0000] "GET /buy.php/shopdetail/0937319 HTTP/2.0" 404 - "-" "meta-externalagent/1.1 (+https://developers.facebook.com/docs/sharing/webmasters/crawler)"
57.141.2.14 - - [24/Jun/2025:17:45:10 +0000] "GET /buy.php/shopdetail/2550373 HTTP/2.0" 404 - "-" "meta-externalagent/1.1 (+https://developers.facebook.com/docs/sharing/webmasters/crawler)"
87.250.224.73 - - [24/Jun/2025:17:45:11 +0000] "GET /shopdetail/4518767 HTTP/1.1" 404 - "-" "Mozilla/5.0 (compatible; YandexBot/3.0; +http://yandex.com/bots)"
5.255.231.64 - - [24/Jun/2025:17:45:14 +0000] "GET /shopdetail/2224041 HTTP/1.1" 404 - "-" "Mozilla/5.0 (compatible; YandexBot/3.0; +http://yandex.com/bots)"
213.180.203.152 - - [24/Jun/2025:17:45:15 +0000] "GET /buy.php/shopdetail/2037105 HTTP/1.1" 404 - "-" "Mozilla/5.0 (compatible; YandexBot/3.0; +http://yandex.com/bots)"
57.141.2.15 - - [24/Jun/2025:17:45:15 +0000] "GET /shopdetail/2720863 HTTP/2.0" 404 - "-" "meta-externalagent/1.1 (+https://developers.facebook.com/docs/sharing/webmasters/crawler)"
57.141.2.6 - - [24/Jun/2025:17:45:15 +0000] "GET /buy.php/shopdetail/3525287 HTTP/2.0" 404 - "-" "meta-externalagent/1.1 (+https://developers.facebook.com/docs/sharing/webmasters/crawler)"
45.148.10.248 - - [24/Jun/2025:17:45:14 +0000] "GET / HTTP/1.1" 200 66095 "-" "Mozilla/5.0 (webOS/1.3; U; en-US) AppleWebKit/525.27.1 (KHTML, like Gecko) Version/1.0 Safari/525.27.1 Desktop/1.0"
57.141.2.17 - - [24/Jun/2025:17:45:17 +0000] "GET /shopdetail/4353395 HTTP/2.0" 404 - "-" "meta-externalagent/1.1 (+https://developers.facebook.com/docs/sharing/webmasters/crawler)"
57.141.2.28 - - [24/Jun/2025:17:45:17 +0000] "GET /buy.php/shopdetail/3017572 HTTP/2.0" 404 - "-" "meta-externalagent/1.1 (+https://developers.facebook.com/docs/sharing/webmasters/crawler)"
57.141.2.24 - - [24/Jun/2025:17:45:17 +0000] "GET /buy.php/shopdetail/1989532 HTTP/2.0" 404 - "-" "meta-externalagent/1.1 (+https://developers.facebook.com/docs/sharing/webmasters/crawler)"
57.141.2.8 - - [24/Jun/2025:17:45:17 +0000] "GET /shopdetail/2447016 HTTP/2.0" 404 - "-" "meta-externalagent/1.1 (+https://developers.facebook.com/docs/sharing/webmasters/crawler)"
57.141.2.29 - - [24/Jun/2025:17:45:19 +0000] "GET /buy.php/shopdetail/2775500 HTTP/2.0" 404 - "-" "meta-externalagent/1.1 (+https://developers.facebook.com/docs/sharing/webmasters/crawler)"
57.141.2.24 - - [24/Jun/2025:17:45:21 +0000] "GET /buy.php/shopdetail/3187557 HTTP/2.0" 404 - "-" "meta-externalagent/1.1 (+https://developers.facebook.com/docs/sharing/webmasters/crawler)"
45.148.10.248 - - [24/Jun/2025:17:45:28 +0000] "GET /js/jquery.validationEngine.js HTTP/1.1" 404 - "-" "Mozilla/5.0 (X11; Linux x86_64) AppleWebKit/537.36 (KHTML, like Gecko) Chrome/72.0.3626.96 Safari/537.36"
45.148.10.248 - - [24/Jun/2025:17:45:28 +0000] "GET //ajax.googleapis.com/ajax/libs/jquery/3.5.1/jquery.min.js HTTP/1.1" 404 - "-" "Midori/0.1.10 (X11; Linux i686; U; en-us) WebKit/(531).(2)"
45.148.10.248 - - [24/Jun/2025:17:45:28 +0000] "GET //cdn.jsdelivr.net/npm/bootstrap@4.6.2/dist/js/bootstrap.bundle.min.js HTTP/1.1" 404 - "-" "Mozilla/5.0 (Macintosh; Intel Mac OS X 10_12_6) AppleWebKit/605.1.15 (KHTML, like Gecko) Version/12.0.3 Safari/605.1.15"
45.148.10.248 - - [24/Jun/2025:17:45:28 +0000] "GET //maxcdn.bootstrapcdn.com/bootstrap/4.5.2/js/bootstrap.min.js HTTP/1.1" 404 - "-" "Mozilla/5.0 (Macintosh; Intel Mac OS X 10_12_4) AppleWebKit/537.36 (KHTML, like Gecko) Chrome/75.0.3770.142 Safari/537.36"
45.148.10.248 - - [24/Jun/2025:17:45:28 +0000] "GET //cdn.js HTTP/1.1" 404 - "-" "Mozilla/5.0 (iPhone; CPU iPhone OS 12_1 like Mac OS X) AppleWebKit/605.1.15 (KHTML, like Gecko) CriOS/75.0.3770.103 Mobile/15E148 Safari/605.1"
45.148.10.248 - - [24/Jun/2025:17:45:28 +0000] "GET //cdnjs.cloudflare.com/ajax/libs/popper.js/1.16.0/umd/popper.min.js HTTP/1.1" 404 - "-" "Mozilla/5.0 (Linux; Android 4.4.2; LGMS323 Build/KOT49I.MS32310b) AppleWebKit/537.36 (KHTML, like Gecko) Chrome/30.0.1599.103 Mobile Safari/537.36"
45.148.10.248 - - [24/Jun/2025:17:45:28 +0000] "GET /js/languages/jquery.validationEngine-en.js HTTP/1.1" 404 - "-" "Mozilla/5.0 (Windows NT 6.3; WOW64) AppleWebKit/537.36 (KHTML, like Gecko) Chrome/31.0.1650.57 Safari/537.36 OPR/18.0.1284.49"
45.148.10.248 - - [24/Jun/2025:17:45:28 +0000] "GET //cdn.jsdelivr.net/npm/popper.js@1.16.1/dist/umd/popper.min.js HTTP/1.1" 404 - "-" "Mozilla/5.0 (Windows NT 10.0; Win64; x64) AppleWebKit/537.36 (KHTML, like Gecko) Chrome/78.0.3889.0 Safari/537.36"
57.141.2.24 - - [24/Jun/2025:17:45:29 +0000] "GET /shopdetail/2782619 HTTP/2.0" 404 - "-" "meta-externalagent/1.1 (+https://developers.facebook.com/docs/sharing/webmasters/crawler)"
45.148.10.248 - - [24/Jun/2025:17:45:29 +0000] "GET /state.js HTTP/1.1" 200 32545 "-" "Mozilla/5.0 (BB10; Touch) AppleWebKit/537.10+ (KHTML, like Gecko) Version/10.1.0.2342 Mobile Safari/537.10+"
57.141.2.18 - - [24/Jun/2025:17:45:29 +0000] "GET /shopdetail/1300356 HTTP/2.0" 404 - "-" "meta-externalagent/1.1 (+https://developers.facebook.com/docs/sharing/webmasters/crawler)"
57.141.2.26 - - [24/Jun/2025:17:45:32 +0000] "GET /shopdetail/1276224 HTTP/2.0" 404 - "-" "meta-externalagent/1.1 (+https://developers.facebook.com/docs/sharing/webmasters/crawler)"
57.141.2.14 - - [24/Jun/2025:17:45:34 +0000] "GET /shopdetail/4511190 HTTP/2.0" 404 - "-" "meta-externalagent/1.1 (+https://developers.facebook.com/docs/sharing/webmasters/crawler)"
57.141.2.22 - - [24/Jun/2025:17:45:35 +0000] "GET /buy.php/shopdetail/1484734 HTTP/2.0" 404 - "-" "meta-externalagent/1.1 (+https://developers.facebook.com/docs/sharing/webmasters/crawler)"
57.141.2.27 - - [24/Jun/2025:17:45:35 +0000] "GET /buy.php/shopdetail/3202396 HTTP/2.0" 404 - "-" "meta-externalagent/1.1 (+https://developers.facebook.com/docs/sharing/webmasters/crawler)"
57.141.2.23 - - [24/Jun/2025:17:45:36 +0000] "GET /shopdetail/1157660 HTTP/2.0" 404 - "-" "meta-externalagent/1.1 (+https://developers.facebook.com/docs/sharing/webmasters/crawler)"
57.141.2.29 - - [24/Jun/2025:17:45:36 +0000] "GET /buy.php/shopdetail/1612214 HTTP/2.0" 404 - "-" "meta-externalagent/1.1 (+https://developers.facebook.com/docs/sharing/webmasters/crawler)"
57.141.2.15 - - [24/Jun/2025:17:45:37 +0000] "GET /buy.php/shopdetail/1992156 HTTP/2.0" 404 - "-" "meta-externalagent/1.1 (+https://developers.facebook.com/docs/sharing/webmasters/crawler)"
95.108.213.109 - - [24/Jun/2025:17:45:37 +0000] "GET /buy.php/shopdetail/1196215 HTTP/1.1" 404 - "-" "Mozilla/5.0 (compatible; YandexBot/3.0; +http://yandex.com/bots)"
57.141.2.27 - - [24/Jun/2025:17:45:39 +0000] "GET /shopdetail/1151284 HTTP/2.0" 404 - "-" "meta-externalagent/1.1 (+https://developers.facebook.com/docs/sharing/webmasters/crawler)"
57.141.2.10 - - [24/Jun/2025:17:45:41 +0000] "GET /shopdetail/3168987 HTTP/2.0" 404 - "-" "meta-externalagent/1.1 (+https://developers.facebook.com/docs/sharing/webmasters/crawler)"
57.141.2.16 - - [24/Jun/2025:17:45:47 +0000] "GET /shopdetail/4665144 HTTP/2.0" 404 - "-" "meta-externalagent/1.1 (+https://developers.facebook.com/docs/sharing/webmasters/crawler)"
57.141.2.4 - - [24/Jun/2025:17:45:49 +0000] "GET /buy.php/shopdetail/4589147 HTTP/2.0" 404 - "-" "meta-externalagent/1.1 (+https://developers.facebook.com/docs/sharing/webmasters/crawler)"
5.255.231.8 - - [24/Jun/2025:17:45:49 +0000] "GET /buy.php/shopdetail/0927546 HTTP/1.1" 404 - "-" "Mozilla/5.0 (compatible; YandexBot/3.0; +http://yandex.com/bots)"
57.141.2.21 - - [24/Jun/2025:17:45:49 +0000] "GET /shopdetail/4354314 HTTP/2.0" 404 - "-" "meta-externalagent/1.1 (+https://developers.facebook.com/docs/sharing/webmasters/crawler)"
45.148.10.248 - - [24/Jun/2025:17:45:54 +0000] "GET //maxcdn.bootstrapcdn.com/bootstrap/4.5.2/js/bootstrap.min.js HTTP/1.1" 404 - "-" "Mozilla/5.0 (Macintosh; Intel Mac OS X 10_14_4) AppleWebKit/537.36 (KHTML, like Gecko) Chrome/74.0.3729.169 YaBrowser/19.6.0.1583 Yowser/2.5 Safari/537.36"
45.148.10.248 - - [24/Jun/2025:17:45:54 +0000] "GET /js/jquery.validationEngine.js HTTP/1.1" 404 - "-" "Mozilla/5.0 (Windows NT 10.0; WOW64) AppleWebKit/537.36 (KHTML, like Gecko) Chrome/64.0.3282.186 YaBrowser/18.3.1.1220 Yowser/2.5 Safari/537.36"
45.148.10.248 - - [24/Jun/2025:17:45:54 +0000] "GET /js/languages/jquery.validationEngine-en.js HTTP/1.1" 404 - "-" "Mozilla/5.0 (Windows NT 10.0; Win64; x64) AppleWebKit/537.36 (KHTML, like Gecko) Chrome/78.0.3866.0 Safari/537.36"
45.148.10.248 - - [24/Jun/2025:17:45:54 +0000] "GET //cdnjs.cloudflare.com/ajax/libs/popper.js/1.16.0/umd/popper.min.js HTTP/1.1" 404 - "-" "Mozilla/5.0 (Windows NT 6.3; Win64; x64) AppleWebKit/537.36 (KHTML, like Gecko) Chrome/69.0.3497.100 Safari/537.36"
45.148.10.248 - - [24/Jun/2025:17:45:54 +0000] "GET /state.js HTTP/1.1" 200 32545 "-" "Mozilla/5.0 (Windows NT 10.0; WOW64) AppleWebKit/537.36 (KHTML, like Gecko) Chrome/75.0.3770.142 Safari/537.36"
45.148.10.248 - - [24/Jun/2025:17:45:54 +0000] "GET //cdn.js HTTP/1.1" 404 - "-" "Mozilla/5.0 (Linux; Android 9; Redmi Note 6 Pro) AppleWebKit/537.36 (KHTML, like Gecko) Chrome/75.0.3770.143 Mobile Safari/537.36"
45.148.10.248 - - [24/Jun/2025:17:45:54 +0000] "GET //cdn.jsdelivr.net/npm/bootstrap@4.6.2/dist/js/bootstrap.bundle.min.js HTTP/1.1" 404 - "-" "Mozilla/5.0 (Windows NT 10.0; WOW64) AppleWebKit/537.36 (KHTML, like Gecko) Chrome/65.0.3325.162 Safari/537.36"
45.148.10.248 - - [24/Jun/2025:17:45:54 +0000] "GET //cdn.jsdelivr.net/npm/popper.js@1.16.1/dist/umd/popper.min.js HTTP/1.1" 404 - "-" "Mozilla/5.0 (X11; U; SunOS sun4m; en-US; rv:1.4b) Gecko/20030517 Mozilla Firebird/0.6"
45.148.10.248 - - [24/Jun/2025:17:45:54 +0000] "GET //ajax.googleapis.com/ajax/libs/jquery/3.5.1/jquery.min.js HTTP/1.1" 404 - "-" "Mozilla/5.0 (BlackBerry; U; BlackBerry 9800; en) AppleWebKit/534.1 (KHTML, Like Gecko) Version/6.0.0.141 Mobile Safari/534.1"
57.141.2.22 - - [24/Jun/2025:17:45:55 +0000] "GET /shopdetail/3606318 HTTP/2.0" 404 - "-" "meta-externalagent/1.1 (+https://developers.facebook.com/docs/sharing/webmasters/crawler)"
102.129.223.92 - - [24/Jun/2025:17:45:56 +0000] "GET /contact.php HTTP/1.1" 200 21221 "-" "Mozilla/5.0 (Windows NT 10.0) AppleWebKit/537.36 (KHTML, like Gecko) Chrome/114.0.0.0 Safari/537.36"
57.141.2.4 - - [24/Jun/2025:17:45:58 +0000] "GET /shopdetail/1151771 HTTP/2.0" 404 - "-" "meta-externalagent/1.1 (+https://developers.facebook.com/docs/sharing/webmasters/crawler)"
57.141.2.12 - - [24/Jun/2025:17:46:00 +0000] "GET /shopdetail/2344229 HTTP/2.0" 404 - "-" "meta-externalagent/1.1 (+https://developers.facebook.com/docs/sharing/webmasters/crawler)"
57.141.2.28 - - [24/Jun/2025:17:46:00 +0000] "GET /buy.php/shopdetail/2658712 HTTP/2.0" 404 - "-" "meta-externalagent/1.1 (+https://developers.facebook.com/docs/sharing/webmasters/crawler)"
57.141.2.3 - - [24/Jun/2025:17:46:01 +0000] "GET /buy.php/shopdetail/1631150 HTTP/2.0" 404 - "-" "meta-externalagent/1.1 (+https://developers.facebook.com/docs/sharing/webmasters/crawler)"
102.129.223.92 - - [24/Jun/2025:17:46:01 +0000] "POST /contact.php HTTP/1.1" 500 - "https://gemregistrationonline.org/contact.php" "Mozilla/5.0 (Windows NT 10.0) AppleWebKit/537.36 (KHTML, like Gecko) Chrome/114.0.0.0 Safari/537.36"
57.141.2.26 - - [24/Jun/2025:17:46:02 +0000] "GET /shopdetail/4046406 HTTP/2.0" 404 - "-" "meta-externalagent/1.1 (+https://developers.facebook.com/docs/sharing/webmasters/crawler)"
57.141.2.5 - - [24/Jun/2025:17:46:04 +0000] "GET /buy.php/shopdetail/4703468 HTTP/2.0" 404 - "-" "meta-externalagent/1.1 (+https://developers.facebook.com/docs/sharing/webmasters/crawler)"
57.141.2.8 - - [24/Jun/2025:17:46:05 +0000] "GET /shopdetail/4265306 HTTP/2.0" 404 - "-" "meta-externalagent/1.1 (+https://developers.facebook.com/docs/sharing/webmasters/crawler)"
57.141.2.10 - - [24/Jun/2025:17:46:07 +0000] "GET /shopdetail/1710995 HTTP/2.0" 404 - "-" "meta-externalagent/1.1 (+https://developers.facebook.com/docs/sharing/webmasters/crawler)"
57.141.2.10 - - [24/Jun/2025:17:46:09 +0000] "GET /shopdetail/1139319 HTTP/2.0" 404 - "-" "meta-externalagent/1.1 (+https://developers.facebook.com/docs/sharing/webmasters/crawler)"
57.141.2.11 - - [24/Jun/2025:17:46:13 +0000] "GET /buy.php/shopdetail/3865457 HTTP/2.0" 404 - "-" "meta-externalagent/1.1 (+https://developers.facebook.com/docs/sharing/webmasters/crawler)"
57.141.2.7 - - [24/Jun/2025:17:46:14 +0000] "GET /shopdetail/3630722 HTTP/2.0" 404 - "-" "meta-externalagent/1.1 (+https://developers.facebook.com/docs/sharing/webmasters/crawler)"
57.141.2.29 - - [24/Jun/2025:17:46:17 +0000] "GET /shopdetail/4801545 HTTP/2.0" 404 - "-" "meta-externalagent/1.1 (+https://developers.facebook.com/docs/sharing/webmasters/crawler)"
57.141.2.5 - - [24/Jun/2025:17:46:27 +0000] "GET /buy.php/shopdetail/4782971 HTTP/2.0" 404 - "-" "meta-externalagent/1.1 (+https://developers.facebook.com/docs/sharing/webmasters/crawler)"
57.141.2.20 - - [24/Jun/2025:17:46:27 +0000] "GET /shopdetail/2659805 HTTP/2.0" 404 - "-" "meta-externalagent/1.1 (+https://developers.facebook.com/docs/sharing/webmasters/crawler)"
57.141.2.15 - - [24/Jun/2025:17:46:29 +0000] "GET /buy.php/shopdetail/1598731 HTTP/2.0" 404 - "-" "meta-externalagent/1.1 (+https://developers.facebook.com/docs/sharing/webmasters/crawler)"
57.141.2.16 - - [24/Jun/2025:17:46:29 +0000] "GET /shopdetail/3125113 HTTP/2.0" 404 - "-" "meta-externalagent/1.1 (+https://developers.facebook.com/docs/sharing/webmasters/crawler)"
57.141.2.30 - - [24/Jun/2025:17:46:32 +0000] "GET /buy.php/shopdetail/3931974 HTTP/2.0" 404 - "-" "meta-externalagent/1.1 (+https://developers.facebook.com/docs/sharing/webmasters/crawler)"
57.141.2.21 - - [24/Jun/2025:17:46:34 +0000] "GET /shopdetail/1882291 HTTP/2.0" 404 - "-" "meta-externalagent/1.1 (+https://developers.facebook.com/docs/sharing/webmasters/crawler)"
57.141.2.12 - - [24/Jun/2025:17:46:36 +0000] "GET /shopdetail/3431407 HTTP/2.0" 404 - "-" "meta-externalagent/1.1 (+https://developers.facebook.com/docs/sharing/webmasters/crawler)"
57.141.2.13 - - [24/Jun/2025:17:46:37 +0000] "GET /buy.php/shopdetail/2545213 HTTP/2.0" 404 - "-" "meta-externalagent/1.1 (+https://developers.facebook.com/docs/sharing/webmasters/crawler)"
57.141.2.13 - - [24/Jun/2025:17:46:38 +0000] "GET /buy.php/shopdetail/3430805 HTTP/2.0" 404 - "-" "meta-externalagent/1.1 (+https://developers.facebook.com/docs/sharing/webmasters/crawler)"
57.141.2.26 - - [24/Jun/2025:17:46:39 +0000] "GET /shopdetail/3192079 HTTP/2.0" 404 - "-" "meta-externalagent/1.1 (+https://developers.facebook.com/docs/sharing/webmasters/crawler)"
57.141.2.2 - - [24/Jun/2025:17:46:44 +0000] "GET /buy.php/shopdetail/1340065 HTTP/2.0" 404 - "-" "meta-externalagent/1.1 (+https://developers.facebook.com/docs/sharing/webmasters/crawler)"
57.141.2.8 - - [24/Jun/2025:17:46:44 +0000] "GET /buy.php/shopdetail/3825039 HTTP/2.0" 404 - "-" "meta-externalagent/1.1 (+https://developers.facebook.com/docs/sharing/webmasters/crawler)"
57.141.2.26 - - [24/Jun/2025:17:46:48 +0000] "GET /shopdetail/4439995 HTTP/2.0" 404 - "-" "meta-externalagent/1.1 (+https://developers.facebook.com/docs/sharing/webmasters/crawler)"
87.250.224.93 - - [24/Jun/2025:17:46:49 +0000] "GET /shopdetail/3209122 HTTP/1.1" 404 - "-" "Mozilla/5.0 (compatible; YandexBot/3.0; +http://yandex.com/bots)"
57.141.2.17 - - [24/Jun/2025:17:46:52 +0000] "GET /buy.php/shopdetail/4279683 HTTP/2.0" 404 - "-" "meta-externalagent/1.1 (+https://developers.facebook.com/docs/sharing/webmasters/crawler)"
57.141.2.25 - - [24/Jun/2025:17:46:55 +0000] "GET /shopdetail/4305827 HTTP/2.0" 404 - "-" "meta-externalagent/1.1 (+https://developers.facebook.com/docs/sharing/webmasters/crawler)"
57.141.2.6 - - [24/Jun/2025:17:46:55 +0000] "GET /buy.php/shopdetail/3256248 HTTP/2.0" 404 - "-" "meta-externalagent/1.1 (+https://developers.facebook.com/docs/sharing/webmasters/crawler)"
57.141.2.11 - - [24/Jun/2025:17:46:57 +0000] "GET /buy.php/shopdetail/4646754 HTTP/2.0" 404 - "-" "meta-externalagent/1.1 (+https://developers.facebook.com/docs/sharing/webmasters/crawler)"
52.167.144.193 - - [24/Jun/2025:17:46:58 +0000] "GET /buy.php/shopdetail/1093760 HTTP/2.0" 404 - "-" "Mozilla/5.0 AppleWebKit/537.36 (KHTML, like Gecko; compatible; bingbot/2.0; +http://www.bing.com/bingbot.htm) Chrome/116.0.1938.76 Safari/537.36"
57.141.2.29 - - [24/Jun/2025:17:46:59 +0000] "GET /shopdetail/1390130 HTTP/2.0" 404 - "-" "meta-externalagent/1.1 (+https://developers.facebook.com/docs/sharing/webmasters/crawler)"
57.141.2.22 - - [24/Jun/2025:17:47:00 +0000] "GET /shopdetail/3537491 HTTP/2.0" 404 - "-" "meta-externalagent/1.1 (+https://developers.facebook.com/docs/sharing/webmasters/crawler)"
57.141.2.27 - - [24/Jun/2025:17:47:06 +0000] "GET /shopdetail/4220704 HTTP/2.0" 404 - "-" "meta-externalagent/1.1 (+https://developers.facebook.com/docs/sharing/webmasters/crawler)"
57.141.2.2 - - [24/Jun/2025:17:47:06 +0000] "GET /buy.php/shopdetail/4401512 HTTP/2.0" 404 - "-" "meta-externalagent/1.1 (+https://developers.facebook.com/docs/sharing/webmasters/crawler)"
57.141.2.22 - - [24/Jun/2025:17:47:08 +0000] "GET /shopdetail/1146867 HTTP/2.0" 404 - "-" "meta-externalagent/1.1 (+https://developers.facebook.com/docs/sharing/webmasters/crawler)"
57.141.2.23 - - [24/Jun/2025:17:47:13 +0000] "GET /shopdetail/4684276 HTTP/2.0" 404 - "-" "meta-externalagent/1.1 (+https://developers.facebook.com/docs/sharing/webmasters/crawler)"
57.141.2.8 - - [24/Jun/2025:17:47:14 +0000] "GET /buy.php/shopdetail/4473951 HTTP/2.0" 404 - "-" "meta-externalagent/1.1 (+https://developers.facebook.com/docs/sharing/webmasters/crawler)"
57.141.2.21 - - [24/Jun/2025:17:47:18 +0000] "GET /shopdetail/2683773 HTTP/2.0" 404 - "-" "meta-externalagent/1.1 (+https://developers.facebook.com/docs/sharing/webmasters/crawler)"
57.141.2.2 - - [24/Jun/2025:17:47:20 +0000] "GET /shopdetail/4306559 HTTP/2.0" 404 - "-" "meta-externalagent/1.1 (+https://developers.facebook.com/docs/sharing/webmasters/crawler)"
57.141.2.15 - - [24/Jun/2025:17:47:26 +0000] "GET /buy.php/shopdetail/2742089 HTTP/2.0" 404 - "-" "meta-externalagent/1.1 (+https://developers.facebook.com/docs/sharing/webmasters/crawler)"
57.141.2.26 - - [24/Jun/2025:17:47:29 +0000] "GET /shopdetail/3319554 HTTP/2.0" 404 - "-" "meta-externalagent/1.1 (+https://developers.facebook.com/docs/sharing/webmasters/crawler)"
57.141.2.29 - - [24/Jun/2025:17:47:33 +0000] "GET /shopdetail/3460038 HTTP/2.0" 404 - "-" "meta-externalagent/1.1 (+https://developers.facebook.com/docs/sharing/webmasters/crawler)"
57.141.2.5 - - [24/Jun/2025:17:47:33 +0000] "GET /buy.php/shopdetail/4125058 HTTP/2.0" 404 - "-" "meta-externalagent/1.1 (+https://developers.facebook.com/docs/sharing/webmasters/crawler)"
57.141.2.20 - - [24/Jun/2025:17:47:36 +0000] "GET /buy.php/shopdetail/2775457 HTTP/2.0" 404 - "-" "meta-externalagent/1.1 (+https://developers.facebook.com/docs/sharing/webmasters/crawler)"
57.141.2.5 - - [24/Jun/2025:17:47:37 +0000] "GET /shopdetail/1710832 HTTP/2.0" 404 - "-" "meta-externalagent/1.1 (+https://developers.facebook.com/docs/sharing/webmasters/crawler)"
57.141.2.21 - - [24/Jun/2025:17:47:37 +0000] "GET /shopdetail/1018661 HTTP/2.0" 404 - "-" "meta-externalagent/1.1 (+https://developers.facebook.com/docs/sharing/webmasters/crawler)"
57.141.2.1 - - [24/Jun/2025:17:47:41 +0000] "GET /shopdetail/4700874 HTTP/2.0" 404 - "-" "meta-externalagent/1.1 (+https://developers.facebook.com/docs/sharing/webmasters/crawler)"
57.141.2.30 - - [24/Jun/2025:17:47:42 +0000] "GET /buy.php/shopdetail/0981873 HTTP/2.0" 404 - "-" "meta-externalagent/1.1 (+https://developers.facebook.com/docs/sharing/webmasters/crawler)"
57.141.2.22 - - [24/Jun/2025:17:47:42 +0000] "GET /shopdetail/4168168 HTTP/2.0" 404 - "-" "meta-externalagent/1.1 (+https://developers.facebook.com/docs/sharing/webmasters/crawler)"
57.141.2.5 - - [24/Jun/2025:17:47:43 +0000] "GET /buy.php/shopdetail/4493977 HTTP/2.0" 404 - "-" "meta-externalagent/1.1 (+https://developers.facebook.com/docs/sharing/webmasters/crawler)"
57.141.2.28 - - [24/Jun/2025:17:47:48 +0000] "GET /shopdetail/1934974 HTTP/2.0" 404 - "-" "meta-externalagent/1.1 (+https://developers.facebook.com/docs/sharing/webmasters/crawler)"
57.141.2.20 - - [24/Jun/2025:17:47:48 +0000] "GET /shopdetail/3853612 HTTP/2.0" 404 - "-" "meta-externalagent/1.1 (+https://developers.facebook.com/docs/sharing/webmasters/crawler)"
57.141.2.25 - - [24/Jun/2025:17:47:53 +0000] "GET /shopdetail/3262206 HTTP/2.0" 404 - "-" "meta-externalagent/1.1 (+https://developers.facebook.com/docs/sharing/webmasters/crawler)"
57.141.2.24 - - [24/Jun/2025:17:47:53 +0000] "GET /shopdetail/4275081 HTTP/2.0" 404 - "-" "meta-externalagent/1.1 (+https://developers.facebook.com/docs/sharing/webmasters/crawler)"
57.141.2.5 - - [24/Jun/2025:17:47:54 +0000] "GET /buy.php/shopdetail/3332761 HTTP/2.0" 404 - "-" "meta-externalagent/1.1 (+https://developers.facebook.com/docs/sharing/webmasters/crawler)"
95.108.213.112 - - [24/Jun/2025:17:47:54 +0000] "GET /buy.php/shopdetail/1800474 HTTP/1.1" 404 - "-" "Mozilla/5.0 (compatible; YandexBot/3.0; +http://yandex.com/bots)"
57.141.2.22 - - [24/Jun/2025:17:47:54 +0000] "GET /buy.php/shopdetail/3074430 HTTP/2.0" 404 - "-" "meta-externalagent/1.1 (+https://developers.facebook.com/docs/sharing/webmasters/crawler)"
57.141.2.14 - - [24/Jun/2025:17:47:56 +0000] "GET /shopdetail/3846748 HTTP/2.0" 404 - "-" "meta-externalagent/1.1 (+https://developers.facebook.com/docs/sharing/webmasters/crawler)"
57.141.2.9 - - [24/Jun/2025:17:47:59 +0000] "GET /shopdetail/3666813 HTTP/2.0" 404 - "-" "meta-externalagent/1.1 (+https://developers.facebook.com/docs/sharing/webmasters/crawler)"
57.141.2.28 - - [24/Jun/2025:17:48:03 +0000] "GET /buy.php/shopdetail/4478704 HTTP/2.0" 404 - "-" "meta-externalagent/1.1 (+https://developers.facebook.com/docs/sharing/webmasters/crawler)"
57.141.2.18 - - [24/Jun/2025:17:48:04 +0000] "GET /buy.php/shopdetail/1744199 HTTP/2.0" 404 - "-" "meta-externalagent/1.1 (+https://developers.facebook.com/docs/sharing/webmasters/crawler)"
57.141.2.28 - - [24/Jun/2025:17:48:05 +0000] "GET /buy.php/shopdetail/3755690 HTTP/2.0" 404 - "-" "meta-externalagent/1.1 (+https://developers.facebook.com/docs/sharing/webmasters/crawler)"
57.141.2.23 - - [24/Jun/2025:17:48:05 +0000] "GET /buy.php/shopdetail/2669264 HTTP/2.0" 404 - "-" "meta-externalagent/1.1 (+https://developers.facebook.com/docs/sharing/webmasters/crawler)"
57.141.2.10 - - [24/Jun/2025:17:48:06 +0000] "GET /buy.php/shopdetail/3887589 HTTP/2.0" 404 - "-" "meta-externalagent/1.1 (+https://developers.facebook.com/docs/sharing/webmasters/crawler)"
57.141.2.25 - - [24/Jun/2025:17:48:09 +0000] "GET /shopdetail/3833215 HTTP/2.0" 404 - "-" "meta-externalagent/1.1 (+https://developers.facebook.com/docs/sharing/webmasters/crawler)"
57.141.2.23 - - [24/Jun/2025:17:48:12 +0000] "GET /buy.php/shopdetail/3663931 HTTP/2.0" 404 - "-" "meta-externalagent/1.1 (+https://developers.facebook.com/docs/sharing/webmasters/crawler)"
57.141.2.28 - - [24/Jun/2025:17:48:12 +0000] "GET /shopdetail/4654999 HTTP/2.0" 404 - "-" "meta-externalagent/1.1 (+https://developers.facebook.com/docs/sharing/webmasters/crawler)"
57.141.2.16 - - [24/Jun/2025:17:48:12 +0000] "GET /buy.php/shopdetail/3513319 HTTP/2.0" 404 - "-" "meta-externalagent/1.1 (+https://developers.facebook.com/docs/sharing/webmasters/crawler)"
87.250.224.90 - - [24/Jun/2025:17:48:17 +0000] "GET /shopdetail/3307915 HTTP/1.1" 404 - "-" "Mozilla/5.0 (compatible; YandexBot/3.0; +http://yandex.com/bots)"
57.141.2.20 - - [24/Jun/2025:17:48:18 +0000] "GET /buy.php/shopdetail/0871667 HTTP/2.0" 404 - "-" "meta-externalagent/1.1 (+https://developers.facebook.com/docs/sharing/webmasters/crawler)"
87.250.224.97 - - [24/Jun/2025:17:48:19 +0000] "GET /buy.php/shopdetail/2774642 HTTP/1.1" 404 - "-" "Mozilla/5.0 (compatible; YandexBot/3.0; +http://yandex.com/bots)"
57.141.2.22 - - [24/Jun/2025:17:48:20 +0000] "GET /shopdetail/2944540 HTTP/2.0" 404 - "-" "meta-externalagent/1.1 (+https://developers.facebook.com/docs/sharing/webmasters/crawler)"
57.141.2.3 - - [24/Jun/2025:17:48:21 +0000] "GET /shopdetail/1909682 HTTP/2.0" 404 - "-" "meta-externalagent/1.1 (+https://developers.facebook.com/docs/sharing/webmasters/crawler)"
57.141.2.24 - - [24/Jun/2025:17:48:22 +0000] "GET /shopdetail/3652809 HTTP/2.0" 404 - "-" "meta-externalagent/1.1 (+https://developers.facebook.com/docs/sharing/webmasters/crawler)"
57.141.2.2 - - [24/Jun/2025:17:48:25 +0000] "GET /shopdetail/4225076 HTTP/2.0" 404 - "-" "meta-externalagent/1.1 (+https://developers.facebook.com/docs/sharing/webmasters/crawler)"
57.141.2.16 - - [24/Jun/2025:17:48:28 +0000] "GET /shopdetail/4197267 HTTP/2.0" 404 - "-" "meta-externalagent/1.1 (+https://developers.facebook.com/docs/sharing/webmasters/crawler)"
57.141.2.1 - - [24/Jun/2025:17:48:30 +0000] "GET /buy.php/shopdetail/4312066 HTTP/2.0" 404 - "-" "meta-externalagent/1.1 (+https://developers.facebook.com/docs/sharing/webmasters/crawler)"
87.250.224.111 - - [24/Jun/2025:17:48:31 +0000] "GET /shopdetail/2318997 HTTP/1.1" 404 - "-" "Mozilla/5.0 (compatible; YandexBot/3.0; +http://yandex.com/bots)"
57.141.2.23 - - [24/Jun/2025:17:48:33 +0000] "GET /shopdetail/4619650 HTTP/2.0" 404 - "-" "meta-externalagent/1.1 (+https://developers.facebook.com/docs/sharing/webmasters/crawler)"
57.141.2.16 - - [24/Jun/2025:17:48:35 +0000] "GET /shopdetail/3380763 HTTP/2.0" 404 - "-" "meta-externalagent/1.1 (+https://developers.facebook.com/docs/sharing/webmasters/crawler)"
57.141.2.8 - - [24/Jun/2025:17:48:38 +0000] "GET /buy.php/shopdetail/1366370 HTTP/2.0" 404 - "-" "meta-externalagent/1.1 (+https://developers.facebook.com/docs/sharing/webmasters/crawler)"
57.141.2.30 - - [24/Jun/2025:17:48:39 +0000] "GET /shopdetail/2059257 HTTP/2.0" 404 - "-" "meta-externalagent/1.1 (+https://developers.facebook.com/docs/sharing/webmasters/crawler)"
57.141.2.26 - - [24/Jun/2025:17:48:40 +0000] "GET /shopdetail/4447021 HTTP/2.0" 404 - "-" "meta-externalagent/1.1 (+https://developers.facebook.com/docs/sharing/webmasters/crawler)"
57.141.2.4 - - [24/Jun/2025:17:48:46 +0000] "GET /buy.php/shopdetail/0869583 HTTP/2.0" 404 - "-" "meta-externalagent/1.1 (+https://developers.facebook.com/docs/sharing/webmasters/crawler)"
57.141.2.24 - - [24/Jun/2025:17:48:48 +0000] "GET /buy.php/shopdetail/3588493 HTTP/2.0" 404 - "-" "meta-externalagent/1.1 (+https://developers.facebook.com/docs/sharing/webmasters/crawler)"
57.141.2.17 - - [24/Jun/2025:17:48:48 +0000] "GET /shopdetail/2834328 HTTP/2.0" 404 - "-" "meta-externalagent/1.1 (+https://developers.facebook.com/docs/sharing/webmasters/crawler)"
57.141.2.3 - - [24/Jun/2025:17:48:49 +0000] "GET /buy.php/shopdetail/1538707 HTTP/2.0" 404 - "-" "meta-externalagent/1.1 (+https://developers.facebook.com/docs/sharing/webmasters/crawler)"
213.180.203.33 - - [24/Jun/2025:17:48:53 +0000] "GET /shopdetail/4338840 HTTP/1.1" 404 - "-" "Mozilla/5.0 (compatible; YandexBot/3.0; +http://yandex.com/bots)"
87.250.224.87 - - [24/Jun/2025:17:48:53 +0000] "GET /shopdetail/1704287 HTTP/1.1" 404 - "-" "Mozilla/5.0 (compatible; YandexBot/3.0; +http://yandex.com/bots)"
57.141.2.24 - - [24/Jun/2025:17:48:56 +0000] "GET /shopdetail/3819657 HTTP/2.0" 404 - "-" "meta-externalagent/1.1 (+https://developers.facebook.com/docs/sharing/webmasters/crawler)"
57.141.2.8 - - [24/Jun/2025:17:48:58 +0000] "GET /shopdetail/3301215 HTTP/2.0" 404 - "-" "meta-externalagent/1.1 (+https://developers.facebook.com/docs/sharing/webmasters/crawler)"
57.141.2.18 - - [24/Jun/2025:17:48:58 +0000] "GET /buy.php/shopdetail/1066033 HTTP/2.0" 404 - "-" "meta-externalagent/1.1 (+https://developers.facebook.com/docs/sharing/webmasters/crawler)"
57.141.2.18 - - [24/Jun/2025:17:48:58 +0000] "GET /shopdetail/1254875 HTTP/2.0" 404 - "-" "meta-externalagent/1.1 (+https://developers.facebook.com/docs/sharing/webmasters/crawler)"
207.46.13.151 - - [24/Jun/2025:17:48:59 +0000] "GET /buy.php/shopdetail/0863487 HTTP/2.0" 404 - "-" "Mozilla/5.0 AppleWebKit/537.36 (KHTML, like Gecko; compatible; bingbot/2.0; +http://www.bing.com/bingbot.htm) Chrome/116.0.1938.76 Safari/537.36"
57.141.2.9 - - [24/Jun/2025:17:49:03 +0000] "GET /shopdetail/3396776 HTTP/2.0" 404 - "-" "meta-externalagent/1.1 (+https://developers.facebook.com/docs/sharing/webmasters/crawler)"
57.141.2.1 - - [24/Jun/2025:17:49:04 +0000] "GET /buy.php/shopdetail/4151308 HTTP/2.0" 404 - "-" "meta-externalagent/1.1 (+https://developers.facebook.com/docs/sharing/webmasters/crawler)"
57.141.2.26 - - [24/Jun/2025:17:49:06 +0000] "GET /shopdetail/1792799 HTTP/2.0" 404 - "-" "meta-externalagent/1.1 (+https://developers.facebook.com/docs/sharing/webmasters/crawler)"
95.108.213.180 - - [24/Jun/2025:17:49:08 +0000] "GET /shopdetail/3402580 HTTP/1.1" 404 - "-" "Mozilla/5.0 (compatible; YandexBot/3.0; +http://yandex.com/bots)"
57.141.2.2 - - [24/Jun/2025:17:49:10 +0000] "GET /buy.php/shopdetail/4782212 HTTP/2.0" 404 - "-" "meta-externalagent/1.1 (+https://developers.facebook.com/docs/sharing/webmasters/crawler)"
57.141.2.17 - - [24/Jun/2025:17:49:11 +0000] "GET /shopdetail/2696774 HTTP/2.0" 404 - "-" "meta-externalagent/1.1 (+https://developers.facebook.com/docs/sharing/webmasters/crawler)"
57.141.2.2 - - [24/Jun/2025:17:49:11 +0000] "GET /shopdetail/2644180 HTTP/2.0" 404 - "-" "meta-externalagent/1.1 (+https://developers.facebook.com/docs/sharing/webmasters/crawler)"
57.141.2.29 - - [24/Jun/2025:17:49:13 +0000] "GET /shopdetail/2419699 HTTP/2.0" 404 - "-" "meta-externalagent/1.1 (+https://developers.facebook.com/docs/sharing/webmasters/crawler)"
57.141.2.3 - - [24/Jun/2025:17:49:13 +0000] "GET /buy.php/shopdetail/1396266 HTTP/2.0" 404 - "-" "meta-externalagent/1.1 (+https://developers.facebook.com/docs/sharing/webmasters/crawler)"
57.141.2.7 - - [24/Jun/2025:17:49:15 +0000] "GET /shopdetail/4432719 HTTP/2.0" 404 - "-" "meta-externalagent/1.1 (+https://developers.facebook.com/docs/sharing/webmasters/crawler)"
57.141.2.14 - - [24/Jun/2025:17:49:17 +0000] "GET /shopdetail/2954995 HTTP/2.0" 404 - "-" "meta-externalagent/1.1 (+https://developers.facebook.com/docs/sharing/webmasters/crawler)"
57.141.2.16 - - [24/Jun/2025:17:49:20 +0000] "GET /shopdetail/4182006 HTTP/2.0" 404 - "-" "meta-externalagent/1.1 (+https://developers.facebook.com/docs/sharing/webmasters/crawler)"
57.141.2.29 - - [24/Jun/2025:17:49:22 +0000] "GET /shopdetail/1374837 HTTP/2.0" 404 - "-" "meta-externalagent/1.1 (+https://developers.facebook.com/docs/sharing/webmasters/crawler)"
57.141.2.17 - - [24/Jun/2025:17:49:23 +0000] "GET /buy.php/shopdetail/2811988 HTTP/2.0" 404 - "-" "meta-externalagent/1.1 (+https://developers.facebook.com/docs/sharing/webmasters/crawler)"
57.141.2.4 - - [24/Jun/2025:17:49:24 +0000] "GET /shopdetail/1738038 HTTP/2.0" 404 - "-" "meta-externalagent/1.1 (+https://developers.facebook.com/docs/sharing/webmasters/crawler)"
57.141.2.10 - - [24/Jun/2025:17:49:27 +0000] "GET /shopdetail/2767570 HTTP/2.0" 404 - "-" "meta-externalagent/1.1 (+https://developers.facebook.com/docs/sharing/webmasters/crawler)"
87.250.224.129 - - [24/Jun/2025:17:49:28 +0000] "GET /buy.php/shopdetail/2178796 HTTP/1.1" 404 - "-" "Mozilla/5.0 (compatible; YandexBot/3.0; +http://yandex.com/bots)"
57.141.2.29 - - [24/Jun/2025:17:49:29 +0000] "GET /shopdetail/2274073 HTTP/2.0" 404 - "-" "meta-externalagent/1.1 (+https://developers.facebook.com/docs/sharing/webmasters/crawler)"
87.250.224.134 - - [24/Jun/2025:17:49:29 +0000] "GET /buy.php/shopdetail/4726995 HTTP/1.1" 404 - "-" "Mozilla/5.0 (compatible; YandexBot/3.0; +http://yandex.com/bots)"
57.141.2.26 - - [24/Jun/2025:17:49:31 +0000] "GET /shopdetail/1152876 HTTP/2.0" 404 - "-" "meta-externalagent/1.1 (+https://developers.facebook.com/docs/sharing/webmasters/crawler)"
87.250.224.73 - - [24/Jun/2025:17:49:31 +0000] "GET /shopdetail/3360343 HTTP/1.1" 404 - "-" "Mozilla/5.0 (compatible; YandexBot/3.0; +http://yandex.com/bots)"
57.141.2.11 - - [24/Jun/2025:17:49:35 +0000] "GET /buy.php/shopdetail/4749982 HTTP/2.0" 404 - "-" "meta-externalagent/1.1 (+https://developers.facebook.com/docs/sharing/webmasters/crawler)"
57.141.2.27 - - [24/Jun/2025:17:49:36 +0000] "GET /buy.php/shopdetail/3082861 HTTP/2.0" 404 - "-" "meta-externalagent/1.1 (+https://developers.facebook.com/docs/sharing/webmasters/crawler)"
207.46.13.151 - - [24/Jun/2025:17:49:37 +0000] "GET /buy.php/shopdetail/2924013 HTTP/2.0" 404 - "-" "Mozilla/5.0 AppleWebKit/537.36 (KHTML, like Gecko; compatible; bingbot/2.0; +http://www.bing.com/bingbot.htm) Chrome/116.0.1938.76 Safari/537.36"
57.141.2.24 - - [24/Jun/2025:17:49:39 +0000] "GET /shopdetail/2066698 HTTP/2.0" 404 - "-" "meta-externalagent/1.1 (+https://developers.facebook.com/docs/sharing/webmasters/crawler)"
57.141.2.20 - - [24/Jun/2025:17:49:40 +0000] "GET /buy.php/shopdetail/1060050 HTTP/2.0" 404 - "-" "meta-externalagent/1.1 (+https://developers.facebook.com/docs/sharing/webmasters/crawler)"
57.141.2.22 - - [24/Jun/2025:17:49:42 +0000] "GET /buy.php/shopdetail/1667042 HTTP/2.0" 404 - "-" "meta-externalagent/1.1 (+https://developers.facebook.com/docs/sharing/webmasters/crawler)"
57.141.2.22 - - [24/Jun/2025:17:49:43 +0000] "GET /shopdetail/2047817 HTTP/2.0" 404 - "-" "meta-externalagent/1.1 (+https://developers.facebook.com/docs/sharing/webmasters/crawler)"
57.141.2.25 - - [24/Jun/2025:17:49:44 +0000] "GET /shopdetail/2411433 HTTP/2.0" 404 - "-" "meta-externalagent/1.1 (+https://developers.facebook.com/docs/sharing/webmasters/crawler)"
57.141.2.17 - - [24/Jun/2025:17:49:46 +0000] "GET /shopdetail/1037867 HTTP/2.0" 404 - "-" "meta-externalagent/1.1 (+https://developers.facebook.com/docs/sharing/webmasters/crawler)"
57.141.2.13 - - [24/Jun/2025:17:49:46 +0000] "GET /shopdetail/3420204 HTTP/2.0" 404 - "-" "meta-externalagent/1.1 (+https://developers.facebook.com/docs/sharing/webmasters/crawler)"
57.141.2.19 - - [24/Jun/2025:17:49:49 +0000] "GET /buy.php/shopdetail/4458939 HTTP/2.0" 404 - "-" "meta-externalagent/1.1 (+https://developers.facebook.com/docs/sharing/webmasters/crawler)"
57.141.2.5 - - [24/Jun/2025:17:49:52 +0000] "GET /shopdetail/4071015 HTTP/2.0" 404 - "-" "meta-externalagent/1.1 (+https://developers.facebook.com/docs/sharing/webmasters/crawler)"
57.141.2.1 - - [24/Jun/2025:17:49:54 +0000] "GET /shopdetail/3170421 HTTP/2.0" 404 - "-" "meta-externalagent/1.1 (+https://developers.facebook.com/docs/sharing/webmasters/crawler)"
57.141.2.14 - - [24/Jun/2025:17:49:58 +0000] "GET /shopdetail/3425156 HTTP/2.0" 404 - "-" "meta-externalagent/1.1 (+https://developers.facebook.com/docs/sharing/webmasters/crawler)"
57.141.2.16 - - [24/Jun/2025:17:50:01 +0000] "GET /buy.php/shopdetail/3637852 HTTP/2.0" 404 - "-" "meta-externalagent/1.1 (+https://developers.facebook.com/docs/sharing/webmasters/crawler)"
57.141.2.26 - - [24/Jun/2025:17:50:02 +0000] "GET /shopdetail/2168583 HTTP/2.0" 404 - "-" "meta-externalagent/1.1 (+https://developers.facebook.com/docs/sharing/webmasters/crawler)"
5.255.231.64 - - [24/Jun/2025:17:50:04 +0000] "GET /shopdetail/3412790 HTTP/1.1" 404 - "-" "Mozilla/5.0 (compatible; YandexBot/3.0; +http://yandex.com/bots)"
57.141.2.4 - - [24/Jun/2025:17:50:05 +0000] "GET /shopdetail/3579664 HTTP/2.0" 404 - "-" "meta-externalagent/1.1 (+https://developers.facebook.com/docs/sharing/webmasters/crawler)"
57.141.2.18 - - [24/Jun/2025:17:50:06 +0000] "GET /shopdetail/0970322 HTTP/2.0" 404 - "-" "meta-externalagent/1.1 (+https://developers.facebook.com/docs/sharing/webmasters/crawler)"
57.141.2.21 - - [24/Jun/2025:17:50:10 +0000] "GET /buy.php/shopdetail/4598109 HTTP/2.0" 404 - "-" "meta-externalagent/1.1 (+https://developers.facebook.com/docs/sharing/webmasters/crawler)"
57.141.2.24 - - [24/Jun/2025:17:50:13 +0000] "GET /shopdetail/1193877 HTTP/2.0" 404 - "-" "meta-externalagent/1.1 (+https://developers.facebook.com/docs/sharing/webmasters/crawler)"
57.141.2.16 - - [24/Jun/2025:17:50:14 +0000] "GET /buy.php/shopdetail/0989268 HTTP/2.0" 404 - "-" "meta-externalagent/1.1 (+https://developers.facebook.com/docs/sharing/webmasters/crawler)"
213.180.203.152 - - [24/Jun/2025:17:50:15 +0000] "GET /shopdetail/4174316 HTTP/1.1" 404 - "-" "Mozilla/5.0 (compatible; YandexBot/3.0; +http://yandex.com/bots)"
57.141.2.11 - - [24/Jun/2025:17:50:16 +0000] "GET /buy.php/shopdetail/0937469 HTTP/2.0" 404 - "-" "meta-externalagent/1.1 (+https://developers.facebook.com/docs/sharing/webmasters/crawler)"
57.141.2.10 - - [24/Jun/2025:17:50:17 +0000] "GET /buy.php/shopdetail/4083848 HTTP/2.0" 404 - "-" "meta-externalagent/1.1 (+https://developers.facebook.com/docs/sharing/webmasters/crawler)"
207.46.13.151 - - [24/Jun/2025:17:50:18 +0000] "GET /buy.php/shopdetail/3693000 HTTP/2.0" 404 - "-" "Mozilla/5.0 AppleWebKit/537.36 (KHTML, like Gecko; compatible; bingbot/2.0; +http://www.bing.com/bingbot.htm) Chrome/116.0.1938.76 Safari/537.36"
57.141.2.29 - - [24/Jun/2025:17:50:18 +0000] "GET /shopdetail/2911125 HTTP/2.0" 404 - "-" "meta-externalagent/1.1 (+https://developers.facebook.com/docs/sharing/webmasters/crawler)"
57.141.2.21 - - [24/Jun/2025:17:50:19 +0000] "GET /shopdetail/2366866 HTTP/2.0" 404 - "-" "meta-externalagent/1.1 (+https://developers.facebook.com/docs/sharing/webmasters/crawler)"
57.141.2.20 - - [24/Jun/2025:17:50:21 +0000] "GET /buy.php/shopdetail/4233505 HTTP/2.0" 404 - "-" "meta-externalagent/1.1 (+https://developers.facebook.com/docs/sharing/webmasters/crawler)"
52.167.144.193 - - [24/Jun/2025:17:50:22 +0000] "GET /buy.php/shopdetail/4304949 HTTP/2.0" 404 - "-" "Mozilla/5.0 AppleWebKit/537.36 (KHTML, like Gecko; compatible; bingbot/2.0; +http://www.bing.com/bingbot.htm) Chrome/116.0.1938.76 Safari/537.36"
57.141.2.24 - - [24/Jun/2025:17:50:22 +0000] "GET /buy.php/shopdetail/4271664 HTTP/2.0" 404 - "-" "meta-externalagent/1.1 (+https://developers.facebook.com/docs/sharing/webmasters/crawler)"
57.141.2.5 - - [24/Jun/2025:17:50:23 +0000] "GET /shopdetail/1636811 HTTP/2.0" 404 - "-" "meta-externalagent/1.1 (+https://developers.facebook.com/docs/sharing/webmasters/crawler)"
57.141.2.4 - - [24/Jun/2025:17:50:23 +0000] "GET /buy.php/shopdetail/0984261 HTTP/2.0" 404 - "-" "meta-externalagent/1.1 (+https://developers.facebook.com/docs/sharing/webmasters/crawler)"
57.141.2.24 - - [24/Jun/2025:17:50:24 +0000] "GET /buy.php/shopdetail/4296234 HTTP/2.0" 404 - "-" "meta-externalagent/1.1 (+https://developers.facebook.com/docs/sharing/webmasters/crawler)"
57.141.2.3 - - [24/Jun/2025:17:50:28 +0000] "GET /buy.php/shopdetail/2631757 HTTP/2.0" 404 - "-" "meta-externalagent/1.1 (+https://developers.facebook.com/docs/sharing/webmasters/crawler)"
57.141.2.18 - - [24/Jun/2025:17:50:33 +0000] "GET /shopdetail/4803498 HTTP/2.0" 404 - "-" "meta-externalagent/1.1 (+https://developers.facebook.com/docs/sharing/webmasters/crawler)"
57.141.2.9 - - [24/Jun/2025:17:50:34 +0000] "GET /shopdetail/1370103 HTTP/2.0" 404 - "-" "meta-externalagent/1.1 (+https://developers.facebook.com/docs/sharing/webmasters/crawler)"
57.141.2.17 - - [24/Jun/2025:17:50:34 +0000] "GET /shopdetail/3985411 HTTP/2.0" 404 - "-" "meta-externalagent/1.1 (+https://developers.facebook.com/docs/sharing/webmasters/crawler)"
40.77.167.131 - - [24/Jun/2025:17:50:39 +0000] "GET /buy.php/shopdetail/3509436 HTTP/2.0" 404 - "-" "Mozilla/5.0 AppleWebKit/537.36 (KHTML, like Gecko; compatible; bingbot/2.0; +http://www.bing.com/bingbot.htm) Chrome/116.0.1938.76 Safari/537.36"
57.141.2.18 - - [24/Jun/2025:17:50:43 +0000] "GET /shopdetail/2162259 HTTP/2.0" 404 - "-" "meta-externalagent/1.1 (+https://developers.facebook.com/docs/sharing/webmasters/crawler)"
57.141.2.11 - - [24/Jun/2025:17:50:48 +0000] "GET /shopdetail/3396523 HTTP/2.0" 404 - "-" "meta-externalagent/1.1 (+https://developers.facebook.com/docs/sharing/webmasters/crawler)"
20.171.207.168 - - [24/Jun/2025:17:50:48 +0000] "GET /captcha.php HTTP/2.0" 200 1203 "-" "Mozilla/5.0 AppleWebKit/537.36 (KHTML, like Gecko; compatible; GPTBot/1.2; +https://openai.com/gptbot)"
57.141.2.5 - - [24/Jun/2025:17:50:50 +0000] "GET /shopdetail/3528216 HTTP/2.0" 404 - "-" "meta-externalagent/1.1 (+https://developers.facebook.com/docs/sharing/webmasters/crawler)"
57.141.2.26 - - [24/Jun/2025:17:50:51 +0000] "GET /shopdetail/2253868 HTTP/2.0" 404 - "-" "meta-externalagent/1.1 (+https://developers.facebook.com/docs/sharing/webmasters/crawler)"
