Файловый менеджер - Редактировать - /var/log/apache2/domlogs/d46091/gemregistrationonline.org.msmeregistrar.net-ssl_log
Назад
213.180.203.51 - - [24/Jun/2025:12:10:59 +0000] "GET /shopdetail/4679774 HTTP/1.1" 404 - "-" "Mozilla/5.0 (compatible; YandexBot/3.0; +http://yandex.com/bots)"
57.141.2.24 - - [24/Jun/2025:12:11:04 +0000] "GET /shopdetail/2721747 HTTP/2.0" 404 - "-" "meta-externalagent/1.1 (+https://developers.facebook.com/docs/sharing/webmasters/crawler)"
57.141.2.12 - - [24/Jun/2025:12:11:05 +0000] "GET /buy.php/shopdetail/3325384 HTTP/2.0" 404 - "-" "meta-externalagent/1.1 (+https://developers.facebook.com/docs/sharing/webmasters/crawler)"
57.141.2.11 - - [24/Jun/2025:12:11:13 +0000] "GET /shopdetail/1125565 HTTP/2.0" 404 - "-" "meta-externalagent/1.1 (+https://developers.facebook.com/docs/sharing/webmasters/crawler)"
87.250.224.253 - - [24/Jun/2025:12:11:17 +0000] "GET /robots.txt HTTP/1.1" 404 - "-" "Mozilla/5.0 (compatible; YandexBot/3.0; +http://yandex.com/bots)"
87.250.224.55 - - [24/Jun/2025:12:11:18 +0000] "GET /shopdetail/3462642 HTTP/1.1" 404 - "-" "Mozilla/5.0 (compatible; YandexBot/3.0; +http://yandex.com/bots)"
5.255.231.151 - - [24/Jun/2025:12:11:18 +0000] "GET /buy.php/shopdetail/2274183 HTTP/1.1" 404 - "-" "Mozilla/5.0 (compatible; YandexBot/3.0; +http://yandex.com/bots)"
57.141.2.17 - - [24/Jun/2025:12:11:33 +0000] "GET /shopdetail/1774498 HTTP/2.0" 404 - "-" "meta-externalagent/1.1 (+https://developers.facebook.com/docs/sharing/webmasters/crawler)"
57.141.2.28 - - [24/Jun/2025:12:11:33 +0000] "GET /shopdetail/4504074 HTTP/2.0" 404 - "-" "meta-externalagent/1.1 (+https://developers.facebook.com/docs/sharing/webmasters/crawler)"
57.141.2.5 - - [24/Jun/2025:12:11:41 +0000] "GET /shopdetail/3125473 HTTP/2.0" 404 - "-" "meta-externalagent/1.1 (+https://developers.facebook.com/docs/sharing/webmasters/crawler)"
57.141.2.28 - - [24/Jun/2025:12:11:44 +0000] "GET /buy.php/shopdetail/3589165 HTTP/2.0" 404 - "-" "meta-externalagent/1.1 (+https://developers.facebook.com/docs/sharing/webmasters/crawler)"
57.141.2.5 - - [24/Jun/2025:12:11:48 +0000] "GET /shopdetail/1715721 HTTP/2.0" 404 - "-" "meta-externalagent/1.1 (+https://developers.facebook.com/docs/sharing/webmasters/crawler)"
57.141.2.28 - - [24/Jun/2025:12:11:50 +0000] "GET /buy.php/shopdetail/3951892 HTTP/2.0" 404 - "-" "meta-externalagent/1.1 (+https://developers.facebook.com/docs/sharing/webmasters/crawler)"
57.141.2.13 - - [24/Jun/2025:12:11:54 +0000] "GET /shopdetail/3015069 HTTP/2.0" 404 - "-" "meta-externalagent/1.1 (+https://developers.facebook.com/docs/sharing/webmasters/crawler)"
57.141.2.24 - - [24/Jun/2025:12:11:56 +0000] "GET /buy.php/shopdetail/2071114 HTTP/2.0" 404 - "-" "meta-externalagent/1.1 (+https://developers.facebook.com/docs/sharing/webmasters/crawler)"
57.141.2.4 - - [24/Jun/2025:12:11:56 +0000] "GET /buy.php/shopdetail/2012047 HTTP/2.0" 404 - "-" "meta-externalagent/1.1 (+https://developers.facebook.com/docs/sharing/webmasters/crawler)"
57.141.2.8 - - [24/Jun/2025:12:11:58 +0000] "GET /buy.php/shopdetail/1615254 HTTP/2.0" 404 - "-" "meta-externalagent/1.1 (+https://developers.facebook.com/docs/sharing/webmasters/crawler)"
57.141.2.24 - - [24/Jun/2025:12:12:07 +0000] "GET /shopdetail/3432342 HTTP/2.0" 404 - "-" "meta-externalagent/1.1 (+https://developers.facebook.com/docs/sharing/webmasters/crawler)"
87.250.224.26 - - [24/Jun/2025:12:12:10 +0000] "GET /buy.php/shopdetail/0946810 HTTP/1.1" 404 - "-" "Mozilla/5.0 (compatible; YandexBot/3.0; +http://yandex.com/bots)"
57.141.2.16 - - [24/Jun/2025:12:12:11 +0000] "GET /buy.php/shopdetail/4457303 HTTP/2.0" 404 - "-" "meta-externalagent/1.1 (+https://developers.facebook.com/docs/sharing/webmasters/crawler)"
57.141.2.6 - - [24/Jun/2025:12:12:15 +0000] "GET /shopdetail/1556155 HTTP/2.0" 404 - "-" "meta-externalagent/1.1 (+https://developers.facebook.com/docs/sharing/webmasters/crawler)"
57.141.2.6 - - [24/Jun/2025:12:12:17 +0000] "GET /buy.php/shopdetail/1845059 HTTP/2.0" 404 - "-" "meta-externalagent/1.1 (+https://developers.facebook.com/docs/sharing/webmasters/crawler)"
57.141.2.17 - - [24/Jun/2025:12:12:18 +0000] "GET /buy.php/shopdetail/4589290 HTTP/2.0" 404 - "-" "meta-externalagent/1.1 (+https://developers.facebook.com/docs/sharing/webmasters/crawler)"
57.141.2.22 - - [24/Jun/2025:12:12:21 +0000] "GET /buy.php/shopdetail/0990370 HTTP/2.0" 404 - "-" "meta-externalagent/1.1 (+https://developers.facebook.com/docs/sharing/webmasters/crawler)"
213.180.203.186 - - [24/Jun/2025:12:12:25 +0000] "GET /buy.php/shopdetail/1324953 HTTP/1.1" 404 - "-" "Mozilla/5.0 (compatible; YandexBot/3.0; +http://yandex.com/bots)"
57.141.2.13 - - [24/Jun/2025:12:12:25 +0000] "GET /shopdetail/1225645 HTTP/2.0" 404 - "-" "meta-externalagent/1.1 (+https://developers.facebook.com/docs/sharing/webmasters/crawler)"
57.141.2.19 - - [24/Jun/2025:12:12:33 +0000] "GET /shopdetail/1591192 HTTP/2.0" 404 - "-" "meta-externalagent/1.1 (+https://developers.facebook.com/docs/sharing/webmasters/crawler)"
57.141.2.13 - - [24/Jun/2025:12:12:38 +0000] "GET /buy.php/shopdetail/1553188 HTTP/2.0" 404 - "-" "meta-externalagent/1.1 (+https://developers.facebook.com/docs/sharing/webmasters/crawler)"
57.141.2.25 - - [24/Jun/2025:12:12:45 +0000] "GET /buy.php/shopdetail/3362948 HTTP/2.0" 404 - "-" "meta-externalagent/1.1 (+https://developers.facebook.com/docs/sharing/webmasters/crawler)"
57.141.2.17 - - [24/Jun/2025:12:12:47 +0000] "GET /shopdetail/1602570 HTTP/2.0" 404 - "-" "meta-externalagent/1.1 (+https://developers.facebook.com/docs/sharing/webmasters/crawler)"
57.141.2.14 - - [24/Jun/2025:12:12:47 +0000] "GET /buy.php/shopdetail/4583531 HTTP/2.0" 404 - "-" "meta-externalagent/1.1 (+https://developers.facebook.com/docs/sharing/webmasters/crawler)"
57.141.2.16 - - [24/Jun/2025:12:12:52 +0000] "GET /shopdetail/3383591 HTTP/2.0" 404 - "-" "meta-externalagent/1.1 (+https://developers.facebook.com/docs/sharing/webmasters/crawler)"
57.141.2.16 - - [24/Jun/2025:12:12:54 +0000] "GET /shopdetail/3086868 HTTP/2.0" 404 - "-" "meta-externalagent/1.1 (+https://developers.facebook.com/docs/sharing/webmasters/crawler)"
57.141.2.20 - - [24/Jun/2025:12:12:58 +0000] "GET /shopdetail/3806060 HTTP/2.0" 404 - "-" "meta-externalagent/1.1 (+https://developers.facebook.com/docs/sharing/webmasters/crawler)"
57.141.2.30 - - [24/Jun/2025:12:13:01 +0000] "GET /buy.php/shopdetail/1817536 HTTP/2.0" 404 - "-" "meta-externalagent/1.1 (+https://developers.facebook.com/docs/sharing/webmasters/crawler)"
57.141.2.23 - - [24/Jun/2025:12:13:04 +0000] "GET /shopdetail/4271053 HTTP/2.0" 404 - "-" "meta-externalagent/1.1 (+https://developers.facebook.com/docs/sharing/webmasters/crawler)"
57.141.2.11 - - [24/Jun/2025:12:13:04 +0000] "GET /buy.php/shopdetail/2000387 HTTP/2.0" 404 - "-" "meta-externalagent/1.1 (+https://developers.facebook.com/docs/sharing/webmasters/crawler)"
57.141.2.8 - - [24/Jun/2025:12:13:06 +0000] "GET /shopdetail/2905647 HTTP/2.0" 404 - "-" "meta-externalagent/1.1 (+https://developers.facebook.com/docs/sharing/webmasters/crawler)"
57.141.2.7 - - [24/Jun/2025:12:13:12 +0000] "GET /buy.php/shopdetail/2598729 HTTP/2.0" 404 - "-" "meta-externalagent/1.1 (+https://developers.facebook.com/docs/sharing/webmasters/crawler)"
95.108.213.192 - - [24/Jun/2025:12:13:12 +0000] "GET /buy.php/shopdetail/3324544 HTTP/1.1" 404 - "-" "Mozilla/5.0 (compatible; YandexBot/3.0; +http://yandex.com/bots)"
57.141.2.25 - - [24/Jun/2025:12:13:18 +0000] "GET /buy.php/shopdetail/2834776 HTTP/2.0" 404 - "-" "meta-externalagent/1.1 (+https://developers.facebook.com/docs/sharing/webmasters/crawler)"
57.141.2.22 - - [24/Jun/2025:12:13:21 +0000] "GET /shopdetail/2246069 HTTP/2.0" 404 - "-" "meta-externalagent/1.1 (+https://developers.facebook.com/docs/sharing/webmasters/crawler)"
87.250.224.52 - - [24/Jun/2025:12:13:28 +0000] "GET /buy.php/shopdetail/1723352 HTTP/1.1" 404 - "-" "Mozilla/5.0 (compatible; YandexBot/3.0; +http://yandex.com/bots)"
57.141.2.24 - - [24/Jun/2025:12:13:31 +0000] "GET /buy.php/shopdetail/0951391 HTTP/2.0" 404 - "-" "meta-externalagent/1.1 (+https://developers.facebook.com/docs/sharing/webmasters/crawler)"
57.141.2.18 - - [24/Jun/2025:12:13:34 +0000] "GET /buy.php/shopdetail/3070698 HTTP/2.0" 404 - "-" "meta-externalagent/1.1 (+https://developers.facebook.com/docs/sharing/webmasters/crawler)"
57.141.2.20 - - [24/Jun/2025:12:13:43 +0000] "GET /buy.php/shopdetail/2801192 HTTP/2.0" 404 - "-" "meta-externalagent/1.1 (+https://developers.facebook.com/docs/sharing/webmasters/crawler)"
57.141.2.30 - - [24/Jun/2025:12:13:44 +0000] "GET /shopdetail/2584120 HTTP/2.0" 404 - "-" "meta-externalagent/1.1 (+https://developers.facebook.com/docs/sharing/webmasters/crawler)"
57.141.2.12 - - [24/Jun/2025:12:13:47 +0000] "GET /shopdetail/3475089 HTTP/2.0" 404 - "-" "meta-externalagent/1.1 (+https://developers.facebook.com/docs/sharing/webmasters/crawler)"
57.141.2.22 - - [24/Jun/2025:12:13:59 +0000] "GET /shopdetail/3904801 HTTP/2.0" 404 - "-" "meta-externalagent/1.1 (+https://developers.facebook.com/docs/sharing/webmasters/crawler)"
95.108.213.92 - - [24/Jun/2025:12:14:01 +0000] "GET /shopdetail/3111296 HTTP/1.1" 404 - "-" "Mozilla/5.0 (compatible; YandexBot/3.0; +http://yandex.com/bots)"
95.108.213.107 - - [24/Jun/2025:12:14:03 +0000] "GET /buy.php/shopdetail/4361886 HTTP/1.1" 404 - "-" "Mozilla/5.0 (compatible; YandexBot/3.0; +http://yandex.com/bots)"
57.141.2.6 - - [24/Jun/2025:12:14:21 +0000] "GET /buy.php/shopdetail/1394700 HTTP/2.0" 404 - "-" "meta-externalagent/1.1 (+https://developers.facebook.com/docs/sharing/webmasters/crawler)"
5.255.231.89 - - [24/Jun/2025:12:14:23 +0000] "GET /buy.php/shopdetail/4504471 HTTP/1.1" 404 - "-" "Mozilla/5.0 (compatible; YandexBot/3.0; +http://yandex.com/bots)"
5.255.231.167 - - [24/Jun/2025:12:14:23 +0000] "GET /shopdetail/4459436 HTTP/1.1" 404 - "-" "Mozilla/5.0 (compatible; YandexBot/3.0; +http://yandex.com/bots)"
213.180.203.69 - - [24/Jun/2025:12:14:26 +0000] "GET /shopdetail/2050321 HTTP/1.1" 404 - "-" "Mozilla/5.0 (compatible; YandexBot/3.0; +http://yandex.com/bots)"
57.141.2.13 - - [24/Jun/2025:12:14:32 +0000] "GET /buy.php/shopdetail/4412912 HTTP/2.0" 404 - "-" "meta-externalagent/1.1 (+https://developers.facebook.com/docs/sharing/webmasters/crawler)"
57.141.2.8 - - [24/Jun/2025:12:14:49 +0000] "GET /buy.php/shopdetail/2049761 HTTP/2.0" 404 - "-" "meta-externalagent/1.1 (+https://developers.facebook.com/docs/sharing/webmasters/crawler)"
57.141.2.19 - - [24/Jun/2025:12:14:59 +0000] "GET /shopdetail/4056995 HTTP/2.0" 404 - "-" "meta-externalagent/1.1 (+https://developers.facebook.com/docs/sharing/webmasters/crawler)"
57.141.2.11 - - [24/Jun/2025:12:15:02 +0000] "GET /shopdetail/2527255 HTTP/2.0" 404 - "-" "meta-externalagent/1.1 (+https://developers.facebook.com/docs/sharing/webmasters/crawler)"
57.141.2.17 - - [24/Jun/2025:12:15:30 +0000] "GET /shopdetail/1856194 HTTP/2.0" 404 - "-" "meta-externalagent/1.1 (+https://developers.facebook.com/docs/sharing/webmasters/crawler)"
95.108.213.141 - - [24/Jun/2025:12:15:32 +0000] "GET /shopdetail/4632074 HTTP/1.1" 404 - "-" "Mozilla/5.0 (compatible; YandexBot/3.0; +http://yandex.com/bots)"
57.141.2.27 - - [24/Jun/2025:12:15:33 +0000] "GET /shopdetail/1051698 HTTP/2.0" 404 - "-" "meta-externalagent/1.1 (+https://developers.facebook.com/docs/sharing/webmasters/crawler)"
87.250.224.31 - - [24/Jun/2025:12:15:35 +0000] "GET /buy.php/shopdetail/1528900 HTTP/1.1" 404 - "-" "Mozilla/5.0 (compatible; YandexBot/3.0; +http://yandex.com/bots)"
87.250.224.9 - - [24/Jun/2025:12:15:49 +0000] "GET /buy.php/shopdetail/4765584 HTTP/1.1" 404 - "-" "Mozilla/5.0 (compatible; YandexBot/3.0; +http://yandex.com/bots)"
87.250.224.253 - - [24/Jun/2025:12:15:51 +0000] "GET /buy.php/shopdetail/3589423 HTTP/1.1" 404 - "-" "Mozilla/5.0 (compatible; YandexBot/3.0; +http://yandex.com/bots)"
57.141.2.24 - - [24/Jun/2025:12:15:55 +0000] "GET /buy.php/shopdetail/1350099 HTTP/2.0" 404 - "-" "meta-externalagent/1.1 (+https://developers.facebook.com/docs/sharing/webmasters/crawler)"
57.141.2.13 - - [24/Jun/2025:12:16:01 +0000] "GET /buy.php/shopdetail/3791755 HTTP/2.0" 404 - "-" "meta-externalagent/1.1 (+https://developers.facebook.com/docs/sharing/webmasters/crawler)"
57.141.2.16 - - [24/Jun/2025:12:16:04 +0000] "GET /buy.php/shopdetail/3362274 HTTP/2.0" 404 - "-" "meta-externalagent/1.1 (+https://developers.facebook.com/docs/sharing/webmasters/crawler)"
87.250.224.55 - - [24/Jun/2025:12:16:05 +0000] "GET /buy.php/shopdetail/1136958 HTTP/1.1" 404 - "-" "Mozilla/5.0 (compatible; YandexBot/3.0; +http://yandex.com/bots)"
57.141.2.10 - - [24/Jun/2025:12:16:06 +0000] "GET /buy.php/shopdetail/1534308 HTTP/2.0" 404 - "-" "meta-externalagent/1.1 (+https://developers.facebook.com/docs/sharing/webmasters/crawler)"
5.255.231.151 - - [24/Jun/2025:12:16:08 +0000] "GET /buy.php/shopdetail/2159660 HTTP/1.1" 404 - "-" "Mozilla/5.0 (compatible; YandexBot/3.0; +http://yandex.com/bots)"
57.141.2.27 - - [24/Jun/2025:12:16:08 +0000] "GET /shopdetail/2286409 HTTP/2.0" 404 - "-" "meta-externalagent/1.1 (+https://developers.facebook.com/docs/sharing/webmasters/crawler)"
57.141.2.6 - - [24/Jun/2025:12:16:15 +0000] "GET /buy.php/shopdetail/4081731 HTTP/2.0" 404 - "-" "meta-externalagent/1.1 (+https://developers.facebook.com/docs/sharing/webmasters/crawler)"
57.141.2.18 - - [24/Jun/2025:12:16:18 +0000] "GET /buy.php/shopdetail/4121413 HTTP/2.0" 404 - "-" "meta-externalagent/1.1 (+https://developers.facebook.com/docs/sharing/webmasters/crawler)"
57.141.2.9 - - [24/Jun/2025:12:16:32 +0000] "GET /shopdetail/3401600 HTTP/2.0" 404 - "-" "meta-externalagent/1.1 (+https://developers.facebook.com/docs/sharing/webmasters/crawler)"
57.141.2.7 - - [24/Jun/2025:12:16:36 +0000] "GET /buy.php/shopdetail/3685299 HTTP/2.0" 404 - "-" "meta-externalagent/1.1 (+https://developers.facebook.com/docs/sharing/webmasters/crawler)"
57.141.2.13 - - [24/Jun/2025:12:16:39 +0000] "GET /buy.php/shopdetail/1662756 HTTP/2.0" 404 - "-" "meta-externalagent/1.1 (+https://developers.facebook.com/docs/sharing/webmasters/crawler)"
40.77.167.7 - - [24/Jun/2025:12:16:40 +0000] "GET /buy.php/shopdetail/1675043 HTTP/2.0" 404 - "-" "Mozilla/5.0 AppleWebKit/537.36 (KHTML, like Gecko; compatible; bingbot/2.0; +http://www.bing.com/bingbot.htm) Chrome/116.0.1938.76 Safari/537.36"
52.167.144.159 - - [24/Jun/2025:12:16:47 +0000] "GET /buy.php/shopdetail/2933792 HTTP/2.0" 404 - "-" "Mozilla/5.0 AppleWebKit/537.36 (KHTML, like Gecko; compatible; bingbot/2.0; +http://www.bing.com/bingbot.htm) Chrome/116.0.1938.76 Safari/537.36"
57.141.2.14 - - [24/Jun/2025:12:16:56 +0000] "GET /buy.php/shopdetail/2724602 HTTP/2.0" 404 - "-" "meta-externalagent/1.1 (+https://developers.facebook.com/docs/sharing/webmasters/crawler)"
87.250.224.26 - - [24/Jun/2025:12:16:58 +0000] "GET /shopdetail/3363130 HTTP/1.1" 404 - "-" "Mozilla/5.0 (compatible; YandexBot/3.0; +http://yandex.com/bots)"
213.180.203.186 - - [24/Jun/2025:12:16:59 +0000] "GET /shopdetail/0987106 HTTP/1.1" 404 - "-" "Mozilla/5.0 (compatible; YandexBot/3.0; +http://yandex.com/bots)"
95.108.213.192 - - [24/Jun/2025:12:17:00 +0000] "GET /shopdetail/2162508 HTTP/1.1" 404 - "-" "Mozilla/5.0 (compatible; YandexBot/3.0; +http://yandex.com/bots)"
57.141.2.5 - - [24/Jun/2025:12:17:02 +0000] "GET /buy.php/shopdetail/2248949 HTTP/2.0" 404 - "-" "meta-externalagent/1.1 (+https://developers.facebook.com/docs/sharing/webmasters/crawler)"
57.141.2.24 - - [24/Jun/2025:12:17:02 +0000] "GET /shopdetail/4722303 HTTP/2.0" 404 - "-" "meta-externalagent/1.1 (+https://developers.facebook.com/docs/sharing/webmasters/crawler)"
57.141.2.5 - - [24/Jun/2025:12:17:03 +0000] "GET /buy.php/shopdetail/3966408 HTTP/2.0" 404 - "-" "meta-externalagent/1.1 (+https://developers.facebook.com/docs/sharing/webmasters/crawler)"
57.141.2.17 - - [24/Jun/2025:12:17:04 +0000] "GET /shopdetail/3262053 HTTP/2.0" 404 - "-" "meta-externalagent/1.1 (+https://developers.facebook.com/docs/sharing/webmasters/crawler)"
57.141.2.27 - - [24/Jun/2025:12:17:07 +0000] "GET /buy.php/shopdetail/4146471 HTTP/2.0" 404 - "-" "meta-externalagent/1.1 (+https://developers.facebook.com/docs/sharing/webmasters/crawler)"
57.141.2.3 - - [24/Jun/2025:12:17:15 +0000] "GET /shopdetail/2610974 HTTP/2.0" 404 - "-" "meta-externalagent/1.1 (+https://developers.facebook.com/docs/sharing/webmasters/crawler)"
57.141.2.13 - - [24/Jun/2025:12:17:16 +0000] "GET /shopdetail/1912263 HTTP/2.0" 404 - "-" "meta-externalagent/1.1 (+https://developers.facebook.com/docs/sharing/webmasters/crawler)"
57.141.2.13 - - [24/Jun/2025:12:17:19 +0000] "GET /buy.php/shopdetail/4742917 HTTP/2.0" 404 - "-" "meta-externalagent/1.1 (+https://developers.facebook.com/docs/sharing/webmasters/crawler)"
57.141.2.12 - - [24/Jun/2025:12:17:20 +0000] "GET /buy.php/shopdetail/1843162 HTTP/2.0" 404 - "-" "meta-externalagent/1.1 (+https://developers.facebook.com/docs/sharing/webmasters/crawler)"
57.141.2.18 - - [24/Jun/2025:12:17:23 +0000] "GET /buy.php/shopdetail/1073221 HTTP/2.0" 404 - "-" "meta-externalagent/1.1 (+https://developers.facebook.com/docs/sharing/webmasters/crawler)"
157.55.39.51 - - [24/Jun/2025:12:17:25 +0000] "GET /buy.php/shopdetail/4570638 HTTP/2.0" 404 - "-" "Mozilla/5.0 AppleWebKit/537.36 (KHTML, like Gecko; compatible; bingbot/2.0; +http://www.bing.com/bingbot.htm) Chrome/116.0.1938.76 Safari/537.36"
57.141.2.8 - - [24/Jun/2025:12:17:26 +0000] "GET /shopdetail/4187710 HTTP/2.0" 404 - "-" "meta-externalagent/1.1 (+https://developers.facebook.com/docs/sharing/webmasters/crawler)"
57.141.2.26 - - [24/Jun/2025:12:17:29 +0000] "GET /shopdetail/0919546 HTTP/2.0" 404 - "-" "meta-externalagent/1.1 (+https://developers.facebook.com/docs/sharing/webmasters/crawler)"
57.141.2.9 - - [24/Jun/2025:12:17:34 +0000] "GET /shopdetail/4766142 HTTP/2.0" 404 - "-" "meta-externalagent/1.1 (+https://developers.facebook.com/docs/sharing/webmasters/crawler)"
87.250.224.52 - - [24/Jun/2025:12:17:48 +0000] "GET /shopdetail/1560054 HTTP/1.1" 404 - "-" "Mozilla/5.0 (compatible; YandexBot/3.0; +http://yandex.com/bots)"
95.108.213.92 - - [24/Jun/2025:12:17:51 +0000] "GET /buy.php/shopdetail/4706482 HTTP/1.1" 404 - "-" "Mozilla/5.0 (compatible; YandexBot/3.0; +http://yandex.com/bots)"
57.141.2.24 - - [24/Jun/2025:12:17:55 +0000] "GET /buy.php/shopdetail/1605063 HTTP/2.0" 404 - "-" "meta-externalagent/1.1 (+https://developers.facebook.com/docs/sharing/webmasters/crawler)"
57.141.2.14 - - [24/Jun/2025:12:17:59 +0000] "GET /buy.php/shopdetail/2223897 HTTP/2.0" 404 - "-" "meta-externalagent/1.1 (+https://developers.facebook.com/docs/sharing/webmasters/crawler)"
57.141.2.10 - - [24/Jun/2025:12:18:01 +0000] "GET /shopdetail/2401973 HTTP/2.0" 404 - "-" "meta-externalagent/1.1 (+https://developers.facebook.com/docs/sharing/webmasters/crawler)"
57.141.2.13 - - [24/Jun/2025:12:18:04 +0000] "GET /shopdetail/2981884 HTTP/2.0" 404 - "-" "meta-externalagent/1.1 (+https://developers.facebook.com/docs/sharing/webmasters/crawler)"
57.141.2.6 - - [24/Jun/2025:12:18:06 +0000] "GET /shopdetail/1084954 HTTP/2.0" 404 - "-" "meta-externalagent/1.1 (+https://developers.facebook.com/docs/sharing/webmasters/crawler)"
57.141.2.12 - - [24/Jun/2025:12:18:08 +0000] "GET /shopdetail/2626640 HTTP/2.0" 404 - "-" "meta-externalagent/1.1 (+https://developers.facebook.com/docs/sharing/webmasters/crawler)"
57.141.2.23 - - [24/Jun/2025:12:18:12 +0000] "GET /shopdetail/4014948 HTTP/2.0" 404 - "-" "meta-externalagent/1.1 (+https://developers.facebook.com/docs/sharing/webmasters/crawler)"
57.141.2.19 - - [24/Jun/2025:12:18:14 +0000] "GET /shopdetail/1071455 HTTP/2.0" 404 - "-" "meta-externalagent/1.1 (+https://developers.facebook.com/docs/sharing/webmasters/crawler)"
95.108.213.107 - - [24/Jun/2025:12:18:20 +0000] "GET /shopdetail/2715058 HTTP/1.1" 404 - "-" "Mozilla/5.0 (compatible; YandexBot/3.0; +http://yandex.com/bots)"
57.141.2.17 - - [24/Jun/2025:12:18:22 +0000] "GET /shopdetail/2397688 HTTP/2.0" 404 - "-" "meta-externalagent/1.1 (+https://developers.facebook.com/docs/sharing/webmasters/crawler)"
57.141.2.6 - - [24/Jun/2025:12:18:28 +0000] "GET /buy.php/shopdetail/2068026 HTTP/2.0" 404 - "-" "meta-externalagent/1.1 (+https://developers.facebook.com/docs/sharing/webmasters/crawler)"
57.141.2.20 - - [24/Jun/2025:12:18:29 +0000] "GET /buy.php/shopdetail/1255960 HTTP/2.0" 404 - "-" "meta-externalagent/1.1 (+https://developers.facebook.com/docs/sharing/webmasters/crawler)"
57.141.2.10 - - [24/Jun/2025:12:18:36 +0000] "GET /buy.php/shopdetail/1758324 HTTP/2.0" 404 - "-" "meta-externalagent/1.1 (+https://developers.facebook.com/docs/sharing/webmasters/crawler)"
57.141.2.1 - - [24/Jun/2025:12:18:38 +0000] "GET /shopdetail/4661058 HTTP/2.0" 404 - "-" "meta-externalagent/1.1 (+https://developers.facebook.com/docs/sharing/webmasters/crawler)"
5.255.231.89 - - [24/Jun/2025:12:18:38 +0000] "GET /shopdetail/2036418 HTTP/1.1" 404 - "-" "Mozilla/5.0 (compatible; YandexBot/3.0; +http://yandex.com/bots)"
5.255.231.167 - - [24/Jun/2025:12:18:39 +0000] "GET /buy.php/shopdetail/1061928 HTTP/1.1" 404 - "-" "Mozilla/5.0 (compatible; YandexBot/3.0; +http://yandex.com/bots)"
57.141.2.29 - - [24/Jun/2025:12:18:40 +0000] "GET /shopdetail/4704069 HTTP/2.0" 404 - "-" "meta-externalagent/1.1 (+https://developers.facebook.com/docs/sharing/webmasters/crawler)"
57.141.2.16 - - [24/Jun/2025:12:18:43 +0000] "GET /buy.php/shopdetail/1750851 HTTP/2.0" 404 - "-" "meta-externalagent/1.1 (+https://developers.facebook.com/docs/sharing/webmasters/crawler)"
57.141.2.18 - - [24/Jun/2025:12:18:46 +0000] "GET /shopdetail/4736765 HTTP/2.0" 404 - "-" "meta-externalagent/1.1 (+https://developers.facebook.com/docs/sharing/webmasters/crawler)"
57.141.2.22 - - [24/Jun/2025:12:18:46 +0000] "GET /shopdetail/4512948 HTTP/2.0" 404 - "-" "meta-externalagent/1.1 (+https://developers.facebook.com/docs/sharing/webmasters/crawler)"
57.141.2.18 - - [24/Jun/2025:12:18:54 +0000] "GET /buy.php/shopdetail/3785619 HTTP/2.0" 404 - "-" "meta-externalagent/1.1 (+https://developers.facebook.com/docs/sharing/webmasters/crawler)"
57.141.2.18 - - [24/Jun/2025:12:18:55 +0000] "GET /shopdetail/4296078 HTTP/2.0" 404 - "-" "meta-externalagent/1.1 (+https://developers.facebook.com/docs/sharing/webmasters/crawler)"
57.141.2.14 - - [24/Jun/2025:12:19:00 +0000] "GET /shopdetail/2535083 HTTP/2.0" 404 - "-" "meta-externalagent/1.1 (+https://developers.facebook.com/docs/sharing/webmasters/crawler)"
57.141.2.12 - - [24/Jun/2025:12:19:08 +0000] "GET /shopdetail/3706701 HTTP/2.0" 404 - "-" "meta-externalagent/1.1 (+https://developers.facebook.com/docs/sharing/webmasters/crawler)"
57.141.2.29 - - [24/Jun/2025:12:19:09 +0000] "GET /shopdetail/3179657 HTTP/2.0" 404 - "-" "meta-externalagent/1.1 (+https://developers.facebook.com/docs/sharing/webmasters/crawler)"
57.141.2.3 - - [24/Jun/2025:12:19:10 +0000] "GET /buy.php/shopdetail/2711060 HTTP/2.0" 404 - "-" "meta-externalagent/1.1 (+https://developers.facebook.com/docs/sharing/webmasters/crawler)"
57.141.2.8 - - [24/Jun/2025:12:19:22 +0000] "GET /buy.php/shopdetail/2763595 HTTP/2.0" 404 - "-" "meta-externalagent/1.1 (+https://developers.facebook.com/docs/sharing/webmasters/crawler)"
57.141.2.19 - - [24/Jun/2025:12:19:27 +0000] "GET /shopdetail/2590735 HTTP/2.0" 404 - "-" "meta-externalagent/1.1 (+https://developers.facebook.com/docs/sharing/webmasters/crawler)"
213.180.203.69 - - [24/Jun/2025:12:19:28 +0000] "GET /buy.php/shopdetail/1261912 HTTP/1.1" 404 - "-" "Mozilla/5.0 (compatible; YandexBot/3.0; +http://yandex.com/bots)"
57.141.2.20 - - [24/Jun/2025:12:19:30 +0000] "GET /buy.php/shopdetail/2823146 HTTP/2.0" 404 - "-" "meta-externalagent/1.1 (+https://developers.facebook.com/docs/sharing/webmasters/crawler)"
57.141.2.29 - - [24/Jun/2025:12:19:32 +0000] "GET /shopdetail/1200110 HTTP/2.0" 404 - "-" "meta-externalagent/1.1 (+https://developers.facebook.com/docs/sharing/webmasters/crawler)"
57.141.2.30 - - [24/Jun/2025:12:19:37 +0000] "GET /shopdetail/1482115 HTTP/2.0" 404 - "-" "meta-externalagent/1.1 (+https://developers.facebook.com/docs/sharing/webmasters/crawler)"
57.141.2.1 - - [24/Jun/2025:12:19:42 +0000] "GET /buy.php/shopdetail/1563545 HTTP/2.0" 404 - "-" "meta-externalagent/1.1 (+https://developers.facebook.com/docs/sharing/webmasters/crawler)"
57.141.2.20 - - [24/Jun/2025:12:19:49 +0000] "GET /shopdetail/1919454 HTTP/2.0" 404 - "-" "meta-externalagent/1.1 (+https://developers.facebook.com/docs/sharing/webmasters/crawler)"
57.141.2.4 - - [24/Jun/2025:12:20:05 +0000] "GET /shopdetail/2924672 HTTP/2.0" 404 - "-" "meta-externalagent/1.1 (+https://developers.facebook.com/docs/sharing/webmasters/crawler)"
57.141.2.13 - - [24/Jun/2025:12:20:09 +0000] "GET /shopdetail/2698421 HTTP/2.0" 404 - "-" "meta-externalagent/1.1 (+https://developers.facebook.com/docs/sharing/webmasters/crawler)"
52.138.143.205 - - [24/Jun/2025:12:20:21 +0000] "GET /wp-content/plugins/hellopress/wp_filemanager.php HTTP/1.1" 404 - "-" "-"
52.138.143.205 - - [24/Jun/2025:12:20:21 +0000] "GET /wp-includes/pomo/mpvloi.php HTTP/1.1" 404 - "-" "-"
52.138.143.205 - - [24/Jun/2025:12:20:21 +0000] "GET /wp-admin/images/edit-tags.php HTTP/1.1" 404 - "-" "-"
52.138.143.205 - - [24/Jun/2025:12:20:21 +0000] "GET /wp-admin/includes/media.php.INFECTED.php HTTP/1.1" 404 - "-" "-"
52.138.143.205 - - [24/Jun/2025:12:20:22 +0000] "GET /wp-includes/block-bindings.php HTTP/1.1" 404 - "-" "-"
57.141.2.22 - - [24/Jun/2025:12:20:22 +0000] "GET /shopdetail/3341570 HTTP/2.0" 404 - "-" "meta-externalagent/1.1 (+https://developers.facebook.com/docs/sharing/webmasters/crawler)"
52.138.143.205 - - [24/Jun/2025:12:20:22 +0000] "GET /wp-admin/css/colors/ectoplasm/str_shuffcle.php HTTP/1.1" 404 - "-" "-"
52.138.143.205 - - [24/Jun/2025:12:20:22 +0000] "GET /wp-admin/maint/wp-act.php HTTP/1.1" 404 - "-" "-"
52.138.143.205 - - [24/Jun/2025:12:20:23 +0000] "GET /wp-includes/css/dist/niil.php HTTP/1.1" 404 - "-" "-"
52.138.143.205 - - [24/Jun/2025:12:20:23 +0000] "GET /files/css_compare.php HTTP/1.1" 404 - "-" "-"
52.138.143.205 - - [24/Jun/2025:12:20:23 +0000] "GET /wp-includes/class-json-ajax-session.php HTTP/1.1" 404 - "-" "-"
52.138.143.205 - - [24/Jun/2025:12:20:23 +0000] "GET /wp-includes/0.php HTTP/1.1" 404 - "-" "-"
52.138.143.205 - - [24/Jun/2025:12:20:24 +0000] "GET /wp-admin/css/acces.php HTTP/1.1" 404 - "-" "-"
52.138.143.205 - - [24/Jun/2025:12:20:24 +0000] "GET /wp-includes/about.php HTTP/1.1" 404 - "-" "-"
52.138.143.205 - - [24/Jun/2025:12:20:24 +0000] "GET /wp-admin/maint/go.php HTTP/1.1" 404 - "-" "-"
52.138.143.205 - - [24/Jun/2025:12:20:25 +0000] "GET /wp-admin/includes/wp-login.php HTTP/1.1" 404 - "-" "-"
52.138.143.205 - - [24/Jun/2025:12:20:25 +0000] "GET /wp-content/uploads/suit5y.php HTTP/1.1" 404 - "-" "-"
57.141.2.25 - - [24/Jun/2025:12:20:25 +0000] "GET /shopdetail/2149033 HTTP/2.0" 404 - "-" "meta-externalagent/1.1 (+https://developers.facebook.com/docs/sharing/webmasters/crawler)"
52.138.143.205 - - [24/Jun/2025:12:20:25 +0000] "GET /uploads/update_with_pics.php HTTP/1.1" 404 - "-" "-"
52.138.143.205 - - [24/Jun/2025:12:20:25 +0000] "GET /wp-admin/includes/admin-ajax.php HTTP/1.1" 404 - "-" "-"
57.141.2.1 - - [24/Jun/2025:12:20:26 +0000] "GET /buy.php/shopdetail/1764710 HTTP/2.0" 404 - "-" "meta-externalagent/1.1 (+https://developers.facebook.com/docs/sharing/webmasters/crawler)"
52.138.143.205 - - [24/Jun/2025:12:20:26 +0000] "GET /wp-admin/maint/wp-damin.php HTTP/1.1" 404 - "-" "-"
52.138.143.205 - - [24/Jun/2025:12:20:26 +0000] "GET /wp-admin/includes/go.php HTTP/1.1" 404 - "-" "-"
52.138.143.205 - - [24/Jun/2025:12:20:26 +0000] "GET /uploads/upload.php HTTP/1.1" 404 - "-" "-"
52.138.143.205 - - [24/Jun/2025:12:20:27 +0000] "GET /wp-includes/class-wp-simplepie-sanitize-kses-stream.php HTTP/1.1" 404 - "-" "-"
52.138.143.205 - - [24/Jun/2025:12:20:27 +0000] "GET /wp-includes/prayer_intentions.php HTTP/1.1" 404 - "-" "-"
52.138.143.205 - - [24/Jun/2025:12:20:27 +0000] "GET /wp-includes/fonts/class-wp-font-collection.php HTTP/1.1" 404 - "-" "-"
52.138.143.205 - - [24/Jun/2025:12:20:27 +0000] "GET /wp-admin/includes/class-wp-pagebuilders-BDsjLk.php HTTP/1.1" 404 - "-" "-"
52.138.143.205 - - [24/Jun/2025:12:20:28 +0000] "GET /wp-admin/css/bgFbMo.php HTTP/1.1" 404 - "-" "-"
52.138.143.205 - - [24/Jun/2025:12:20:28 +0000] "GET /wp-includes/cof.php HTTP/1.1" 404 - "-" "-"
52.138.143.205 - - [24/Jun/2025:12:20:28 +0000] "GET /wp-admin/includes/class-wp-pagebuilders-5tgxav.php HTTP/1.1" 404 - "-" "-"
52.138.143.205 - - [24/Jun/2025:12:20:29 +0000] "GET /wp-admin/css/OK.php HTTP/1.1" 404 - "-" "-"
52.138.143.205 - - [24/Jun/2025:12:20:29 +0000] "GET /wp-admin/maint/doc.php HTTP/1.1" 404 - "-" "-"
52.138.143.205 - - [24/Jun/2025:12:20:29 +0000] "GET /wp-admin/css/go.php HTTP/1.1" 404 - "-" "-"
52.138.143.205 - - [24/Jun/2025:12:20:29 +0000] "GET /wp-admin/maint/cong.php HTTP/1.1" 404 - "-" "-"
52.138.143.205 - - [24/Jun/2025:12:20:30 +0000] "GET /wp-admin/maint/yes.php HTTP/1.1" 404 - "-" "-"
52.138.143.205 - - [24/Jun/2025:12:20:30 +0000] "GET /wp-content/upgrade/about.php HTTP/1.1" 404 - "-" "-"
52.138.143.205 - - [24/Jun/2025:12:20:30 +0000] "GET /wp-admin/includes/class-wp-media-list-table-ezd.php HTTP/1.1" 404 - "-" "-"
52.138.143.205 - - [24/Jun/2025:12:20:31 +0000] "GET /wp-includes/pomo/yellow.php HTTP/1.1" 404 - "-" "-"
52.138.143.205 - - [24/Jun/2025:12:20:31 +0000] "GET /images/test.php HTTP/1.1" 404 - "-" "-"
52.138.143.205 - - [24/Jun/2025:12:20:31 +0000] "GET /wp-admin/css/colors/dkSUq.php HTTP/1.1" 404 - "-" "-"
52.138.143.205 - - [24/Jun/2025:12:20:32 +0000] "GET /wp-admin/images/wp-ksv1i.php HTTP/1.1" 404 - "-" "-"
52.138.143.205 - - [24/Jun/2025:12:20:32 +0000] "GET /wp-admin/js/widgets/hYdXrMgTbH.php HTTP/1.1" 404 - "-" "-"
52.138.143.205 - - [24/Jun/2025:12:20:32 +0000] "GET /wp-includes/Text/Diff/Renderer/last.php HTTP/1.1" 404 - "-" "-"
52.138.143.205 - - [24/Jun/2025:12:20:32 +0000] "GET /wp-content/uploads/admin.php HTTP/1.1" 404 - "-" "-"
52.138.143.205 - - [24/Jun/2025:12:20:33 +0000] "GET /wp-content/languages/ru_RU_lite.mo.php HTTP/1.1" 404 - "-" "-"
52.138.143.205 - - [24/Jun/2025:12:20:33 +0000] "GET /wp-includes/widgets/hehe.php HTTP/1.1" 404 - "-" "-"
52.138.143.205 - - [24/Jun/2025:12:20:33 +0000] "GET /wp-admin/css/colors/midnight/strcmp.php HTTP/1.1" 404 - "-" "-"
57.141.2.3 - - [24/Jun/2025:12:20:34 +0000] "GET /shopdetail/2477041 HTTP/2.0" 404 - "-" "meta-externalagent/1.1 (+https://developers.facebook.com/docs/sharing/webmasters/crawler)"
52.138.143.205 - - [24/Jun/2025:12:20:34 +0000] "GET /wp-content/uploads/emvvuhwx.php HTTP/1.1" 404 - "-" "-"
52.138.143.205 - - [24/Jun/2025:12:20:34 +0000] "GET /wp-includes/css/str_replace.php HTTP/1.1" 404 - "-" "-"
52.138.143.205 - - [24/Jun/2025:12:20:34 +0000] "GET /wp-admin/includes/ace.php HTTP/1.1" 404 - "-" "-"
52.138.143.205 - - [24/Jun/2025:12:20:35 +0000] "GET /wp-includes/wp-admin-css.php HTTP/1.1" 404 - "-" "-"
57.141.2.26 - - [24/Jun/2025:12:20:35 +0000] "GET /buy.php/shopdetail/4329633 HTTP/2.0" 404 - "-" "meta-externalagent/1.1 (+https://developers.facebook.com/docs/sharing/webmasters/crawler)"
52.138.143.205 - - [24/Jun/2025:12:20:35 +0000] "GET /wp-content/upgrade/120f9.php HTTP/1.1" 404 - "-" "-"
52.138.143.205 - - [24/Jun/2025:12:20:35 +0000] "GET /wp-includes/Text/moon.php HTTP/1.1" 404 - "-" "-"
52.138.143.205 - - [24/Jun/2025:12:20:35 +0000] "GET /wp-admin/css/colors/light/qwas.php HTTP/1.1" 404 - "-" "-"
52.138.143.205 - - [24/Jun/2025:12:20:36 +0000] "GET /wp-includes/davoeqyv.php HTTP/1.1" 404 - "-" "-"
52.138.143.205 - - [24/Jun/2025:12:20:36 +0000] "GET /wp-includes/js/codemirror/87.php HTTP/1.1" 404 - "-" "-"
52.138.143.205 - - [24/Jun/2025:12:20:36 +0000] "GET /wp-includes/block-template-utils.php HTTP/1.1" 404 - "-" "-"
52.138.143.205 - - [24/Jun/2025:12:20:37 +0000] "GET /wp-includes/fonts/browser.php HTTP/1.1" 404 - "-" "-"
52.138.143.205 - - [24/Jun/2025:12:20:37 +0000] "GET /wp-admin/maint/smile.php HTTP/1.1" 404 - "-" "-"
52.138.143.205 - - [24/Jun/2025:12:20:37 +0000] "GET /wp-includes/wp-2019.php HTTP/1.1" 404 - "-" "-"
52.138.143.205 - - [24/Jun/2025:12:20:37 +0000] "GET /wp-includes/Text/Diff/Engine.php HTTP/1.1" 404 - "-" "-"
52.138.143.205 - - [24/Jun/2025:12:20:38 +0000] "GET /images/up.php HTTP/1.1" 404 - "-" "-"
52.138.143.205 - - [24/Jun/2025:12:20:38 +0000] "GET /wp-includes/link-template-git.php HTTP/1.1" 404 - "-" "-"
57.141.2.15 - - [24/Jun/2025:12:20:38 +0000] "GET /shopdetail/4038930 HTTP/2.0" 404 - "-" "meta-externalagent/1.1 (+https://developers.facebook.com/docs/sharing/webmasters/crawler)"
52.138.143.205 - - [24/Jun/2025:12:20:38 +0000] "GET /wp-admin/images/searchl.php HTTP/1.1" 404 - "-" "-"
52.138.143.205 - - [24/Jun/2025:12:20:39 +0000] "GET /wp-content/uploads/js.php HTTP/1.1" 404 - "-" "-"
52.138.143.205 - - [24/Jun/2025:12:20:39 +0000] "GET /wp-includes/PHPMailer/brand.php HTTP/1.1" 404 - "-" "-"
52.138.143.205 - - [24/Jun/2025:12:20:40 +0000] "GET /wp-includes/widgets/class-wp-widget-media-audio-module.php HTTP/1.1" 404 - "-" "-"
52.138.143.205 - - [24/Jun/2025:12:20:40 +0000] "GET /wp-admin/includes/class-wp-pagebuilders-3bv4aS.php HTTP/1.1" 404 - "-" "-"
52.138.143.205 - - [24/Jun/2025:12:20:40 +0000] "GET /wp-admin/includes/rfzhh.php HTTP/1.1" 404 - "-" "-"
52.138.143.205 - - [24/Jun/2025:12:20:41 +0000] "GET /wp-includes/ID3/favicon.php HTTP/1.1" 404 - "-" "-"
52.138.143.205 - - [24/Jun/2025:12:20:41 +0000] "GET /uploads/phUploader.php HTTP/1.1" 404 - "-" "-"
52.138.143.205 - - [24/Jun/2025:12:20:41 +0000] "GET /wp-includes/fonts/themes.php HTTP/1.1" 404 - "-" "-"
52.138.143.205 - - [24/Jun/2025:12:20:42 +0000] "GET /wp-admin/css/wp-damin.php HTTP/1.1" 404 - "-" "-"
52.138.143.205 - - [24/Jun/2025:12:20:42 +0000] "GET /wp-content/up HTTP/1.1" 404 - "-" "-"
52.138.143.205 - - [24/Jun/2025:12:20:42 +0000] "GET /text.php?fm=true HTTP/1.1" 404 - "-" "-"
52.138.143.205 - - [24/Jun/2025:12:20:43 +0000] "GET /admin.php HTTP/1.1" 404 - "-" "-"
52.138.143.205 - - [24/Jun/2025:12:20:43 +0000] "GET /ty.php?p= HTTP/1.1" 404 - "-" "-"
52.138.143.205 - - [24/Jun/2025:12:20:43 +0000] "GET /wp-content/plugins/index.php HTTP/1.1" 404 - "-" "-"
52.138.143.205 - - [24/Jun/2025:12:20:43 +0000] "GET /file.php?fm=true HTTP/1.1" 404 - "-" "-"
52.138.143.205 - - [24/Jun/2025:12:20:44 +0000] "GET /function.php HTTP/1.1" 404 - "-" "-"
52.138.143.205 - - [24/Jun/2025:12:20:44 +0000] "GET /wp-admin/css/colors/blue/index.php HTTP/1.1" 404 - "-" "-"
52.138.143.205 - - [24/Jun/2025:12:20:44 +0000] "GET /403.shtml HTTP/1.1" 404 - "-" "-"
52.138.143.205 - - [24/Jun/2025:12:20:45 +0000] "GET /xleet.php HTTP/1.1" 404 - "-" "-"
52.138.143.205 - - [24/Jun/2025:12:20:45 +0000] "GET /wp-content/languages/index.php HTTP/1.1" 404 - "-" "-"
52.138.143.205 - - [24/Jun/2025:12:20:46 +0000] "GET /dropdown.php?p= HTTP/1.1" 404 - "-" "-"
52.138.143.205 - - [24/Jun/2025:12:20:46 +0000] "GET /radio.php HTTP/1.1" 404 - "-" "-"
95.108.213.141 - - [24/Jun/2025:12:20:46 +0000] "GET /shopdetail/1013831 HTTP/1.1" 404 - "-" "Mozilla/5.0 (compatible; YandexBot/3.0; +http://yandex.com/bots)"
52.138.143.205 - - [24/Jun/2025:12:20:46 +0000] "GET /moon.php HTTP/1.1" 404 - "-" "-"
52.138.143.205 - - [24/Jun/2025:12:20:47 +0000] "GET /img/wp-login.php HTTP/1.1" 404 - "-" "-"
52.138.143.205 - - [24/Jun/2025:12:20:47 +0000] "GET /wp-admin/maint/maint.php HTTP/1.1" 404 - "-" "-"
52.138.143.205 - - [24/Jun/2025:12:20:47 +0000] "GET /mah.php?p= HTTP/1.1" 404 - "-" "-"
52.138.143.205 - - [24/Jun/2025:12:20:47 +0000] "GET /images/anjay.php HTTP/1.1" 404 - "-" "-"
52.138.143.205 - - [24/Jun/2025:12:20:48 +0000] "GET /vendor/phpunit/phpunit/src/Util/PHP/small.php HTTP/1.1" 404 - "-" "-"
52.167.144.159 - - [24/Jun/2025:12:20:48 +0000] "GET /buy.php/shopdetail/1514184 HTTP/2.0" 404 - "-" "Mozilla/5.0 AppleWebKit/537.36 (KHTML, like Gecko; compatible; bingbot/2.0; +http://www.bing.com/bingbot.htm) Chrome/116.0.1938.76 Safari/537.36"
52.138.143.205 - - [24/Jun/2025:12:20:48 +0000] "GET /webadmin.php HTTP/1.1" 404 - "-" "-"
52.138.143.205 - - [24/Jun/2025:12:20:48 +0000] "GET /core.php HTTP/1.1" 404 - "-" "-"
52.138.143.205 - - [24/Jun/2025:12:20:49 +0000] "GET /wp-content/plugins/core-plugin/include.php HTTP/1.1" 404 - "-" "-"
52.138.143.205 - - [24/Jun/2025:12:20:49 +0000] "GET /vendor/phpunit/phpunit/src/Util/PHP/astab.php HTTP/1.1" 404 - "-" "-"
52.138.143.205 - - [24/Jun/2025:12:20:49 +0000] "GET /astab.php HTTP/1.1" 404 - "-" "-"
52.138.143.205 - - [24/Jun/2025:12:20:49 +0000] "GET /makeasmtp.php?p= HTTP/1.1" 404 - "-" "-"
52.138.143.205 - - [24/Jun/2025:12:20:50 +0000] "GET /abe.php HTTP/1.1" 404 - "-" "-"
52.138.143.205 - - [24/Jun/2025:12:20:50 +0000] "GET /cgi-bin/index.php HTTP/1.1" 404 - "-" "-"
52.138.143.205 - - [24/Jun/2025:12:20:50 +0000] "GET /packed.php HTTP/1.1" 404 - "-" "-"
52.138.143.205 - - [24/Jun/2025:12:20:51 +0000] "GET /wp-content/themes/seotheme/mar.php HTTP/1.1" 404 - "-" "-"
52.138.143.205 - - [24/Jun/2025:12:20:51 +0000] "GET /about/function.php HTTP/1.1" 404 - "-" "-"
57.141.2.18 - - [24/Jun/2025:12:20:51 +0000] "GET /shopdetail/2433493 HTTP/2.0" 404 - "-" "meta-externalagent/1.1 (+https://developers.facebook.com/docs/sharing/webmasters/crawler)"
57.141.2.5 - - [24/Jun/2025:12:20:52 +0000] "GET /buy.php/shopdetail/2650051 HTTP/2.0" 404 - "-" "meta-externalagent/1.1 (+https://developers.facebook.com/docs/sharing/webmasters/crawler)"
52.138.143.205 - - [24/Jun/2025:12:20:52 +0000] "GET /index/admin.php HTTP/1.1" 404 - "-" "-"
52.138.143.205 - - [24/Jun/2025:12:20:52 +0000] "GET /wp-admin/css/colors/blue/admin.php HTTP/1.1" 404 - "-" "-"
52.138.143.205 - - [24/Jun/2025:12:20:53 +0000] "GET /wp-includes/fonts/index.php HTTP/1.1" 404 - "-" "-"
52.138.143.205 - - [24/Jun/2025:12:20:53 +0000] "GET /wp-admin/images/about.php HTTP/1.1" 404 - "-" "-"
52.138.143.205 - - [24/Jun/2025:12:20:53 +0000] "GET /simple.php HTTP/1.1" 404 - "-" "-"
57.141.2.6 - - [24/Jun/2025:12:20:53 +0000] "GET /shopdetail/2501962 HTTP/2.0" 404 - "-" "meta-externalagent/1.1 (+https://developers.facebook.com/docs/sharing/webmasters/crawler)"
52.138.143.205 - - [24/Jun/2025:12:20:53 +0000] "GET /index/function.php HTTP/1.1" 404 - "-" "-"
52.138.143.205 - - [24/Jun/2025:12:20:54 +0000] "GET /item.php HTTP/1.1" 404 - "-" "-"
52.138.143.205 - - [24/Jun/2025:12:20:54 +0000] "GET /classwithtostring.php HTTP/1.1" 404 - "-" "-"
52.138.143.205 - - [24/Jun/2025:12:20:54 +0000] "GET /cgi-bin/xmrlpc.php?p= HTTP/1.1" 404 - "-" "-"
52.138.143.205 - - [24/Jun/2025:12:20:55 +0000] "GET /wp-admin/includes/index.php HTTP/1.1" 404 - "-" "-"
52.138.143.205 - - [24/Jun/2025:12:20:55 +0000] "GET /readme.php HTTP/1.1" 404 - "-" "-"
52.138.143.205 - - [24/Jun/2025:12:20:55 +0000] "GET /wp-content/uploads/index.php HTTP/1.1" 404 - "-" "-"
52.138.143.205 - - [24/Jun/2025:12:20:55 +0000] "GET /wp-admin/images/index.php HTTP/1.1" 404 - "-" "-"
52.138.143.205 - - [24/Jun/2025:12:20:56 +0000] "GET /filemanager.php HTTP/1.1" 404 - "-" "-"
57.141.2.25 - - [24/Jun/2025:12:20:56 +0000] "GET /shopdetail/4162309 HTTP/2.0" 404 - "-" "meta-externalagent/1.1 (+https://developers.facebook.com/docs/sharing/webmasters/crawler)"
52.138.143.205 - - [24/Jun/2025:12:20:56 +0000] "GET /shell20211028.php HTTP/1.1" 404 - "-" "-"
52.138.143.205 - - [24/Jun/2025:12:20:57 +0000] "GET /403.shtml HTTP/1.1" 404 - "-" "-"
52.138.143.205 - - [24/Jun/2025:12:20:57 +0000] "GET /info.php HTTP/1.1" 404 - "-" "-"
52.138.143.205 - - [24/Jun/2025:12:20:57 +0000] "GET /file.php HTTP/1.1" 404 - "-" "-"
57.141.2.20 - - [24/Jun/2025:12:20:58 +0000] "GET /buy.php/shopdetail/4575096 HTTP/2.0" 404 - "-" "meta-externalagent/1.1 (+https://developers.facebook.com/docs/sharing/webmasters/crawler)"
52.138.143.205 - - [24/Jun/2025:12:20:58 +0000] "GET /wp-mail.php HTTP/1.1" 404 - "-" "-"
52.138.143.205 - - [24/Jun/2025:12:20:58 +0000] "GET /defaults.php HTTP/1.1" 404 - "-" "-"
52.138.143.205 - - [24/Jun/2025:12:20:58 +0000] "GET /about.php HTTP/1.1" 404 - "-" "-"
52.138.143.205 - - [24/Jun/2025:12:20:58 +0000] "GET /wp-content/uploads/autoload_classmap.php HTTP/1.1" 404 - "-" "-"
52.138.143.205 - - [24/Jun/2025:12:20:59 +0000] "GET /wp-admin/404.php HTTP/1.1" 404 - "-" "-"
52.138.143.205 - - [24/Jun/2025:12:20:59 +0000] "GET /db.php HTTP/1.1" 404 - "-" "-"
52.138.143.205 - - [24/Jun/2025:12:20:59 +0000] "GET /wp-admin/css/colors/coffee/index.php HTTP/1.1" 404 - "-" "-"
52.138.143.205 - - [24/Jun/2025:12:21:00 +0000] "GET /wp-content/plugins/seoplugins/mar.php HTTP/1.1" 404 - "-" "-"
57.141.2.12 - - [24/Jun/2025:12:21:00 +0000] "GET /shopdetail/1521598 HTTP/2.0" 404 - "-" "meta-externalagent/1.1 (+https://developers.facebook.com/docs/sharing/webmasters/crawler)"
52.138.143.205 - - [24/Jun/2025:12:21:00 +0000] "GET /cong.php HTTP/1.1" 404 - "-" "-"
52.138.143.205 - - [24/Jun/2025:12:21:00 +0000] "GET /wp-admin/css/colors/index.php HTTP/1.1" 404 - "-" "-"
52.138.143.205 - - [24/Jun/2025:12:21:01 +0000] "GET /install.php HTTP/1.1" 404 - "-" "-"
52.138.143.205 - - [24/Jun/2025:12:21:01 +0000] "GET /wp-content/themes/ HTTP/1.1" 301 259 "-" "-"
52.138.143.205 - - [24/Jun/2025:12:21:01 +0000] "GET /wp-content/themes HTTP/1.1" 404 - "-" "-"
52.138.143.205 - - [24/Jun/2025:12:21:01 +0000] "GET /wp-content/themes/index.php HTTP/1.1" 404 - "-" "-"
52.138.143.205 - - [24/Jun/2025:12:21:02 +0000] "GET /mah.php HTTP/1.1" 404 - "-" "-"
52.138.143.205 - - [24/Jun/2025:12:21:02 +0000] "GET /alfa.php HTTP/1.1" 404 - "-" "-"
52.138.143.205 - - [24/Jun/2025:12:21:02 +0000] "GET /wp-admin/js/index.php HTTP/1.1" 404 - "-" "-"
52.138.143.205 - - [24/Jun/2025:12:21:03 +0000] "GET /wp-admin/index.php HTTP/1.1" 404 - "-" "-"
52.138.143.205 - - [24/Jun/2025:12:21:03 +0000] "GET /randkeyword.php HTTP/1.1" 404 - "-" "-"
87.250.224.31 - - [24/Jun/2025:12:21:03 +0000] "GET /shopdetail/1194963 HTTP/1.1" 404 - "-" "Mozilla/5.0 (compatible; YandexBot/3.0; +http://yandex.com/bots)"
52.138.143.205 - - [24/Jun/2025:12:21:03 +0000] "GET /wp-content/about.php HTTP/1.1" 404 - "-" "-"
52.138.143.205 - - [24/Jun/2025:12:21:04 +0000] "GET /buy.php HTTP/1.1" 404 - "-" "-"
52.138.143.205 - - [24/Jun/2025:12:21:04 +0000] "GET /wp-admin/autoload_classmap.php HTTP/1.1" 404 - "-" "-"
52.138.143.205 - - [24/Jun/2025:12:21:04 +0000] "GET /wp-content/file.php HTTP/1.1" 404 - "-" "-"
52.138.143.205 - - [24/Jun/2025:12:21:04 +0000] "GET /autoload_classmap.php HTTP/1.1" 404 - "-" "-"
52.138.143.205 - - [24/Jun/2025:12:21:05 +0000] "GET /wp-admin/user/index.php HTTP/1.1" 404 - "-" "-"
52.138.143.205 - - [24/Jun/2025:12:21:05 +0000] "GET /wp-content/plugins/dummyyummy/wp-signup.php HTTP/1.1" 404 - "-" "-"
87.250.224.9 - - [24/Jun/2025:12:21:07 +0000] "GET /shopdetail/3252122 HTTP/1.1" 404 - "-" "Mozilla/5.0 (compatible; YandexBot/3.0; +http://yandex.com/bots)"
87.250.224.253 - - [24/Jun/2025:12:21:25 +0000] "GET /shopdetail/2982585 HTTP/1.1" 404 - "-" "Mozilla/5.0 (compatible; YandexBot/3.0; +http://yandex.com/bots)"
57.141.2.14 - - [24/Jun/2025:12:21:27 +0000] "GET /buy.php/shopdetail/4571627 HTTP/2.0" 404 - "-" "meta-externalagent/1.1 (+https://developers.facebook.com/docs/sharing/webmasters/crawler)"
57.141.2.5 - - [24/Jun/2025:12:21:27 +0000] "GET /buy.php/shopdetail/4282462 HTTP/2.0" 404 - "-" "meta-externalagent/1.1 (+https://developers.facebook.com/docs/sharing/webmasters/crawler)"
57.141.2.3 - - [24/Jun/2025:12:21:30 +0000] "GET /buy.php/shopdetail/1269515 HTTP/2.0" 404 - "-" "meta-externalagent/1.1 (+https://developers.facebook.com/docs/sharing/webmasters/crawler)"
57.141.2.25 - - [24/Jun/2025:12:21:33 +0000] "GET /shopdetail/4787445 HTTP/2.0" 404 - "-" "meta-externalagent/1.1 (+https://developers.facebook.com/docs/sharing/webmasters/crawler)"
66.249.79.2 - - [24/Jun/2025:12:21:38 +0000] "GET /blog HTTP/1.1" 301 247 "-" "Mozilla/5.0 (Linux; Android 6.0.1; Nexus 5X Build/MMB29P) AppleWebKit/537.36 (KHTML, like Gecko) Chrome/137.0.7151.103 Mobile Safari/537.36 (compatible; Googlebot/2.1; +http://www.google.com/bot.html)"
57.141.2.13 - - [24/Jun/2025:12:21:45 +0000] "GET /buy.php/shopdetail/3303193 HTTP/2.0" 404 - "-" "meta-externalagent/1.1 (+https://developers.facebook.com/docs/sharing/webmasters/crawler)"
57.141.2.30 - - [24/Jun/2025:12:21:47 +0000] "GET /shopdetail/3304895 HTTP/2.0" 404 - "-" "meta-externalagent/1.1 (+https://developers.facebook.com/docs/sharing/webmasters/crawler)"
57.141.2.14 - - [24/Jun/2025:12:21:54 +0000] "GET /shopdetail/1020526 HTTP/2.0" 404 - "-" "meta-externalagent/1.1 (+https://developers.facebook.com/docs/sharing/webmasters/crawler)"
57.141.2.9 - - [24/Jun/2025:12:21:56 +0000] "GET /shopdetail/3211111 HTTP/2.0" 404 - "-" "meta-externalagent/1.1 (+https://developers.facebook.com/docs/sharing/webmasters/crawler)"
87.250.224.55 - - [24/Jun/2025:12:21:58 +0000] "GET /shopdetail/1868525 HTTP/1.1" 404 - "-" "Mozilla/5.0 (compatible; YandexBot/3.0; +http://yandex.com/bots)"
57.141.2.22 - - [24/Jun/2025:12:21:58 +0000] "GET /shopdetail/3283281 HTTP/2.0" 404 - "-" "meta-externalagent/1.1 (+https://developers.facebook.com/docs/sharing/webmasters/crawler)"
5.255.231.151 - - [24/Jun/2025:12:22:00 +0000] "GET /shopdetail/2014405 HTTP/1.1" 404 - "-" "Mozilla/5.0 (compatible; YandexBot/3.0; +http://yandex.com/bots)"
57.141.2.14 - - [24/Jun/2025:12:22:05 +0000] "GET /shopdetail/2995661 HTTP/2.0" 404 - "-" "meta-externalagent/1.1 (+https://developers.facebook.com/docs/sharing/webmasters/crawler)"
57.141.2.4 - - [24/Jun/2025:12:22:06 +0000] "GET /shopdetail/4619407 HTTP/2.0" 404 - "-" "meta-externalagent/1.1 (+https://developers.facebook.com/docs/sharing/webmasters/crawler)"
57.141.2.20 - - [24/Jun/2025:12:22:08 +0000] "GET /shopdetail/3153692 HTTP/2.0" 404 - "-" "meta-externalagent/1.1 (+https://developers.facebook.com/docs/sharing/webmasters/crawler)"
87.250.224.26 - - [24/Jun/2025:12:22:13 +0000] "GET /shopdetail/4756696 HTTP/1.1" 404 - "-" "Mozilla/5.0 (compatible; YandexBot/3.0; +http://yandex.com/bots)"
213.180.203.186 - - [24/Jun/2025:12:22:13 +0000] "GET /shopdetail/3645173 HTTP/1.1" 404 - "-" "Mozilla/5.0 (compatible; YandexBot/3.0; +http://yandex.com/bots)"
57.141.2.6 - - [24/Jun/2025:12:22:21 +0000] "GET /shopdetail/4066585 HTTP/2.0" 404 - "-" "meta-externalagent/1.1 (+https://developers.facebook.com/docs/sharing/webmasters/crawler)"
95.108.213.192 - - [24/Jun/2025:12:22:25 +0000] "GET /buy.php/shopdetail/2323334 HTTP/1.1" 404 - "-" "Mozilla/5.0 (compatible; YandexBot/3.0; +http://yandex.com/bots)"
87.250.224.52 - - [24/Jun/2025:12:22:27 +0000] "GET /buy.php/shopdetail/3447013 HTTP/1.1" 404 - "-" "Mozilla/5.0 (compatible; YandexBot/3.0; +http://yandex.com/bots)"
57.141.2.28 - - [24/Jun/2025:12:22:27 +0000] "GET /shopdetail/1118335 HTTP/2.0" 404 - "-" "meta-externalagent/1.1 (+https://developers.facebook.com/docs/sharing/webmasters/crawler)"
57.141.2.12 - - [24/Jun/2025:12:22:43 +0000] "GET /shopdetail/3601307 HTTP/2.0" 404 - "-" "meta-externalagent/1.1 (+https://developers.facebook.com/docs/sharing/webmasters/crawler)"
57.141.2.1 - - [24/Jun/2025:12:22:48 +0000] "GET /buy.php/shopdetail/3126739 HTTP/2.0" 404 - "-" "meta-externalagent/1.1 (+https://developers.facebook.com/docs/sharing/webmasters/crawler)"
57.141.2.10 - - [24/Jun/2025:12:22:51 +0000] "GET /shopdetail/4604814 HTTP/2.0" 404 - "-" "meta-externalagent/1.1 (+https://developers.facebook.com/docs/sharing/webmasters/crawler)"
57.141.2.24 - - [24/Jun/2025:12:22:52 +0000] "GET /buy.php/shopdetail/3469199 HTTP/2.0" 404 - "-" "meta-externalagent/1.1 (+https://developers.facebook.com/docs/sharing/webmasters/crawler)"
57.141.2.24 - - [24/Jun/2025:12:22:53 +0000] "GET /buy.php/shopdetail/2908794 HTTP/2.0" 404 - "-" "meta-externalagent/1.1 (+https://developers.facebook.com/docs/sharing/webmasters/crawler)"
95.108.213.92 - - [24/Jun/2025:12:22:59 +0000] "GET /shopdetail/2705420 HTTP/1.1" 404 - "-" "Mozilla/5.0 (compatible; YandexBot/3.0; +http://yandex.com/bots)"
57.141.2.12 - - [24/Jun/2025:12:22:59 +0000] "GET /shopdetail/2491970 HTTP/2.0" 404 - "-" "meta-externalagent/1.1 (+https://developers.facebook.com/docs/sharing/webmasters/crawler)"
57.141.2.20 - - [24/Jun/2025:12:23:02 +0000] "GET /shopdetail/1067581 HTTP/2.0" 404 - "-" "meta-externalagent/1.1 (+https://developers.facebook.com/docs/sharing/webmasters/crawler)"
57.141.2.4 - - [24/Jun/2025:12:23:05 +0000] "GET /shopdetail/1611256 HTTP/2.0" 404 - "-" "meta-externalagent/1.1 (+https://developers.facebook.com/docs/sharing/webmasters/crawler)"
57.141.2.30 - - [24/Jun/2025:12:23:09 +0000] "GET /shopdetail/1984443 HTTP/2.0" 404 - "-" "meta-externalagent/1.1 (+https://developers.facebook.com/docs/sharing/webmasters/crawler)"
57.141.2.15 - - [24/Jun/2025:12:23:15 +0000] "GET /shopdetail/3440567 HTTP/2.0" 404 - "-" "meta-externalagent/1.1 (+https://developers.facebook.com/docs/sharing/webmasters/crawler)"
57.141.2.24 - - [24/Jun/2025:12:23:27 +0000] "GET /shopdetail/2710417 HTTP/2.0" 404 - "-" "meta-externalagent/1.1 (+https://developers.facebook.com/docs/sharing/webmasters/crawler)"
57.141.2.17 - - [24/Jun/2025:12:23:39 +0000] "GET /shopdetail/1979968 HTTP/2.0" 404 - "-" "meta-externalagent/1.1 (+https://developers.facebook.com/docs/sharing/webmasters/crawler)"
57.141.2.28 - - [24/Jun/2025:12:23:42 +0000] "GET /shopdetail/4384628 HTTP/2.0" 404 - "-" "meta-externalagent/1.1 (+https://developers.facebook.com/docs/sharing/webmasters/crawler)"
57.141.2.10 - - [24/Jun/2025:12:23:46 +0000] "GET /shopdetail/1081084 HTTP/2.0" 404 - "-" "meta-externalagent/1.1 (+https://developers.facebook.com/docs/sharing/webmasters/crawler)"
95.108.213.107 - - [24/Jun/2025:12:23:57 +0000] "GET /shopdetail/1545877 HTTP/1.1" 404 - "-" "Mozilla/5.0 (compatible; YandexBot/3.0; +http://yandex.com/bots)"
5.255.231.89 - - [24/Jun/2025:12:23:59 +0000] "GET /shopdetail/3908006 HTTP/1.1" 404 - "-" "Mozilla/5.0 (compatible; YandexBot/3.0; +http://yandex.com/bots)"
57.141.2.9 - - [24/Jun/2025:12:24:05 +0000] "GET /shopdetail/4198905 HTTP/2.0" 404 - "-" "meta-externalagent/1.1 (+https://developers.facebook.com/docs/sharing/webmasters/crawler)"
