20.171.207.123 - - [24/Jun/2025:13:05:22 +0000] "GET /shopdetail/1950896 HTTP/1.1" 200 - "-" "Mozilla/5.0 AppleWebKit/537.36 (KHTML, like Gecko; compatible; GPTBot/1.2; +https://openai.com/gptbot)"
20.171.207.123 - - [24/Jun/2025:13:05:23 +0000] "GET /shopdetail/0695203 HTTP/1.1" 200 - "-" "Mozilla/5.0 AppleWebKit/537.36 (KHTML, like Gecko; compatible; GPTBot/1.2; +https://openai.com/gptbot)"
20.171.207.123 - - [24/Jun/2025:13:05:24 +0000] "GET /shopdetail/1947968 HTTP/1.1" 200 - "-" "Mozilla/5.0 AppleWebKit/537.36 (KHTML, like Gecko; compatible; GPTBot/1.2; +https://openai.com/gptbot)"
66.249.68.130 - - [24/Jun/2025:13:05:23 +0000] "GET /shopdetail/2154878 HTTP/1.1" 200 148586 "-" "Mozilla/5.0 (Linux; Android 6.0.1; Nexus 5X Build/MMB29P) AppleWebKit/537.36 (KHTML, like Gecko) Chrome/137.0.7151.103 Mobile Safari/537.36 (compatible; GoogleOther)"
20.171.207.123 - - [24/Jun/2025:13:05:25 +0000] "GET /shopdetail/2358406 HTTP/1.1" 200 - "-" "Mozilla/5.0 AppleWebKit/537.36 (KHTML, like Gecko; compatible; GPTBot/1.2; +https://openai.com/gptbot)"
20.171.207.123 - - [24/Jun/2025:13:05:26 +0000] "GET /shopdetail/4519626 HTTP/1.1" 200 - "-" "Mozilla/5.0 AppleWebKit/537.36 (KHTML, like Gecko; compatible; GPTBot/1.2; +https://openai.com/gptbot)"
20.171.207.123 - - [24/Jun/2025:13:05:27 +0000] "GET /shopdetail/0925431 HTTP/1.1" 200 - "-" "Mozilla/5.0 AppleWebKit/537.36 (KHTML, like Gecko; compatible; GPTBot/1.2; +https://openai.com/gptbot)"
66.249.68.131 - - [24/Jun/2025:13:05:26 +0000] "GET /index.php/cd.html/man/customer_guide/pcmypage?callback=product/detail/89162235/toiawase/events/recruit/pcmypage?callback=product/review/67969692/man/customer_guide/product/edit/15174910/product_archives/product_archives/recruit/product_archives/cargo/detail/pcmypage/events/pcsp.html HTTP/1.1" 200 166449 "-" "Mozilla/5.0 (Linux; Android 6.0.1; Nexus 5X Build/MMB29P) AppleWebKit/537.36 (KHTML, like Gecko) Chrome/137.0.7151.103 Mobile Safari/537.36 (compatible; GoogleOther)"
57.141.2.12 - - [24/Jun/2025:13:05:28 +0000] "GET /shopdetail/4545650 HTTP/1.1" 200 - "-" "meta-externalagent/1.1 (+https://developers.facebook.com/docs/sharing/webmasters/crawler)"
20.171.207.123 - - [24/Jun/2025:13:05:29 +0000] "GET /shopdetail/4377952 HTTP/1.1" 200 - "-" "Mozilla/5.0 AppleWebKit/537.36 (KHTML, like Gecko; compatible; GPTBot/1.2; +https://openai.com/gptbot)"
57.141.2.30 - - [24/Jun/2025:13:05:29 +0000] "GET /buy.php/shopdetail/1833943 HTTP/1.1" 200 - "-" "meta-externalagent/1.1 (+https://developers.facebook.com/docs/sharing/webmasters/crawler)"
20.171.207.123 - - [24/Jun/2025:13:05:30 +0000] "GET /shopdetail/2846903 HTTP/1.1" 200 - "-" "Mozilla/5.0 AppleWebKit/537.36 (KHTML, like Gecko; compatible; GPTBot/1.2; +https://openai.com/gptbot)"
57.141.2.19 - - [24/Jun/2025:13:05:30 +0000] "GET /buy.php/shopdetail/3525003 HTTP/1.1" 200 - "-" "meta-externalagent/1.1 (+https://developers.facebook.com/docs/sharing/webmasters/crawler)"
57.141.2.28 - - [24/Jun/2025:13:05:30 +0000] "GET /buy.php/shopdetail/2170250 HTTP/1.1" 200 - "-" "meta-externalagent/1.1 (+https://developers.facebook.com/docs/sharing/webmasters/crawler)"
66.249.68.130 - - [24/Jun/2025:13:05:30 +0000] "GET /shopdetail/1684029 HTTP/1.1" 200 145067 "-" "Mozilla/5.0 (Linux; Android 6.0.1; Nexus 5X Build/MMB29P) AppleWebKit/537.36 (KHTML, like Gecko) Chrome/137.0.7151.103 Mobile Safari/537.36 (compatible; GoogleOther)"
20.171.207.123 - - [24/Jun/2025:13:05:31 +0000] "GET /shopdetail/1843050 HTTP/1.1" 200 - "-" "Mozilla/5.0 AppleWebKit/537.36 (KHTML, like Gecko; compatible; GPTBot/1.2; +https://openai.com/gptbot)"
57.141.2.28 - - [24/Jun/2025:13:05:31 +0000] "GET /shopdetail/0832572 HTTP/1.1" 200 - "-" "meta-externalagent/1.1 (+https://developers.facebook.com/docs/sharing/webmasters/crawler)"
57.141.2.2 - - [24/Jun/2025:13:05:31 +0000] "GET /shopdetail/4299113 HTTP/1.1" 200 - "-" "meta-externalagent/1.1 (+https://developers.facebook.com/docs/sharing/webmasters/crawler)"
57.141.2.17 - - [24/Jun/2025:13:05:32 +0000] "GET /buy.php/shopdetail/2470872 HTTP/1.1" 200 - "-" "meta-externalagent/1.1 (+https://developers.facebook.com/docs/sharing/webmasters/crawler)"
20.171.207.123 - - [24/Jun/2025:13:05:32 +0000] "GET /shopdetail/3067253 HTTP/1.1" 200 - "-" "Mozilla/5.0 AppleWebKit/537.36 (KHTML, like Gecko; compatible; GPTBot/1.2; +https://openai.com/gptbot)"
57.141.2.19 - - [24/Jun/2025:13:05:33 +0000] "GET /shopdetail/3247165 HTTP/1.1" 200 - "-" "meta-externalagent/1.1 (+https://developers.facebook.com/docs/sharing/webmasters/crawler)"
57.141.2.4 - - [24/Jun/2025:13:05:33 +0000] "GET /shopdetail/0743161 HTTP/1.1" 200 - "-" "meta-externalagent/1.1 (+https://developers.facebook.com/docs/sharing/webmasters/crawler)"
20.171.207.123 - - [24/Jun/2025:13:05:34 +0000] "GET /shopdetail/4153961 HTTP/1.1" 200 - "-" "Mozilla/5.0 AppleWebKit/537.36 (KHTML, like Gecko; compatible; GPTBot/1.2; +https://openai.com/gptbot)"
66.249.68.130 - - [24/Jun/2025:13:05:33 +0000] "GET /shopdetail/1167797/boyslove.html HTTP/1.1" 200 147768 "-" "Mozilla/5.0 (Linux; Android 6.0.1; Nexus 5X Build/MMB29P) AppleWebKit/537.36 (KHTML, like Gecko) Chrome/137.0.7151.103 Mobile Safari/537.36 (compatible; GoogleOther)"
57.141.2.13 - - [24/Jun/2025:13:05:34 +0000] "GET /shopdetail/2816234 HTTP/1.1" 200 - "-" "meta-externalagent/1.1 (+https://developers.facebook.com/docs/sharing/webmasters/crawler)"
20.171.207.123 - - [24/Jun/2025:13:05:35 +0000] "GET /shopdetail/2638919 HTTP/1.1" 200 - "-" "Mozilla/5.0 AppleWebKit/537.36 (KHTML, like Gecko; compatible; GPTBot/1.2; +https://openai.com/gptbot)"
57.141.2.24 - - [24/Jun/2025:13:05:35 +0000] "GET /buy.php/shopdetail/2560728 HTTP/1.1" 200 - "-" "meta-externalagent/1.1 (+https://developers.facebook.com/docs/sharing/webmasters/crawler)"
57.141.2.13 - - [24/Jun/2025:13:05:35 +0000] "GET /buy.php/shopdetail/2076764 HTTP/1.1" 200 - "-" "meta-externalagent/1.1 (+https://developers.facebook.com/docs/sharing/webmasters/crawler)"
57.141.2.22 - - [24/Jun/2025:13:05:36 +0000] "GET /buy.php/shopdetail/3610623 HTTP/1.1" 200 - "-" "meta-externalagent/1.1 (+https://developers.facebook.com/docs/sharing/webmasters/crawler)"
20.171.207.123 - - [24/Jun/2025:13:05:36 +0000] "GET /shopdetail/1947968 HTTP/1.1" 200 - "-" "Mozilla/5.0 AppleWebKit/537.36 (KHTML, like Gecko; compatible; GPTBot/1.2; +https://openai.com/gptbot)"
57.141.2.22 - - [24/Jun/2025:13:05:36 +0000] "GET /buy.php/shopdetail/4525253 HTTP/1.1" 200 - "-" "meta-externalagent/1.1 (+https://developers.facebook.com/docs/sharing/webmasters/crawler)"
57.141.2.25 - - [24/Jun/2025:13:05:34 +0000] "GET /buy.php/sitemap-16.xml HTTP/1.1" 200 392610 "-" "meta-externalagent/1.1 (+https://developers.facebook.com/docs/sharing/webmasters/crawler)"
57.141.2.12 - - [24/Jun/2025:13:05:37 +0000] "GET /buy.php/shopdetail/1656996 HTTP/1.1" 200 - "-" "meta-externalagent/1.1 (+https://developers.facebook.com/docs/sharing/webmasters/crawler)"
20.171.207.123 - - [24/Jun/2025:13:05:37 +0000] "GET /shopdetail/4130764 HTTP/1.1" 200 - "-" "Mozilla/5.0 AppleWebKit/537.36 (KHTML, like Gecko; compatible; GPTBot/1.2; +https://openai.com/gptbot)"
66.249.68.130 - - [24/Jun/2025:13:05:36 +0000] "GET /shopdetail/1167797/kaitori/ansin.html HTTP/1.1" 200 147462 "-" "Mozilla/5.0 (Linux; Android 6.0.1; Nexus 5X Build/MMB29P) AppleWebKit/537.36 (KHTML, like Gecko) Chrome/137.0.7151.103 Mobile Safari/537.36 (compatible; GoogleOther)"
57.141.2.9 - - [24/Jun/2025:13:05:37 +0000] "GET /shopdetail/4497123 HTTP/1.1" 200 - "-" "meta-externalagent/1.1 (+https://developers.facebook.com/docs/sharing/webmasters/crawler)"
57.141.2.13 - - [24/Jun/2025:13:05:38 +0000] "GET /buy.php/shopdetail/2768772 HTTP/1.1" 200 - "-" "meta-externalagent/1.1 (+https://developers.facebook.com/docs/sharing/webmasters/crawler)"
20.171.207.123 - - [24/Jun/2025:13:05:38 +0000] "GET /shopdetail/2679300 HTTP/1.1" 200 - "-" "Mozilla/5.0 AppleWebKit/537.36 (KHTML, like Gecko; compatible; GPTBot/1.2; +https://openai.com/gptbot)"
57.141.2.8 - - [24/Jun/2025:13:05:38 +0000] "GET /shopdetail/2868270 HTTP/1.1" 200 - "-" "meta-externalagent/1.1 (+https://developers.facebook.com/docs/sharing/webmasters/crawler)"
57.141.2.16 - - [24/Jun/2025:13:05:39 +0000] "GET /buy.php/shopdetail/2896008 HTTP/1.1" 200 - "-" "meta-externalagent/1.1 (+https://developers.facebook.com/docs/sharing/webmasters/crawler)"
57.141.2.20 - - [24/Jun/2025:13:05:39 +0000] "GET /buy.php/shopdetail/2355685 HTTP/1.1" 200 - "-" "meta-externalagent/1.1 (+https://developers.facebook.com/docs/sharing/webmasters/crawler)"
20.171.207.123 - - [24/Jun/2025:13:05:39 +0000] "GET /shopdetail/2606158 HTTP/1.1" 200 - "-" "Mozilla/5.0 AppleWebKit/537.36 (KHTML, like Gecko; compatible; GPTBot/1.2; +https://openai.com/gptbot)"
216.73.216.153 - - [24/Jun/2025:13:05:38 +0000] "GET /sitemap-15.xml HTTP/1.1" 200 372610 "-" "Mozilla/5.0 AppleWebKit/537.36 (KHTML, like Gecko; compatible; ClaudeBot/1.0; +claudebot@anthropic.com)"
66.249.68.130 - - [24/Jun/2025:13:05:39 +0000] "GET /shopdetail/4443455 HTTP/1.1" 200 136821 "-" "Mozilla/5.0 (Linux; Android 6.0.1; Nexus 5X Build/MMB29P) AppleWebKit/537.36 (KHTML, like Gecko) Chrome/137.0.7151.103 Mobile Safari/537.36 (compatible; GoogleOther)"
57.141.2.24 - - [24/Jun/2025:13:05:40 +0000] "GET /buy.php/shopdetail/4198401 HTTP/1.1" 200 - "-" "meta-externalagent/1.1 (+https://developers.facebook.com/docs/sharing/webmasters/crawler)"
20.171.207.123 - - [24/Jun/2025:13:05:40 +0000] "GET /shopdetail/3274199 HTTP/1.1" 200 - "-" "Mozilla/5.0 AppleWebKit/537.36 (KHTML, like Gecko; compatible; GPTBot/1.2; +https://openai.com/gptbot)"
57.141.2.29 - - [24/Jun/2025:13:05:41 +0000] "GET /buy.php/shopdetail/2125822 HTTP/1.1" 200 - "-" "meta-externalagent/1.1 (+https://developers.facebook.com/docs/sharing/webmasters/crawler)"
57.141.2.21 - - [24/Jun/2025:13:05:41 +0000] "GET /shopdetail/3209247 HTTP/1.1" 200 - "-" "meta-externalagent/1.1 (+https://developers.facebook.com/docs/sharing/webmasters/crawler)"
57.141.2.7 - - [24/Jun/2025:13:05:41 +0000] "GET /shopdetail/1108549 HTTP/1.1" 200 - "-" "meta-externalagent/1.1 (+https://developers.facebook.com/docs/sharing/webmasters/crawler)"
20.171.207.123 - - [24/Jun/2025:13:05:41 +0000] "GET /shopdetail/3013957 HTTP/1.1" 200 - "-" "Mozilla/5.0 AppleWebKit/537.36 (KHTML, like Gecko; compatible; GPTBot/1.2; +https://openai.com/gptbot)"
57.141.2.6 - - [24/Jun/2025:13:05:42 +0000] "GET /shopdetail/1126012 HTTP/1.1" 200 - "-" "meta-externalagent/1.1 (+https://developers.facebook.com/docs/sharing/webmasters/crawler)"
57.141.2.29 - - [24/Jun/2025:13:05:42 +0000] "GET /buy.php/shopdetail/2054939 HTTP/1.1" 200 - "-" "meta-externalagent/1.1 (+https://developers.facebook.com/docs/sharing/webmasters/crawler)"
20.171.207.123 - - [24/Jun/2025:13:05:43 +0000] "GET /shopdetail/3312498 HTTP/1.1" 200 - "-" "Mozilla/5.0 AppleWebKit/537.36 (KHTML, like Gecko; compatible; GPTBot/1.2; +https://openai.com/gptbot)"
57.141.2.19 - - [24/Jun/2025:13:05:43 +0000] "GET /buy.php/shopdetail/3130932 HTTP/1.1" 200 - "-" "meta-externalagent/1.1 (+https://developers.facebook.com/docs/sharing/webmasters/crawler)"
57.141.2.8 - - [24/Jun/2025:13:05:43 +0000] "GET /buy.php/shopdetail/3702987 HTTP/1.1" 200 - "-" "meta-externalagent/1.1 (+https://developers.facebook.com/docs/sharing/webmasters/crawler)"
66.249.68.131 - - [24/Jun/2025:13:05:42 +0000] "GET /index.php/cd.html/man/customer_guide/pcmypage?callback=product/detail/89162235/toiawase/events/recruit/pcmypage?callback=product/review/67969692/man/customer_guide/product/edit/15174910/product_archives/product_archives/recruit/product_archives/cargo/detail/pcmypage/events/game.html HTTP/1.1" 200 167618 "-" "Mozilla/5.0 (Linux; Android 6.0.1; Nexus 5X Build/MMB29P) AppleWebKit/537.36 (KHTML, like Gecko) Chrome/137.0.7151.103 Mobile Safari/537.36 (compatible; GoogleOther)"
57.141.2.14 - - [24/Jun/2025:13:05:44 +0000] "GET /buy.php/shopdetail/3256621 HTTP/1.1" 200 - "-" "meta-externalagent/1.1 (+https://developers.facebook.com/docs/sharing/webmasters/crawler)"
20.171.207.123 - - [24/Jun/2025:13:05:44 +0000] "GET /shopdetail/0960853 HTTP/1.1" 200 - "-" "Mozilla/5.0 AppleWebKit/537.36 (KHTML, like Gecko; compatible; GPTBot/1.2; +https://openai.com/gptbot)"
57.141.2.12 - - [24/Jun/2025:13:05:44 +0000] "GET /shopdetail/3669495 HTTP/1.1" 200 - "-" "meta-externalagent/1.1 (+https://developers.facebook.com/docs/sharing/webmasters/crawler)"
57.141.2.4 - - [24/Jun/2025:13:05:45 +0000] "GET /buy.php/shopdetail/1296263 HTTP/1.1" 200 - "-" "meta-externalagent/1.1 (+https://developers.facebook.com/docs/sharing/webmasters/crawler)"
57.141.2.29 - - [24/Jun/2025:13:05:45 +0000] "GET /shopdetail/1558201 HTTP/1.1" 200 - "-" "meta-externalagent/1.1 (+https://developers.facebook.com/docs/sharing/webmasters/crawler)"
20.171.207.123 - - [24/Jun/2025:13:05:45 +0000] "GET /shopdetail/2456573 HTTP/1.1" 200 - "-" "Mozilla/5.0 AppleWebKit/537.36 (KHTML, like Gecko; compatible; GPTBot/1.2; +https://openai.com/gptbot)"
57.141.2.17 - - [24/Jun/2025:13:05:46 +0000] "GET /shopdetail/2914322 HTTP/1.1" 200 - "-" "meta-externalagent/1.1 (+https://developers.facebook.com/docs/sharing/webmasters/crawler)"
20.171.207.123 - - [24/Jun/2025:13:05:46 +0000] "GET /shopdetail/4320481 HTTP/1.1" 200 - "-" "Mozilla/5.0 AppleWebKit/537.36 (KHTML, like Gecko; compatible; GPTBot/1.2; +https://openai.com/gptbot)"
57.141.2.13 - - [24/Jun/2025:13:05:46 +0000] "GET /buy.php/shopdetail/2907123 HTTP/1.1" 200 - "-" "meta-externalagent/1.1 (+https://developers.facebook.com/docs/sharing/webmasters/crawler)"
57.141.2.10 - - [24/Jun/2025:13:05:47 +0000] "GET /buy.php/shopdetail/4241475 HTTP/1.1" 200 - "-" "meta-externalagent/1.1 (+https://developers.facebook.com/docs/sharing/webmasters/crawler)"
66.249.68.130 - - [24/Jun/2025:13:05:45 +0000] "GET /shopdetail/2775812/pcmypage HTTP/1.1" 200 148590 "-" "Mozilla/5.0 (Linux; Android 6.0.1; Nexus 5X Build/MMB29P) AppleWebKit/537.36 (KHTML, like Gecko) Chrome/137.0.7151.103 Mobile Safari/537.36 (compatible; GoogleOther)"
20.171.207.123 - - [24/Jun/2025:13:05:47 +0000] "GET /shopdetail/4220537 HTTP/1.1" 200 - "-" "Mozilla/5.0 AppleWebKit/537.36 (KHTML, like Gecko; compatible; GPTBot/1.2; +https://openai.com/gptbot)"
57.141.2.7 - - [24/Jun/2025:13:05:47 +0000] "GET /shopdetail/1465108 HTTP/1.1" 200 - "-" "meta-externalagent/1.1 (+https://developers.facebook.com/docs/sharing/webmasters/crawler)"
57.141.2.6 - - [24/Jun/2025:13:05:48 +0000] "GET /shopdetail/1341268 HTTP/1.1" 200 - "-" "meta-externalagent/1.1 (+https://developers.facebook.com/docs/sharing/webmasters/crawler)"
57.141.2.24 - - [24/Jun/2025:13:05:48 +0000] "GET /shopdetail/1231826 HTTP/1.1" 200 - "-" "meta-externalagent/1.1 (+https://developers.facebook.com/docs/sharing/webmasters/crawler)"
57.141.2.6 - - [24/Jun/2025:13:05:48 +0000] "GET /buy.php/shopdetail/2621697 HTTP/1.1" 200 - "-" "meta-externalagent/1.1 (+https://developers.facebook.com/docs/sharing/webmasters/crawler)"
20.171.207.123 - - [24/Jun/2025:13:05:49 +0000] "GET /shopdetail/0745996 HTTP/1.1" 200 - "-" "Mozilla/5.0 AppleWebKit/537.36 (KHTML, like Gecko; compatible; GPTBot/1.2; +https://openai.com/gptbot)"
57.141.2.25 - - [24/Jun/2025:13:05:49 +0000] "GET /shopdetail/1683593 HTTP/1.1" 200 - "-" "meta-externalagent/1.1 (+https://developers.facebook.com/docs/sharing/webmasters/crawler)"
66.249.68.130 - - [24/Jun/2025:13:05:48 +0000] "GET /shopdetail/4496687/toreka/goods_menu.html HTTP/1.1" 200 145695 "-" "Mozilla/5.0 (Linux; Android 6.0.1; Nexus 5X Build/MMB29P) AppleWebKit/537.36 (KHTML, like Gecko) Chrome/137.0.7151.103 Mobile Safari/537.36 (compatible; GoogleOther)"
57.141.2.15 - - [24/Jun/2025:13:05:50 +0000] "GET /shopdetail/2744167 HTTP/1.1" 200 - "-" "meta-externalagent/1.1 (+https://developers.facebook.com/docs/sharing/webmasters/crawler)"
57.141.2.3 - - [24/Jun/2025:13:05:50 +0000] "GET /buy.php/shopdetail/2333586 HTTP/1.1" 200 - "-" "meta-externalagent/1.1 (+https://developers.facebook.com/docs/sharing/webmasters/crawler)"
20.171.207.123 - - [24/Jun/2025:13:05:50 +0000] "GET /shopdetail/0829967 HTTP/1.1" 200 - "-" "Mozilla/5.0 AppleWebKit/537.36 (KHTML, like Gecko; compatible; GPTBot/1.2; +https://openai.com/gptbot)"
57.141.2.16 - - [24/Jun/2025:13:05:51 +0000] "GET /shopdetail/4239370 HTTP/1.1" 200 - "-" "meta-externalagent/1.1 (+https://developers.facebook.com/docs/sharing/webmasters/crawler)"
40.77.167.71 - - [24/Jun/2025:13:05:51 +0000] "GET /shopdetail/0909197 HTTP/1.1" 200 - "-" "Mozilla/5.0 AppleWebKit/537.36 (KHTML, like Gecko; compatible; bingbot/2.0; +http://www.bing.com/bingbot.htm) Chrome/116.0.1938.76 Safari/537.36"
57.141.2.14 - - [24/Jun/2025:13:05:51 +0000] "GET /shopdetail/4147213 HTTP/1.1" 200 - "-" "meta-externalagent/1.1 (+https://developers.facebook.com/docs/sharing/webmasters/crawler)"
20.171.207.123 - - [24/Jun/2025:13:05:51 +0000] "GET /shopdetail/0937728 HTTP/1.1" 200 - "-" "Mozilla/5.0 AppleWebKit/537.36 (KHTML, like Gecko; compatible; GPTBot/1.2; +https://openai.com/gptbot)"
57.141.2.7 - - [24/Jun/2025:13:05:51 +0000] "GET /shopdetail/3229061 HTTP/1.1" 200 - "-" "meta-externalagent/1.1 (+https://developers.facebook.com/docs/sharing/webmasters/crawler)"
57.141.2.24 - - [24/Jun/2025:13:05:52 +0000] "GET /shopdetail/2089567 HTTP/1.1" 200 - "-" "meta-externalagent/1.1 (+https://developers.facebook.com/docs/sharing/webmasters/crawler)"
20.171.207.123 - - [24/Jun/2025:13:05:52 +0000] "GET /shopdetail/4390605 HTTP/1.1" 200 - "-" "Mozilla/5.0 AppleWebKit/537.36 (KHTML, like Gecko; compatible; GPTBot/1.2; +https://openai.com/gptbot)"
57.141.2.3 - - [24/Jun/2025:13:05:52 +0000] "GET /shopdetail/0975890 HTTP/1.1" 200 - "-" "meta-externalagent/1.1 (+https://developers.facebook.com/docs/sharing/webmasters/crawler)"
57.141.2.26 - - [24/Jun/2025:13:05:53 +0000] "GET /buy.php/shopdetail/1413386 HTTP/1.1" 200 - "-" "meta-externalagent/1.1 (+https://developers.facebook.com/docs/sharing/webmasters/crawler)"
57.141.2.27 - - [24/Jun/2025:13:05:54 +0000] "GET /shopdetail/4616770 HTTP/1.1" 200 - "-" "meta-externalagent/1.1 (+https://developers.facebook.com/docs/sharing/webmasters/crawler)"
20.171.207.123 - - [24/Jun/2025:13:05:54 +0000] "GET /shopdetail/1394975 HTTP/1.1" 200 - "-" "Mozilla/5.0 AppleWebKit/537.36 (KHTML, like Gecko; compatible; GPTBot/1.2; +https://openai.com/gptbot)"
57.141.2.14 - - [24/Jun/2025:13:05:55 +0000] "GET /buy.php/shopdetail/2110515 HTTP/1.1" 200 - "-" "meta-externalagent/1.1 (+https://developers.facebook.com/docs/sharing/webmasters/crawler)"
20.171.207.123 - - [24/Jun/2025:13:05:55 +0000] "GET /shopdetail/2125946 HTTP/1.1" 200 - "-" "Mozilla/5.0 AppleWebKit/537.36 (KHTML, like Gecko; compatible; GPTBot/1.2; +https://openai.com/gptbot)"
57.141.2.7 - - [24/Jun/2025:13:05:55 +0000] "GET /buy.php/shopdetail/0798654 HTTP/1.1" 200 - "-" "meta-externalagent/1.1 (+https://developers.facebook.com/docs/sharing/webmasters/crawler)"
66.249.68.130 - - [24/Jun/2025:13:05:54 +0000] "GET /shopdetail/1533994 HTTP/1.1" 200 145329 "-" "Mozilla/5.0 (Linux; Android 6.0.1; Nexus 5X Build/MMB29P) AppleWebKit/537.36 (KHTML, like Gecko) Chrome/137.0.7151.103 Mobile Safari/537.36 (compatible; GoogleOther)"
57.141.2.9 - - [24/Jun/2025:13:05:55 +0000] "GET /buy.php/shopdetail/3549173 HTTP/1.1" 200 - "-" "meta-externalagent/1.1 (+https://developers.facebook.com/docs/sharing/webmasters/crawler)"
20.171.207.123 - - [24/Jun/2025:13:05:56 +0000] "GET /shopdetail/0751028 HTTP/1.1" 200 - "-" "Mozilla/5.0 AppleWebKit/537.36 (KHTML, like Gecko; compatible; GPTBot/1.2; +https://openai.com/gptbot)"
57.141.2.25 - - [24/Jun/2025:13:05:56 +0000] "GET /buy.php/shopdetail/1082046 HTTP/1.1" 200 - "-" "meta-externalagent/1.1 (+https://developers.facebook.com/docs/sharing/webmasters/crawler)"
57.141.2.20 - - [24/Jun/2025:13:05:56 +0000] "GET /shopdetail/3391371 HTTP/1.1" 200 - "-" "meta-externalagent/1.1 (+https://developers.facebook.com/docs/sharing/webmasters/crawler)"
57.141.2.28 - - [24/Jun/2025:13:05:57 +0000] "GET /shopdetail/0670372 HTTP/1.1" 200 - "-" "meta-externalagent/1.1 (+https://developers.facebook.com/docs/sharing/webmasters/crawler)"
20.171.207.123 - - [24/Jun/2025:13:05:57 +0000] "GET /shopdetail/3742765 HTTP/1.1" 200 - "-" "Mozilla/5.0 AppleWebKit/537.36 (KHTML, like Gecko; compatible; GPTBot/1.2; +https://openai.com/gptbot)"
57.141.2.9 - - [24/Jun/2025:13:05:57 +0000] "GET /buy.php/shopdetail/2051382 HTTP/1.1" 200 - "-" "meta-externalagent/1.1 (+https://developers.facebook.com/docs/sharing/webmasters/crawler)"
57.141.2.4 - - [24/Jun/2025:13:05:58 +0000] "GET /buy.php/shopdetail/2472555 HTTP/1.1" 200 - "-" "meta-externalagent/1.1 (+https://developers.facebook.com/docs/sharing/webmasters/crawler)"
20.171.207.123 - - [24/Jun/2025:13:05:59 +0000] "GET /shopdetail/4320481 HTTP/1.1" 200 - "-" "Mozilla/5.0 AppleWebKit/537.36 (KHTML, like Gecko; compatible; GPTBot/1.2; +https://openai.com/gptbot)"
66.249.68.131 - - [24/Jun/2025:13:05:57 +0000] "GET /index.php/cd.html/man/customer_guide/pcmypage?callback=product/detail/89162235/toiawase/events/recruit/pcmypage?callback=product/review/67969692/man/customer_guide/product/edit/15174910/product_archives/product_archives/recruit/product_archives/cargo/detail/pcmypage/events HTTP/1.1" 200 166317 "-" "Mozilla/5.0 (Linux; Android 6.0.1; Nexus 5X Build/MMB29P) AppleWebKit/537.36 (KHTML, like Gecko) Chrome/137.0.7151.103 Mobile Safari/537.36 (compatible; GoogleOther)"
57.141.2.20 - - [24/Jun/2025:13:05:59 +0000] "GET /buy.php/shopdetail/1476599 HTTP/1.1" 200 - "-" "meta-externalagent/1.1 (+https://developers.facebook.com/docs/sharing/webmasters/crawler)"
57.141.2.7 - - [24/Jun/2025:13:05:59 +0000] "GET /buy.php/shopdetail/2992297 HTTP/1.1" 200 - "-" "meta-externalagent/1.1 (+https://developers.facebook.com/docs/sharing/webmasters/crawler)"
57.141.2.8 - - [24/Jun/2025:13:05:59 +0000] "GET /buy.php/shopdetail/2093267 HTTP/1.1" 200 - "-" "meta-externalagent/1.1 (+https://developers.facebook.com/docs/sharing/webmasters/crawler)"
20.171.207.123 - - [24/Jun/2025:13:05:59 +0000] "GET /shopdetail/3709571 HTTP/1.1" 200 - "-" "Mozilla/5.0 AppleWebKit/537.36 (KHTML, like Gecko; compatible; GPTBot/1.2; +https://openai.com/gptbot)"
20.171.207.123 - - [24/Jun/2025:13:06:00 +0000] "GET /shopdetail/2117364 HTTP/1.1" 200 - "-" "Mozilla/5.0 AppleWebKit/537.36 (KHTML, like Gecko; compatible; GPTBot/1.2; +https://openai.com/gptbot)"
57.141.2.22 - - [24/Jun/2025:13:06:02 +0000] "GET /shopdetail/1226962 HTTP/1.1" 200 - "-" "meta-externalagent/1.1 (+https://developers.facebook.com/docs/sharing/webmasters/crawler)"
57.141.2.22 - - [24/Jun/2025:13:06:02 +0000] "GET /shopdetail/3948069 HTTP/1.1" 200 - "-" "meta-externalagent/1.1 (+https://developers.facebook.com/docs/sharing/webmasters/crawler)"
20.171.207.123 - - [24/Jun/2025:13:06:03 +0000] "GET /shopdetail/2067083 HTTP/1.1" 200 - "-" "Mozilla/5.0 AppleWebKit/537.36 (KHTML, like Gecko; compatible; GPTBot/1.2; +https://openai.com/gptbot)"
20.171.207.123 - - [24/Jun/2025:13:06:04 +0000] "GET /shopdetail/3491607 HTTP/1.1" 200 - "-" "Mozilla/5.0 AppleWebKit/537.36 (KHTML, like Gecko; compatible; GPTBot/1.2; +https://openai.com/gptbot)"
57.141.2.18 - - [24/Jun/2025:13:06:04 +0000] "GET /shopdetail/2058703 HTTP/1.1" 200 - "-" "meta-externalagent/1.1 (+https://developers.facebook.com/docs/sharing/webmasters/crawler)"
20.171.207.123 - - [24/Jun/2025:13:06:04 +0000] "GET /shopdetail/1356374 HTTP/1.1" 200 - "-" "Mozilla/5.0 AppleWebKit/537.36 (KHTML, like Gecko; compatible; GPTBot/1.2; +https://openai.com/gptbot)"
66.249.68.133 - - [24/Jun/2025:13:06:03 +0000] "GET /index.php/cd.html/man/customer_guide/pcmypage?callback=product/review/89162235/pcmypage/pcmypage/product_archives/pcmypage/text/terms/pcmypage/pcmypage/pcmypage/pcmypage/toiawase/text/terms/toiawase/pcmypage/man/customer_guide HTTP/1.1" 200 162937 "-" "Mozilla/5.0 (Linux; Android 6.0.1; Nexus 5X Build/MMB29P) AppleWebKit/537.36 (KHTML, like Gecko) Chrome/137.0.7151.103 Mobile Safari/537.36 (compatible; GoogleOther)"
57.141.2.9 - - [24/Jun/2025:13:06:05 +0000] "GET /buy.php/shopdetail/2694304 HTTP/1.1" 200 - "-" "meta-externalagent/1.1 (+https://developers.facebook.com/docs/sharing/webmasters/crawler)"
20.171.207.123 - - [24/Jun/2025:13:06:05 +0000] "GET /shopdetail/1202386 HTTP/1.1" 200 - "-" "Mozilla/5.0 AppleWebKit/537.36 (KHTML, like Gecko; compatible; GPTBot/1.2; +https://openai.com/gptbot)"
20.171.207.123 - - [24/Jun/2025:13:06:06 +0000] "GET /shopdetail/2213984 HTTP/1.1" 200 - "-" "Mozilla/5.0 AppleWebKit/537.36 (KHTML, like Gecko; compatible; GPTBot/1.2; +https://openai.com/gptbot)"
57.141.2.6 - - [24/Jun/2025:13:06:07 +0000] "GET /shopdetail/2881672 HTTP/1.1" 200 - "-" "meta-externalagent/1.1 (+https://developers.facebook.com/docs/sharing/webmasters/crawler)"
66.249.68.130 - - [24/Jun/2025:13:06:06 +0000] "GET /shopdetail/3277300 HTTP/1.1" 200 138745 "-" "Mozilla/5.0 (Linux; Android 6.0.1; Nexus 5X Build/MMB29P) AppleWebKit/537.36 (KHTML, like Gecko) Chrome/137.0.7151.103 Mobile Safari/537.36 (compatible; GoogleOther)"
20.171.207.123 - - [24/Jun/2025:13:06:07 +0000] "GET /shopdetail/1654724 HTTP/1.1" 200 - "-" "Mozilla/5.0 AppleWebKit/537.36 (KHTML, like Gecko; compatible; GPTBot/1.2; +https://openai.com/gptbot)"
57.141.2.18 - - [24/Jun/2025:13:06:08 +0000] "GET /shopdetail/2075591 HTTP/1.1" 200 - "-" "meta-externalagent/1.1 (+https://developers.facebook.com/docs/sharing/webmasters/crawler)"
57.141.2.11 - - [24/Jun/2025:13:06:08 +0000] "GET /buy.php/shopdetail/3484917 HTTP/1.1" 200 - "-" "meta-externalagent/1.1 (+https://developers.facebook.com/docs/sharing/webmasters/crawler)"
20.171.207.123 - - [24/Jun/2025:13:06:09 +0000] "GET /shopdetail/4327054 HTTP/1.1" 200 - "-" "Mozilla/5.0 AppleWebKit/537.36 (KHTML, like Gecko; compatible; GPTBot/1.2; +https://openai.com/gptbot)"
57.141.2.18 - - [24/Jun/2025:13:06:09 +0000] "GET /shopdetail/4039751 HTTP/1.1" 200 - "-" "meta-externalagent/1.1 (+https://developers.facebook.com/docs/sharing/webmasters/crawler)"
66.249.68.130 - - [24/Jun/2025:13:06:09 +0000] "GET /shopdetail/3107606 HTTP/1.1" 200 144932 "-" "Mozilla/5.0 (Linux; Android 6.0.1; Nexus 5X Build/MMB29P) AppleWebKit/537.36 (KHTML, like Gecko) Chrome/137.0.7151.103 Mobile Safari/537.36 (compatible; GoogleOther)"
57.141.2.15 - - [24/Jun/2025:13:06:10 +0000] "GET /shopdetail/2473048 HTTP/1.1" 200 - "-" "meta-externalagent/1.1 (+https://developers.facebook.com/docs/sharing/webmasters/crawler)"
57.141.2.17 - - [24/Jun/2025:13:06:10 +0000] "GET /buy.php/shopdetail/2680244 HTTP/1.1" 200 - "-" "meta-externalagent/1.1 (+https://developers.facebook.com/docs/sharing/webmasters/crawler)"
20.171.207.123 - - [24/Jun/2025:13:06:10 +0000] "GET /shopdetail/0971806 HTTP/1.1" 200 - "-" "Mozilla/5.0 AppleWebKit/537.36 (KHTML, like Gecko; compatible; GPTBot/1.2; +https://openai.com/gptbot)"
20.171.207.123 - - [24/Jun/2025:13:06:12 +0000] "GET /shopdetail/4370213 HTTP/1.1" 200 - "-" "Mozilla/5.0 AppleWebKit/537.36 (KHTML, like Gecko; compatible; GPTBot/1.2; +https://openai.com/gptbot)"
20.171.207.123 - - [24/Jun/2025:13:06:13 +0000] "GET /shopdetail/3072839 HTTP/1.1" 200 - "-" "Mozilla/5.0 AppleWebKit/537.36 (KHTML, like Gecko; compatible; GPTBot/1.2; +https://openai.com/gptbot)"
66.249.68.132 - - [24/Jun/2025:13:06:12 +0000] "GET /index.php/cd.html/man/customer_guide/pcmypage?callback=product/detail/89162235/toiawase/events/recruit/pcmypage?callback=product/review/67969692/man/customer_guide/product/edit/15174910/product_archives/product_archives/recruit/product_archives/cargo/detail/pcmypage/events/cd.html HTTP/1.1" 200 167706 "-" "Mozilla/5.0 (Linux; Android 6.0.1; Nexus 5X Build/MMB29P) AppleWebKit/537.36 (KHTML, like Gecko) Chrome/137.0.7151.103 Mobile Safari/537.36 (compatible; GoogleOther)"
57.141.2.6 - - [24/Jun/2025:13:06:13 +0000] "GET /buy.php/shopdetail/4257357 HTTP/1.1" 200 - "-" "meta-externalagent/1.1 (+https://developers.facebook.com/docs/sharing/webmasters/crawler)"
57.141.2.16 - - [24/Jun/2025:13:06:14 +0000] "GET /buy.php/shopdetail/1583012 HTTP/1.1" 200 - "-" "meta-externalagent/1.1 (+https://developers.facebook.com/docs/sharing/webmasters/crawler)"
20.171.207.123 - - [24/Jun/2025:13:06:14 +0000] "GET /shopdetail/1026158 HTTP/1.1" 200 - "-" "Mozilla/5.0 AppleWebKit/537.36 (KHTML, like Gecko; compatible; GPTBot/1.2; +https://openai.com/gptbot)"
20.171.207.123 - - [24/Jun/2025:13:06:15 +0000] "GET /shopdetail/3109167 HTTP/1.1" 200 - "-" "Mozilla/5.0 AppleWebKit/537.36 (KHTML, like Gecko; compatible; GPTBot/1.2; +https://openai.com/gptbot)"
66.249.68.132 - - [24/Jun/2025:13:06:14 +0000] "GET /index.php/cd.html/man/customer_guide/pcmypage?callback=product/detail/89162235/toiawase/events/recruit/pcmypage?callback=product/review/67969692/man/customer_guide/product/edit/15174910/product_archives/product_archives/recruit/product_archives/cargo/detail/pcmypage/events/pcmypage HTTP/1.1" 200 167806 "-" "Mozilla/5.0 (Linux; Android 6.0.1; Nexus 5X Build/MMB29P) AppleWebKit/537.36 (KHTML, like Gecko) Chrome/137.0.7151.103 Mobile Safari/537.36 (compatible; GoogleOther)"
57.141.2.5 - - [24/Jun/2025:13:06:16 +0000] "GET /buy.php/shopdetail/2665308 HTTP/1.1" 200 - "-" "meta-externalagent/1.1 (+https://developers.facebook.com/docs/sharing/webmasters/crawler)"
20.171.207.123 - - [24/Jun/2025:13:06:17 +0000] "GET /shopdetail/3089184 HTTP/1.1" 200 - "-" "Mozilla/5.0 AppleWebKit/537.36 (KHTML, like Gecko; compatible; GPTBot/1.2; +https://openai.com/gptbot)"
57.141.2.12 - - [24/Jun/2025:13:06:17 +0000] "GET /shopdetail/3061285 HTTP/1.1" 200 - "-" "meta-externalagent/1.1 (+https://developers.facebook.com/docs/sharing/webmasters/crawler)"
57.141.2.21 - - [24/Jun/2025:13:06:17 +0000] "GET /shopdetail/2420332 HTTP/1.1" 200 - "-" "meta-externalagent/1.1 (+https://developers.facebook.com/docs/sharing/webmasters/crawler)"
20.171.207.123 - - [24/Jun/2025:13:06:18 +0000] "GET /shopdetail/3204984 HTTP/1.1" 200 - "-" "Mozilla/5.0 AppleWebKit/537.36 (KHTML, like Gecko; compatible; GPTBot/1.2; +https://openai.com/gptbot)"
57.141.2.11 - - [24/Jun/2025:13:06:19 +0000] "GET /buy.php/shopdetail/4208863 HTTP/1.1" 200 - "-" "meta-externalagent/1.1 (+https://developers.facebook.com/docs/sharing/webmasters/crawler)"
20.171.207.123 - - [24/Jun/2025:13:06:19 +0000] "GET /shopdetail/1436923 HTTP/1.1" 200 - "-" "Mozilla/5.0 AppleWebKit/537.36 (KHTML, like Gecko; compatible; GPTBot/1.2; +https://openai.com/gptbot)"
57.141.2.29 - - [24/Jun/2025:13:06:19 +0000] "GET /shopdetail/2232036 HTTP/1.1" 200 - "-" "meta-externalagent/1.1 (+https://developers.facebook.com/docs/sharing/webmasters/crawler)"
66.249.68.130 - - [24/Jun/2025:13:06:18 +0000] "GET /shopdetail/1873788 HTTP/1.1" 200 145248 "-" "Mozilla/5.0 (Linux; Android 6.0.1; Nexus 5X Build/MMB29P) AppleWebKit/537.36 (KHTML, like Gecko) Chrome/137.0.7151.103 Mobile Safari/537.36 (compatible; GoogleOther)"
57.141.2.27 - - [24/Jun/2025:13:06:19 +0000] "GET /shopdetail/2932316 HTTP/1.1" 200 - "-" "meta-externalagent/1.1 (+https://developers.facebook.com/docs/sharing/webmasters/crawler)"
40.77.167.71 - - [24/Jun/2025:13:06:19 +0000] "GET /shopdetail/3318324 HTTP/1.1" 200 - "-" "Mozilla/5.0 AppleWebKit/537.36 (KHTML, like Gecko; compatible; bingbot/2.0; +http://www.bing.com/bingbot.htm) Chrome/116.0.1938.76 Safari/537.36"
57.141.2.25 - - [24/Jun/2025:13:06:20 +0000] "GET /buy.php/shopdetail/0783586 HTTP/1.1" 200 - "-" "meta-externalagent/1.1 (+https://developers.facebook.com/docs/sharing/webmasters/crawler)"
20.171.207.123 - - [24/Jun/2025:13:06:20 +0000] "GET /shopdetail/2458830 HTTP/1.1" 200 - "-" "Mozilla/5.0 AppleWebKit/537.36 (KHTML, like Gecko; compatible; GPTBot/1.2; +https://openai.com/gptbot)"
20.171.207.123 - - [24/Jun/2025:13:06:21 +0000] "GET /shopdetail/0812351 HTTP/1.1" 200 - "-" "Mozilla/5.0 AppleWebKit/537.36 (KHTML, like Gecko; compatible; GPTBot/1.2; +https://openai.com/gptbot)"
57.141.2.18 - - [24/Jun/2025:13:06:21 +0000] "GET /buy.php/shopdetail/3188245 HTTP/1.1" 200 - "-" "meta-externalagent/1.1 (+https://developers.facebook.com/docs/sharing/webmasters/crawler)"
66.249.68.130 - - [24/Jun/2025:13:06:20 +0000] "GET /shopdetail/0778650 HTTP/1.1" 200 146043 "-" "Mozilla/5.0 (Linux; Android 6.0.1; Nexus 5X Build/MMB29P) AppleWebKit/537.36 (KHTML, like Gecko) Chrome/137.0.7151.103 Mobile Safari/537.36 (compatible; GoogleOther)"
20.171.207.123 - - [24/Jun/2025:13:06:22 +0000] "GET /shopdetail/2512384 HTTP/1.1" 200 - "-" "Mozilla/5.0 AppleWebKit/537.36 (KHTML, like Gecko; compatible; GPTBot/1.2; +https://openai.com/gptbot)"
20.171.207.123 - - [24/Jun/2025:13:06:23 +0000] "GET /shopdetail/3701228 HTTP/1.1" 200 - "-" "Mozilla/5.0 AppleWebKit/537.36 (KHTML, like Gecko; compatible; GPTBot/1.2; +https://openai.com/gptbot)"
66.249.68.131 - - [24/Jun/2025:13:06:23 +0000] "GET /index.php/cd.html/man/customer_guide/pcmypage?callback=product/detail/89162235/toiawase/events/recruit/pcmypage?callback=product/review/67969692/man/customer_guide/product/edit/15174910/product_archives/product_archives/recruit/toiawase/recruit/pcmypage/toiawase/kaitori/kaitoritop.html HTTP/1.1" 200 170718 "-" "Mozilla/5.0 (Linux; Android 6.0.1; Nexus 5X Build/MMB29P) AppleWebKit/537.36 (KHTML, like Gecko) Chrome/137.0.7151.103 Mobile Safari/537.36 (compatible; GoogleOther)"
20.171.207.123 - - [24/Jun/2025:13:06:25 +0000] "GET /shopdetail/0875146 HTTP/1.1" 200 - "-" "Mozilla/5.0 AppleWebKit/537.36 (KHTML, like Gecko; compatible; GPTBot/1.2; +https://openai.com/gptbot)"
20.171.207.123 - - [24/Jun/2025:13:06:26 +0000] "GET /shopdetail/1604797 HTTP/1.1" 200 - "-" "Mozilla/5.0 AppleWebKit/537.36 (KHTML, like Gecko; compatible; GPTBot/1.2; +https://openai.com/gptbot)"
57.141.2.23 - - [24/Jun/2025:13:06:27 +0000] "GET /shopdetail/4415863 HTTP/1.1" 200 - "-" "meta-externalagent/1.1 (+https://developers.facebook.com/docs/sharing/webmasters/crawler)"
66.249.68.130 - - [24/Jun/2025:13:06:26 +0000] "GET /shopdetail/2540507 HTTP/1.1" 200 146924 "-" "Mozilla/5.0 (Linux; Android 6.0.1; Nexus 5X Build/MMB29P) AppleWebKit/537.36 (KHTML, like Gecko) Chrome/137.0.7151.103 Mobile Safari/537.36 (compatible; GoogleOther)"
20.171.207.123 - - [24/Jun/2025:13:06:27 +0000] "GET /shopdetail/1674805 HTTP/1.1" 200 - "-" "Mozilla/5.0 AppleWebKit/537.36 (KHTML, like Gecko; compatible; GPTBot/1.2; +https://openai.com/gptbot)"
20.171.207.123 - - [24/Jun/2025:13:06:29 +0000] "GET /shopdetail/1820179 HTTP/1.1" 200 - "-" "Mozilla/5.0 AppleWebKit/537.36 (KHTML, like Gecko; compatible; GPTBot/1.2; +https://openai.com/gptbot)"
20.171.207.123 - - [24/Jun/2025:13:06:30 +0000] "GET /shopdetail/3204984 HTTP/1.1" 200 - "-" "Mozilla/5.0 AppleWebKit/537.36 (KHTML, like Gecko; compatible; GPTBot/1.2; +https://openai.com/gptbot)"
66.249.68.131 - - [24/Jun/2025:13:06:29 +0000] "GET /index.php/cd.html/man/customer_guide/pcmypage?callback=product/detail/89162235/toiawase/events/recruit/pcmypage?callback=product/review/67969692/man/customer_guide/product/edit/15174910/product_archives/product_archives/recruit/product_archives/cargo/detail/pcmypage/events/feature/campaign/index.html HTTP/1.1" 200 169346 "-" "Mozilla/5.0 (Linux; Android 6.0.1; Nexus 5X Build/MMB29P) AppleWebKit/537.36 (KHTML, like Gecko) Chrome/137.0.7151.103 Mobile Safari/537.36 (compatible; GoogleOther)"
20.171.207.123 - - [24/Jun/2025:13:06:31 +0000] "GET /shopdetail/2030984 HTTP/1.1" 200 - "-" "Mozilla/5.0 AppleWebKit/537.36 (KHTML, like Gecko; compatible; GPTBot/1.2; +https://openai.com/gptbot)"
20.171.207.123 - - [24/Jun/2025:13:06:32 +0000] "GET /shopdetail/0720961 HTTP/1.1" 200 - "-" "Mozilla/5.0 AppleWebKit/537.36 (KHTML, like Gecko; compatible; GPTBot/1.2; +https://openai.com/gptbot)"
66.249.68.130 - - [24/Jun/2025:13:06:32 +0000] "GET /shopdetail/1228591/feature/akihabara_main/index.html HTTP/1.1" 200 148682 "-" "Mozilla/5.0 (Linux; Android 6.0.1; Nexus 5X Build/MMB29P) AppleWebKit/537.36 (KHTML, like Gecko) Chrome/137.0.7151.103 Mobile Safari/537.36 (compatible; GoogleOther)"
20.171.207.123 - - [24/Jun/2025:13:06:33 +0000] "GET /shopdetail/4590730 HTTP/1.1" 200 - "-" "Mozilla/5.0 AppleWebKit/537.36 (KHTML, like Gecko; compatible; GPTBot/1.2; +https://openai.com/gptbot)"
20.171.207.123 - - [24/Jun/2025:13:06:34 +0000] "GET /shopdetail/1403397 HTTP/1.1" 200 - "-" "Mozilla/5.0 AppleWebKit/537.36 (KHTML, like Gecko; compatible; GPTBot/1.2; +https://openai.com/gptbot)"
20.171.207.123 - - [24/Jun/2025:13:06:35 +0000] "GET /shopdetail/3440298 HTTP/1.1" 200 - "-" "Mozilla/5.0 AppleWebKit/537.36 (KHTML, like Gecko; compatible; GPTBot/1.2; +https://openai.com/gptbot)"
40.77.167.71 - - [24/Jun/2025:13:06:36 +0000] "GET /buy.php/shopdetail/3805179 HTTP/1.1" 200 - "-" "Mozilla/5.0 AppleWebKit/537.36 (KHTML, like Gecko; compatible; bingbot/2.0; +http://www.bing.com/bingbot.htm) Chrome/116.0.1938.76 Safari/537.36"
66.249.68.130 - - [24/Jun/2025:13:06:35 +0000] "GET /shopdetail/052271620/hobby.html HTTP/1.1" 200 147630 "-" "Mozilla/5.0 (Linux; Android 6.0.1; Nexus 5X Build/MMB29P) AppleWebKit/537.36 (KHTML, like Gecko) Chrome/137.0.7151.103 Mobile Safari/537.36 (compatible; GoogleOther)"
57.141.2.29 - - [24/Jun/2025:13:06:36 +0000] "GET /shopdetail/4043836 HTTP/1.1" 200 - "-" "meta-externalagent/1.1 (+https://developers.facebook.com/docs/sharing/webmasters/crawler)"
20.171.207.123 - - [24/Jun/2025:13:06:36 +0000] "GET /shopdetail/1673821 HTTP/1.1" 200 - "-" "Mozilla/5.0 AppleWebKit/537.36 (KHTML, like Gecko; compatible; GPTBot/1.2; +https://openai.com/gptbot)"
20.171.207.123 - - [24/Jun/2025:13:06:38 +0000] "GET /shopdetail/3644508 HTTP/1.1" 200 - "-" "Mozilla/5.0 AppleWebKit/537.36 (KHTML, like Gecko; compatible; GPTBot/1.2; +https://openai.com/gptbot)"
20.171.207.123 - - [24/Jun/2025:13:06:39 +0000] "GET /shopdetail/3978543 HTTP/1.1" 200 - "-" "Mozilla/5.0 AppleWebKit/537.36 (KHTML, like Gecko; compatible; GPTBot/1.2; +https://openai.com/gptbot)"
66.249.68.131 - - [24/Jun/2025:13:06:38 +0000] "GET /index.php/cd.html/man/customer_guide/pcmypage?callback=product/detail/89162235/toiawase/events/events/pcmypage?callback=product/review/66498547/recruit/product_archives/pcmypage/events/toiawase/product_archives/pcmypage/toiawase/kaden.html HTTP/1.1" 200 163967 "-" "Mozilla/5.0 (Linux; Android 6.0.1; Nexus 5X Build/MMB29P) AppleWebKit/537.36 (KHTML, like Gecko) Chrome/137.0.7151.103 Mobile Safari/537.36 (compatible; GoogleOther)"
20.171.207.123 - - [24/Jun/2025:13:06:40 +0000] "GET /shopdetail/2617904 HTTP/1.1" 200 - "-" "Mozilla/5.0 AppleWebKit/537.36 (KHTML, like Gecko; compatible; GPTBot/1.2; +https://openai.com/gptbot)"
20.171.207.123 - - [24/Jun/2025:13:06:41 +0000] "GET /shopdetail/1072518 HTTP/1.1" 200 - "-" "Mozilla/5.0 AppleWebKit/537.36 (KHTML, like Gecko; compatible; GPTBot/1.2; +https://openai.com/gptbot)"
66.249.68.130 - - [24/Jun/2025:13:06:40 +0000] "GET /shopdetail/4216109 HTTP/1.1" 200 141711 "-" "Mozilla/5.0 (Linux; Android 6.0.1; Nexus 5X Build/MMB29P) AppleWebKit/537.36 (KHTML, like Gecko) Chrome/137.0.7151.103 Mobile Safari/537.36 (compatible; GoogleOther)"
20.171.207.123 - - [24/Jun/2025:13:06:42 +0000] "GET /shopdetail/1451803 HTTP/1.1" 200 - "-" "Mozilla/5.0 AppleWebKit/537.36 (KHTML, like Gecko; compatible; GPTBot/1.2; +https://openai.com/gptbot)"
20.171.207.123 - - [24/Jun/2025:13:06:43 +0000] "GET /shopdetail/3749420 HTTP/1.1" 200 - "-" "Mozilla/5.0 AppleWebKit/537.36 (KHTML, like Gecko; compatible; GPTBot/1.2; +https://openai.com/gptbot)"
66.249.68.130 - - [24/Jun/2025:13:06:43 +0000] "GET /shopdetail/1258311 HTTP/1.1" 200 140952 "-" "Mozilla/5.0 (Linux; Android 6.0.1; Nexus 5X Build/MMB29P) AppleWebKit/537.36 (KHTML, like Gecko) Chrome/137.0.7151.103 Mobile Safari/537.36 (compatible; GoogleOther)"
20.171.207.123 - - [24/Jun/2025:13:06:44 +0000] "GET /shopdetail/3253967 HTTP/1.1" 200 - "-" "Mozilla/5.0 AppleWebKit/537.36 (KHTML, like Gecko; compatible; GPTBot/1.2; +https://openai.com/gptbot)"
20.171.207.123 - - [24/Jun/2025:13:06:45 +0000] "GET /shopdetail/2577806 HTTP/1.1" 200 - "-" "Mozilla/5.0 AppleWebKit/537.36 (KHTML, like Gecko; compatible; GPTBot/1.2; +https://openai.com/gptbot)"
20.171.207.123 - - [24/Jun/2025:13:06:46 +0000] "GET /shopdetail/2998063 HTTP/1.1" 200 - "-" "Mozilla/5.0 AppleWebKit/537.36 (KHTML, like Gecko; compatible; GPTBot/1.2; +https://openai.com/gptbot)"
20.171.207.123 - - [24/Jun/2025:13:06:48 +0000] "GET /shopdetail/4568097 HTTP/1.1" 200 - "-" "Mozilla/5.0 AppleWebKit/537.36 (KHTML, like Gecko; compatible; GPTBot/1.2; +https://openai.com/gptbot)"
66.249.68.131 - - [24/Jun/2025:13:06:46 +0000] "GET /index.php/cd.html/man/customer_guide/pcmypage?callback=product/detail/89162235/toiawase/events/events/pcmypage?callback=product/review/66498547/recruit/product_archives/pcmypage/events/toiawase/product_archives/pcmypage/toiawase/recruit HTTP/1.1" 200 166388 "-" "Mozilla/5.0 (Linux; Android 6.0.1; Nexus 5X Build/MMB29P) AppleWebKit/537.36 (KHTML, like Gecko) Chrome/137.0.7151.103 Mobile Safari/537.36 (compatible; GoogleOther)"
20.171.207.123 - - [24/Jun/2025:13:06:49 +0000] "GET /shopdetail/1686249 HTTP/1.1" 200 - "-" "Mozilla/5.0 AppleWebKit/537.36 (KHTML, like Gecko; compatible; GPTBot/1.2; +https://openai.com/gptbot)"
20.171.207.123 - - [24/Jun/2025:13:06:50 +0000] "GET /shopdetail/4039154 HTTP/1.1" 200 - "-" "Mozilla/5.0 AppleWebKit/537.36 (KHTML, like Gecko; compatible; GPTBot/1.2; +https://openai.com/gptbot)"
57.141.2.28 - - [24/Jun/2025:13:06:50 +0000] "GET /buy.php/shopdetail/2332802 HTTP/1.1" 200 - "-" "meta-externalagent/1.1 (+https://developers.facebook.com/docs/sharing/webmasters/crawler)"
20.171.207.123 - - [24/Jun/2025:13:06:51 +0000] "GET /shopdetail/3071059 HTTP/1.1" 200 - "-" "Mozilla/5.0 AppleWebKit/537.36 (KHTML, like Gecko; compatible; GPTBot/1.2; +https://openai.com/gptbot)"
57.141.2.18 - - [24/Jun/2025:13:06:51 +0000] "GET /buy.php/shopdetail/3494603 HTTP/1.1" 200 - "-" "meta-externalagent/1.1 (+https://developers.facebook.com/docs/sharing/webmasters/crawler)"
20.171.207.123 - - [24/Jun/2025:13:06:52 +0000] "GET /shopdetail/4354912 HTTP/1.1" 200 - "-" "Mozilla/5.0 AppleWebKit/537.36 (KHTML, like Gecko; compatible; GPTBot/1.2; +https://openai.com/gptbot)"
20.171.207.123 - - [24/Jun/2025:13:06:53 +0000] "GET /shopdetail/1397560 HTTP/1.1" 200 - "-" "Mozilla/5.0 AppleWebKit/537.36 (KHTML, like Gecko; compatible; GPTBot/1.2; +https://openai.com/gptbot)"
57.141.2.29 - - [24/Jun/2025:13:06:54 +0000] "GET /buy.php/shopdetail/2820243 HTTP/1.1" 200 - "-" "meta-externalagent/1.1 (+https://developers.facebook.com/docs/sharing/webmasters/crawler)"
20.171.207.123 - - [24/Jun/2025:13:06:54 +0000] "GET /shopdetail/1282763 HTTP/1.1" 200 - "-" "Mozilla/5.0 AppleWebKit/537.36 (KHTML, like Gecko; compatible; GPTBot/1.2; +https://openai.com/gptbot)"
57.141.2.29 - - [24/Jun/2025:13:06:55 +0000] "GET /buy.php/shopdetail/3804355 HTTP/1.1" 200 - "-" "meta-externalagent/1.1 (+https://developers.facebook.com/docs/sharing/webmasters/crawler)"
20.171.207.123 - - [24/Jun/2025:13:06:56 +0000] "GET /shopdetail/2398591 HTTP/1.1" 200 - "-" "Mozilla/5.0 AppleWebKit/537.36 (KHTML, like Gecko; compatible; GPTBot/1.2; +https://openai.com/gptbot)"
20.171.207.123 - - [24/Jun/2025:13:06:57 +0000] "GET /shopdetail/2670174 HTTP/1.1" 200 - "-" "Mozilla/5.0 AppleWebKit/537.36 (KHTML, like Gecko; compatible; GPTBot/1.2; +https://openai.com/gptbot)"
66.249.68.130 - - [24/Jun/2025:13:06:56 +0000] "GET /shopdetail/0787788 HTTP/1.1" 200 146500 "-" "Mozilla/5.0 (Linux; Android 6.0.1; Nexus 5X Build/MMB29P) AppleWebKit/537.36 (KHTML, like Gecko) Chrome/137.0.7151.103 Mobile Safari/537.36 (compatible; GoogleOther)"
57.141.2.18 - - [24/Jun/2025:13:06:58 +0000] "GET /buy.php/shopdetail/3603921 HTTP/1.1" 200 - "-" "meta-externalagent/1.1 (+https://developers.facebook.com/docs/sharing/webmasters/crawler)"
20.171.207.123 - - [24/Jun/2025:13:06:58 +0000] "GET /shopdetail/0920165 HTTP/1.1" 200 - "-" "Mozilla/5.0 AppleWebKit/537.36 (KHTML, like Gecko; compatible; GPTBot/1.2; +https://openai.com/gptbot)"
57.141.2.26 - - [24/Jun/2025:13:06:58 +0000] "GET /buy.php/shopdetail/3101668 HTTP/1.1" 200 - "-" "meta-externalagent/1.1 (+https://developers.facebook.com/docs/sharing/webmasters/crawler)"
20.171.207.123 - - [24/Jun/2025:13:06:59 +0000] "GET /shopdetail/1034197 HTTP/1.1" 200 - "-" "Mozilla/5.0 AppleWebKit/537.36 (KHTML, like Gecko; compatible; GPTBot/1.2; +https://openai.com/gptbot)"
57.141.2.13 - - [24/Jun/2025:13:06:59 +0000] "GET /shopdetail/3639398 HTTP/1.1" 200 - "-" "meta-externalagent/1.1 (+https://developers.facebook.com/docs/sharing/webmasters/crawler)"
57.141.2.13 - - [24/Jun/2025:13:07:00 +0000] "GET /shopdetail/4433154 HTTP/1.1" 200 - "-" "meta-externalagent/1.1 (+https://developers.facebook.com/docs/sharing/webmasters/crawler)"
20.171.207.123 - - [24/Jun/2025:13:07:00 +0000] "GET /shopdetail/0656972 HTTP/1.1" 200 - "-" "Mozilla/5.0 AppleWebKit/537.36 (KHTML, like Gecko; compatible; GPTBot/1.2; +https://openai.com/gptbot)"
20.171.207.123 - - [24/Jun/2025:13:07:02 +0000] "GET /shopdetail/0632521 HTTP/1.1" 200 - "-" "Mozilla/5.0 AppleWebKit/537.36 (KHTML, like Gecko; compatible; GPTBot/1.2; +https://openai.com/gptbot)"
66.249.68.133 - - [24/Jun/2025:13:07:00 +0000] "GET /index.php/cd.html/man/customer_guide/pcmypage?callback=product/detail/89162235/toiawase/events/events/pcmypage?callback=product/review/66498547/recruit/product_archives/pcmypage/events/toiawase/product_archives/pcmypage/toiawase/pcmypage/ HTTP/1.1" 200 163650 "-" "Mozilla/5.0 (Linux; Android 6.0.1; Nexus 5X Build/MMB29P) AppleWebKit/537.36 (KHTML, like Gecko) Chrome/137.0.7151.103 Mobile Safari/537.36 (compatible; GoogleOther)"
20.171.207.123 - - [24/Jun/2025:13:07:03 +0000] "GET /shopdetail/1785472 HTTP/1.1" 200 - "-" "Mozilla/5.0 AppleWebKit/537.36 (KHTML, like Gecko; compatible; GPTBot/1.2; +https://openai.com/gptbot)"
57.141.2.3 - - [24/Jun/2025:13:07:04 +0000] "GET /shopdetail/2013000 HTTP/1.1" 200 - "-" "meta-externalagent/1.1 (+https://developers.facebook.com/docs/sharing/webmasters/crawler)"
20.171.207.123 - - [24/Jun/2025:13:07:04 +0000] "GET /shopdetail/2179528 HTTP/1.1" 200 - "-" "Mozilla/5.0 AppleWebKit/537.36 (KHTML, like Gecko; compatible; GPTBot/1.2; +https://openai.com/gptbot)"
57.141.2.29 - - [24/Jun/2025:13:07:04 +0000] "GET /shopdetail/3409961 HTTP/1.1" 200 - "-" "meta-externalagent/1.1 (+https://developers.facebook.com/docs/sharing/webmasters/crawler)"
20.171.207.123 - - [24/Jun/2025:13:07:05 +0000] "GET /shopdetail/2381874 HTTP/1.1" 200 - "-" "Mozilla/5.0 AppleWebKit/537.36 (KHTML, like Gecko; compatible; GPTBot/1.2; +https://openai.com/gptbot)"
66.249.68.132 - - [24/Jun/2025:13:07:04 +0000] "GET /shopdetail/752916264/feature/idol/gradol.html HTTP/1.1" 200 143576 "-" "Mozilla/5.0 (Linux; Android 6.0.1; Nexus 5X Build/MMB29P) AppleWebKit/537.36 (KHTML, like Gecko) Chrome/137.0.7151.103 Mobile Safari/537.36 (compatible; GoogleOther)"
20.171.207.123 - - [24/Jun/2025:13:07:06 +0000] "GET /shopdetail/3176729 HTTP/1.1" 200 - "-" "Mozilla/5.0 AppleWebKit/537.36 (KHTML, like Gecko; compatible; GPTBot/1.2; +https://openai.com/gptbot)"
57.141.2.10 - - [24/Jun/2025:13:07:07 +0000] "GET /shopdetail/3353150 HTTP/1.1" 200 - "-" "meta-externalagent/1.1 (+https://developers.facebook.com/docs/sharing/webmasters/crawler)"
20.171.207.123 - - [24/Jun/2025:13:07:08 +0000] "GET /shopdetail/2797361 HTTP/1.1" 200 - "-" "Mozilla/5.0 AppleWebKit/537.36 (KHTML, like Gecko; compatible; GPTBot/1.2; +https://openai.com/gptbot)"
66.249.68.131 - - [24/Jun/2025:13:07:07 +0000] "GET /shopdetail/1228591/events/ HTTP/1.1" 200 147856 "-" "Mozilla/5.0 (Linux; Android 6.0.1; Nexus 5X Build/MMB29P) AppleWebKit/537.36 (KHTML, like Gecko) Chrome/137.0.7151.103 Mobile Safari/537.36 (compatible; GoogleOther)"
20.171.207.123 - - [24/Jun/2025:13:07:09 +0000] "GET /shopdetail/2680974 HTTP/1.1" 200 - "-" "Mozilla/5.0 AppleWebKit/537.36 (KHTML, like Gecko; compatible; GPTBot/1.2; +https://openai.com/gptbot)"
20.171.207.123 - - [24/Jun/2025:13:07:10 +0000] "GET /shopdetail/3904124 HTTP/1.1" 200 - "-" "Mozilla/5.0 AppleWebKit/537.36 (KHTML, like Gecko; compatible; GPTBot/1.2; +https://openai.com/gptbot)"
20.171.207.123 - - [24/Jun/2025:13:07:11 +0000] "GET /shopdetail/1224059 HTTP/1.1" 200 - "-" "Mozilla/5.0 AppleWebKit/537.36 (KHTML, like Gecko; compatible; GPTBot/1.2; +https://openai.com/gptbot)"
52.167.144.19 - - [24/Jun/2025:13:07:11 +0000] "GET /buy.php/shopdetail/4532974 HTTP/1.1" 200 - "-" "Mozilla/5.0 AppleWebKit/537.36 (KHTML, like Gecko; compatible; bingbot/2.0; +http://www.bing.com/bingbot.htm) Chrome/116.0.1938.76 Safari/537.36"
66.249.68.131 - - [24/Jun/2025:13:07:11 +0000] "GET /index.php/cd.html/man/customer_guide/pcmypage?callback=product/detail/89162235/toiawase/events/events/pcmypage?callback=product/review/66498547/recruit/product_archives/pcmypage/events/toiawase/product_archives/pcmypage/toiawase/man/customer_guide HTTP/1.1" 200 159589 "-" "Mozilla/5.0 (Linux; Android 6.0.1; Nexus 5X Build/MMB29P) AppleWebKit/537.36 (KHTML, like Gecko) Chrome/137.0.7151.103 Mobile Safari/537.36 (compatible; GoogleOther)"
20.171.207.123 - - [24/Jun/2025:13:07:12 +0000] "GET /shopdetail/4109267 HTTP/1.1" 200 - "-" "Mozilla/5.0 AppleWebKit/537.36 (KHTML, like Gecko; compatible; GPTBot/1.2; +https://openai.com/gptbot)"
20.171.207.123 - - [24/Jun/2025:13:07:14 +0000] "GET /shopdetail/3748299 HTTP/1.1" 200 - "-" "Mozilla/5.0 AppleWebKit/537.36 (KHTML, like Gecko; compatible; GPTBot/1.2; +https://openai.com/gptbot)"
20.171.207.123 - - [24/Jun/2025:13:07:15 +0000] "GET /shopdetail/1835576 HTTP/1.1" 200 - "-" "Mozilla/5.0 AppleWebKit/537.36 (KHTML, like Gecko; compatible; GPTBot/1.2; +https://openai.com/gptbot)"
66.249.68.130 - - [24/Jun/2025:13:07:14 +0000] "GET /shopdetail/3968030 HTTP/1.1" 200 144441 "-" "Mozilla/5.0 (Linux; Android 6.0.1; Nexus 5X Build/MMB29P) AppleWebKit/537.36 (KHTML, like Gecko) Chrome/137.0.7151.103 Mobile Safari/537.36 (compatible; GoogleOther)"
20.171.207.123 - - [24/Jun/2025:13:07:16 +0000] "GET /shopdetail/2576794 HTTP/1.1" 200 - "-" "Mozilla/5.0 AppleWebKit/537.36 (KHTML, like Gecko; compatible; GPTBot/1.2; +https://openai.com/gptbot)"
