20.171.207.123 - - [24/Jun/2025:12:40:16 +0000] "GET /shopdetail/1306712 HTTP/1.1" 200 - "-" "Mozilla/5.0 AppleWebKit/537.36 (KHTML, like Gecko; compatible; GPTBot/1.2; +https://openai.com/gptbot)"
57.141.2.3 - - [24/Jun/2025:12:40:17 +0000] "GET /buy.php/shopdetail/0761042 HTTP/1.1" 200 - "-" "meta-externalagent/1.1 (+https://developers.facebook.com/docs/sharing/webmasters/crawler)"
57.141.2.22 - - [24/Jun/2025:12:40:17 +0000] "GET /buy.php/shopdetail/0650146 HTTP/1.1" 200 - "-" "meta-externalagent/1.1 (+https://developers.facebook.com/docs/sharing/webmasters/crawler)"
57.141.2.6 - - [24/Jun/2025:12:40:17 +0000] "GET /buy.php/shopdetail/3234124 HTTP/1.1" 200 - "-" "meta-externalagent/1.1 (+https://developers.facebook.com/docs/sharing/webmasters/crawler)"
57.141.2.6 - - [24/Jun/2025:12:40:17 +0000] "GET /shopdetail/2017921 HTTP/1.1" 200 - "-" "meta-externalagent/1.1 (+https://developers.facebook.com/docs/sharing/webmasters/crawler)"
20.171.207.123 - - [24/Jun/2025:12:40:18 +0000] "GET /shopdetail/4421356 HTTP/1.1" 200 - "-" "Mozilla/5.0 AppleWebKit/537.36 (KHTML, like Gecko; compatible; GPTBot/1.2; +https://openai.com/gptbot)"
20.171.207.123 - - [24/Jun/2025:12:40:19 +0000] "GET /shopdetail/2606358 HTTP/1.1" 200 - "-" "Mozilla/5.0 AppleWebKit/537.36 (KHTML, like Gecko; compatible; GPTBot/1.2; +https://openai.com/gptbot)"
57.141.2.27 - - [24/Jun/2025:12:40:20 +0000] "GET /buy.php/shopdetail/2581235 HTTP/1.1" 200 - "-" "meta-externalagent/1.1 (+https://developers.facebook.com/docs/sharing/webmasters/crawler)"
57.141.2.27 - - [24/Jun/2025:12:40:20 +0000] "GET /buy.php/shopdetail/0972840 HTTP/1.1" 200 - "-" "meta-externalagent/1.1 (+https://developers.facebook.com/docs/sharing/webmasters/crawler)"
20.171.207.123 - - [24/Jun/2025:12:40:20 +0000] "GET /shopdetail/2533769 HTTP/1.1" 200 - "-" "Mozilla/5.0 AppleWebKit/537.36 (KHTML, like Gecko; compatible; GPTBot/1.2; +https://openai.com/gptbot)"
57.141.2.14 - - [24/Jun/2025:12:40:21 +0000] "GET /shopdetail/2305629 HTTP/1.1" 200 - "-" "meta-externalagent/1.1 (+https://developers.facebook.com/docs/sharing/webmasters/crawler)"
20.171.207.123 - - [24/Jun/2025:12:40:21 +0000] "GET /shopdetail/4268237 HTTP/1.1" 200 - "-" "Mozilla/5.0 AppleWebKit/537.36 (KHTML, like Gecko; compatible; GPTBot/1.2; +https://openai.com/gptbot)"
57.141.2.5 - - [24/Jun/2025:12:40:21 +0000] "GET /shopdetail/3933670 HTTP/1.1" 200 - "-" "meta-externalagent/1.1 (+https://developers.facebook.com/docs/sharing/webmasters/crawler)"
57.141.2.14 - - [24/Jun/2025:12:40:21 +0000] "GET /buy.php/shopdetail/4084372 HTTP/1.1" 200 - "-" "meta-externalagent/1.1 (+https://developers.facebook.com/docs/sharing/webmasters/crawler)"
57.141.2.23 - - [24/Jun/2025:12:40:22 +0000] "GET /buy.php/shopdetail/2113788 HTTP/1.1" 200 - "-" "meta-externalagent/1.1 (+https://developers.facebook.com/docs/sharing/webmasters/crawler)"
57.141.2.28 - - [24/Jun/2025:12:40:22 +0000] "GET /shopdetail/1018603 HTTP/1.1" 200 - "-" "meta-externalagent/1.1 (+https://developers.facebook.com/docs/sharing/webmasters/crawler)"
20.171.207.123 - - [24/Jun/2025:12:40:22 +0000] "GET /shopdetail/2786954 HTTP/1.1" 200 - "-" "Mozilla/5.0 AppleWebKit/537.36 (KHTML, like Gecko; compatible; GPTBot/1.2; +https://openai.com/gptbot)"
216.73.216.153 - - [24/Jun/2025:12:40:21 +0000] "GET /buy.php/sitemap-18.xml HTTP/1.1" 200 392610 "-" "Mozilla/5.0 AppleWebKit/537.36 (KHTML, like Gecko; compatible; ClaudeBot/1.0; +claudebot@anthropic.com)"
57.141.2.7 - - [24/Jun/2025:12:40:23 +0000] "GET /buy.php/shopdetail/1281708 HTTP/1.1" 200 - "-" "meta-externalagent/1.1 (+https://developers.facebook.com/docs/sharing/webmasters/crawler)"
57.141.2.19 - - [24/Jun/2025:12:40:24 +0000] "GET /shopdetail/1565882 HTTP/1.1" 200 - "-" "meta-externalagent/1.1 (+https://developers.facebook.com/docs/sharing/webmasters/crawler)"
20.171.207.123 - - [24/Jun/2025:12:40:24 +0000] "GET /shopdetail/3980207 HTTP/1.1" 200 - "-" "Mozilla/5.0 AppleWebKit/537.36 (KHTML, like Gecko; compatible; GPTBot/1.2; +https://openai.com/gptbot)"
57.141.2.25 - - [24/Jun/2025:12:40:24 +0000] "GET /shopdetail/2588230 HTTP/1.1" 200 - "-" "meta-externalagent/1.1 (+https://developers.facebook.com/docs/sharing/webmasters/crawler)"
57.141.2.14 - - [24/Jun/2025:12:40:24 +0000] "GET /shopdetail/1325713 HTTP/1.1" 200 - "-" "meta-externalagent/1.1 (+https://developers.facebook.com/docs/sharing/webmasters/crawler)"
20.171.207.123 - - [24/Jun/2025:12:40:25 +0000] "GET /shopdetail/2963827 HTTP/1.1" 200 - "-" "Mozilla/5.0 AppleWebKit/537.36 (KHTML, like Gecko; compatible; GPTBot/1.2; +https://openai.com/gptbot)"
57.141.2.7 - - [24/Jun/2025:12:40:25 +0000] "GET /shopdetail/4116134 HTTP/1.1" 200 - "-" "meta-externalagent/1.1 (+https://developers.facebook.com/docs/sharing/webmasters/crawler)"
20.171.207.123 - - [24/Jun/2025:12:40:26 +0000] "GET /shopdetail/1086049 HTTP/1.1" 200 - "-" "Mozilla/5.0 AppleWebKit/537.36 (KHTML, like Gecko; compatible; GPTBot/1.2; +https://openai.com/gptbot)"
66.249.68.131 - - [24/Jun/2025:12:40:25 +0000] "GET /shopdetail/3257567/toreka/toreka_single.html HTTP/1.1" 200 148938 "-" "Mozilla/5.0 (Linux; Android 6.0.1; Nexus 5X Build/MMB29P) AppleWebKit/537.36 (KHTML, like Gecko) Chrome/137.0.7151.103 Mobile Safari/537.36 (compatible; GoogleOther)"
20.171.207.123 - - [24/Jun/2025:12:40:27 +0000] "GET /shopdetail/0726388 HTTP/1.1" 200 - "-" "Mozilla/5.0 AppleWebKit/537.36 (KHTML, like Gecko; compatible; GPTBot/1.2; +https://openai.com/gptbot)"
57.141.2.27 - - [24/Jun/2025:12:40:28 +0000] "GET /buy.php/shopdetail/2223522 HTTP/1.1" 200 - "-" "meta-externalagent/1.1 (+https://developers.facebook.com/docs/sharing/webmasters/crawler)"
20.171.207.123 - - [24/Jun/2025:12:40:29 +0000] "GET /shopdetail/1934075 HTTP/1.1" 200 - "-" "Mozilla/5.0 AppleWebKit/537.36 (KHTML, like Gecko; compatible; GPTBot/1.2; +https://openai.com/gptbot)"
66.249.68.131 - - [24/Jun/2025:12:40:28 +0000] "GET /index.php/cd.html/man/customer_guide/pcmypage?callback=product/detail/89162235/toiawase/events/events/pcmypage?callback=product/review/66498547/recruit/product_archives/pcmypage/text/terms/pcmypage/text/terms/pcmypage/text/terms/game.html HTTP/1.1" 200 164726 "-" "Mozilla/5.0 (Linux; Android 6.0.1; Nexus 5X Build/MMB29P) AppleWebKit/537.36 (KHTML, like Gecko) Chrome/137.0.7151.103 Mobile Safari/537.36 (compatible; GoogleOther)"
57.141.2.22 - - [24/Jun/2025:12:40:30 +0000] "GET /shopdetail/1842440 HTTP/1.1" 200 - "-" "meta-externalagent/1.1 (+https://developers.facebook.com/docs/sharing/webmasters/crawler)"
20.171.207.123 - - [24/Jun/2025:12:40:30 +0000] "GET /shopdetail/2778510 HTTP/1.1" 200 - "-" "Mozilla/5.0 AppleWebKit/537.36 (KHTML, like Gecko; compatible; GPTBot/1.2; +https://openai.com/gptbot)"
57.141.2.19 - - [24/Jun/2025:12:40:31 +0000] "GET /shopdetail/1131060 HTTP/1.1" 200 - "-" "meta-externalagent/1.1 (+https://developers.facebook.com/docs/sharing/webmasters/crawler)"
20.171.207.123 - - [24/Jun/2025:12:40:31 +0000] "GET /shopdetail/0894159 HTTP/1.1" 200 - "-" "Mozilla/5.0 AppleWebKit/537.36 (KHTML, like Gecko; compatible; GPTBot/1.2; +https://openai.com/gptbot)"
57.141.2.9 - - [24/Jun/2025:12:40:32 +0000] "GET /shopdetail/1155723 HTTP/1.1" 200 - "-" "meta-externalagent/1.1 (+https://developers.facebook.com/docs/sharing/webmasters/crawler)"
57.141.2.18 - - [24/Jun/2025:12:40:32 +0000] "GET /shopdetail/3991031 HTTP/1.1" 200 - "-" "meta-externalagent/1.1 (+https://developers.facebook.com/docs/sharing/webmasters/crawler)"
20.171.207.123 - - [24/Jun/2025:12:40:33 +0000] "GET /shopdetail/1781429 HTTP/1.1" 200 - "-" "Mozilla/5.0 AppleWebKit/537.36 (KHTML, like Gecko; compatible; GPTBot/1.2; +https://openai.com/gptbot)"
57.141.2.24 - - [24/Jun/2025:12:40:33 +0000] "GET /buy.php/shopdetail/1311303 HTTP/1.1" 200 - "-" "meta-externalagent/1.1 (+https://developers.facebook.com/docs/sharing/webmasters/crawler)"
57.141.2.29 - - [24/Jun/2025:12:40:33 +0000] "GET /shopdetail/3233675 HTTP/1.1" 200 - "-" "meta-externalagent/1.1 (+https://developers.facebook.com/docs/sharing/webmasters/crawler)"
20.171.207.123 - - [24/Jun/2025:12:40:34 +0000] "GET /shopdetail/2159143 HTTP/1.1" 200 - "-" "Mozilla/5.0 AppleWebKit/537.36 (KHTML, like Gecko; compatible; GPTBot/1.2; +https://openai.com/gptbot)"
57.141.2.22 - - [24/Jun/2025:12:40:34 +0000] "GET /buy.php/shopdetail/3365038 HTTP/1.1" 200 - "-" "meta-externalagent/1.1 (+https://developers.facebook.com/docs/sharing/webmasters/crawler)"
57.141.2.28 - - [24/Jun/2025:12:40:34 +0000] "GET /buy.php/shopdetail/1186183 HTTP/1.1" 200 - "-" "meta-externalagent/1.1 (+https://developers.facebook.com/docs/sharing/webmasters/crawler)"
20.171.207.123 - - [24/Jun/2025:12:40:35 +0000] "GET /shopdetail/4045162 HTTP/1.1" 200 - "-" "Mozilla/5.0 AppleWebKit/537.36 (KHTML, like Gecko; compatible; GPTBot/1.2; +https://openai.com/gptbot)"
57.141.2.8 - - [24/Jun/2025:12:40:35 +0000] "GET /shopdetail/2729435 HTTP/1.1" 200 - "-" "meta-externalagent/1.1 (+https://developers.facebook.com/docs/sharing/webmasters/crawler)"
57.141.2.5 - - [24/Jun/2025:12:40:35 +0000] "GET /shopdetail/3611510 HTTP/1.1" 200 - "-" "meta-externalagent/1.1 (+https://developers.facebook.com/docs/sharing/webmasters/crawler)"
57.141.2.30 - - [24/Jun/2025:12:40:35 +0000] "GET /buy.php/shopdetail/2834176 HTTP/1.1" 200 - "-" "meta-externalagent/1.1 (+https://developers.facebook.com/docs/sharing/webmasters/crawler)"
57.141.2.21 - - [24/Jun/2025:12:40:35 +0000] "GET /shopdetail/3030300 HTTP/1.1" 200 - "-" "meta-externalagent/1.1 (+https://developers.facebook.com/docs/sharing/webmasters/crawler)"
20.171.207.123 - - [24/Jun/2025:12:40:36 +0000] "GET /shopdetail/4596276 HTTP/1.1" 200 - "-" "Mozilla/5.0 AppleWebKit/537.36 (KHTML, like Gecko; compatible; GPTBot/1.2; +https://openai.com/gptbot)"
20.171.207.123 - - [24/Jun/2025:12:40:37 +0000] "GET /shopdetail/4075627 HTTP/1.1" 200 - "-" "Mozilla/5.0 AppleWebKit/537.36 (KHTML, like Gecko; compatible; GPTBot/1.2; +https://openai.com/gptbot)"
57.141.2.19 - - [24/Jun/2025:12:40:37 +0000] "GET /shopdetail/0722236 HTTP/1.1" 200 - "-" "meta-externalagent/1.1 (+https://developers.facebook.com/docs/sharing/webmasters/crawler)"
57.141.2.24 - - [24/Jun/2025:12:40:38 +0000] "GET /shopdetail/0674771 HTTP/1.1" 200 - "-" "meta-externalagent/1.1 (+https://developers.facebook.com/docs/sharing/webmasters/crawler)"
57.141.2.4 - - [24/Jun/2025:12:40:38 +0000] "GET /shopdetail/2305719 HTTP/1.1" 200 - "-" "meta-externalagent/1.1 (+https://developers.facebook.com/docs/sharing/webmasters/crawler)"
20.171.207.123 - - [24/Jun/2025:12:40:38 +0000] "GET /shopdetail/1323096 HTTP/1.1" 200 - "-" "Mozilla/5.0 AppleWebKit/537.36 (KHTML, like Gecko; compatible; GPTBot/1.2; +https://openai.com/gptbot)"
57.141.2.9 - - [24/Jun/2025:12:40:39 +0000] "GET /buy.php/shopdetail/1943363 HTTP/1.1" 200 - "-" "meta-externalagent/1.1 (+https://developers.facebook.com/docs/sharing/webmasters/crawler)"
57.141.2.20 - - [24/Jun/2025:12:40:39 +0000] "GET /shopdetail/4481173 HTTP/1.1" 200 - "-" "meta-externalagent/1.1 (+https://developers.facebook.com/docs/sharing/webmasters/crawler)"
57.141.2.26 - - [24/Jun/2025:12:40:40 +0000] "GET /shopdetail/3012883 HTTP/1.1" 200 - "-" "meta-externalagent/1.1 (+https://developers.facebook.com/docs/sharing/webmasters/crawler)"
20.171.207.123 - - [24/Jun/2025:12:40:40 +0000] "GET /shopdetail/2531569 HTTP/1.1" 200 - "-" "Mozilla/5.0 AppleWebKit/537.36 (KHTML, like Gecko; compatible; GPTBot/1.2; +https://openai.com/gptbot)"
66.249.68.130 - - [24/Jun/2025:12:40:38 +0000] "GET /shopdetail/1566436 HTTP/1.1" 200 143899 "-" "Mozilla/5.0 (Linux; Android 6.0.1; Nexus 5X Build/MMB29P) AppleWebKit/537.36 (KHTML, like Gecko) Chrome/137.0.7151.103 Mobile Safari/537.36 (compatible; GoogleOther)"
57.141.2.28 - - [24/Jun/2025:12:40:40 +0000] "GET /buy.php/shopdetail/0751908 HTTP/1.1" 200 - "-" "meta-externalagent/1.1 (+https://developers.facebook.com/docs/sharing/webmasters/crawler)"
57.141.2.21 - - [24/Jun/2025:12:40:40 +0000] "GET /shopdetail/4213148 HTTP/1.1" 200 - "-" "meta-externalagent/1.1 (+https://developers.facebook.com/docs/sharing/webmasters/crawler)"
57.141.2.20 - - [24/Jun/2025:12:40:40 +0000] "GET /shopdetail/2357896 HTTP/1.1" 200 - "-" "meta-externalagent/1.1 (+https://developers.facebook.com/docs/sharing/webmasters/crawler)"
57.141.2.10 - - [24/Jun/2025:12:40:41 +0000] "GET /buy.php/shopdetail/2879562 HTTP/1.1" 200 - "-" "meta-externalagent/1.1 (+https://developers.facebook.com/docs/sharing/webmasters/crawler)"
20.171.207.123 - - [24/Jun/2025:12:40:41 +0000] "GET /shopdetail/0847162 HTTP/1.1" 200 - "-" "Mozilla/5.0 AppleWebKit/537.36 (KHTML, like Gecko; compatible; GPTBot/1.2; +https://openai.com/gptbot)"
57.141.2.24 - - [24/Jun/2025:12:40:41 +0000] "GET /buy.php/shopdetail/1138143 HTTP/1.1" 200 - "-" "meta-externalagent/1.1 (+https://developers.facebook.com/docs/sharing/webmasters/crawler)"
57.141.2.12 - - [24/Jun/2025:12:40:42 +0000] "GET /shopdetail/2898161 HTTP/1.1" 200 - "-" "meta-externalagent/1.1 (+https://developers.facebook.com/docs/sharing/webmasters/crawler)"
20.171.207.123 - - [24/Jun/2025:12:40:42 +0000] "GET /shopdetail/3768207 HTTP/1.1" 200 - "-" "Mozilla/5.0 AppleWebKit/537.36 (KHTML, like Gecko; compatible; GPTBot/1.2; +https://openai.com/gptbot)"
66.249.68.130 - - [24/Jun/2025:12:40:42 +0000] "GET /shopdetail/3257567/feature/idol/gradol.html HTTP/1.1" 200 148298 "-" "Mozilla/5.0 (Linux; Android 6.0.1; Nexus 5X Build/MMB29P) AppleWebKit/537.36 (KHTML, like Gecko) Chrome/137.0.7151.103 Mobile Safari/537.36 (compatible; GoogleOther)"
20.171.207.123 - - [24/Jun/2025:12:40:43 +0000] "GET /shopdetail/1394468 HTTP/1.1" 200 - "-" "Mozilla/5.0 AppleWebKit/537.36 (KHTML, like Gecko; compatible; GPTBot/1.2; +https://openai.com/gptbot)"
20.171.207.123 - - [24/Jun/2025:12:40:44 +0000] "GET /shopdetail/2127098 HTTP/1.1" 200 - "-" "Mozilla/5.0 AppleWebKit/537.36 (KHTML, like Gecko; compatible; GPTBot/1.2; +https://openai.com/gptbot)"
57.141.2.11 - - [24/Jun/2025:12:40:45 +0000] "GET /shopdetail/3445182 HTTP/1.1" 200 - "-" "meta-externalagent/1.1 (+https://developers.facebook.com/docs/sharing/webmasters/crawler)"
20.171.207.123 - - [24/Jun/2025:12:40:46 +0000] "GET /shopdetail/2163953 HTTP/1.1" 200 - "-" "Mozilla/5.0 AppleWebKit/537.36 (KHTML, like Gecko; compatible; GPTBot/1.2; +https://openai.com/gptbot)"
20.171.207.123 - - [24/Jun/2025:12:40:47 +0000] "GET /shopdetail/4045162 HTTP/1.1" 200 - "-" "Mozilla/5.0 AppleWebKit/537.36 (KHTML, like Gecko; compatible; GPTBot/1.2; +https://openai.com/gptbot)"
66.249.68.131 - - [24/Jun/2025:12:40:46 +0000] "GET /index.php/cd.html/man/customer_guide/pcmypage?callback=product/detail/89162235/toiawase/events/events/pcmypage?callback=product/review/66498547/recruit/product_archives/pcmypage/text/terms/pcmypage/pcmypage/pcmypage/pcmypage/man/customer_guide/pcsp.html HTTP/1.1" 200 168385 "-" "Mozilla/5.0 (Linux; Android 6.0.1; Nexus 5X Build/MMB29P) AppleWebKit/537.36 (KHTML, like Gecko) Chrome/137.0.7151.103 Mobile Safari/537.36 (compatible; GoogleOther)"
20.171.207.123 - - [24/Jun/2025:12:40:48 +0000] "GET /shopdetail/0652763 HTTP/1.1" 200 - "-" "Mozilla/5.0 AppleWebKit/537.36 (KHTML, like Gecko; compatible; GPTBot/1.2; +https://openai.com/gptbot)"
57.141.2.28 - - [24/Jun/2025:12:40:48 +0000] "GET /buy.php/shopdetail/4016508 HTTP/1.1" 200 - "-" "meta-externalagent/1.1 (+https://developers.facebook.com/docs/sharing/webmasters/crawler)"
20.171.207.123 - - [24/Jun/2025:12:40:49 +0000] "GET /shopdetail/2648740 HTTP/1.1" 200 - "-" "Mozilla/5.0 AppleWebKit/537.36 (KHTML, like Gecko; compatible; GPTBot/1.2; +https://openai.com/gptbot)"
57.141.2.11 - - [24/Jun/2025:12:40:49 +0000] "GET /buy.php/shopdetail/3426731 HTTP/1.1" 200 - "-" "meta-externalagent/1.1 (+https://developers.facebook.com/docs/sharing/webmasters/crawler)"
57.141.2.29 - - [24/Jun/2025:12:40:49 +0000] "GET /shopdetail/3535277 HTTP/1.1" 200 - "-" "meta-externalagent/1.1 (+https://developers.facebook.com/docs/sharing/webmasters/crawler)"
57.141.2.1 - - [24/Jun/2025:12:40:50 +0000] "GET /buy.php/shopdetail/4132689 HTTP/1.1" 200 - "-" "meta-externalagent/1.1 (+https://developers.facebook.com/docs/sharing/webmasters/crawler)"
20.171.207.123 - - [24/Jun/2025:12:40:50 +0000] "GET /shopdetail/1934064 HTTP/1.1" 200 - "-" "Mozilla/5.0 AppleWebKit/537.36 (KHTML, like Gecko; compatible; GPTBot/1.2; +https://openai.com/gptbot)"
66.249.68.130 - - [24/Jun/2025:12:40:49 +0000] "GET /shopdetail/3257567/feature/sapporo/index.html HTTP/1.1" 200 139019 "-" "Mozilla/5.0 (Linux; Android 6.0.1; Nexus 5X Build/MMB29P) AppleWebKit/537.36 (KHTML, like Gecko) Chrome/137.0.7151.103 Mobile Safari/537.36 (compatible; GoogleOther)"
57.141.2.9 - - [24/Jun/2025:12:40:51 +0000] "GET /shopdetail/3224977 HTTP/1.1" 200 - "-" "meta-externalagent/1.1 (+https://developers.facebook.com/docs/sharing/webmasters/crawler)"
57.141.2.4 - - [24/Jun/2025:12:40:51 +0000] "GET /shopdetail/3998714 HTTP/1.1" 200 - "-" "meta-externalagent/1.1 (+https://developers.facebook.com/docs/sharing/webmasters/crawler)"
20.171.207.123 - - [24/Jun/2025:12:40:52 +0000] "GET /shopdetail/2458409 HTTP/1.1" 200 - "-" "Mozilla/5.0 AppleWebKit/537.36 (KHTML, like Gecko; compatible; GPTBot/1.2; +https://openai.com/gptbot)"
57.141.2.22 - - [24/Jun/2025:12:40:52 +0000] "GET /shopdetail/1283593 HTTP/1.1" 200 - "-" "meta-externalagent/1.1 (+https://developers.facebook.com/docs/sharing/webmasters/crawler)"
20.171.207.123 - - [24/Jun/2025:12:40:53 +0000] "GET /shopdetail/2239047 HTTP/1.1" 200 - "-" "Mozilla/5.0 AppleWebKit/537.36 (KHTML, like Gecko; compatible; GPTBot/1.2; +https://openai.com/gptbot)"
57.141.2.21 - - [24/Jun/2025:12:40:53 +0000] "GET /buy.php/shopdetail/2427867 HTTP/1.1" 200 - "-" "meta-externalagent/1.1 (+https://developers.facebook.com/docs/sharing/webmasters/crawler)"
20.171.207.123 - - [24/Jun/2025:12:40:54 +0000] "GET /shopdetail/2609507 HTTP/1.1" 200 - "-" "Mozilla/5.0 AppleWebKit/537.36 (KHTML, like Gecko; compatible; GPTBot/1.2; +https://openai.com/gptbot)"
66.249.68.131 - - [24/Jun/2025:12:40:53 +0000] "GET /index.php/cd.html/man/customer_guide/pcmypage?callback=product/detail/89162235/toiawase/events/recruit/pcmypage?callback=product/review/67969692/man/customer_guide/product/edit/15174910/product_archives/product_archives/recruit/cargo/detail/cargo/detail/events/pcmypage/feature/sale1447-15/index.html HTTP/1.1" 200 161328 "-" "Mozilla/5.0 (Linux; Android 6.0.1; Nexus 5X Build/MMB29P) AppleWebKit/537.36 (KHTML, like Gecko) Chrome/137.0.7151.103 Mobile Safari/537.36 (compatible; GoogleOther)"
57.141.2.15 - - [24/Jun/2025:12:40:55 +0000] "GET /shopdetail/3233619 HTTP/1.1" 200 - "-" "meta-externalagent/1.1 (+https://developers.facebook.com/docs/sharing/webmasters/crawler)"
57.141.2.17 - - [24/Jun/2025:12:40:55 +0000] "GET /buy.php/shopdetail/4141060 HTTP/1.1" 200 - "-" "meta-externalagent/1.1 (+https://developers.facebook.com/docs/sharing/webmasters/crawler)"
57.141.2.11 - - [24/Jun/2025:12:40:55 +0000] "GET /shopdetail/3222800 HTTP/1.1" 200 - "-" "meta-externalagent/1.1 (+https://developers.facebook.com/docs/sharing/webmasters/crawler)"
20.171.207.123 - - [24/Jun/2025:12:40:55 +0000] "GET /shopdetail/0920481 HTTP/1.1" 200 - "-" "Mozilla/5.0 AppleWebKit/537.36 (KHTML, like Gecko; compatible; GPTBot/1.2; +https://openai.com/gptbot)"
57.141.2.22 - - [24/Jun/2025:12:40:56 +0000] "GET /buy.php/shopdetail/3890669 HTTP/1.1" 200 - "-" "meta-externalagent/1.1 (+https://developers.facebook.com/docs/sharing/webmasters/crawler)"
57.141.2.20 - - [24/Jun/2025:12:40:56 +0000] "GET /shopdetail/0713514 HTTP/1.1" 200 - "-" "meta-externalagent/1.1 (+https://developers.facebook.com/docs/sharing/webmasters/crawler)"
57.141.2.22 - - [24/Jun/2025:12:40:57 +0000] "GET /buy.php/shopdetail/2698649 HTTP/1.1" 200 - "-" "meta-externalagent/1.1 (+https://developers.facebook.com/docs/sharing/webmasters/crawler)"
20.171.207.123 - - [24/Jun/2025:12:40:57 +0000] "GET /shopdetail/2316988 HTTP/1.1" 200 - "-" "Mozilla/5.0 AppleWebKit/537.36 (KHTML, like Gecko; compatible; GPTBot/1.2; +https://openai.com/gptbot)"
20.171.207.123 - - [24/Jun/2025:12:40:58 +0000] "GET /shopdetail/2630701 HTTP/1.1" 200 - "-" "Mozilla/5.0 AppleWebKit/537.36 (KHTML, like Gecko; compatible; GPTBot/1.2; +https://openai.com/gptbot)"
57.141.2.21 - - [24/Jun/2025:12:40:59 +0000] "GET /shopdetail/3599977 HTTP/1.1" 200 - "-" "meta-externalagent/1.1 (+https://developers.facebook.com/docs/sharing/webmasters/crawler)"
20.171.207.123 - - [24/Jun/2025:12:40:59 +0000] "GET /shopdetail/4125830 HTTP/1.1" 200 - "-" "Mozilla/5.0 AppleWebKit/537.36 (KHTML, like Gecko; compatible; GPTBot/1.2; +https://openai.com/gptbot)"
20.171.207.123 - - [24/Jun/2025:12:41:00 +0000] "GET /shopdetail/4423695 HTTP/1.1" 200 - "-" "Mozilla/5.0 AppleWebKit/537.36 (KHTML, like Gecko; compatible; GPTBot/1.2; +https://openai.com/gptbot)"
57.141.2.24 - - [24/Jun/2025:12:41:01 +0000] "GET /buy.php/shopdetail/3330005 HTTP/1.1" 200 - "-" "meta-externalagent/1.1 (+https://developers.facebook.com/docs/sharing/webmasters/crawler)"
57.141.2.1 - - [24/Jun/2025:12:41:01 +0000] "GET /buy.php/shopdetail/1002926 HTTP/1.1" 200 - "-" "meta-externalagent/1.1 (+https://developers.facebook.com/docs/sharing/webmasters/crawler)"
20.171.207.123 - - [24/Jun/2025:12:41:01 +0000] "GET /shopdetail/4330987 HTTP/1.1" 200 - "-" "Mozilla/5.0 AppleWebKit/537.36 (KHTML, like Gecko; compatible; GPTBot/1.2; +https://openai.com/gptbot)"
57.141.2.30 - - [24/Jun/2025:12:41:02 +0000] "GET /buy.php/shopdetail/2900843 HTTP/1.1" 200 - "-" "meta-externalagent/1.1 (+https://developers.facebook.com/docs/sharing/webmasters/crawler)"
20.171.207.123 - - [24/Jun/2025:12:41:02 +0000] "GET /shopdetail/2073481 HTTP/1.1" 200 - "-" "Mozilla/5.0 AppleWebKit/537.36 (KHTML, like Gecko; compatible; GPTBot/1.2; +https://openai.com/gptbot)"
57.141.2.22 - - [24/Jun/2025:12:41:03 +0000] "GET /buy.php/shopdetail/3153877 HTTP/1.1" 200 - "-" "meta-externalagent/1.1 (+https://developers.facebook.com/docs/sharing/webmasters/crawler)"
20.171.207.123 - - [24/Jun/2025:12:41:03 +0000] "GET /shopdetail/3971574 HTTP/1.1" 200 - "-" "Mozilla/5.0 AppleWebKit/537.36 (KHTML, like Gecko; compatible; GPTBot/1.2; +https://openai.com/gptbot)"
57.141.2.4 - - [24/Jun/2025:12:41:04 +0000] "GET /shopdetail/2301120 HTTP/1.1" 200 - "-" "meta-externalagent/1.1 (+https://developers.facebook.com/docs/sharing/webmasters/crawler)"
20.171.207.123 - - [24/Jun/2025:12:41:04 +0000] "GET /shopdetail/1984165 HTTP/1.1" 200 - "-" "Mozilla/5.0 AppleWebKit/537.36 (KHTML, like Gecko; compatible; GPTBot/1.2; +https://openai.com/gptbot)"
66.249.68.130 - - [24/Jun/2025:12:41:03 +0000] "GET /shopdetail/3810005 HTTP/1.1" 200 145922 "-" "Mozilla/5.0 (Linux; Android 6.0.1; Nexus 5X Build/MMB29P) AppleWebKit/537.36 (KHTML, like Gecko) Chrome/137.0.7151.103 Mobile Safari/537.36 (compatible; GoogleOther)"
57.141.2.24 - - [24/Jun/2025:12:41:05 +0000] "GET /buy.php/shopdetail/2772329 HTTP/1.1" 200 - "-" "meta-externalagent/1.1 (+https://developers.facebook.com/docs/sharing/webmasters/crawler)"
20.171.207.123 - - [24/Jun/2025:12:41:06 +0000] "GET /shopdetail/1357922 HTTP/1.1" 200 - "-" "Mozilla/5.0 AppleWebKit/537.36 (KHTML, like Gecko; compatible; GPTBot/1.2; +https://openai.com/gptbot)"
20.171.207.123 - - [24/Jun/2025:12:41:07 +0000] "GET /shopdetail/2931746 HTTP/1.1" 200 - "-" "Mozilla/5.0 AppleWebKit/537.36 (KHTML, like Gecko; compatible; GPTBot/1.2; +https://openai.com/gptbot)"
57.141.2.16 - - [24/Jun/2025:12:41:07 +0000] "GET /buy.php/shopdetail/4474033 HTTP/1.1" 200 - "-" "meta-externalagent/1.1 (+https://developers.facebook.com/docs/sharing/webmasters/crawler)"
66.249.68.133 - - [24/Jun/2025:12:41:06 +0000] "GET /index.php/cd.html/man/customer_guide/pcmypage?callback=product/detail/89162235/toiawase/events/recruit/pcmypage?callback=product/review/67969692/man/customer_guide/product/edit/15174910/product_archives/product_archives/recruit/toiawase/recruit/pcmypage/product_archives/cargo/detail HTTP/1.1" 200 167408 "-" "Mozilla/5.0 (Linux; Android 6.0.1; Nexus 5X Build/MMB29P) AppleWebKit/537.36 (KHTML, like Gecko) Chrome/137.0.7151.103 Mobile Safari/537.36 (compatible; GoogleOther)"
57.141.2.24 - - [24/Jun/2025:12:41:08 +0000] "GET /buy.php/shopdetail/1801725 HTTP/1.1" 200 - "-" "meta-externalagent/1.1 (+https://developers.facebook.com/docs/sharing/webmasters/crawler)"
20.171.207.123 - - [24/Jun/2025:12:41:08 +0000] "GET /shopdetail/4521270 HTTP/1.1" 200 - "-" "Mozilla/5.0 AppleWebKit/537.36 (KHTML, like Gecko; compatible; GPTBot/1.2; +https://openai.com/gptbot)"
20.171.207.123 - - [24/Jun/2025:12:41:09 +0000] "GET /shopdetail/2819470 HTTP/1.1" 200 - "-" "Mozilla/5.0 AppleWebKit/537.36 (KHTML, like Gecko; compatible; GPTBot/1.2; +https://openai.com/gptbot)"
57.141.2.12 - - [24/Jun/2025:12:41:09 +0000] "GET /shopdetail/1259758 HTTP/1.1" 200 - "-" "meta-externalagent/1.1 (+https://developers.facebook.com/docs/sharing/webmasters/crawler)"
57.141.2.23 - - [24/Jun/2025:12:41:10 +0000] "GET /shopdetail/4247651 HTTP/1.1" 200 - "-" "meta-externalagent/1.1 (+https://developers.facebook.com/docs/sharing/webmasters/crawler)"
57.141.2.14 - - [24/Jun/2025:12:41:10 +0000] "GET /shopdetail/2245334 HTTP/1.1" 200 - "-" "meta-externalagent/1.1 (+https://developers.facebook.com/docs/sharing/webmasters/crawler)"
20.171.207.123 - - [24/Jun/2025:12:41:10 +0000] "GET /shopdetail/3415127 HTTP/1.1" 200 - "-" "Mozilla/5.0 AppleWebKit/537.36 (KHTML, like Gecko; compatible; GPTBot/1.2; +https://openai.com/gptbot)"
66.249.68.130 - - [24/Jun/2025:12:41:09 +0000] "GET /shopdetail/3257567/hobby/nuigurumi/nuigurumi.html HTTP/1.1" 200 150608 "-" "Mozilla/5.0 (Linux; Android 6.0.1; Nexus 5X Build/MMB29P) AppleWebKit/537.36 (KHTML, like Gecko) Chrome/137.0.7151.103 Mobile Safari/537.36 (compatible; GoogleOther)"
57.141.2.21 - - [24/Jun/2025:12:41:11 +0000] "GET /buy.php/shopdetail/3414869 HTTP/1.1" 200 - "-" "meta-externalagent/1.1 (+https://developers.facebook.com/docs/sharing/webmasters/crawler)"
20.171.207.123 - - [24/Jun/2025:12:41:12 +0000] "GET /shopdetail/0629410 HTTP/1.1" 200 - "-" "Mozilla/5.0 AppleWebKit/537.36 (KHTML, like Gecko; compatible; GPTBot/1.2; +https://openai.com/gptbot)"
20.171.207.123 - - [24/Jun/2025:12:41:13 +0000] "GET /shopdetail/1977508 HTTP/1.1" 200 - "-" "Mozilla/5.0 AppleWebKit/537.36 (KHTML, like Gecko; compatible; GPTBot/1.2; +https://openai.com/gptbot)"
20.171.207.123 - - [24/Jun/2025:12:41:14 +0000] "GET /shopdetail/2857594 HTTP/1.1" 200 - "-" "Mozilla/5.0 AppleWebKit/537.36 (KHTML, like Gecko; compatible; GPTBot/1.2; +https://openai.com/gptbot)"
57.141.2.9 - - [24/Jun/2025:12:41:14 +0000] "GET /buy.php/shopdetail/2322205 HTTP/1.1" 200 - "-" "meta-externalagent/1.1 (+https://developers.facebook.com/docs/sharing/webmasters/crawler)"
20.171.207.123 - - [24/Jun/2025:12:41:15 +0000] "GET /shopdetail/0750243 HTTP/1.1" 200 - "-" "Mozilla/5.0 AppleWebKit/537.36 (KHTML, like Gecko; compatible; GPTBot/1.2; +https://openai.com/gptbot)"
57.141.2.13 - - [24/Jun/2025:12:41:15 +0000] "GET /shopdetail/2859907 HTTP/1.1" 200 - "-" "meta-externalagent/1.1 (+https://developers.facebook.com/docs/sharing/webmasters/crawler)"
57.141.2.22 - - [24/Jun/2025:12:41:16 +0000] "GET /shopdetail/0914993 HTTP/1.1" 200 - "-" "meta-externalagent/1.1 (+https://developers.facebook.com/docs/sharing/webmasters/crawler)"
57.141.2.23 - - [24/Jun/2025:12:41:16 +0000] "GET /buy.php/shopdetail/3551684 HTTP/1.1" 200 - "-" "meta-externalagent/1.1 (+https://developers.facebook.com/docs/sharing/webmasters/crawler)"
57.141.2.28 - - [24/Jun/2025:12:41:16 +0000] "GET /buy.php/shopdetail/2695566 HTTP/1.1" 200 - "-" "meta-externalagent/1.1 (+https://developers.facebook.com/docs/sharing/webmasters/crawler)"
20.171.207.123 - - [24/Jun/2025:12:41:16 +0000] "GET /shopdetail/4096285 HTTP/1.1" 200 - "-" "Mozilla/5.0 AppleWebKit/537.36 (KHTML, like Gecko; compatible; GPTBot/1.2; +https://openai.com/gptbot)"
57.141.2.2 - - [24/Jun/2025:12:41:17 +0000] "GET /shopdetail/3773462 HTTP/1.1" 200 - "-" "meta-externalagent/1.1 (+https://developers.facebook.com/docs/sharing/webmasters/crawler)"
66.249.68.132 - - [24/Jun/2025:12:41:16 +0000] "GET /index.php/cd.html/man/customer_guide/pcmypage?callback=product/detail/89162235/toiawase/events/recruit/pcmypage?callback=product/review/67969692/man/customer_guide/product/edit/15174910/product_archives/product_archives/recruit/toiawase/recruit/pcmypage/product_archives/text/terms HTTP/1.1" 200 167924 "-" "Mozilla/5.0 (Linux; Android 6.0.1; Nexus 5X Build/MMB29P) AppleWebKit/537.36 (KHTML, like Gecko) Chrome/137.0.7151.103 Mobile Safari/537.36 (compatible; GoogleOther)"
20.171.207.123 - - [24/Jun/2025:12:41:17 +0000] "GET /shopdetail/1034645 HTTP/1.1" 200 - "-" "Mozilla/5.0 AppleWebKit/537.36 (KHTML, like Gecko; compatible; GPTBot/1.2; +https://openai.com/gptbot)"
57.141.2.11 - - [24/Jun/2025:12:41:17 +0000] "GET /buy.php/shopdetail/1388658 HTTP/1.1" 200 - "-" "meta-externalagent/1.1 (+https://developers.facebook.com/docs/sharing/webmasters/crawler)"
57.141.2.16 - - [24/Jun/2025:12:41:18 +0000] "GET /buy.php/shopdetail/2798186 HTTP/1.1" 200 - "-" "meta-externalagent/1.1 (+https://developers.facebook.com/docs/sharing/webmasters/crawler)"
20.171.207.123 - - [24/Jun/2025:12:41:18 +0000] "GET /shopdetail/0729961 HTTP/1.1" 200 - "-" "Mozilla/5.0 AppleWebKit/537.36 (KHTML, like Gecko; compatible; GPTBot/1.2; +https://openai.com/gptbot)"
57.141.2.20 - - [24/Jun/2025:12:41:19 +0000] "GET /shopdetail/1371887 HTTP/1.1" 200 - "-" "meta-externalagent/1.1 (+https://developers.facebook.com/docs/sharing/webmasters/crawler)"
57.141.2.5 - - [24/Jun/2025:12:41:20 +0000] "GET /shopdetail/1262179 HTTP/1.1" 200 - "-" "meta-externalagent/1.1 (+https://developers.facebook.com/docs/sharing/webmasters/crawler)"
20.171.207.123 - - [24/Jun/2025:12:41:20 +0000] "GET /shopdetail/4053998 HTTP/1.1" 200 - "-" "Mozilla/5.0 AppleWebKit/537.36 (KHTML, like Gecko; compatible; GPTBot/1.2; +https://openai.com/gptbot)"
57.141.2.5 - - [24/Jun/2025:12:41:20 +0000] "GET /shopdetail/3794587 HTTP/1.1" 200 - "-" "meta-externalagent/1.1 (+https://developers.facebook.com/docs/sharing/webmasters/crawler)"
66.249.68.130 - - [24/Jun/2025:12:41:19 +0000] "GET /shopdetail/3257567/feature/omiya_marui/index.html HTTP/1.1" 200 145128 "-" "Mozilla/5.0 (Linux; Android 6.0.1; Nexus 5X Build/MMB29P) AppleWebKit/537.36 (KHTML, like Gecko) Chrome/137.0.7151.103 Mobile Safari/537.36 (compatible; GoogleOther)"
20.171.207.123 - - [24/Jun/2025:12:41:21 +0000] "GET /shopdetail/0670382 HTTP/1.1" 200 - "-" "Mozilla/5.0 AppleWebKit/537.36 (KHTML, like Gecko; compatible; GPTBot/1.2; +https://openai.com/gptbot)"
57.141.2.3 - - [24/Jun/2025:12:41:21 +0000] "GET /shopdetail/2668666 HTTP/1.1" 200 - "-" "meta-externalagent/1.1 (+https://developers.facebook.com/docs/sharing/webmasters/crawler)"
57.141.2.18 - - [24/Jun/2025:12:41:21 +0000] "GET /buy.php/shopdetail/2228476 HTTP/1.1" 200 - "-" "meta-externalagent/1.1 (+https://developers.facebook.com/docs/sharing/webmasters/crawler)"
20.171.207.123 - - [24/Jun/2025:12:41:22 +0000] "GET /shopdetail/3193627 HTTP/1.1" 200 - "-" "Mozilla/5.0 AppleWebKit/537.36 (KHTML, like Gecko; compatible; GPTBot/1.2; +https://openai.com/gptbot)"
57.141.2.19 - - [24/Jun/2025:12:41:22 +0000] "GET /buy.php/shopdetail/3509128 HTTP/1.1" 200 - "-" "meta-externalagent/1.1 (+https://developers.facebook.com/docs/sharing/webmasters/crawler)"
57.141.2.20 - - [24/Jun/2025:12:41:22 +0000] "GET /buy.php/shopdetail/0696153 HTTP/1.1" 200 - "-" "meta-externalagent/1.1 (+https://developers.facebook.com/docs/sharing/webmasters/crawler)"
66.249.68.130 - - [24/Jun/2025:12:41:22 +0000] "GET /shopdetail/2140095 HTTP/1.1" 200 144818 "-" "Mozilla/5.0 (Linux; Android 6.0.1; Nexus 5X Build/MMB29P) AppleWebKit/537.36 (KHTML, like Gecko) Chrome/137.0.7151.103 Mobile Safari/537.36 (compatible; GoogleOther)"
20.171.207.123 - - [24/Jun/2025:12:41:23 +0000] "GET /shopdetail/1038922 HTTP/1.1" 200 - "-" "Mozilla/5.0 AppleWebKit/537.36 (KHTML, like Gecko; compatible; GPTBot/1.2; +https://openai.com/gptbot)"
20.171.207.123 - - [24/Jun/2025:12:41:25 +0000] "GET /shopdetail/0791482 HTTP/1.1" 200 - "-" "Mozilla/5.0 AppleWebKit/537.36 (KHTML, like Gecko; compatible; GPTBot/1.2; +https://openai.com/gptbot)"
20.171.207.123 - - [24/Jun/2025:12:41:26 +0000] "GET /shopdetail/4392066 HTTP/1.1" 200 - "-" "Mozilla/5.0 AppleWebKit/537.36 (KHTML, like Gecko; compatible; GPTBot/1.2; +https://openai.com/gptbot)"
57.141.2.30 - - [24/Jun/2025:12:41:26 +0000] "GET /buy.php/shopdetail/2867463 HTTP/1.1" 200 - "-" "meta-externalagent/1.1 (+https://developers.facebook.com/docs/sharing/webmasters/crawler)"
66.249.68.131 - - [24/Jun/2025:12:41:25 +0000] "GET /index.php/cd.html/man/customer_guide/pcmypage?callback=product/review/89162235/pcmypage/pcmypage/product_archives/pcmypage/text/terms/pcmypage/pcmypage/pcmypage/pcmypage/man/customer_guide/pcmypage/pcmypage/pcmypage/product_archives HTTP/1.1" 200 157104 "-" "Mozilla/5.0 (Linux; Android 6.0.1; Nexus 5X Build/MMB29P) AppleWebKit/537.36 (KHTML, like Gecko) Chrome/137.0.7151.103 Mobile Safari/537.36 (compatible; GoogleOther)"
20.171.207.123 - - [24/Jun/2025:12:41:27 +0000] "GET /shopdetail/1087241 HTTP/1.1" 200 - "-" "Mozilla/5.0 AppleWebKit/537.36 (KHTML, like Gecko; compatible; GPTBot/1.2; +https://openai.com/gptbot)"
57.141.2.5 - - [24/Jun/2025:12:41:27 +0000] "GET /shopdetail/2036028 HTTP/1.1" 200 - "-" "meta-externalagent/1.1 (+https://developers.facebook.com/docs/sharing/webmasters/crawler)"
20.171.207.123 - - [24/Jun/2025:12:41:28 +0000] "GET /shopdetail/4096285 HTTP/1.1" 200 - "-" "Mozilla/5.0 AppleWebKit/537.36 (KHTML, like Gecko; compatible; GPTBot/1.2; +https://openai.com/gptbot)"
20.171.207.123 - - [24/Jun/2025:12:41:29 +0000] "GET /shopdetail/3052493 HTTP/1.1" 200 - "-" "Mozilla/5.0 AppleWebKit/537.36 (KHTML, like Gecko; compatible; GPTBot/1.2; +https://openai.com/gptbot)"
57.141.2.24 - - [24/Jun/2025:12:41:30 +0000] "GET /buy.php/shopdetail/4318685 HTTP/1.1" 200 - "-" "meta-externalagent/1.1 (+https://developers.facebook.com/docs/sharing/webmasters/crawler)"
57.141.2.16 - - [24/Jun/2025:12:41:30 +0000] "GET /buy.php/shopdetail/3304909 HTTP/1.1" 200 - "-" "meta-externalagent/1.1 (+https://developers.facebook.com/docs/sharing/webmasters/crawler)"
20.171.207.123 - - [24/Jun/2025:12:41:31 +0000] "GET /shopdetail/2986390 HTTP/1.1" 200 - "-" "Mozilla/5.0 AppleWebKit/537.36 (KHTML, like Gecko; compatible; GPTBot/1.2; +https://openai.com/gptbot)"
57.141.2.30 - - [24/Jun/2025:12:41:31 +0000] "GET /buy.php/shopdetail/0985657 HTTP/1.1" 200 - "-" "meta-externalagent/1.1 (+https://developers.facebook.com/docs/sharing/webmasters/crawler)"
57.141.2.1 - - [24/Jun/2025:12:41:31 +0000] "GET /buy.php/shopdetail/2559438 HTTP/1.1" 200 - "-" "meta-externalagent/1.1 (+https://developers.facebook.com/docs/sharing/webmasters/crawler)"
20.171.207.123 - - [24/Jun/2025:12:41:32 +0000] "GET /shopdetail/2426091 HTTP/1.1" 200 - "-" "Mozilla/5.0 AppleWebKit/537.36 (KHTML, like Gecko; compatible; GPTBot/1.2; +https://openai.com/gptbot)"
57.141.2.2 - - [24/Jun/2025:12:41:32 +0000] "GET /shopdetail/3387981 HTTP/1.1" 200 - "-" "meta-externalagent/1.1 (+https://developers.facebook.com/docs/sharing/webmasters/crawler)"
66.249.68.130 - - [24/Jun/2025:12:41:31 +0000] "GET /shopdetail/3257567/feature/akihabara_main/index.html HTTP/1.1" 200 148759 "-" "Mozilla/5.0 (Linux; Android 6.0.1; Nexus 5X Build/MMB29P) AppleWebKit/537.36 (KHTML, like Gecko) Chrome/137.0.7151.103 Mobile Safari/537.36 (compatible; GoogleOther)"
20.171.207.123 - - [24/Jun/2025:12:41:33 +0000] "GET /shopdetail/3215389 HTTP/1.1" 200 - "-" "Mozilla/5.0 AppleWebKit/537.36 (KHTML, like Gecko; compatible; GPTBot/1.2; +https://openai.com/gptbot)"
20.171.207.123 - - [24/Jun/2025:12:41:34 +0000] "GET /shopdetail/1471685 HTTP/1.1" 200 - "-" "Mozilla/5.0 AppleWebKit/537.36 (KHTML, like Gecko; compatible; GPTBot/1.2; +https://openai.com/gptbot)"
66.249.68.130 - - [24/Jun/2025:12:41:33 +0000] "GET /shopdetail/2047365 HTTP/1.1" 200 144786 "-" "Mozilla/5.0 (Linux; Android 6.0.1; Nexus 5X Build/MMB29P) AppleWebKit/537.36 (KHTML, like Gecko) Chrome/137.0.7151.103 Mobile Safari/537.36 (compatible; GoogleOther)"
20.171.207.123 - - [24/Jun/2025:12:41:36 +0000] "GET /shopdetail/2601289 HTTP/1.1" 200 - "-" "Mozilla/5.0 AppleWebKit/537.36 (KHTML, like Gecko; compatible; GPTBot/1.2; +https://openai.com/gptbot)"
20.171.207.123 - - [24/Jun/2025:12:41:37 +0000] "GET /shopdetail/4480175 HTTP/1.1" 200 - "-" "Mozilla/5.0 AppleWebKit/537.36 (KHTML, like Gecko; compatible; GPTBot/1.2; +https://openai.com/gptbot)"
20.171.207.123 - - [24/Jun/2025:12:41:38 +0000] "GET /shopdetail/2210836 HTTP/1.1" 200 - "-" "Mozilla/5.0 AppleWebKit/537.36 (KHTML, like Gecko; compatible; GPTBot/1.2; +https://openai.com/gptbot)"
66.249.68.131 - - [24/Jun/2025:12:41:37 +0000] "GET /index.php/cd.html/man/customer_guide/pcmypage?callback=product/detail/89162235/toiawase/events/events/pcmypage?callback=product/review/66498547/recruit/product_archives/pcmypage/text/terms/pcmypage/pcmypage/pcmypage/pcmypage/recruit/pcsp.html HTTP/1.1" 200 156812 "-" "Mozilla/5.0 (Linux; Android 6.0.1; Nexus 5X Build/MMB29P) AppleWebKit/537.36 (KHTML, like Gecko) Chrome/137.0.7151.103 Mobile Safari/537.36 (compatible; GoogleOther)"
20.171.207.123 - - [24/Jun/2025:12:41:39 +0000] "GET /shopdetail/4392066 HTTP/1.1" 200 - "-" "Mozilla/5.0 AppleWebKit/537.36 (KHTML, like Gecko; compatible; GPTBot/1.2; +https://openai.com/gptbot)"
57.141.2.22 - - [24/Jun/2025:12:41:40 +0000] "GET /shopdetail/4565967 HTTP/1.1" 200 - "-" "meta-externalagent/1.1 (+https://developers.facebook.com/docs/sharing/webmasters/crawler)"
57.141.2.29 - - [24/Jun/2025:12:41:40 +0000] "GET /buy.php/shopdetail/2773745 HTTP/1.1" 200 - "-" "meta-externalagent/1.1 (+https://developers.facebook.com/docs/sharing/webmasters/crawler)"
20.171.207.123 - - [24/Jun/2025:12:41:41 +0000] "GET /shopdetail/3765884 HTTP/1.1" 200 - "-" "Mozilla/5.0 AppleWebKit/537.36 (KHTML, like Gecko; compatible; GPTBot/1.2; +https://openai.com/gptbot)"
20.171.207.123 - - [24/Jun/2025:12:41:42 +0000] "GET /shopdetail/0947161 HTTP/1.1" 200 - "-" "Mozilla/5.0 AppleWebKit/537.36 (KHTML, like Gecko; compatible; GPTBot/1.2; +https://openai.com/gptbot)"
57.141.2.14 - - [24/Jun/2025:12:41:42 +0000] "GET /buy.php/shopdetail/1656592 HTTP/1.1" 200 - "-" "meta-externalagent/1.1 (+https://developers.facebook.com/docs/sharing/webmasters/crawler)"
20.171.207.123 - - [24/Jun/2025:12:41:43 +0000] "GET /shopdetail/0933725 HTTP/1.1" 200 - "-" "Mozilla/5.0 AppleWebKit/537.36 (KHTML, like Gecko; compatible; GPTBot/1.2; +https://openai.com/gptbot)"
57.141.2.10 - - [24/Jun/2025:12:41:43 +0000] "GET /shopdetail/1690882 HTTP/1.1" 200 - "-" "meta-externalagent/1.1 (+https://developers.facebook.com/docs/sharing/webmasters/crawler)"
57.141.2.14 - - [24/Jun/2025:12:41:43 +0000] "GET /shopdetail/1724855 HTTP/1.1" 200 - "-" "meta-externalagent/1.1 (+https://developers.facebook.com/docs/sharing/webmasters/crawler)"
20.171.207.123 - - [24/Jun/2025:12:41:44 +0000] "GET /shopdetail/0681763 HTTP/1.1" 200 - "-" "Mozilla/5.0 AppleWebKit/537.36 (KHTML, like Gecko; compatible; GPTBot/1.2; +https://openai.com/gptbot)"
66.249.68.130 - - [24/Jun/2025:12:41:43 +0000] "GET /shopdetail/3257567/feature/shoplist-friendly/index.html HTTP/1.1" 200 147692 "-" "Mozilla/5.0 (Linux; Android 6.0.1; Nexus 5X Build/MMB29P) AppleWebKit/537.36 (KHTML, like Gecko) Chrome/137.0.7151.103 Mobile Safari/537.36 (compatible; GoogleOther)"
57.141.2.3 - - [24/Jun/2025:12:41:45 +0000] "GET /shopdetail/0632786 HTTP/1.1" 200 - "-" "meta-externalagent/1.1 (+https://developers.facebook.com/docs/sharing/webmasters/crawler)"
57.141.2.12 - - [24/Jun/2025:12:41:45 +0000] "GET /shopdetail/4233927 HTTP/1.1" 200 - "-" "meta-externalagent/1.1 (+https://developers.facebook.com/docs/sharing/webmasters/crawler)"
20.171.207.123 - - [24/Jun/2025:12:41:45 +0000] "GET /shopdetail/1324278 HTTP/1.1" 200 - "-" "Mozilla/5.0 AppleWebKit/537.36 (KHTML, like Gecko; compatible; GPTBot/1.2; +https://openai.com/gptbot)"
57.141.2.30 - - [24/Jun/2025:12:41:45 +0000] "GET /buy.php/shopdetail/1574838 HTTP/1.1" 200 - "-" "meta-externalagent/1.1 (+https://developers.facebook.com/docs/sharing/webmasters/crawler)"
57.141.2.25 - - [24/Jun/2025:12:41:45 +0000] "GET /shopdetail/3325599 HTTP/1.1" 200 - "-" "meta-externalagent/1.1 (+https://developers.facebook.com/docs/sharing/webmasters/crawler)"
20.171.207.123 - - [24/Jun/2025:12:41:46 +0000] "GET /shopdetail/2916806 HTTP/1.1" 200 - "-" "Mozilla/5.0 AppleWebKit/537.36 (KHTML, like Gecko; compatible; GPTBot/1.2; +https://openai.com/gptbot)"
57.141.2.21 - - [24/Jun/2025:12:41:47 +0000] "GET /buy.php/shopdetail/1732715 HTTP/1.1" 200 - "-" "meta-externalagent/1.1 (+https://developers.facebook.com/docs/sharing/webmasters/crawler)"
57.141.2.13 - - [24/Jun/2025:12:41:47 +0000] "GET /shopdetail/3752908 HTTP/1.1" 200 - "-" "meta-externalagent/1.1 (+https://developers.facebook.com/docs/sharing/webmasters/crawler)"
57.141.2.17 - - [24/Jun/2025:12:41:47 +0000] "GET /buy.php/shopdetail/3793580 HTTP/1.1" 200 - "-" "meta-externalagent/1.1 (+https://developers.facebook.com/docs/sharing/webmasters/crawler)"
66.249.68.131 - - [24/Jun/2025:12:41:46 +0000] "GET /index.php/cd.html/man/customer_guide/pcmypage?callback=product/detail/89162235/toiawase/events/recruit/pcmypage?callback=product/review/67969692/man/customer_guide/product/edit/15174910/product_archives/product_archives/recruit/cargo/detail/cargo/detail/events/pcmypage/game.html HTTP/1.1" 200 167572 "-" "Mozilla/5.0 (Linux; Android 6.0.1; Nexus 5X Build/MMB29P) AppleWebKit/537.36 (KHTML, like Gecko) Chrome/137.0.7151.103 Mobile Safari/537.36 (compatible; GoogleOther)"
20.171.207.123 - - [24/Jun/2025:12:41:47 +0000] "GET /shopdetail/1205617 HTTP/1.1" 200 - "-" "Mozilla/5.0 AppleWebKit/537.36 (KHTML, like Gecko; compatible; GPTBot/1.2; +https://openai.com/gptbot)"
57.141.2.20 - - [24/Jun/2025:12:41:48 +0000] "GET /shopdetail/2316376 HTTP/1.1" 200 - "-" "meta-externalagent/1.1 (+https://developers.facebook.com/docs/sharing/webmasters/crawler)"
57.141.2.14 - - [24/Jun/2025:12:41:48 +0000] "GET /shopdetail/1856776 HTTP/1.1" 200 - "-" "meta-externalagent/1.1 (+https://developers.facebook.com/docs/sharing/webmasters/crawler)"
20.171.207.123 - - [24/Jun/2025:12:41:49 +0000] "GET /shopdetail/2601289 HTTP/1.1" 200 - "-" "Mozilla/5.0 AppleWebKit/537.36 (KHTML, like Gecko; compatible; GPTBot/1.2; +https://openai.com/gptbot)"
57.141.2.4 - - [24/Jun/2025:12:41:49 +0000] "GET /shopdetail/4246943 HTTP/1.1" 200 - "-" "meta-externalagent/1.1 (+https://developers.facebook.com/docs/sharing/webmasters/crawler)"
66.249.68.130 - - [24/Jun/2025:12:41:49 +0000] "GET /shopdetail/3257567/pcmypage?callback=product/review/26346268 HTTP/1.1" 200 147677 "-" "Mozilla/5.0 (Linux; Android 6.0.1; Nexus 5X Build/MMB29P) AppleWebKit/537.36 (KHTML, like Gecko) Chrome/137.0.7151.103 Mobile Safari/537.36 (compatible; GoogleOther)"
20.171.207.123 - - [24/Jun/2025:12:41:50 +0000] "GET /shopdetail/2914205 HTTP/1.1" 200 - "-" "Mozilla/5.0 AppleWebKit/537.36 (KHTML, like Gecko; compatible; GPTBot/1.2; +https://openai.com/gptbot)"
57.141.2.23 - - [24/Jun/2025:12:41:50 +0000] "GET /buy.php/shopdetail/2161094 HTTP/1.1" 200 - "-" "meta-externalagent/1.1 (+https://developers.facebook.com/docs/sharing/webmasters/crawler)"
57.141.2.30 - - [24/Jun/2025:12:41:52 +0000] "GET /buy.php/shopdetail/2452657 HTTP/1.1" 200 - "-" "meta-externalagent/1.1 (+https://developers.facebook.com/docs/sharing/webmasters/crawler)"
20.171.207.123 - - [24/Jun/2025:12:41:52 +0000] "GET /shopdetail/3506079 HTTP/1.1" 200 - "-" "Mozilla/5.0 AppleWebKit/537.36 (KHTML, like Gecko; compatible; GPTBot/1.2; +https://openai.com/gptbot)"
57.141.2.23 - - [24/Jun/2025:12:41:52 +0000] "GET /shopdetail/2156668 HTTP/1.1" 200 - "-" "meta-externalagent/1.1 (+https://developers.facebook.com/docs/sharing/webmasters/crawler)"
57.141.2.11 - - [24/Jun/2025:12:41:53 +0000] "GET /buy.php/shopdetail/2982798 HTTP/1.1" 200 - "-" "meta-externalagent/1.1 (+https://developers.facebook.com/docs/sharing/webmasters/crawler)"
57.141.2.21 - - [24/Jun/2025:12:41:53 +0000] "GET /shopdetail/4423513 HTTP/1.1" 200 - "-" "meta-externalagent/1.1 (+https://developers.facebook.com/docs/sharing/webmasters/crawler)"
57.141.2.2 - - [24/Jun/2025:12:41:53 +0000] "GET /shopdetail/2965055 HTTP/1.1" 200 - "-" "meta-externalagent/1.1 (+https://developers.facebook.com/docs/sharing/webmasters/crawler)"
57.141.2.11 - - [24/Jun/2025:12:41:54 +0000] "GET /buy.php/shopdetail/3238571 HTTP/1.1" 200 - "-" "meta-externalagent/1.1 (+https://developers.facebook.com/docs/sharing/webmasters/crawler)"
57.141.2.1 - - [24/Jun/2025:12:41:54 +0000] "GET /shopdetail/3688172 HTTP/1.1" 200 - "-" "meta-externalagent/1.1 (+https://developers.facebook.com/docs/sharing/webmasters/crawler)"
20.171.207.123 - - [24/Jun/2025:12:41:54 +0000] "GET /shopdetail/3258901 HTTP/1.1" 200 - "-" "Mozilla/5.0 AppleWebKit/537.36 (KHTML, like Gecko; compatible; GPTBot/1.2; +https://openai.com/gptbot)"
66.249.68.130 - - [24/Jun/2025:12:41:53 +0000] "GET /shopdetail/2134080 HTTP/1.1" 200 145114 "-" "Mozilla/5.0 (Linux; Android 6.0.1; Nexus 5X Build/MMB29P) AppleWebKit/537.36 (KHTML, like Gecko) Chrome/137.0.7151.103 Mobile Safari/537.36 (compatible; GoogleOther)"
57.141.2.24 - - [24/Jun/2025:12:41:55 +0000] "GET /shopdetail/1387102 HTTP/1.1" 200 - "-" "meta-externalagent/1.1 (+https://developers.facebook.com/docs/sharing/webmasters/crawler)"
20.171.207.123 - - [24/Jun/2025:12:41:56 +0000] "GET /shopdetail/3140876 HTTP/1.1" 200 - "-" "Mozilla/5.0 AppleWebKit/537.36 (KHTML, like Gecko; compatible; GPTBot/1.2; +https://openai.com/gptbot)"
20.171.207.123 - - [24/Jun/2025:12:41:57 +0000] "GET /shopdetail/3649126 HTTP/1.1" 200 - "-" "Mozilla/5.0 AppleWebKit/537.36 (KHTML, like Gecko; compatible; GPTBot/1.2; +https://openai.com/gptbot)"
57.141.2.22 - - [24/Jun/2025:12:41:57 +0000] "GET /buy.php/shopdetail/3521687 HTTP/1.1" 200 - "-" "meta-externalagent/1.1 (+https://developers.facebook.com/docs/sharing/webmasters/crawler)"
66.249.68.131 - - [24/Jun/2025:12:41:57 +0000] "GET /index.php/cd.html/man/customer_guide/pcmypage?callback=product/review/89162235/pcmypage/pcmypage/product_archives/pcmypage/text/terms/pcmypage/pcmypage/pcmypage/pcmypage/man/customer_guide/pcmypage/pcmypage/pcmypage/events/ HTTP/1.1" 200 165167 "-" "Mozilla/5.0 (Linux; Android 6.0.1; Nexus 5X Build/MMB29P) AppleWebKit/537.36 (KHTML, like Gecko) Chrome/137.0.7151.103 Mobile Safari/537.36 (compatible; GoogleOther)"
20.171.207.123 - - [24/Jun/2025:12:41:58 +0000] "GET /shopdetail/2941756 HTTP/1.1" 200 - "-" "Mozilla/5.0 AppleWebKit/537.36 (KHTML, like Gecko; compatible; GPTBot/1.2; +https://openai.com/gptbot)"
57.141.2.5 - - [24/Jun/2025:12:41:59 +0000] "GET /buy.php/shopdetail/1866050 HTTP/1.1" 200 - "-" "meta-externalagent/1.1 (+https://developers.facebook.com/docs/sharing/webmasters/crawler)"
20.171.207.123 - - [24/Jun/2025:12:42:00 +0000] "GET /shopdetail/2408497 HTTP/1.1" 200 - "-" "Mozilla/5.0 AppleWebKit/537.36 (KHTML, like Gecko; compatible; GPTBot/1.2; +https://openai.com/gptbot)"
57.141.2.29 - - [24/Jun/2025:12:42:00 +0000] "GET /buy.php/shopdetail/2486153 HTTP/1.1" 200 - "-" "meta-externalagent/1.1 (+https://developers.facebook.com/docs/sharing/webmasters/crawler)"
57.141.2.23 - - [24/Jun/2025:12:42:00 +0000] "GET /buy.php/shopdetail/3418939 HTTP/1.1" 200 - "-" "meta-externalagent/1.1 (+https://developers.facebook.com/docs/sharing/webmasters/crawler)"
20.171.207.123 - - [24/Jun/2025:12:42:01 +0000] "GET /shopdetail/1213094 HTTP/1.1" 200 - "-" "Mozilla/5.0 AppleWebKit/537.36 (KHTML, like Gecko; compatible; GPTBot/1.2; +https://openai.com/gptbot)"
57.141.2.11 - - [24/Jun/2025:12:42:01 +0000] "GET /shopdetail/3908683 HTTP/1.1" 200 - "-" "meta-externalagent/1.1 (+https://developers.facebook.com/docs/sharing/webmasters/crawler)"
20.171.207.123 - - [24/Jun/2025:12:42:01 +0000] "GET /shopdetail/1584827 HTTP/1.1" 200 - "-" "Mozilla/5.0 AppleWebKit/537.36 (KHTML, like Gecko; compatible; GPTBot/1.2; +https://openai.com/gptbot)"
57.141.2.26 - - [24/Jun/2025:12:42:02 +0000] "GET /shopdetail/2039375 HTTP/1.1" 200 - "-" "meta-externalagent/1.1 (+https://developers.facebook.com/docs/sharing/webmasters/crawler)"
57.141.2.14 - - [24/Jun/2025:12:42:02 +0000] "GET /shopdetail/1202231 HTTP/1.1" 200 - "-" "meta-externalagent/1.1 (+https://developers.facebook.com/docs/sharing/webmasters/crawler)"
20.171.207.123 - - [24/Jun/2025:12:42:02 +0000] "GET /shopdetail/3799145 HTTP/1.1" 200 - "-" "Mozilla/5.0 AppleWebKit/537.36 (KHTML, like Gecko; compatible; GPTBot/1.2; +https://openai.com/gptbot)"
20.171.207.123 - - [24/Jun/2025:12:42:03 +0000] "GET /shopdetail/0963265 HTTP/1.1" 200 - "-" "Mozilla/5.0 AppleWebKit/537.36 (KHTML, like Gecko; compatible; GPTBot/1.2; +https://openai.com/gptbot)"
66.249.68.131 - - [24/Jun/2025:12:42:02 +0000] "GET /shopdetail/3257567/pcmypage?callback=product%2Fdetail%2F26346268 HTTP/1.1" 200 150911 "-" "Mozilla/5.0 (Linux; Android 6.0.1; Nexus 5X Build/MMB29P) AppleWebKit/537.36 (KHTML, like Gecko) Chrome/137.0.7151.103 Mobile Safari/537.36 (compatible; GoogleOther)"
57.141.2.20 - - [24/Jun/2025:12:42:04 +0000] "GET /shopdetail/2040821 HTTP/1.1" 200 - "-" "meta-externalagent/1.1 (+https://developers.facebook.com/docs/sharing/webmasters/crawler)"
57.141.2.26 - - [24/Jun/2025:12:42:05 +0000] "GET /shopdetail/2328578 HTTP/1.1" 200 - "-" "meta-externalagent/1.1 (+https://developers.facebook.com/docs/sharing/webmasters/crawler)"
20.171.207.123 - - [24/Jun/2025:12:42:05 +0000] "GET /shopdetail/4230855 HTTP/1.1" 200 - "-" "Mozilla/5.0 AppleWebKit/537.36 (KHTML, like Gecko; compatible; GPTBot/1.2; +https://openai.com/gptbot)"
57.141.2.10 - - [24/Jun/2025:12:42:06 +0000] "GET /shopdetail/2057485 HTTP/1.1" 200 - "-" "meta-externalagent/1.1 (+https://developers.facebook.com/docs/sharing/webmasters/crawler)"
20.171.207.123 - - [24/Jun/2025:12:42:06 +0000] "GET /shopdetail/1928367 HTTP/1.1" 200 - "-" "Mozilla/5.0 AppleWebKit/537.36 (KHTML, like Gecko; compatible; GPTBot/1.2; +https://openai.com/gptbot)"
