20.171.207.123 - - [24/Jun/2025:13:17:08 +0000] "GET /shopdetail/4150349 HTTP/1.1" 200 - "-" "Mozilla/5.0 AppleWebKit/537.36 (KHTML, like Gecko; compatible; GPTBot/1.2; +https://openai.com/gptbot)"
66.249.68.131 - - [24/Jun/2025:13:17:08 +0000] "GET /index.php/cd.html/man/customer_guide/pcmypage?callback=product/detail/89162235/toiawase/events/events/pcmypage?callback=product/review/66498547/recruit/product_archives/pcmypage/text/terms/pcmypage/text/terms/pcmypage/product_archives/feature/campaign/index.html HTTP/1.1" 200 166869 "-" "Mozilla/5.0 (Linux; Android 6.0.1; Nexus 5X Build/MMB29P) AppleWebKit/537.36 (KHTML, like Gecko) Chrome/137.0.7151.103 Mobile Safari/537.36 (compatible; GoogleOther)"
216.73.216.153 - - [24/Jun/2025:13:17:08 +0000] "GET /sitemap-4.xml HTTP/1.1" 200 372610 "-" "Mozilla/5.0 AppleWebKit/537.36 (KHTML, like Gecko; compatible; ClaudeBot/1.0; +claudebot@anthropic.com)"
20.171.207.123 - - [24/Jun/2025:13:17:09 +0000] "GET /shopdetail/4192609 HTTP/1.1" 200 - "-" "Mozilla/5.0 AppleWebKit/537.36 (KHTML, like Gecko; compatible; GPTBot/1.2; +https://openai.com/gptbot)"
20.171.207.123 - - [24/Jun/2025:13:17:11 +0000] "GET /shopdetail/1795831 HTTP/1.1" 200 - "-" "Mozilla/5.0 AppleWebKit/537.36 (KHTML, like Gecko; compatible; GPTBot/1.2; +https://openai.com/gptbot)"
20.171.207.123 - - [24/Jun/2025:13:17:12 +0000] "GET /shopdetail/3578564 HTTP/1.1" 200 - "-" "Mozilla/5.0 AppleWebKit/537.36 (KHTML, like Gecko; compatible; GPTBot/1.2; +https://openai.com/gptbot)"
66.249.68.131 - - [24/Jun/2025:13:17:11 +0000] "GET /shopdetail/2750499 HTTP/1.1" 200 144550 "-" "Mozilla/5.0 (Linux; Android 6.0.1; Nexus 5X Build/MMB29P) AppleWebKit/537.36 (KHTML, like Gecko) Chrome/137.0.7151.103 Mobile Safari/537.36 (compatible; GoogleOther)"
20.171.207.123 - - [24/Jun/2025:13:17:13 +0000] "GET /shopdetail/2975637 HTTP/1.1" 200 - "-" "Mozilla/5.0 AppleWebKit/537.36 (KHTML, like Gecko; compatible; GPTBot/1.2; +https://openai.com/gptbot)"
20.171.207.123 - - [24/Jun/2025:13:17:14 +0000] "GET /shopdetail/3029453 HTTP/1.1" 200 - "-" "Mozilla/5.0 AppleWebKit/537.36 (KHTML, like Gecko; compatible; GPTBot/1.2; +https://openai.com/gptbot)"
66.249.68.131 - - [24/Jun/2025:13:17:14 +0000] "GET /index.php/cd.html/man/customer_guide/pcmypage?callback=product/review/89162235/pcmypage/pcmypage/product_archives/pcmypage/text/terms/pcmypage/pcmypage/pcmypage/pcmypage/toiawase/text/terms/toiawase/pcmypage/kaitori/kantan.html HTTP/1.1" 200 165913 "-" "Mozilla/5.0 (Linux; Android 6.0.1; Nexus 5X Build/MMB29P) AppleWebKit/537.36 (KHTML, like Gecko) Chrome/137.0.7151.103 Mobile Safari/537.36 (compatible; GoogleOther)"
20.171.207.123 - - [24/Jun/2025:13:17:16 +0000] "GET /shopdetail/1626907 HTTP/1.1" 200 - "-" "Mozilla/5.0 AppleWebKit/537.36 (KHTML, like Gecko; compatible; GPTBot/1.2; +https://openai.com/gptbot)"
20.171.207.123 - - [24/Jun/2025:13:17:17 +0000] "GET /shopdetail/2857269 HTTP/1.1" 200 - "-" "Mozilla/5.0 AppleWebKit/537.36 (KHTML, like Gecko; compatible; GPTBot/1.2; +https://openai.com/gptbot)"
20.171.207.123 - - [24/Jun/2025:13:17:18 +0000] "GET /shopdetail/1374681 HTTP/1.1" 200 - "-" "Mozilla/5.0 AppleWebKit/537.36 (KHTML, like Gecko; compatible; GPTBot/1.2; +https://openai.com/gptbot)"
66.249.68.131 - - [24/Jun/2025:13:17:17 +0000] "GET /index.php/cd.html/man/customer_guide/pcmypage?callback=product/detail/89162235/toiawase/events/events/pcmypage?callback=product/review/66498547/recruit/product_archives/pcmypage/text/terms/pcmypage/text/terms/pcmypage/product_archives/toreka/toreka_single.html HTTP/1.1" 200 158074 "-" "Mozilla/5.0 (Linux; Android 6.0.1; Nexus 5X Build/MMB29P) AppleWebKit/537.36 (KHTML, like Gecko) Chrome/137.0.7151.103 Mobile Safari/537.36 (compatible; GoogleOther)"
57.141.2.14 - - [24/Jun/2025:13:17:18 +0000] "GET /shopdetail/2394149 HTTP/1.1" 200 - "-" "meta-externalagent/1.1 (+https://developers.facebook.com/docs/sharing/webmasters/crawler)"
57.141.2.7 - - [24/Jun/2025:13:17:19 +0000] "GET /buy.php/shopdetail/2781172 HTTP/1.1" 200 - "-" "meta-externalagent/1.1 (+https://developers.facebook.com/docs/sharing/webmasters/crawler)"
20.171.207.123 - - [24/Jun/2025:13:17:19 +0000] "GET /shopdetail/2930885 HTTP/1.1" 200 - "-" "Mozilla/5.0 AppleWebKit/537.36 (KHTML, like Gecko; compatible; GPTBot/1.2; +https://openai.com/gptbot)"
57.141.2.21 - - [24/Jun/2025:13:17:20 +0000] "GET /buy.php/shopdetail/4075767 HTTP/1.1" 200 - "-" "meta-externalagent/1.1 (+https://developers.facebook.com/docs/sharing/webmasters/crawler)"
57.141.2.11 - - [24/Jun/2025:13:17:20 +0000] "GET /buy.php/shopdetail/3520254 HTTP/1.1" 200 - "-" "meta-externalagent/1.1 (+https://developers.facebook.com/docs/sharing/webmasters/crawler)"
20.171.207.123 - - [24/Jun/2025:13:17:20 +0000] "GET /shopdetail/2011973 HTTP/1.1" 200 - "-" "Mozilla/5.0 AppleWebKit/537.36 (KHTML, like Gecko; compatible; GPTBot/1.2; +https://openai.com/gptbot)"
20.171.207.123 - - [24/Jun/2025:13:17:21 +0000] "GET /shopdetail/3724571 HTTP/1.1" 200 - "-" "Mozilla/5.0 AppleWebKit/537.36 (KHTML, like Gecko; compatible; GPTBot/1.2; +https://openai.com/gptbot)"
57.141.2.8 - - [24/Jun/2025:13:17:21 +0000] "GET /shopdetail/1118970 HTTP/1.1" 200 - "-" "meta-externalagent/1.1 (+https://developers.facebook.com/docs/sharing/webmasters/crawler)"
66.249.68.130 - - [24/Jun/2025:13:17:20 +0000] "GET /shopdetail/3274376/feature/shoplist/index.html HTTP/1.1" 200 146017 "-" "Mozilla/5.0 (Linux; Android 6.0.1; Nexus 5X Build/MMB29P) AppleWebKit/537.36 (KHTML, like Gecko) Chrome/137.0.7151.103 Mobile Safari/537.36 (compatible; GoogleOther)"
20.171.207.123 - - [24/Jun/2025:13:17:23 +0000] "GET /shopdetail/3672903 HTTP/1.1" 200 - "-" "Mozilla/5.0 AppleWebKit/537.36 (KHTML, like Gecko; compatible; GPTBot/1.2; +https://openai.com/gptbot)"
57.141.2.8 - - [24/Jun/2025:13:17:24 +0000] "GET /buy.php/shopdetail/1824698 HTTP/1.1" 200 - "-" "meta-externalagent/1.1 (+https://developers.facebook.com/docs/sharing/webmasters/crawler)"
20.171.207.123 - - [24/Jun/2025:13:17:24 +0000] "GET /shopdetail/0716586 HTTP/1.1" 200 - "-" "Mozilla/5.0 AppleWebKit/537.36 (KHTML, like Gecko; compatible; GPTBot/1.2; +https://openai.com/gptbot)"
57.141.2.3 - - [24/Jun/2025:13:17:25 +0000] "GET /shopdetail/3026916 HTTP/1.1" 200 - "-" "meta-externalagent/1.1 (+https://developers.facebook.com/docs/sharing/webmasters/crawler)"
57.141.2.6 - - [24/Jun/2025:13:17:25 +0000] "GET /shopdetail/3786162 HTTP/1.1" 200 - "-" "meta-externalagent/1.1 (+https://developers.facebook.com/docs/sharing/webmasters/crawler)"
20.171.207.123 - - [24/Jun/2025:13:17:25 +0000] "GET /shopdetail/1598438 HTTP/1.1" 200 - "-" "Mozilla/5.0 AppleWebKit/537.36 (KHTML, like Gecko; compatible; GPTBot/1.2; +https://openai.com/gptbot)"
57.141.2.23 - - [24/Jun/2025:13:17:26 +0000] "GET /shopdetail/0920716 HTTP/1.1" 200 - "-" "meta-externalagent/1.1 (+https://developers.facebook.com/docs/sharing/webmasters/crawler)"
57.141.2.13 - - [24/Jun/2025:13:17:26 +0000] "GET /shopdetail/1458580 HTTP/1.1" 200 - "-" "meta-externalagent/1.1 (+https://developers.facebook.com/docs/sharing/webmasters/crawler)"
20.171.207.123 - - [24/Jun/2025:13:17:27 +0000] "GET /shopdetail/2540185 HTTP/1.1" 200 - "-" "Mozilla/5.0 AppleWebKit/537.36 (KHTML, like Gecko; compatible; GPTBot/1.2; +https://openai.com/gptbot)"
57.141.2.29 - - [24/Jun/2025:13:17:27 +0000] "GET /shopdetail/2524134 HTTP/1.1" 200 - "-" "meta-externalagent/1.1 (+https://developers.facebook.com/docs/sharing/webmasters/crawler)"
57.141.2.2 - - [24/Jun/2025:13:17:27 +0000] "GET /buy.php/shopdetail/3968638 HTTP/1.1" 200 - "-" "meta-externalagent/1.1 (+https://developers.facebook.com/docs/sharing/webmasters/crawler)"
57.141.2.20 - - [24/Jun/2025:13:17:28 +0000] "GET /buy.php/shopdetail/3532276 HTTP/1.1" 200 - "-" "meta-externalagent/1.1 (+https://developers.facebook.com/docs/sharing/webmasters/crawler)"
20.171.207.123 - - [24/Jun/2025:13:17:28 +0000] "GET /shopdetail/1351480 HTTP/1.1" 200 - "-" "Mozilla/5.0 AppleWebKit/537.36 (KHTML, like Gecko; compatible; GPTBot/1.2; +https://openai.com/gptbot)"
66.249.68.131 - - [24/Jun/2025:13:17:26 +0000] "GET /index.php/cd.html/man/customer_guide/pcmypage?callback=product/detail/89162235/toiawase/events/events/pcmypage?callback=product/review/66498547/recruit/product_archives/pcmypage/text/terms/pcmypage/text/terms/pcmypage/product/edit/30660383/kaitori/kaitoritop.html HTTP/1.1" 200 165946 "-" "Mozilla/5.0 (Linux; Android 6.0.1; Nexus 5X Build/MMB29P) AppleWebKit/537.36 (KHTML, like Gecko) Chrome/137.0.7151.103 Mobile Safari/537.36 (compatible; GoogleOther)"
57.141.2.18 - - [24/Jun/2025:13:17:29 +0000] "GET /shopdetail/2067234 HTTP/1.1" 200 - "-" "meta-externalagent/1.1 (+https://developers.facebook.com/docs/sharing/webmasters/crawler)"
20.171.207.123 - - [24/Jun/2025:13:17:29 +0000] "GET /shopdetail/0758991 HTTP/1.1" 200 - "-" "Mozilla/5.0 AppleWebKit/537.36 (KHTML, like Gecko; compatible; GPTBot/1.2; +https://openai.com/gptbot)"
57.141.2.24 - - [24/Jun/2025:13:17:29 +0000] "GET /buy.php/shopdetail/4555454 HTTP/1.1" 200 - "-" "meta-externalagent/1.1 (+https://developers.facebook.com/docs/sharing/webmasters/crawler)"
57.141.2.5 - - [24/Jun/2025:13:17:29 +0000] "GET /shopdetail/2940013 HTTP/1.1" 200 - "-" "meta-externalagent/1.1 (+https://developers.facebook.com/docs/sharing/webmasters/crawler)"
20.171.207.123 - - [24/Jun/2025:13:17:30 +0000] "GET /shopdetail/2011396 HTTP/1.1" 200 - "-" "Mozilla/5.0 AppleWebKit/537.36 (KHTML, like Gecko; compatible; GPTBot/1.2; +https://openai.com/gptbot)"
57.141.2.18 - - [24/Jun/2025:13:17:30 +0000] "GET /shopdetail/2371136 HTTP/1.1" 200 - "-" "meta-externalagent/1.1 (+https://developers.facebook.com/docs/sharing/webmasters/crawler)"
66.249.68.130 - - [24/Jun/2025:13:17:29 +0000] "GET /shopdetail/752916264/recruit HTTP/1.1" 200 147477 "-" "Mozilla/5.0 (Linux; Android 6.0.1; Nexus 5X Build/MMB29P) AppleWebKit/537.36 (KHTML, like Gecko) Chrome/137.0.7151.103 Mobile Safari/537.36 (compatible; GoogleOther)"
20.171.207.123 - - [24/Jun/2025:13:17:31 +0000] "GET /shopdetail/4312751 HTTP/1.1" 200 - "-" "Mozilla/5.0 AppleWebKit/537.36 (KHTML, like Gecko; compatible; GPTBot/1.2; +https://openai.com/gptbot)"
57.141.2.27 - - [24/Jun/2025:13:17:31 +0000] "GET /shopdetail/4323575 HTTP/1.1" 200 - "-" "meta-externalagent/1.1 (+https://developers.facebook.com/docs/sharing/webmasters/crawler)"
57.141.2.22 - - [24/Jun/2025:13:17:32 +0000] "GET /buy.php/shopdetail/1677213 HTTP/1.1" 200 - "-" "meta-externalagent/1.1 (+https://developers.facebook.com/docs/sharing/webmasters/crawler)"
20.171.207.123 - - [24/Jun/2025:13:17:32 +0000] "GET /shopdetail/2975080 HTTP/1.1" 200 - "-" "Mozilla/5.0 AppleWebKit/537.36 (KHTML, like Gecko; compatible; GPTBot/1.2; +https://openai.com/gptbot)"
57.141.2.17 - - [24/Jun/2025:13:17:32 +0000] "GET /buy.php/shopdetail/2218094 HTTP/1.1" 200 - "-" "meta-externalagent/1.1 (+https://developers.facebook.com/docs/sharing/webmasters/crawler)"
20.171.207.123 - - [24/Jun/2025:13:17:33 +0000] "GET /shopdetail/2049145 HTTP/1.1" 200 - "-" "Mozilla/5.0 AppleWebKit/537.36 (KHTML, like Gecko; compatible; GPTBot/1.2; +https://openai.com/gptbot)"
66.249.68.131 - - [24/Jun/2025:13:17:32 +0000] "GET /index.php/cd.html/man/customer_guide/pcmypage?callback=product/detail/89162235/toiawase/events/events/pcmypage?callback=product/review/66498547/recruit/product_archives/pcmypage/text/terms/pcmypage/text/terms/pcmypage/man/customer_guide/feature/campaign/index.html HTTP/1.1" 200 165238 "-" "Mozilla/5.0 (Linux; Android 6.0.1; Nexus 5X Build/MMB29P) AppleWebKit/537.36 (KHTML, like Gecko) Chrome/137.0.7151.103 Mobile Safari/537.36 (compatible; GoogleOther)"
20.171.207.123 - - [24/Jun/2025:13:17:34 +0000] "GET /shopdetail/2868045 HTTP/1.1" 200 - "-" "Mozilla/5.0 AppleWebKit/537.36 (KHTML, like Gecko; compatible; GPTBot/1.2; +https://openai.com/gptbot)"
20.171.207.123 - - [24/Jun/2025:13:17:35 +0000] "GET /shopdetail/0716586 HTTP/1.1" 200 - "-" "Mozilla/5.0 AppleWebKit/537.36 (KHTML, like Gecko; compatible; GPTBot/1.2; +https://openai.com/gptbot)"
66.249.68.131 - - [24/Jun/2025:13:17:35 +0000] "GET /index.php/cd.html/man/customer_guide/pcmypage?callback=product/detail/89162235/toiawase/events/recruit/pcmypage?callback=product/review/67969692/man/customer_guide/product/edit/15174910/product_archives/product_archives/recruit/toiawase/recruit/pcmypage/man/customer_guide/feature/honten/index.html HTTP/1.1" 200 170403 "-" "Mozilla/5.0 (Linux; Android 6.0.1; Nexus 5X Build/MMB29P) AppleWebKit/537.36 (KHTML, like Gecko) Chrome/137.0.7151.103 Mobile Safari/537.36 (compatible; GoogleOther)"
20.171.207.123 - - [24/Jun/2025:13:17:37 +0000] "GET /shopdetail/0817192 HTTP/1.1" 200 - "-" "Mozilla/5.0 AppleWebKit/537.36 (KHTML, like Gecko; compatible; GPTBot/1.2; +https://openai.com/gptbot)"
57.141.2.17 - - [24/Jun/2025:13:17:38 +0000] "GET /buy.php/shopdetail/2698837 HTTP/1.1" 200 - "-" "meta-externalagent/1.1 (+https://developers.facebook.com/docs/sharing/webmasters/crawler)"
20.171.207.123 - - [24/Jun/2025:13:17:38 +0000] "GET /shopdetail/2085116 HTTP/1.1" 200 - "-" "Mozilla/5.0 AppleWebKit/537.36 (KHTML, like Gecko; compatible; GPTBot/1.2; +https://openai.com/gptbot)"
57.141.2.24 - - [24/Jun/2025:13:17:39 +0000] "GET /buy.php/shopdetail/1471198 HTTP/1.1" 200 - "-" "meta-externalagent/1.1 (+https://developers.facebook.com/docs/sharing/webmasters/crawler)"
20.171.207.123 - - [24/Jun/2025:13:17:39 +0000] "GET /shopdetail/2718639 HTTP/1.1" 200 - "-" "Mozilla/5.0 AppleWebKit/537.36 (KHTML, like Gecko; compatible; GPTBot/1.2; +https://openai.com/gptbot)"
66.249.68.131 - - [24/Jun/2025:13:17:38 +0000] "GET /index.php/cd.html/man/customer_guide/pcmypage?callback=product/detail/89162235/toiawase/events/events/pcmypage?callback=product/review/66498547/recruit/product_archives/pcmypage/text/terms/pcmypage/text/terms/pcmypage/product/edit/30660383/feature/shoplist/index.html HTTP/1.1" 200 166392 "-" "Mozilla/5.0 (Linux; Android 6.0.1; Nexus 5X Build/MMB29P) AppleWebKit/537.36 (KHTML, like Gecko) Chrome/137.0.7151.103 Mobile Safari/537.36 (compatible; GoogleOther)"
57.141.2.21 - - [24/Jun/2025:13:17:40 +0000] "GET /buy.php/shopdetail/1922844 HTTP/1.1" 200 - "-" "meta-externalagent/1.1 (+https://developers.facebook.com/docs/sharing/webmasters/crawler)"
57.141.2.10 - - [24/Jun/2025:13:17:40 +0000] "GET /buy.php/shopdetail/4133221 HTTP/1.1" 200 - "-" "meta-externalagent/1.1 (+https://developers.facebook.com/docs/sharing/webmasters/crawler)"
20.171.207.123 - - [24/Jun/2025:13:17:40 +0000] "GET /shopdetail/3894105 HTTP/1.1" 200 - "-" "Mozilla/5.0 AppleWebKit/537.36 (KHTML, like Gecko; compatible; GPTBot/1.2; +https://openai.com/gptbot)"
57.141.2.12 - - [24/Jun/2025:13:17:41 +0000] "GET /shopdetail/3935948 HTTP/1.1" 200 - "-" "meta-externalagent/1.1 (+https://developers.facebook.com/docs/sharing/webmasters/crawler)"
57.141.2.7 - - [24/Jun/2025:13:17:42 +0000] "GET /shopdetail/3221303 HTTP/1.1" 200 - "-" "meta-externalagent/1.1 (+https://developers.facebook.com/docs/sharing/webmasters/crawler)"
20.171.207.123 - - [24/Jun/2025:13:17:42 +0000] "GET /shopdetail/0981647 HTTP/1.1" 200 - "-" "Mozilla/5.0 AppleWebKit/537.36 (KHTML, like Gecko; compatible; GPTBot/1.2; +https://openai.com/gptbot)"
66.249.68.131 - - [24/Jun/2025:13:17:41 +0000] "GET /index.php/cd.html/man/customer_guide/pcmypage?callback=product/detail/89162235/toiawase/events/events/pcmypage?callback=product/review/66498547/recruit/product_archives/pcmypage/text/terms/pcmypage/text/terms/pcmypage/product/edit/30660383/avsoft.html HTTP/1.1" 200 164407 "-" "Mozilla/5.0 (Linux; Android 6.0.1; Nexus 5X Build/MMB29P) AppleWebKit/537.36 (KHTML, like Gecko) Chrome/137.0.7151.103 Mobile Safari/537.36 (compatible; GoogleOther)"
20.171.207.123 - - [24/Jun/2025:13:17:43 +0000] "GET /shopdetail/3552674 HTTP/1.1" 200 - "-" "Mozilla/5.0 AppleWebKit/537.36 (KHTML, like Gecko; compatible; GPTBot/1.2; +https://openai.com/gptbot)"
57.141.2.24 - - [24/Jun/2025:13:17:43 +0000] "GET /shopdetail/2951898 HTTP/1.1" 200 - "-" "meta-externalagent/1.1 (+https://developers.facebook.com/docs/sharing/webmasters/crawler)"
20.171.207.123 - - [24/Jun/2025:13:17:44 +0000] "GET /shopdetail/3618235 HTTP/1.1" 200 - "-" "Mozilla/5.0 AppleWebKit/537.36 (KHTML, like Gecko; compatible; GPTBot/1.2; +https://openai.com/gptbot)"
57.141.2.28 - - [24/Jun/2025:13:17:44 +0000] "GET /buy.php/shopdetail/3794658 HTTP/1.1" 200 - "-" "meta-externalagent/1.1 (+https://developers.facebook.com/docs/sharing/webmasters/crawler)"
57.141.2.9 - - [24/Jun/2025:13:17:44 +0000] "GET /shopdetail/4479574 HTTP/1.1" 200 - "-" "meta-externalagent/1.1 (+https://developers.facebook.com/docs/sharing/webmasters/crawler)"
20.171.207.123 - - [24/Jun/2025:13:17:45 +0000] "GET /shopdetail/1926568 HTTP/1.1" 200 - "-" "Mozilla/5.0 AppleWebKit/537.36 (KHTML, like Gecko; compatible; GPTBot/1.2; +https://openai.com/gptbot)"
20.171.207.123 - - [24/Jun/2025:13:17:46 +0000] "GET /shopdetail/1195062 HTTP/1.1" 200 - "-" "Mozilla/5.0 AppleWebKit/537.36 (KHTML, like Gecko; compatible; GPTBot/1.2; +https://openai.com/gptbot)"
66.249.68.130 - - [24/Jun/2025:13:17:44 +0000] "GET /shopdetail/3274376/hobby/boardgame/index.html/dozin.html HTTP/1.1" 200 147741 "-" "Mozilla/5.0 (Linux; Android 6.0.1; Nexus 5X Build/MMB29P) AppleWebKit/537.36 (KHTML, like Gecko) Chrome/137.0.7151.103 Mobile Safari/537.36 (compatible; GoogleOther)"
20.171.207.123 - - [24/Jun/2025:13:17:47 +0000] "GET /shopdetail/2868045 HTTP/1.1" 200 - "-" "Mozilla/5.0 AppleWebKit/537.36 (KHTML, like Gecko; compatible; GPTBot/1.2; +https://openai.com/gptbot)"
20.171.207.123 - - [24/Jun/2025:13:17:48 +0000] "GET /shopdetail/4305736 HTTP/1.1" 200 - "-" "Mozilla/5.0 AppleWebKit/537.36 (KHTML, like Gecko; compatible; GPTBot/1.2; +https://openai.com/gptbot)"
57.141.2.18 - - [24/Jun/2025:13:17:49 +0000] "GET /shopdetail/2868944 HTTP/1.1" 200 - "-" "meta-externalagent/1.1 (+https://developers.facebook.com/docs/sharing/webmasters/crawler)"
57.141.2.21 - - [24/Jun/2025:13:17:49 +0000] "GET /buy.php/shopdetail/2268286 HTTP/1.1" 200 - "-" "meta-externalagent/1.1 (+https://developers.facebook.com/docs/sharing/webmasters/crawler)"
20.171.207.123 - - [24/Jun/2025:13:17:49 +0000] "GET /shopdetail/1631408 HTTP/1.1" 200 - "-" "Mozilla/5.0 AppleWebKit/537.36 (KHTML, like Gecko; compatible; GPTBot/1.2; +https://openai.com/gptbot)"
66.249.68.132 - - [24/Jun/2025:13:17:47 +0000] "GET /index.php/cd.html/man/customer_guide/pcmypage?callback=product/review/89162235/pcmypage/pcmypage/product_archives/pcmypage/text/terms/pcmypage/pcmypage/pcmypage/pcmypage/toiawase/text/terms/toiawase/pcmypage/feature/shoplist-friendly/index.html HTTP/1.1" 200 165022 "-" "Mozilla/5.0 (Linux; Android 6.0.1; Nexus 5X Build/MMB29P) AppleWebKit/537.36 (KHTML, like Gecko) Chrome/137.0.7151.103 Mobile Safari/537.36 (compatible; GoogleOther)"
20.171.207.123 - - [24/Jun/2025:13:17:50 +0000] "GET /shopdetail/2085116 HTTP/1.1" 200 - "-" "Mozilla/5.0 AppleWebKit/537.36 (KHTML, like Gecko; compatible; GPTBot/1.2; +https://openai.com/gptbot)"
20.171.207.123 - - [24/Jun/2025:13:17:51 +0000] "GET /shopdetail/1874591 HTTP/1.1" 200 - "-" "Mozilla/5.0 AppleWebKit/537.36 (KHTML, like Gecko; compatible; GPTBot/1.2; +https://openai.com/gptbot)"
66.249.68.131 - - [24/Jun/2025:13:17:51 +0000] "GET /index.php/cd.html/man/customer_guide/pcmypage?callback=product/detail/89162235/toiawase/events/events/pcmypage?callback=product/review/66498547/recruit/product_archives/pcmypage/text/terms/pcmypage/text/terms/pcmypage/product/edit/30660383/hobby.html HTTP/1.1" 200 166549 "-" "Mozilla/5.0 (Linux; Android 6.0.1; Nexus 5X Build/MMB29P) AppleWebKit/537.36 (KHTML, like Gecko) Chrome/137.0.7151.103 Mobile Safari/537.36 (compatible; GoogleOther)"
20.171.207.123 - - [24/Jun/2025:13:17:52 +0000] "GET /shopdetail/0971986 HTTP/1.1" 200 - "-" "Mozilla/5.0 AppleWebKit/537.36 (KHTML, like Gecko; compatible; GPTBot/1.2; +https://openai.com/gptbot)"
20.171.207.123 - - [24/Jun/2025:13:17:54 +0000] "GET /shopdetail/1608234 HTTP/1.1" 200 - "-" "Mozilla/5.0 AppleWebKit/537.36 (KHTML, like Gecko; compatible; GPTBot/1.2; +https://openai.com/gptbot)"
20.171.207.123 - - [24/Jun/2025:13:17:55 +0000] "GET /shopdetail/1406027 HTTP/1.1" 200 - "-" "Mozilla/5.0 AppleWebKit/537.36 (KHTML, like Gecko; compatible; GPTBot/1.2; +https://openai.com/gptbot)"
66.249.68.130 - - [24/Jun/2025:13:17:54 +0000] "GET /shopdetail/2835375/hobby/boardgame/index.html HTTP/1.1" 200 147268 "-" "Mozilla/5.0 (Linux; Android 6.0.1; Nexus 5X Build/MMB29P) AppleWebKit/537.36 (KHTML, like Gecko) Chrome/137.0.7151.103 Mobile Safari/537.36 (compatible; GoogleOther)"
57.141.2.4 - - [24/Jun/2025:13:17:56 +0000] "GET /shopdetail/0922406 HTTP/1.1" 200 - "-" "meta-externalagent/1.1 (+https://developers.facebook.com/docs/sharing/webmasters/crawler)"
57.141.2.6 - - [24/Jun/2025:13:17:56 +0000] "GET /buy.php/shopdetail/4158646 HTTP/1.1" 200 - "-" "meta-externalagent/1.1 (+https://developers.facebook.com/docs/sharing/webmasters/crawler)"
20.171.207.123 - - [24/Jun/2025:13:17:56 +0000] "GET /shopdetail/4272065 HTTP/1.1" 200 - "-" "Mozilla/5.0 AppleWebKit/537.36 (KHTML, like Gecko; compatible; GPTBot/1.2; +https://openai.com/gptbot)"
57.141.2.17 - - [24/Jun/2025:13:17:57 +0000] "GET /buy.php/shopdetail/1277505 HTTP/1.1" 200 - "-" "meta-externalagent/1.1 (+https://developers.facebook.com/docs/sharing/webmasters/crawler)"
57.141.2.14 - - [24/Jun/2025:13:17:57 +0000] "GET /shopdetail/1328700 HTTP/1.1" 200 - "-" "meta-externalagent/1.1 (+https://developers.facebook.com/docs/sharing/webmasters/crawler)"
20.171.207.123 - - [24/Jun/2025:13:17:57 +0000] "GET /shopdetail/1602570 HTTP/1.1" 200 - "-" "Mozilla/5.0 AppleWebKit/537.36 (KHTML, like Gecko; compatible; GPTBot/1.2; +https://openai.com/gptbot)"
57.141.2.26 - - [24/Jun/2025:13:17:57 +0000] "GET /shopdetail/1262939 HTTP/1.1" 200 - "-" "meta-externalagent/1.1 (+https://developers.facebook.com/docs/sharing/webmasters/crawler)"
66.249.68.131 - - [24/Jun/2025:13:17:56 +0000] "GET /index.php/cd.html/man/customer_guide/pcmypage?callback=product/detail/89162235/toiawase/events/events/pcmypage?callback=product/review/66498547/recruit/product_archives/pcmypage/text/terms/pcmypage/text/terms/pcmypage/product_archives/product/edit/10730887 HTTP/1.1" 200 158858 "-" "Mozilla/5.0 (Linux; Android 6.0.1; Nexus 5X Build/MMB29P) AppleWebKit/537.36 (KHTML, like Gecko) Chrome/137.0.7151.103 Mobile Safari/537.36 (compatible; GoogleOther)"
57.141.2.14 - - [24/Jun/2025:13:17:58 +0000] "GET /buy.php/shopdetail/3285392 HTTP/1.1" 200 - "-" "meta-externalagent/1.1 (+https://developers.facebook.com/docs/sharing/webmasters/crawler)"
57.141.2.7 - - [24/Jun/2025:13:17:58 +0000] "GET /shopdetail/0746489 HTTP/1.1" 200 - "-" "meta-externalagent/1.1 (+https://developers.facebook.com/docs/sharing/webmasters/crawler)"
20.171.207.123 - - [24/Jun/2025:13:17:58 +0000] "GET /shopdetail/3387526 HTTP/1.1" 200 - "-" "Mozilla/5.0 AppleWebKit/537.36 (KHTML, like Gecko; compatible; GPTBot/1.2; +https://openai.com/gptbot)"
57.141.2.18 - - [24/Jun/2025:13:17:59 +0000] "GET /buy.php/shopdetail/2111043 HTTP/1.1" 200 - "-" "meta-externalagent/1.1 (+https://developers.facebook.com/docs/sharing/webmasters/crawler)"
20.171.207.123 - - [24/Jun/2025:13:17:59 +0000] "GET /shopdetail/4592098 HTTP/1.1" 200 - "-" "Mozilla/5.0 AppleWebKit/537.36 (KHTML, like Gecko; compatible; GPTBot/1.2; +https://openai.com/gptbot)"
20.171.207.123 - - [24/Jun/2025:13:18:00 +0000] "GET /shopdetail/2490539 HTTP/1.1" 200 - "-" "Mozilla/5.0 AppleWebKit/537.36 (KHTML, like Gecko; compatible; GPTBot/1.2; +https://openai.com/gptbot)"
66.249.68.132 - - [24/Jun/2025:13:18:00 +0000] "GET /index.php/cd.html/man/customer_guide/pcmypage?callback=product/detail/89162235/toiawase/events/events/pcmypage?callback=product/review/66498547/recruit/product_archives/pcmypage/text/terms/pcmypage/text/terms/pcmypage/events/recruit HTTP/1.1" 200 165368 "-" "Mozilla/5.0 (Linux; Android 6.0.1; Nexus 5X Build/MMB29P) AppleWebKit/537.36 (KHTML, like Gecko) Chrome/137.0.7151.103 Mobile Safari/537.36 (compatible; GoogleOther)"
20.171.207.123 - - [24/Jun/2025:13:18:02 +0000] "GET /shopdetail/1680563 HTTP/1.1" 200 - "-" "Mozilla/5.0 AppleWebKit/537.36 (KHTML, like Gecko; compatible; GPTBot/1.2; +https://openai.com/gptbot)"
20.171.207.123 - - [24/Jun/2025:13:18:03 +0000] "GET /shopdetail/4560748 HTTP/1.1" 200 - "-" "Mozilla/5.0 AppleWebKit/537.36 (KHTML, like Gecko; compatible; GPTBot/1.2; +https://openai.com/gptbot)"
66.249.68.131 - - [24/Jun/2025:13:18:03 +0000] "GET /index.php/cd.html/man/customer_guide/pcmypage?callback=product/detail/89162235/toiawase/events/recruit/pcmypage?callback=product/review/67969692/man/customer_guide/product/edit/15174910/product_archives/product_archives/recruit/toiawase/recruit/pcmypage/toiawase/feature/campaign/index.html HTTP/1.1" 200 169199 "-" "Mozilla/5.0 (Linux; Android 6.0.1; Nexus 5X Build/MMB29P) AppleWebKit/537.36 (KHTML, like Gecko) Chrome/137.0.7151.103 Mobile Safari/537.36 (compatible; GoogleOther)"
20.171.207.123 - - [24/Jun/2025:13:18:05 +0000] "GET /shopdetail/2641582 HTTP/1.1" 200 - "-" "Mozilla/5.0 AppleWebKit/537.36 (KHTML, like Gecko; compatible; GPTBot/1.2; +https://openai.com/gptbot)"
20.171.207.123 - - [24/Jun/2025:13:18:06 +0000] "GET /shopdetail/2867394 HTTP/1.1" 200 - "-" "Mozilla/5.0 AppleWebKit/537.36 (KHTML, like Gecko; compatible; GPTBot/1.2; +https://openai.com/gptbot)"
66.249.68.131 - - [24/Jun/2025:13:18:06 +0000] "GET /index.php/cd.html/man/customer_guide/pcmypage?callback=product/review/89162235/pcmypage/pcmypage/product_archives/pcmypage/text/terms/pcmypage/pcmypage/pcmypage/pcmypage/toiawase/text/terms/toiawase/pcmypage/feature/shoplist/index.html HTTP/1.1" 200 164769 "-" "Mozilla/5.0 (Linux; Android 6.0.1; Nexus 5X Build/MMB29P) AppleWebKit/537.36 (KHTML, like Gecko) Chrome/137.0.7151.103 Mobile Safari/537.36 (compatible; GoogleOther)"
57.141.2.18 - - [24/Jun/2025:13:18:08 +0000] "GET /buy.php/shopdetail/3538535 HTTP/1.1" 200 - "-" "meta-externalagent/1.1 (+https://developers.facebook.com/docs/sharing/webmasters/crawler)"
20.171.207.123 - - [24/Jun/2025:13:18:08 +0000] "GET /shopdetail/2610970 HTTP/1.1" 200 - "-" "Mozilla/5.0 AppleWebKit/537.36 (KHTML, like Gecko; compatible; GPTBot/1.2; +https://openai.com/gptbot)"
57.141.2.13 - - [24/Jun/2025:13:18:08 +0000] "GET /buy.php/shopdetail/2727847 HTTP/1.1" 200 - "-" "meta-externalagent/1.1 (+https://developers.facebook.com/docs/sharing/webmasters/crawler)"
57.141.2.15 - - [24/Jun/2025:13:18:09 +0000] "GET /buy.php/shopdetail/0752651 HTTP/1.1" 200 - "-" "meta-externalagent/1.1 (+https://developers.facebook.com/docs/sharing/webmasters/crawler)"
57.141.2.30 - - [24/Jun/2025:13:18:09 +0000] "GET /buy.php/shopdetail/3769729 HTTP/1.1" 200 - "-" "meta-externalagent/1.1 (+https://developers.facebook.com/docs/sharing/webmasters/crawler)"
20.171.207.123 - - [24/Jun/2025:13:18:09 +0000] "GET /shopdetail/2134528 HTTP/1.1" 200 - "-" "Mozilla/5.0 AppleWebKit/537.36 (KHTML, like Gecko; compatible; GPTBot/1.2; +https://openai.com/gptbot)"
66.249.68.131 - - [24/Jun/2025:13:18:09 +0000] "GET /index.php/cd.html/man/customer_guide/pcmypage?callback=product/detail/89162235/toiawase/events/events/pcmypage?callback=product/review/66498547/recruit/product_archives/pcmypage/text/terms/pcmypage/text/terms/pcmypage/product/edit/30660383/feature/idol/gradol.html HTTP/1.1" 200 160984 "-" "Mozilla/5.0 (Linux; Android 6.0.1; Nexus 5X Build/MMB29P) AppleWebKit/537.36 (KHTML, like Gecko) Chrome/137.0.7151.103 Mobile Safari/537.36 (compatible; GoogleOther)"
20.171.207.123 - - [24/Jun/2025:13:18:10 +0000] "GET /shopdetail/2445036 HTTP/1.1" 200 - "-" "Mozilla/5.0 AppleWebKit/537.36 (KHTML, like Gecko; compatible; GPTBot/1.2; +https://openai.com/gptbot)"
20.171.207.123 - - [24/Jun/2025:13:18:11 +0000] "GET /shopdetail/1834062 HTTP/1.1" 200 - "-" "Mozilla/5.0 AppleWebKit/537.36 (KHTML, like Gecko; compatible; GPTBot/1.2; +https://openai.com/gptbot)"
57.141.2.5 - - [24/Jun/2025:13:18:12 +0000] "GET /buy.php/shopdetail/2135596 HTTP/1.1" 200 - "-" "meta-externalagent/1.1 (+https://developers.facebook.com/docs/sharing/webmasters/crawler)"
57.141.2.8 - - [24/Jun/2025:13:18:12 +0000] "GET /buy.php/shopdetail/4045640 HTTP/1.1" 200 - "-" "meta-externalagent/1.1 (+https://developers.facebook.com/docs/sharing/webmasters/crawler)"
20.171.207.123 - - [24/Jun/2025:13:18:12 +0000] "GET /shopdetail/1284897 HTTP/1.1" 200 - "-" "Mozilla/5.0 AppleWebKit/537.36 (KHTML, like Gecko; compatible; GPTBot/1.2; +https://openai.com/gptbot)"
57.141.2.11 - - [24/Jun/2025:13:18:12 +0000] "GET /shopdetail/0993004 HTTP/1.1" 200 - "-" "meta-externalagent/1.1 (+https://developers.facebook.com/docs/sharing/webmasters/crawler)"
57.141.2.4 - - [24/Jun/2025:13:18:13 +0000] "GET /buy.php/shopdetail/2495826 HTTP/1.1" 200 - "-" "meta-externalagent/1.1 (+https://developers.facebook.com/docs/sharing/webmasters/crawler)"
57.141.2.21 - - [24/Jun/2025:13:18:13 +0000] "GET /buy.php/shopdetail/2690486 HTTP/1.1" 200 - "-" "meta-externalagent/1.1 (+https://developers.facebook.com/docs/sharing/webmasters/crawler)"
66.249.68.130 - - [24/Jun/2025:13:18:12 +0000] "GET /shopdetail/2835375/hobby/boardgame/index.html HTTP/1.1" 200 147269 "-" "Mozilla/5.0 (Linux; Android 6.0.1; Nexus 5X Build/MMB29P) AppleWebKit/537.36 (KHTML, like Gecko) Chrome/137.0.7151.103 Mobile Safari/537.36 (compatible; GoogleOther)"
20.171.207.123 - - [24/Jun/2025:13:18:14 +0000] "GET /shopdetail/2164770 HTTP/1.1" 200 - "-" "Mozilla/5.0 AppleWebKit/537.36 (KHTML, like Gecko; compatible; GPTBot/1.2; +https://openai.com/gptbot)"
57.141.2.12 - - [24/Jun/2025:13:18:15 +0000] "GET /buy.php/shopdetail/4513540 HTTP/1.1" 200 - "-" "meta-externalagent/1.1 (+https://developers.facebook.com/docs/sharing/webmasters/crawler)"
20.171.207.123 - - [24/Jun/2025:13:18:15 +0000] "GET /shopdetail/0684382 HTTP/1.1" 200 - "-" "Mozilla/5.0 AppleWebKit/537.36 (KHTML, like Gecko; compatible; GPTBot/1.2; +https://openai.com/gptbot)"
20.171.207.123 - - [24/Jun/2025:13:18:17 +0000] "GET /shopdetail/2067833 HTTP/1.1" 200 - "-" "Mozilla/5.0 AppleWebKit/537.36 (KHTML, like Gecko; compatible; GPTBot/1.2; +https://openai.com/gptbot)"
66.249.68.131 - - [24/Jun/2025:13:18:16 +0000] "GET /index.php/cd.html/man/customer_guide/pcmypage?callback=product/detail/89162235/toiawase/events/recruit/pcmypage?callback=product/review/67969692/man/customer_guide/product/edit/15174910/product_archives/product_archives/recruit/toiawase/recruit/pcmypage/toiawase/toreka/toreka_menu.html HTTP/1.1" 200 173988 "-" "Mozilla/5.0 (Linux; Android 6.0.1; Nexus 5X Build/MMB29P) AppleWebKit/537.36 (KHTML, like Gecko) Chrome/137.0.7151.103 Mobile Safari/537.36 (compatible; GoogleOther)"
20.171.207.123 - - [24/Jun/2025:13:18:18 +0000] "GET /shopdetail/0836904 HTTP/1.1" 200 - "-" "Mozilla/5.0 AppleWebKit/537.36 (KHTML, like Gecko; compatible; GPTBot/1.2; +https://openai.com/gptbot)"
20.171.207.123 - - [24/Jun/2025:13:18:19 +0000] "GET /shopdetail/2793642 HTTP/1.1" 200 - "-" "Mozilla/5.0 AppleWebKit/537.36 (KHTML, like Gecko; compatible; GPTBot/1.2; +https://openai.com/gptbot)"
66.249.68.130 - - [24/Jun/2025:13:18:18 +0000] "GET /shopdetail/052271620/oreka/plamodel_menu.html HTTP/1.1" 200 147595 "-" "Mozilla/5.0 (Linux; Android 6.0.1; Nexus 5X Build/MMB29P) AppleWebKit/537.36 (KHTML, like Gecko) Chrome/137.0.7151.103 Mobile Safari/537.36 (compatible; GoogleOther)"
20.171.207.123 - - [24/Jun/2025:13:18:20 +0000] "GET /shopdetail/0827529 HTTP/1.1" 200 - "-" "Mozilla/5.0 AppleWebKit/537.36 (KHTML, like Gecko; compatible; GPTBot/1.2; +https://openai.com/gptbot)"
20.171.207.123 - - [24/Jun/2025:13:18:21 +0000] "GET /shopdetail/4368194 HTTP/1.1" 200 - "-" "Mozilla/5.0 AppleWebKit/537.36 (KHTML, like Gecko; compatible; GPTBot/1.2; +https://openai.com/gptbot)"
20.171.207.123 - - [24/Jun/2025:13:18:23 +0000] "GET /shopdetail/2035394 HTTP/1.1" 200 - "-" "Mozilla/5.0 AppleWebKit/537.36 (KHTML, like Gecko; compatible; GPTBot/1.2; +https://openai.com/gptbot)"
20.171.207.123 - - [24/Jun/2025:13:18:25 +0000] "GET /shopdetail/3228190 HTTP/1.1" 200 - "-" "Mozilla/5.0 AppleWebKit/537.36 (KHTML, like Gecko; compatible; GPTBot/1.2; +https://openai.com/gptbot)"
20.171.207.123 - - [24/Jun/2025:13:18:26 +0000] "GET /shopdetail/4051609 HTTP/1.1" 200 - "-" "Mozilla/5.0 AppleWebKit/537.36 (KHTML, like Gecko; compatible; GPTBot/1.2; +https://openai.com/gptbot)"
66.249.68.130 - - [24/Jun/2025:13:18:25 +0000] "GET /shopdetail/4380495 HTTP/1.1" 200 146896 "-" "Mozilla/5.0 (Linux; Android 6.0.1; Nexus 5X Build/MMB29P) AppleWebKit/537.36 (KHTML, like Gecko) Chrome/137.0.7151.103 Mobile Safari/537.36 (compatible; GoogleOther)"
57.141.2.14 - - [24/Jun/2025:13:18:27 +0000] "GET /buy.php/shopdetail/1347647 HTTP/1.1" 200 - "-" "meta-externalagent/1.1 (+https://developers.facebook.com/docs/sharing/webmasters/crawler)"
57.141.2.22 - - [24/Jun/2025:13:18:27 +0000] "GET /shopdetail/3562865 HTTP/1.1" 200 - "-" "meta-externalagent/1.1 (+https://developers.facebook.com/docs/sharing/webmasters/crawler)"
20.171.207.123 - - [24/Jun/2025:13:18:27 +0000] "GET /shopdetail/4035221 HTTP/1.1" 200 - "-" "Mozilla/5.0 AppleWebKit/537.36 (KHTML, like Gecko; compatible; GPTBot/1.2; +https://openai.com/gptbot)"
57.141.2.22 - - [24/Jun/2025:13:18:27 +0000] "GET /buy.php/shopdetail/3400403 HTTP/1.1" 200 - "-" "meta-externalagent/1.1 (+https://developers.facebook.com/docs/sharing/webmasters/crawler)"
20.171.207.123 - - [24/Jun/2025:13:18:28 +0000] "GET /shopdetail/2673961 HTTP/1.1" 200 - "-" "Mozilla/5.0 AppleWebKit/537.36 (KHTML, like Gecko; compatible; GPTBot/1.2; +https://openai.com/gptbot)"
66.249.68.130 - - [24/Jun/2025:13:18:28 +0000] "GET /shopdetail/1299883 HTTP/1.1" 200 147433 "-" "Mozilla/5.0 (Linux; Android 6.0.1; Nexus 5X Build/MMB29P) AppleWebKit/537.36 (KHTML, like Gecko) Chrome/137.0.7151.103 Mobile Safari/537.36 (compatible; GoogleOther)"
20.171.207.123 - - [24/Jun/2025:13:18:29 +0000] "GET /shopdetail/4268630 HTTP/1.1" 200 - "-" "Mozilla/5.0 AppleWebKit/537.36 (KHTML, like Gecko; compatible; GPTBot/1.2; +https://openai.com/gptbot)"
20.171.207.123 - - [24/Jun/2025:13:18:31 +0000] "GET /shopdetail/1981753 HTTP/1.1" 200 - "-" "Mozilla/5.0 AppleWebKit/537.36 (KHTML, like Gecko; compatible; GPTBot/1.2; +https://openai.com/gptbot)"
57.141.2.22 - - [24/Jun/2025:13:18:31 +0000] "GET /shopdetail/1047719 HTTP/1.1" 200 - "-" "meta-externalagent/1.1 (+https://developers.facebook.com/docs/sharing/webmasters/crawler)"
57.141.2.14 - - [24/Jun/2025:13:18:31 +0000] "GET /shopdetail/2271983 HTTP/1.1" 200 - "-" "meta-externalagent/1.1 (+https://developers.facebook.com/docs/sharing/webmasters/crawler)"
57.141.2.11 - - [24/Jun/2025:13:18:31 +0000] "GET /shopdetail/3052572 HTTP/1.1" 200 - "-" "meta-externalagent/1.1 (+https://developers.facebook.com/docs/sharing/webmasters/crawler)"
20.171.207.123 - - [24/Jun/2025:13:18:32 +0000] "GET /shopdetail/2886391 HTTP/1.1" 200 - "-" "Mozilla/5.0 AppleWebKit/537.36 (KHTML, like Gecko; compatible; GPTBot/1.2; +https://openai.com/gptbot)"
57.141.2.9 - - [24/Jun/2025:13:18:32 +0000] "GET /shopdetail/1461857 HTTP/1.1" 200 - "-" "meta-externalagent/1.1 (+https://developers.facebook.com/docs/sharing/webmasters/crawler)"
20.171.207.123 - - [24/Jun/2025:13:18:32 +0000] "GET /shopdetail/1725604 HTTP/1.1" 200 - "-" "Mozilla/5.0 AppleWebKit/537.36 (KHTML, like Gecko; compatible; GPTBot/1.2; +https://openai.com/gptbot)"
66.249.68.131 - - [24/Jun/2025:13:18:31 +0000] "GET /index.php/cd.html/man/customer_guide/pcmypage?callback=product/detail/89162235/toiawase/events/events/pcmypage?callback=product/review/66498547/recruit/product_archives/pcmypage/text/terms/pcmypage/text/terms/pcmypage/product/edit/30660383/product/edit/87354357 HTTP/1.1" 200 169245 "-" "Mozilla/5.0 (Linux; Android 6.0.1; Nexus 5X Build/MMB29P) AppleWebKit/537.36 (KHTML, like Gecko) Chrome/137.0.7151.103 Mobile Safari/537.36 (compatible; GoogleOther)"
57.141.2.14 - - [24/Jun/2025:13:18:33 +0000] "GET /buy.php/shopdetail/2655174 HTTP/1.1" 200 - "-" "meta-externalagent/1.1 (+https://developers.facebook.com/docs/sharing/webmasters/crawler)"
57.141.2.7 - - [24/Jun/2025:13:18:33 +0000] "GET /buy.php/shopdetail/4052346 HTTP/1.1" 200 - "-" "meta-externalagent/1.1 (+https://developers.facebook.com/docs/sharing/webmasters/crawler)"
20.171.207.123 - - [24/Jun/2025:13:18:33 +0000] "GET /shopdetail/2008391 HTTP/1.1" 200 - "-" "Mozilla/5.0 AppleWebKit/537.36 (KHTML, like Gecko; compatible; GPTBot/1.2; +https://openai.com/gptbot)"
57.141.2.21 - - [24/Jun/2025:13:18:33 +0000] "GET /shopdetail/2128659 HTTP/1.1" 200 - "-" "meta-externalagent/1.1 (+https://developers.facebook.com/docs/sharing/webmasters/crawler)"
57.141.2.2 - - [24/Jun/2025:13:18:34 +0000] "GET /shopdetail/1048464 HTTP/1.1" 200 - "-" "meta-externalagent/1.1 (+https://developers.facebook.com/docs/sharing/webmasters/crawler)"
20.171.207.123 - - [24/Jun/2025:13:18:35 +0000] "GET /shopdetail/4390818 HTTP/1.1" 200 - "-" "Mozilla/5.0 AppleWebKit/537.36 (KHTML, like Gecko; compatible; GPTBot/1.2; +https://openai.com/gptbot)"
57.141.2.5 - - [24/Jun/2025:13:18:35 +0000] "GET /shopdetail/3504389 HTTP/1.1" 200 - "-" "meta-externalagent/1.1 (+https://developers.facebook.com/docs/sharing/webmasters/crawler)"
57.141.2.28 - - [24/Jun/2025:13:18:35 +0000] "GET /buy.php/shopdetail/2630513 HTTP/1.1" 200 - "-" "meta-externalagent/1.1 (+https://developers.facebook.com/docs/sharing/webmasters/crawler)"
20.171.207.123 - - [24/Jun/2025:13:18:36 +0000] "GET /shopdetail/1645792 HTTP/1.1" 200 - "-" "Mozilla/5.0 AppleWebKit/537.36 (KHTML, like Gecko; compatible; GPTBot/1.2; +https://openai.com/gptbot)"
66.249.68.130 - - [24/Jun/2025:13:18:34 +0000] "GET /shopdetail/1228591/kaitori/kantan.html HTTP/1.1" 200 149450 "-" "Mozilla/5.0 (Linux; Android 6.0.1; Nexus 5X Build/MMB29P) AppleWebKit/537.36 (KHTML, like Gecko) Chrome/137.0.7151.103 Mobile Safari/537.36 (compatible; GoogleOther)"
57.141.2.5 - - [24/Jun/2025:13:18:36 +0000] "GET /buy.php/shopdetail/1298971 HTTP/1.1" 200 - "-" "meta-externalagent/1.1 (+https://developers.facebook.com/docs/sharing/webmasters/crawler)"
57.141.2.13 - - [24/Jun/2025:13:18:36 +0000] "GET /buy.php/shopdetail/4550290 HTTP/1.1" 200 - "-" "meta-externalagent/1.1 (+https://developers.facebook.com/docs/sharing/webmasters/crawler)"
57.141.2.7 - - [24/Jun/2025:13:18:36 +0000] "GET /shopdetail/2283900 HTTP/1.1" 200 - "-" "meta-externalagent/1.1 (+https://developers.facebook.com/docs/sharing/webmasters/crawler)"
20.171.207.123 - - [24/Jun/2025:13:18:37 +0000] "GET /shopdetail/2235809 HTTP/1.1" 200 - "-" "Mozilla/5.0 AppleWebKit/537.36 (KHTML, like Gecko; compatible; GPTBot/1.2; +https://openai.com/gptbot)"
20.171.207.123 - - [24/Jun/2025:13:18:38 +0000] "GET /shopdetail/3592648 HTTP/1.1" 200 - "-" "Mozilla/5.0 AppleWebKit/537.36 (KHTML, like Gecko; compatible; GPTBot/1.2; +https://openai.com/gptbot)"
57.141.2.18 - - [24/Jun/2025:13:18:39 +0000] "GET /shopdetail/1149698 HTTP/1.1" 200 - "-" "meta-externalagent/1.1 (+https://developers.facebook.com/docs/sharing/webmasters/crawler)"
66.249.68.131 - - [24/Jun/2025:13:18:38 +0000] "GET /index.php/cd.html/man/customer_guide/pcmypage?callback=product/detail/89162235/toiawase/events/recruit/pcmypage?callback=product/review/67969692/man/customer_guide/product/edit/15174910/product_archives/product_archives/recruit/toiawase/recruit/pcmypage/product/edit/27371411/game.html HTTP/1.1" 200 167621 "-" "Mozilla/5.0 (Linux; Android 6.0.1; Nexus 5X Build/MMB29P) AppleWebKit/537.36 (KHTML, like Gecko) Chrome/137.0.7151.103 Mobile Safari/537.36 (compatible; GoogleOther)"
20.171.207.123 - - [24/Jun/2025:13:18:39 +0000] "GET /shopdetail/2037682 HTTP/1.1" 200 - "-" "Mozilla/5.0 AppleWebKit/537.36 (KHTML, like Gecko; compatible; GPTBot/1.2; +https://openai.com/gptbot)"
57.141.2.7 - - [24/Jun/2025:13:18:39 +0000] "GET /shopdetail/2854027 HTTP/1.1" 200 - "-" "meta-externalagent/1.1 (+https://developers.facebook.com/docs/sharing/webmasters/crawler)"
57.141.2.2 - - [24/Jun/2025:13:18:40 +0000] "GET /shopdetail/2117662 HTTP/1.1" 200 - "-" "meta-externalagent/1.1 (+https://developers.facebook.com/docs/sharing/webmasters/crawler)"
57.141.2.4 - - [24/Jun/2025:13:18:40 +0000] "GET /shopdetail/1145287 HTTP/1.1" 200 - "-" "meta-externalagent/1.1 (+https://developers.facebook.com/docs/sharing/webmasters/crawler)"
20.171.207.123 - - [24/Jun/2025:13:18:40 +0000] "GET /shopdetail/0963477 HTTP/1.1" 200 - "-" "Mozilla/5.0 AppleWebKit/537.36 (KHTML, like Gecko; compatible; GPTBot/1.2; +https://openai.com/gptbot)"
57.141.2.21 - - [24/Jun/2025:13:18:41 +0000] "GET /shopdetail/2400732 HTTP/1.1" 200 - "-" "meta-externalagent/1.1 (+https://developers.facebook.com/docs/sharing/webmasters/crawler)"
20.171.207.123 - - [24/Jun/2025:13:18:41 +0000] "GET /shopdetail/3596040 HTTP/1.1" 200 - "-" "Mozilla/5.0 AppleWebKit/537.36 (KHTML, like Gecko; compatible; GPTBot/1.2; +https://openai.com/gptbot)"
57.141.2.21 - - [24/Jun/2025:13:18:42 +0000] "GET /buy.php/shopdetail/1155916 HTTP/1.1" 200 - "-" "meta-externalagent/1.1 (+https://developers.facebook.com/docs/sharing/webmasters/crawler)"
66.249.68.131 - - [24/Jun/2025:13:18:40 +0000] "GET /index.php/cd.html/man/customer_guide/pcmypage?callback=product/detail/89162235/toiawase/events/events/pcmypage?callback=product/review/66498547/recruit/product_archives/pcmypage/text/terms/pcmypage/text/terms/pcmypage/product/edit/30660383/vintagegame.html HTTP/1.1" 200 168495 "-" "Mozilla/5.0 (Linux; Android 6.0.1; Nexus 5X Build/MMB29P) AppleWebKit/537.36 (KHTML, like Gecko) Chrome/137.0.7151.103 Mobile Safari/537.36 (compatible; GoogleOther)"
20.171.207.123 - - [24/Jun/2025:13:18:43 +0000] "GET /shopdetail/1478582 HTTP/1.1" 200 - "-" "Mozilla/5.0 AppleWebKit/537.36 (KHTML, like Gecko; compatible; GPTBot/1.2; +https://openai.com/gptbot)"
57.141.2.8 - - [24/Jun/2025:13:18:43 +0000] "GET /buy.php/shopdetail/4310760 HTTP/1.1" 200 - "-" "meta-externalagent/1.1 (+https://developers.facebook.com/docs/sharing/webmasters/crawler)"
20.171.207.123 - - [24/Jun/2025:13:18:44 +0000] "GET /shopdetail/3152780 HTTP/1.1" 200 - "-" "Mozilla/5.0 AppleWebKit/537.36 (KHTML, like Gecko; compatible; GPTBot/1.2; +https://openai.com/gptbot)"
57.141.2.5 - - [24/Jun/2025:13:18:44 +0000] "GET /shopdetail/3143996 HTTP/1.1" 200 - "-" "meta-externalagent/1.1 (+https://developers.facebook.com/docs/sharing/webmasters/crawler)"
57.141.2.22 - - [24/Jun/2025:13:18:44 +0000] "GET /shopdetail/1103366 HTTP/1.1" 200 - "-" "meta-externalagent/1.1 (+https://developers.facebook.com/docs/sharing/webmasters/crawler)"
57.141.2.22 - - [24/Jun/2025:13:18:44 +0000] "GET /buy.php/shopdetail/1381571 HTTP/1.1" 200 - "-" "meta-externalagent/1.1 (+https://developers.facebook.com/docs/sharing/webmasters/crawler)"
57.141.2.2 - - [24/Jun/2025:13:18:45 +0000] "GET /buy.php/shopdetail/0646909 HTTP/1.1" 200 - "-" "meta-externalagent/1.1 (+https://developers.facebook.com/docs/sharing/webmasters/crawler)"
20.171.207.123 - - [24/Jun/2025:13:18:45 +0000] "GET /shopdetail/2008391 HTTP/1.1" 200 - "-" "Mozilla/5.0 AppleWebKit/537.36 (KHTML, like Gecko; compatible; GPTBot/1.2; +https://openai.com/gptbot)"
57.141.2.25 - - [24/Jun/2025:13:18:46 +0000] "GET /buy.php/shopdetail/2940009 HTTP/1.1" 200 - "-" "meta-externalagent/1.1 (+https://developers.facebook.com/docs/sharing/webmasters/crawler)"
20.171.207.123 - - [24/Jun/2025:13:18:46 +0000] "GET /shopdetail/1507935 HTTP/1.1" 200 - "-" "Mozilla/5.0 AppleWebKit/537.36 (KHTML, like Gecko; compatible; GPTBot/1.2; +https://openai.com/gptbot)"
20.171.207.123 - - [24/Jun/2025:13:18:47 +0000] "GET /shopdetail/3489025 HTTP/1.1" 200 - "-" "Mozilla/5.0 AppleWebKit/537.36 (KHTML, like Gecko; compatible; GPTBot/1.2; +https://openai.com/gptbot)"
66.249.68.132 - - [24/Jun/2025:13:18:47 +0000] "GET /index.php/cd.html/man/customer_guide/pcmypage?callback=product/detail/89162235/toiawase/events/events/pcmypage?callback=product/review/66498547/recruit/product_archives/pcmypage/text/terms/pcmypage/text/terms/pcmypage/events/events/ HTTP/1.1" 200 157402 "-" "Mozilla/5.0 (Linux; Android 6.0.1; Nexus 5X Build/MMB29P) AppleWebKit/537.36 (KHTML, like Gecko) Chrome/137.0.7151.103 Mobile Safari/537.36 (compatible; GoogleOther)"
20.171.207.123 - - [24/Jun/2025:13:18:49 +0000] "GET /shopdetail/1645792 HTTP/1.1" 200 - "-" "Mozilla/5.0 AppleWebKit/537.36 (KHTML, like Gecko; compatible; GPTBot/1.2; +https://openai.com/gptbot)"
57.141.2.24 - - [24/Jun/2025:13:18:49 +0000] "GET /buy.php/shopdetail/1572839 HTTP/1.1" 200 - "-" "meta-externalagent/1.1 (+https://developers.facebook.com/docs/sharing/webmasters/crawler)"
57.141.2.10 - - [24/Jun/2025:13:18:49 +0000] "GET /buy.php/shopdetail/3538786 HTTP/1.1" 200 - "-" "meta-externalagent/1.1 (+https://developers.facebook.com/docs/sharing/webmasters/crawler)"
20.171.207.123 - - [24/Jun/2025:13:18:50 +0000] "GET /shopdetail/1409670 HTTP/1.1" 200 - "-" "Mozilla/5.0 AppleWebKit/537.36 (KHTML, like Gecko; compatible; GPTBot/1.2; +https://openai.com/gptbot)"
57.141.2.23 - - [24/Jun/2025:13:18:51 +0000] "GET /shopdetail/1458832 HTTP/1.1" 200 - "-" "meta-externalagent/1.1 (+https://developers.facebook.com/docs/sharing/webmasters/crawler)"
20.171.207.123 - - [24/Jun/2025:13:18:51 +0000] "GET /shopdetail/2960371 HTTP/1.1" 200 - "-" "Mozilla/5.0 AppleWebKit/537.36 (KHTML, like Gecko; compatible; GPTBot/1.2; +https://openai.com/gptbot)"
66.249.68.130 - - [24/Jun/2025:13:18:50 +0000] "GET /shopdetail/4202838 HTTP/1.1" 200 145540 "-" "Mozilla/5.0 (Linux; Android 6.0.1; Nexus 5X Build/MMB29P) AppleWebKit/537.36 (KHTML, like Gecko) Chrome/137.0.7151.103 Mobile Safari/537.36 (compatible; GoogleOther)"
20.171.207.123 - - [24/Jun/2025:13:18:52 +0000] "GET /shopdetail/1937150 HTTP/1.1" 200 - "-" "Mozilla/5.0 AppleWebKit/537.36 (KHTML, like Gecko; compatible; GPTBot/1.2; +https://openai.com/gptbot)"
20.171.207.123 - - [24/Jun/2025:13:18:53 +0000] "GET /shopdetail/4393817 HTTP/1.1" 200 - "-" "Mozilla/5.0 AppleWebKit/537.36 (KHTML, like Gecko; compatible; GPTBot/1.2; +https://openai.com/gptbot)"
66.249.68.131 - - [24/Jun/2025:13:18:53 +0000] "GET /index.php/cd.html/man/customer_guide/pcmypage?callback=product/detail/89162235/toiawase/events/recruit/pcmypage?callback=product/review/67969692/man/customer_guide/product/edit/15174910/product_archives/product_archives/recruit/toiawase/recruit/pcmypage/product/edit/27371411/cargo/detail HTTP/1.1" 200 169058 "-" "Mozilla/5.0 (Linux; Android 6.0.1; Nexus 5X Build/MMB29P) AppleWebKit/537.36 (KHTML, like Gecko) Chrome/137.0.7151.103 Mobile Safari/537.36 (compatible; GoogleOther)"
20.171.207.123 - - [24/Jun/2025:13:18:55 +0000] "GET /shopdetail/1105693 HTTP/1.1" 200 - "-" "Mozilla/5.0 AppleWebKit/537.36 (KHTML, like Gecko; compatible; GPTBot/1.2; +https://openai.com/gptbot)"
20.171.207.123 - - [24/Jun/2025:13:18:56 +0000] "GET /shopdetail/4491035 HTTP/1.1" 200 - "-" "Mozilla/5.0 AppleWebKit/537.36 (KHTML, like Gecko; compatible; GPTBot/1.2; +https://openai.com/gptbot)"
66.249.68.130 - - [24/Jun/2025:13:18:56 +0000] "GET /shopdetail/4202838 HTTP/1.1" 200 145540 "-" "Mozilla/5.0 (Linux; Android 6.0.1; Nexus 5X Build/MMB29P) AppleWebKit/537.36 (KHTML, like Gecko) Chrome/137.0.7151.103 Mobile Safari/537.36 (compatible; GoogleOther)"
20.171.207.123 - - [24/Jun/2025:13:18:57 +0000] "GET /shopdetail/2087398 HTTP/1.1" 200 - "-" "Mozilla/5.0 AppleWebKit/537.36 (KHTML, like Gecko; compatible; GPTBot/1.2; +https://openai.com/gptbot)"
57.141.2.9 - - [24/Jun/2025:13:18:57 +0000] "GET /shopdetail/3135076 HTTP/1.1" 200 - "-" "meta-externalagent/1.1 (+https://developers.facebook.com/docs/sharing/webmasters/crawler)"
20.171.207.123 - - [24/Jun/2025:13:18:58 +0000] "GET /shopdetail/0923527 HTTP/1.1" 200 - "-" "Mozilla/5.0 AppleWebKit/537.36 (KHTML, like Gecko; compatible; GPTBot/1.2; +https://openai.com/gptbot)"
57.141.2.14 - - [24/Jun/2025:13:18:58 +0000] "GET /buy.php/shopdetail/1043661 HTTP/1.1" 200 - "-" "meta-externalagent/1.1 (+https://developers.facebook.com/docs/sharing/webmasters/crawler)"
57.141.2.14 - - [24/Jun/2025:13:18:58 +0000] "GET /shopdetail/1491444 HTTP/1.1" 200 - "-" "meta-externalagent/1.1 (+https://developers.facebook.com/docs/sharing/webmasters/crawler)"
20.171.207.123 - - [24/Jun/2025:13:18:59 +0000] "GET /shopdetail/4280510 HTTP/1.1" 200 - "-" "Mozilla/5.0 AppleWebKit/537.36 (KHTML, like Gecko; compatible; GPTBot/1.2; +https://openai.com/gptbot)"
66.249.68.131 - - [24/Jun/2025:13:18:59 +0000] "GET /index.php/cd.html/man/customer_guide/pcmypage?callback=product/detail/89162235/toiawase/events/recruit/pcmypage?callback=product/review/67969692/man/customer_guide/product/edit/15174910/product_archives/product_archives/recruit/toiawase/recruit/pcmypage/toiawase/boyslove.html HTTP/1.1" 200 168115 "-" "Mozilla/5.0 (Linux; Android 6.0.1; Nexus 5X Build/MMB29P) AppleWebKit/537.36 (KHTML, like Gecko) Chrome/137.0.7151.103 Mobile Safari/537.36 (compatible; GoogleOther)"
57.141.2.25 - - [24/Jun/2025:13:19:00 +0000] "GET /shopdetail/1358068 HTTP/1.1" 200 - "-" "meta-externalagent/1.1 (+https://developers.facebook.com/docs/sharing/webmasters/crawler)"
20.171.207.123 - - [24/Jun/2025:13:19:00 +0000] "GET /shopdetail/1238567 HTTP/1.1" 200 - "-" "Mozilla/5.0 AppleWebKit/537.36 (KHTML, like Gecko; compatible; GPTBot/1.2; +https://openai.com/gptbot)"
57.141.2.24 - - [24/Jun/2025:13:19:01 +0000] "GET /shopdetail/0750438 HTTP/1.1" 200 - "-" "meta-externalagent/1.1 (+https://developers.facebook.com/docs/sharing/webmasters/crawler)"
20.171.207.123 - - [24/Jun/2025:13:19:01 +0000] "GET /shopdetail/3618507 HTTP/1.1" 200 - "-" "Mozilla/5.0 AppleWebKit/537.36 (KHTML, like Gecko; compatible; GPTBot/1.2; +https://openai.com/gptbot)"
57.141.2.17 - - [24/Jun/2025:13:19:01 +0000] "GET /buy.php/shopdetail/4060463 HTTP/1.1" 200 - "-" "meta-externalagent/1.1 (+https://developers.facebook.com/docs/sharing/webmasters/crawler)"
57.141.2.23 - - [24/Jun/2025:13:19:02 +0000] "GET /buy.php/shopdetail/3786860 HTTP/1.1" 200 - "-" "meta-externalagent/1.1 (+https://developers.facebook.com/docs/sharing/webmasters/crawler)"
