20.171.207.123 - - [24/Jun/2025:12:53:51 +0000] "GET /shopdetail/1260687 HTTP/1.1" 200 - "-" "Mozilla/5.0 AppleWebKit/537.36 (KHTML, like Gecko; compatible; GPTBot/1.2; +https://openai.com/gptbot)"
57.141.2.27 - - [24/Jun/2025:12:53:52 +0000] "GET /buy.php/shopdetail/4121048 HTTP/1.1" 200 - "-" "meta-externalagent/1.1 (+https://developers.facebook.com/docs/sharing/webmasters/crawler)"
57.141.2.22 - - [24/Jun/2025:12:53:52 +0000] "GET /buy.php/shopdetail/3990281 HTTP/1.1" 200 - "-" "meta-externalagent/1.1 (+https://developers.facebook.com/docs/sharing/webmasters/crawler)"
20.171.207.123 - - [24/Jun/2025:12:53:52 +0000] "GET /shopdetail/4184250 HTTP/1.1" 200 - "-" "Mozilla/5.0 AppleWebKit/537.36 (KHTML, like Gecko; compatible; GPTBot/1.2; +https://openai.com/gptbot)"
57.141.2.16 - - [24/Jun/2025:12:53:53 +0000] "GET /shopdetail/2891169 HTTP/1.1" 200 - "-" "meta-externalagent/1.1 (+https://developers.facebook.com/docs/sharing/webmasters/crawler)"
20.171.207.123 - - [24/Jun/2025:12:53:54 +0000] "GET /shopdetail/1643859 HTTP/1.1" 200 - "-" "Mozilla/5.0 AppleWebKit/537.36 (KHTML, like Gecko; compatible; GPTBot/1.2; +https://openai.com/gptbot)"
57.141.2.13 - - [24/Jun/2025:12:53:54 +0000] "GET /shopdetail/2862500 HTTP/1.1" 200 - "-" "meta-externalagent/1.1 (+https://developers.facebook.com/docs/sharing/webmasters/crawler)"
57.141.2.19 - - [24/Jun/2025:12:53:54 +0000] "GET /buy.php/shopdetail/3801857 HTTP/1.1" 200 - "-" "meta-externalagent/1.1 (+https://developers.facebook.com/docs/sharing/webmasters/crawler)"
57.141.2.4 - - [24/Jun/2025:12:53:54 +0000] "GET /shopdetail/4430664 HTTP/1.1" 200 - "-" "meta-externalagent/1.1 (+https://developers.facebook.com/docs/sharing/webmasters/crawler)"
57.141.2.7 - - [24/Jun/2025:12:53:54 +0000] "GET /shopdetail/4365385 HTTP/1.1" 200 - "-" "meta-externalagent/1.1 (+https://developers.facebook.com/docs/sharing/webmasters/crawler)"
20.171.207.123 - - [24/Jun/2025:12:53:55 +0000] "GET /shopdetail/1520987 HTTP/1.1" 200 - "-" "Mozilla/5.0 AppleWebKit/537.36 (KHTML, like Gecko; compatible; GPTBot/1.2; +https://openai.com/gptbot)"
57.141.2.1 - - [24/Jun/2025:12:53:55 +0000] "GET /buy.php/shopdetail/3685996 HTTP/1.1" 200 - "-" "meta-externalagent/1.1 (+https://developers.facebook.com/docs/sharing/webmasters/crawler)"
57.141.2.12 - - [24/Jun/2025:12:53:56 +0000] "GET /shopdetail/4041752 HTTP/1.1" 200 - "-" "meta-externalagent/1.1 (+https://developers.facebook.com/docs/sharing/webmasters/crawler)"
66.249.68.130 - - [24/Jun/2025:12:53:54 +0000] "GET /shopdetail/2766650 HTTP/1.1" 200 148011 "-" "Mozilla/5.0 (Linux; Android 6.0.1; Nexus 5X Build/MMB29P) AppleWebKit/537.36 (KHTML, like Gecko) Chrome/137.0.7151.103 Mobile Safari/537.36 (compatible; GoogleOther)"
20.171.207.123 - - [24/Jun/2025:12:53:56 +0000] "GET /shopdetail/4313065 HTTP/1.1" 200 - "-" "Mozilla/5.0 AppleWebKit/537.36 (KHTML, like Gecko; compatible; GPTBot/1.2; +https://openai.com/gptbot)"
57.141.2.22 - - [24/Jun/2025:12:53:56 +0000] "GET /buy.php/shopdetail/2474382 HTTP/1.1" 200 - "-" "meta-externalagent/1.1 (+https://developers.facebook.com/docs/sharing/webmasters/crawler)"
57.141.2.26 - - [24/Jun/2025:12:53:57 +0000] "GET /buy.php/shopdetail/1853572 HTTP/1.1" 200 - "-" "meta-externalagent/1.1 (+https://developers.facebook.com/docs/sharing/webmasters/crawler)"
20.171.207.123 - - [24/Jun/2025:12:53:57 +0000] "GET /shopdetail/1286027 HTTP/1.1" 200 - "-" "Mozilla/5.0 AppleWebKit/537.36 (KHTML, like Gecko; compatible; GPTBot/1.2; +https://openai.com/gptbot)"
57.141.2.23 - - [24/Jun/2025:12:53:57 +0000] "GET /shopdetail/2151234 HTTP/1.1" 200 - "-" "meta-externalagent/1.1 (+https://developers.facebook.com/docs/sharing/webmasters/crawler)"
57.141.2.24 - - [24/Jun/2025:12:53:58 +0000] "GET /buy.php/shopdetail/0928870 HTTP/1.1" 200 - "-" "meta-externalagent/1.1 (+https://developers.facebook.com/docs/sharing/webmasters/crawler)"
66.249.68.131 - - [24/Jun/2025:12:53:57 +0000] "GET /shopdetail/1928994 HTTP/1.1" 200 139472 "-" "Mozilla/5.0 (Linux; Android 6.0.1; Nexus 5X Build/MMB29P) AppleWebKit/537.36 (KHTML, like Gecko) Chrome/137.0.7151.103 Mobile Safari/537.36 (compatible; GoogleOther)"
57.141.2.16 - - [24/Jun/2025:12:53:58 +0000] "GET /buy.php/shopdetail/0845174 HTTP/1.1" 200 - "-" "meta-externalagent/1.1 (+https://developers.facebook.com/docs/sharing/webmasters/crawler)"
57.141.2.7 - - [24/Jun/2025:12:53:59 +0000] "GET /buy.php/shopdetail/1957410 HTTP/1.1" 200 - "-" "meta-externalagent/1.1 (+https://developers.facebook.com/docs/sharing/webmasters/crawler)"
57.141.2.24 - - [24/Jun/2025:12:53:59 +0000] "GET /buy.php/shopdetail/1801926 HTTP/1.1" 200 - "-" "meta-externalagent/1.1 (+https://developers.facebook.com/docs/sharing/webmasters/crawler)"
57.141.2.5 - - [24/Jun/2025:12:53:59 +0000] "GET /buy.php/shopdetail/3961319 HTTP/1.1" 200 - "-" "meta-externalagent/1.1 (+https://developers.facebook.com/docs/sharing/webmasters/crawler)"
20.171.207.123 - - [24/Jun/2025:12:53:59 +0000] "GET /shopdetail/3514306 HTTP/1.1" 200 - "-" "Mozilla/5.0 AppleWebKit/537.36 (KHTML, like Gecko; compatible; GPTBot/1.2; +https://openai.com/gptbot)"
57.141.2.18 - - [24/Jun/2025:12:54:00 +0000] "GET /shopdetail/3150995 HTTP/1.1" 200 - "-" "meta-externalagent/1.1 (+https://developers.facebook.com/docs/sharing/webmasters/crawler)"
20.171.207.123 - - [24/Jun/2025:12:54:01 +0000] "GET /shopdetail/3469053 HTTP/1.1" 200 - "-" "Mozilla/5.0 AppleWebKit/537.36 (KHTML, like Gecko; compatible; GPTBot/1.2; +https://openai.com/gptbot)"
57.141.2.1 - - [24/Jun/2025:12:54:01 +0000] "GET /shopdetail/3223276 HTTP/1.1" 200 - "-" "meta-externalagent/1.1 (+https://developers.facebook.com/docs/sharing/webmasters/crawler)"
57.141.2.30 - - [24/Jun/2025:12:54:01 +0000] "GET /buy.php/shopdetail/1365122 HTTP/1.1" 200 - "-" "meta-externalagent/1.1 (+https://developers.facebook.com/docs/sharing/webmasters/crawler)"
57.141.2.23 - - [24/Jun/2025:12:54:01 +0000] "GET /shopdetail/2800914 HTTP/1.1" 200 - "-" "meta-externalagent/1.1 (+https://developers.facebook.com/docs/sharing/webmasters/crawler)"
66.249.68.131 - - [24/Jun/2025:12:54:00 +0000] "GET /index.php/cd.html/man/customer_guide/pcmypage?callback=product/detail/89162235/toiawase/events/events/pcmypage?callback=product/review/66498547/recruit/product_archives/pcmypage/text/terms/pcmypage/pcmypage/pcmypage/pcmypage/text/terms/product_archives HTTP/1.1" 200 164892 "-" "Mozilla/5.0 (Linux; Android 6.0.1; Nexus 5X Build/MMB29P) AppleWebKit/537.36 (KHTML, like Gecko) Chrome/137.0.7151.103 Mobile Safari/537.36 (compatible; GoogleOther)"
20.171.207.123 - - [24/Jun/2025:12:54:02 +0000] "GET /shopdetail/0795276 HTTP/1.1" 200 - "-" "Mozilla/5.0 AppleWebKit/537.36 (KHTML, like Gecko; compatible; GPTBot/1.2; +https://openai.com/gptbot)"
57.141.2.18 - - [24/Jun/2025:12:54:02 +0000] "GET /buy.php/shopdetail/1775613 HTTP/1.1" 200 - "-" "meta-externalagent/1.1 (+https://developers.facebook.com/docs/sharing/webmasters/crawler)"
20.171.207.123 - - [24/Jun/2025:12:54:03 +0000] "GET /shopdetail/3071802 HTTP/1.1" 200 - "-" "Mozilla/5.0 AppleWebKit/537.36 (KHTML, like Gecko; compatible; GPTBot/1.2; +https://openai.com/gptbot)"
57.141.2.8 - - [24/Jun/2025:12:54:03 +0000] "GET /shopdetail/4600111 HTTP/1.1" 200 - "-" "meta-externalagent/1.1 (+https://developers.facebook.com/docs/sharing/webmasters/crawler)"
57.141.2.9 - - [24/Jun/2025:12:54:03 +0000] "GET /shopdetail/3644614 HTTP/1.1" 200 - "-" "meta-externalagent/1.1 (+https://developers.facebook.com/docs/sharing/webmasters/crawler)"
57.141.2.30 - - [24/Jun/2025:12:54:04 +0000] "GET /buy.php/shopdetail/2892587 HTTP/1.1" 200 - "-" "meta-externalagent/1.1 (+https://developers.facebook.com/docs/sharing/webmasters/crawler)"
66.249.68.130 - - [24/Jun/2025:12:54:03 +0000] "GET /shopdetail/1228591 HTTP/1.1" 200 144478 "-" "Mozilla/5.0 (Linux; Android 6.0.1; Nexus 5X Build/MMB29P) AppleWebKit/537.36 (KHTML, like Gecko) Chrome/137.0.7151.103 Mobile Safari/537.36 (compatible; GoogleOther)"
20.171.207.123 - - [24/Jun/2025:12:54:04 +0000] "GET /shopdetail/2133685 HTTP/1.1" 200 - "-" "Mozilla/5.0 AppleWebKit/537.36 (KHTML, like Gecko; compatible; GPTBot/1.2; +https://openai.com/gptbot)"
57.141.2.23 - - [24/Jun/2025:12:54:04 +0000] "GET /shopdetail/3193005 HTTP/1.1" 200 - "-" "meta-externalagent/1.1 (+https://developers.facebook.com/docs/sharing/webmasters/crawler)"
57.141.2.4 - - [24/Jun/2025:12:54:05 +0000] "GET /buy.php/shopdetail/1373631 HTTP/1.1" 200 - "-" "meta-externalagent/1.1 (+https://developers.facebook.com/docs/sharing/webmasters/crawler)"
57.141.2.13 - - [24/Jun/2025:12:54:05 +0000] "GET /buy.php/shopdetail/3401855 HTTP/1.1" 200 - "-" "meta-externalagent/1.1 (+https://developers.facebook.com/docs/sharing/webmasters/crawler)"
20.171.207.123 - - [24/Jun/2025:12:54:05 +0000] "GET /shopdetail/0874119 HTTP/1.1" 200 - "-" "Mozilla/5.0 AppleWebKit/537.36 (KHTML, like Gecko; compatible; GPTBot/1.2; +https://openai.com/gptbot)"
57.141.2.26 - - [24/Jun/2025:12:54:06 +0000] "GET /buy.php/shopdetail/2454833 HTTP/1.1" 200 - "-" "meta-externalagent/1.1 (+https://developers.facebook.com/docs/sharing/webmasters/crawler)"
57.141.2.14 - - [24/Jun/2025:12:54:06 +0000] "GET /buy.php/shopdetail/3393940 HTTP/1.1" 200 - "-" "meta-externalagent/1.1 (+https://developers.facebook.com/docs/sharing/webmasters/crawler)"
20.171.207.123 - - [24/Jun/2025:12:54:06 +0000] "GET /shopdetail/4184250 HTTP/1.1" 200 - "-" "Mozilla/5.0 AppleWebKit/537.36 (KHTML, like Gecko; compatible; GPTBot/1.2; +https://openai.com/gptbot)"
66.249.68.130 - - [24/Jun/2025:12:54:05 +0000] "GET /shopdetail/052271620/avsoft.html HTTP/1.1" 200 145933 "-" "Mozilla/5.0 (Linux; Android 6.0.1; Nexus 5X Build/MMB29P) AppleWebKit/537.36 (KHTML, like Gecko) Chrome/137.0.7151.103 Mobile Safari/537.36 (compatible; GoogleOther)"
57.141.2.15 - - [24/Jun/2025:12:54:06 +0000] "GET /buy.php/shopdetail/1342593 HTTP/1.1" 200 - "-" "meta-externalagent/1.1 (+https://developers.facebook.com/docs/sharing/webmasters/crawler)"
57.141.2.2 - - [24/Jun/2025:12:54:07 +0000] "GET /shopdetail/2253202 HTTP/1.1" 200 - "-" "meta-externalagent/1.1 (+https://developers.facebook.com/docs/sharing/webmasters/crawler)"
57.141.2.28 - - [24/Jun/2025:12:54:08 +0000] "GET /shopdetail/3966640 HTTP/1.1" 200 - "-" "meta-externalagent/1.1 (+https://developers.facebook.com/docs/sharing/webmasters/crawler)"
20.171.207.123 - - [24/Jun/2025:12:54:08 +0000] "GET /shopdetail/2594879 HTTP/1.1" 200 - "-" "Mozilla/5.0 AppleWebKit/537.36 (KHTML, like Gecko; compatible; GPTBot/1.2; +https://openai.com/gptbot)"
57.141.2.25 - - [24/Jun/2025:12:54:08 +0000] "GET /shopdetail/2486764 HTTP/1.1" 200 - "-" "meta-externalagent/1.1 (+https://developers.facebook.com/docs/sharing/webmasters/crawler)"
57.141.2.25 - - [24/Jun/2025:12:54:09 +0000] "GET /buy.php/shopdetail/1774083 HTTP/1.1" 200 - "-" "meta-externalagent/1.1 (+https://developers.facebook.com/docs/sharing/webmasters/crawler)"
57.141.2.18 - - [24/Jun/2025:12:54:09 +0000] "GET /buy.php/shopdetail/0659364 HTTP/1.1" 200 - "-" "meta-externalagent/1.1 (+https://developers.facebook.com/docs/sharing/webmasters/crawler)"
20.171.207.123 - - [24/Jun/2025:12:54:09 +0000] "GET /shopdetail/3620945 HTTP/1.1" 200 - "-" "Mozilla/5.0 AppleWebKit/537.36 (KHTML, like Gecko; compatible; GPTBot/1.2; +https://openai.com/gptbot)"
57.141.2.6 - - [24/Jun/2025:12:54:09 +0000] "GET /buy.php/shopdetail/2557834 HTTP/1.1" 200 - "-" "meta-externalagent/1.1 (+https://developers.facebook.com/docs/sharing/webmasters/crawler)"
66.249.68.131 - - [24/Jun/2025:12:54:08 +0000] "GET /shopdetail/3274376/affiliate HTTP/1.1" 200 147078 "-" "Mozilla/5.0 (Linux; Android 6.0.1; Nexus 5X Build/MMB29P) AppleWebKit/537.36 (KHTML, like Gecko) Chrome/137.0.7151.103 Mobile Safari/537.36 (compatible; GoogleOther)"
57.141.2.7 - - [24/Jun/2025:12:54:10 +0000] "GET /buy.php/shopdetail/4152286 HTTP/1.1" 200 - "-" "meta-externalagent/1.1 (+https://developers.facebook.com/docs/sharing/webmasters/crawler)"
20.171.207.123 - - [24/Jun/2025:12:54:10 +0000] "GET /shopdetail/2098045 HTTP/1.1" 200 - "-" "Mozilla/5.0 AppleWebKit/537.36 (KHTML, like Gecko; compatible; GPTBot/1.2; +https://openai.com/gptbot)"
57.141.2.30 - - [24/Jun/2025:12:54:11 +0000] "GET /buy.php/shopdetail/2637528 HTTP/1.1" 200 - "-" "meta-externalagent/1.1 (+https://developers.facebook.com/docs/sharing/webmasters/crawler)"
57.141.2.28 - - [24/Jun/2025:12:54:11 +0000] "GET /buy.php/shopdetail/1450178 HTTP/1.1" 200 - "-" "meta-externalagent/1.1 (+https://developers.facebook.com/docs/sharing/webmasters/crawler)"
57.141.2.10 - - [24/Jun/2025:12:54:11 +0000] "GET /shopdetail/1161246 HTTP/1.1" 200 - "-" "meta-externalagent/1.1 (+https://developers.facebook.com/docs/sharing/webmasters/crawler)"
20.171.207.123 - - [24/Jun/2025:12:54:11 +0000] "GET /shopdetail/3447810 HTTP/1.1" 200 - "-" "Mozilla/5.0 AppleWebKit/537.36 (KHTML, like Gecko; compatible; GPTBot/1.2; +https://openai.com/gptbot)"
57.141.2.27 - - [24/Jun/2025:12:54:12 +0000] "GET /buy.php/shopdetail/3366579 HTTP/1.1" 200 - "-" "meta-externalagent/1.1 (+https://developers.facebook.com/docs/sharing/webmasters/crawler)"
20.171.207.123 - - [24/Jun/2025:12:54:12 +0000] "GET /shopdetail/0912877 HTTP/1.1" 200 - "-" "Mozilla/5.0 AppleWebKit/537.36 (KHTML, like Gecko; compatible; GPTBot/1.2; +https://openai.com/gptbot)"
66.249.68.131 - - [24/Jun/2025:12:54:11 +0000] "GET /index.php/cd.html/man/customer_guide/pcmypage?callback=product/review/89162235/pcmypage/pcmypage/product_archives/pcmypage/text/terms/pcmypage/pcmypage/pcmypage/pcmypage/man/customer_guide/pcmypage/pcmypage/pcmypage/affiliate HTTP/1.1" 200 164681 "-" "Mozilla/5.0 (Linux; Android 6.0.1; Nexus 5X Build/MMB29P) AppleWebKit/537.36 (KHTML, like Gecko) Chrome/137.0.7151.103 Mobile Safari/537.36 (compatible; GoogleOther)"
57.141.2.12 - - [24/Jun/2025:12:54:13 +0000] "GET /shopdetail/1810002 HTTP/1.1" 200 - "-" "meta-externalagent/1.1 (+https://developers.facebook.com/docs/sharing/webmasters/crawler)"
57.141.2.19 - - [24/Jun/2025:12:54:13 +0000] "GET /buy.php/shopdetail/4094223 HTTP/1.1" 200 - "-" "meta-externalagent/1.1 (+https://developers.facebook.com/docs/sharing/webmasters/crawler)"
57.141.2.9 - - [24/Jun/2025:12:54:14 +0000] "GET /buy.php/shopdetail/2251475 HTTP/1.1" 200 - "-" "meta-externalagent/1.1 (+https://developers.facebook.com/docs/sharing/webmasters/crawler)"
57.141.2.21 - - [24/Jun/2025:12:54:14 +0000] "GET /buy.php/shopdetail/1371966 HTTP/1.1" 200 - "-" "meta-externalagent/1.1 (+https://developers.facebook.com/docs/sharing/webmasters/crawler)"
20.171.207.123 - - [24/Jun/2025:12:54:14 +0000] "GET /shopdetail/1380526 HTTP/1.1" 200 - "-" "Mozilla/5.0 AppleWebKit/537.36 (KHTML, like Gecko; compatible; GPTBot/1.2; +https://openai.com/gptbot)"
57.141.2.24 - - [24/Jun/2025:12:54:15 +0000] "GET /buy.php/shopdetail/2546068 HTTP/1.1" 200 - "-" "meta-externalagent/1.1 (+https://developers.facebook.com/docs/sharing/webmasters/crawler)"
20.171.207.123 - - [24/Jun/2025:12:54:15 +0000] "GET /shopdetail/1051967 HTTP/1.1" 200 - "-" "Mozilla/5.0 AppleWebKit/537.36 (KHTML, like Gecko; compatible; GPTBot/1.2; +https://openai.com/gptbot)"
57.141.2.30 - - [24/Jun/2025:12:54:15 +0000] "GET /buy.php/shopdetail/0665788 HTTP/1.1" 200 - "-" "meta-externalagent/1.1 (+https://developers.facebook.com/docs/sharing/webmasters/crawler)"
66.249.68.130 - - [24/Jun/2025:12:54:14 +0000] "GET /shopdetail/3036616 HTTP/1.1" 200 147268 "-" "Mozilla/5.0 (Linux; Android 6.0.1; Nexus 5X Build/MMB29P) AppleWebKit/537.36 (KHTML, like Gecko) Chrome/137.0.7151.103 Mobile Safari/537.36 (compatible; GoogleOther)"
57.141.2.26 - - [24/Jun/2025:12:54:16 +0000] "GET /buy.php/shopdetail/3185205 HTTP/1.1" 200 - "-" "meta-externalagent/1.1 (+https://developers.facebook.com/docs/sharing/webmasters/crawler)"
57.141.2.13 - - [24/Jun/2025:12:54:16 +0000] "GET /shopdetail/2853508 HTTP/1.1" 200 - "-" "meta-externalagent/1.1 (+https://developers.facebook.com/docs/sharing/webmasters/crawler)"
20.171.207.123 - - [24/Jun/2025:12:54:16 +0000] "GET /shopdetail/1932964 HTTP/1.1" 200 - "-" "Mozilla/5.0 AppleWebKit/537.36 (KHTML, like Gecko; compatible; GPTBot/1.2; +https://openai.com/gptbot)"
57.141.2.4 - - [24/Jun/2025:12:54:16 +0000] "GET /buy.php/shopdetail/2908624 HTTP/1.1" 200 - "-" "meta-externalagent/1.1 (+https://developers.facebook.com/docs/sharing/webmasters/crawler)"
57.141.2.7 - - [24/Jun/2025:12:54:17 +0000] "GET /buy.php/shopdetail/4019539 HTTP/1.1" 200 - "-" "meta-externalagent/1.1 (+https://developers.facebook.com/docs/sharing/webmasters/crawler)"
20.171.207.123 - - [24/Jun/2025:12:54:17 +0000] "GET /shopdetail/2549806 HTTP/1.1" 200 - "-" "Mozilla/5.0 AppleWebKit/537.36 (KHTML, like Gecko; compatible; GPTBot/1.2; +https://openai.com/gptbot)"
57.141.2.25 - - [24/Jun/2025:12:54:18 +0000] "GET /shopdetail/1302631 HTTP/1.1" 200 - "-" "meta-externalagent/1.1 (+https://developers.facebook.com/docs/sharing/webmasters/crawler)"
66.249.68.130 - - [24/Jun/2025:12:54:17 +0000] "GET /shopdetail/052271620?_bd_prev_page=http://gemprocessing.org/shopdetail/052271620/detail.php HTTP/1.1" 200 145727 "-" "Mozilla/5.0 (Linux; Android 6.0.1; Nexus 5X Build/MMB29P) AppleWebKit/537.36 (KHTML, like Gecko) Chrome/137.0.7151.103 Mobile Safari/537.36 (compatible; GoogleOther)"
57.141.2.23 - - [24/Jun/2025:12:54:18 +0000] "GET /shopdetail/3336043 HTTP/1.1" 200 - "-" "meta-externalagent/1.1 (+https://developers.facebook.com/docs/sharing/webmasters/crawler)"
57.141.2.30 - - [24/Jun/2025:12:54:18 +0000] "GET /buy.php/shopdetail/2957402 HTTP/1.1" 200 - "-" "meta-externalagent/1.1 (+https://developers.facebook.com/docs/sharing/webmasters/crawler)"
20.171.207.123 - - [24/Jun/2025:12:54:19 +0000] "GET /shopdetail/0929458 HTTP/1.1" 200 - "-" "Mozilla/5.0 AppleWebKit/537.36 (KHTML, like Gecko; compatible; GPTBot/1.2; +https://openai.com/gptbot)"
57.141.2.11 - - [24/Jun/2025:12:54:19 +0000] "GET /buy.php/shopdetail/2043493 HTTP/1.1" 200 - "-" "meta-externalagent/1.1 (+https://developers.facebook.com/docs/sharing/webmasters/crawler)"
57.141.2.21 - - [24/Jun/2025:12:54:20 +0000] "GET /buy.php/shopdetail/2964828 HTTP/1.1" 200 - "-" "meta-externalagent/1.1 (+https://developers.facebook.com/docs/sharing/webmasters/crawler)"
20.171.207.123 - - [24/Jun/2025:12:54:20 +0000] "GET /shopdetail/1359027 HTTP/1.1" 200 - "-" "Mozilla/5.0 AppleWebKit/537.36 (KHTML, like Gecko; compatible; GPTBot/1.2; +https://openai.com/gptbot)"
66.249.68.130 - - [24/Jun/2025:12:54:19 +0000] "GET /shopdetail/052271620?_bd_prev_page=http://gemprocessing.org/shopdetail/052271620/detail.php HTTP/1.1" 200 145727 "-" "Mozilla/5.0 (Linux; Android 6.0.1; Nexus 5X Build/MMB29P) AppleWebKit/537.36 (KHTML, like Gecko) Chrome/137.0.7151.103 Mobile Safari/537.36 (compatible; GoogleOther)"
57.141.2.25 - - [24/Jun/2025:12:54:21 +0000] "GET /shopdetail/2038948 HTTP/1.1" 200 - "-" "meta-externalagent/1.1 (+https://developers.facebook.com/docs/sharing/webmasters/crawler)"
57.141.2.19 - - [24/Jun/2025:12:54:21 +0000] "GET /buy.php/shopdetail/1877894 HTTP/1.1" 200 - "-" "meta-externalagent/1.1 (+https://developers.facebook.com/docs/sharing/webmasters/crawler)"
57.141.2.23 - - [24/Jun/2025:12:54:21 +0000] "GET /shopdetail/1618953 HTTP/1.1" 200 - "-" "meta-externalagent/1.1 (+https://developers.facebook.com/docs/sharing/webmasters/crawler)"
20.171.207.123 - - [24/Jun/2025:12:54:21 +0000] "GET /shopdetail/4283591 HTTP/1.1" 200 - "-" "Mozilla/5.0 AppleWebKit/537.36 (KHTML, like Gecko; compatible; GPTBot/1.2; +https://openai.com/gptbot)"
57.141.2.28 - - [24/Jun/2025:12:54:22 +0000] "GET /shopdetail/3339697 HTTP/1.1" 200 - "-" "meta-externalagent/1.1 (+https://developers.facebook.com/docs/sharing/webmasters/crawler)"
57.141.2.9 - - [24/Jun/2025:12:54:22 +0000] "GET /shopdetail/0986815 HTTP/1.1" 200 - "-" "meta-externalagent/1.1 (+https://developers.facebook.com/docs/sharing/webmasters/crawler)"
57.141.2.7 - - [24/Jun/2025:12:54:22 +0000] "GET /shopdetail/3109143 HTTP/1.1" 200 - "-" "meta-externalagent/1.1 (+https://developers.facebook.com/docs/sharing/webmasters/crawler)"
20.171.207.123 - - [24/Jun/2025:12:54:22 +0000] "GET /shopdetail/3198870 HTTP/1.1" 200 - "-" "Mozilla/5.0 AppleWebKit/537.36 (KHTML, like Gecko; compatible; GPTBot/1.2; +https://openai.com/gptbot)"
57.141.2.15 - - [24/Jun/2025:12:54:23 +0000] "GET /shopdetail/0676735 HTTP/1.1" 200 - "-" "meta-externalagent/1.1 (+https://developers.facebook.com/docs/sharing/webmasters/crawler)"
57.141.2.5 - - [24/Jun/2025:12:54:23 +0000] "GET /shopdetail/4290417 HTTP/1.1" 200 - "-" "meta-externalagent/1.1 (+https://developers.facebook.com/docs/sharing/webmasters/crawler)"
66.249.68.130 - - [24/Jun/2025:12:54:22 +0000] "GET /shopdetail/4199684 HTTP/1.1" 200 144062 "-" "Mozilla/5.0 (Linux; Android 6.0.1; Nexus 5X Build/MMB29P) AppleWebKit/537.36 (KHTML, like Gecko) Chrome/137.0.7151.103 Mobile Safari/537.36 (compatible; GoogleOther)"
20.171.207.123 - - [24/Jun/2025:12:54:23 +0000] "GET /shopdetail/2175306 HTTP/1.1" 200 - "-" "Mozilla/5.0 AppleWebKit/537.36 (KHTML, like Gecko; compatible; GPTBot/1.2; +https://openai.com/gptbot)"
57.141.2.4 - - [24/Jun/2025:12:54:24 +0000] "GET /shopdetail/4166349 HTTP/1.1" 200 - "-" "meta-externalagent/1.1 (+https://developers.facebook.com/docs/sharing/webmasters/crawler)"
57.141.2.29 - - [24/Jun/2025:12:54:24 +0000] "GET /shopdetail/2411341 HTTP/1.1" 200 - "-" "meta-externalagent/1.1 (+https://developers.facebook.com/docs/sharing/webmasters/crawler)"
20.171.207.123 - - [24/Jun/2025:12:54:25 +0000] "GET /shopdetail/0912877 HTTP/1.1" 200 - "-" "Mozilla/5.0 AppleWebKit/537.36 (KHTML, like Gecko; compatible; GPTBot/1.2; +https://openai.com/gptbot)"
57.141.2.23 - - [24/Jun/2025:12:54:25 +0000] "GET /buy.php/shopdetail/4062075 HTTP/1.1" 200 - "-" "meta-externalagent/1.1 (+https://developers.facebook.com/docs/sharing/webmasters/crawler)"
57.141.2.24 - - [24/Jun/2025:12:54:26 +0000] "GET /shopdetail/4157333 HTTP/1.1" 200 - "-" "meta-externalagent/1.1 (+https://developers.facebook.com/docs/sharing/webmasters/crawler)"
57.141.2.23 - - [24/Jun/2025:12:54:26 +0000] "GET /buy.php/shopdetail/4114659 HTTP/1.1" 200 - "-" "meta-externalagent/1.1 (+https://developers.facebook.com/docs/sharing/webmasters/crawler)"
66.249.68.130 - - [24/Jun/2025:12:54:25 +0000] "GET /shopdetail/4618524 HTTP/1.1" 200 146233 "-" "Mozilla/5.0 (Linux; Android 6.0.1; Nexus 5X Build/MMB29P) AppleWebKit/537.36 (KHTML, like Gecko) Chrome/137.0.7151.103 Mobile Safari/537.36 (compatible; GoogleOther)"
20.171.207.123 - - [24/Jun/2025:12:54:27 +0000] "GET /shopdetail/4547638 HTTP/1.1" 200 - "-" "Mozilla/5.0 AppleWebKit/537.36 (KHTML, like Gecko; compatible; GPTBot/1.2; +https://openai.com/gptbot)"
57.141.2.26 - - [24/Jun/2025:12:54:27 +0000] "GET /shopdetail/2840319 HTTP/1.1" 200 - "-" "meta-externalagent/1.1 (+https://developers.facebook.com/docs/sharing/webmasters/crawler)"
57.141.2.16 - - [24/Jun/2025:12:54:27 +0000] "GET /shopdetail/1306152 HTTP/1.1" 200 - "-" "meta-externalagent/1.1 (+https://developers.facebook.com/docs/sharing/webmasters/crawler)"
57.141.2.25 - - [24/Jun/2025:12:54:28 +0000] "GET /buy.php/shopdetail/3362533 HTTP/1.1" 200 - "-" "meta-externalagent/1.1 (+https://developers.facebook.com/docs/sharing/webmasters/crawler)"
20.171.207.123 - - [24/Jun/2025:12:54:28 +0000] "GET /shopdetail/2076468 HTTP/1.1" 200 - "-" "Mozilla/5.0 AppleWebKit/537.36 (KHTML, like Gecko; compatible; GPTBot/1.2; +https://openai.com/gptbot)"
57.141.2.14 - - [24/Jun/2025:12:54:28 +0000] "GET /buy.php/shopdetail/0935737 HTTP/1.1" 200 - "-" "meta-externalagent/1.1 (+https://developers.facebook.com/docs/sharing/webmasters/crawler)"
57.141.2.7 - - [24/Jun/2025:12:54:29 +0000] "GET /buy.php/shopdetail/1644605 HTTP/1.1" 200 - "-" "meta-externalagent/1.1 (+https://developers.facebook.com/docs/sharing/webmasters/crawler)"
20.171.207.123 - - [24/Jun/2025:12:54:29 +0000] "GET /shopdetail/3741265 HTTP/1.1" 200 - "-" "Mozilla/5.0 AppleWebKit/537.36 (KHTML, like Gecko; compatible; GPTBot/1.2; +https://openai.com/gptbot)"
57.141.2.15 - - [24/Jun/2025:12:54:29 +0000] "GET /shopdetail/3890382 HTTP/1.1" 200 - "-" "meta-externalagent/1.1 (+https://developers.facebook.com/docs/sharing/webmasters/crawler)"
66.249.68.131 - - [24/Jun/2025:12:54:28 +0000] "GET /index.php/cd.html/man/customer_guide/pcmypage?callback=product/detail/89162235/toiawase/events/recruit/pcmypage?callback=product/review/67969692/man/customer_guide/product/edit/15174910/product_archives/product_archives/recruit/cargo/detail/cargo/detail/events/pcmypage/cd.html HTTP/1.1" 200 168518 "-" "Mozilla/5.0 (Linux; Android 6.0.1; Nexus 5X Build/MMB29P) AppleWebKit/537.36 (KHTML, like Gecko) Chrome/137.0.7151.103 Mobile Safari/537.36 (compatible; GoogleOther)"
57.141.2.26 - - [24/Jun/2025:12:54:30 +0000] "GET /buy.php/shopdetail/3464761 HTTP/1.1" 200 - "-" "meta-externalagent/1.1 (+https://developers.facebook.com/docs/sharing/webmasters/crawler)"
20.171.207.123 - - [24/Jun/2025:12:54:30 +0000] "GET /shopdetail/2079469 HTTP/1.1" 200 - "-" "Mozilla/5.0 AppleWebKit/537.36 (KHTML, like Gecko; compatible; GPTBot/1.2; +https://openai.com/gptbot)"
57.141.2.8 - - [24/Jun/2025:12:54:31 +0000] "GET /buy.php/shopdetail/1275670 HTTP/1.1" 200 - "-" "meta-externalagent/1.1 (+https://developers.facebook.com/docs/sharing/webmasters/crawler)"
57.141.2.30 - - [24/Jun/2025:12:54:31 +0000] "GET /buy.php/shopdetail/2728533 HTTP/1.1" 200 - "-" "meta-externalagent/1.1 (+https://developers.facebook.com/docs/sharing/webmasters/crawler)"
57.141.2.18 - - [24/Jun/2025:12:54:31 +0000] "GET /shopdetail/2275218 HTTP/1.1" 200 - "-" "meta-externalagent/1.1 (+https://developers.facebook.com/docs/sharing/webmasters/crawler)"
57.141.2.10 - - [24/Jun/2025:12:54:32 +0000] "GET /buy.php/shopdetail/4225961 HTTP/1.1" 200 - "-" "meta-externalagent/1.1 (+https://developers.facebook.com/docs/sharing/webmasters/crawler)"
57.141.2.9 - - [24/Jun/2025:12:54:32 +0000] "GET /buy.php/shopdetail/1301176 HTTP/1.1" 200 - "-" "meta-externalagent/1.1 (+https://developers.facebook.com/docs/sharing/webmasters/crawler)"
66.249.68.130 - - [24/Jun/2025:12:54:31 +0000] "GET /shopdetail/2662682 HTTP/1.1" 200 145185 "-" "Mozilla/5.0 (Linux; Android 6.0.1; Nexus 5X Build/MMB29P) AppleWebKit/537.36 (KHTML, like Gecko) Chrome/137.0.7151.103 Mobile Safari/537.36 (compatible; GoogleOther)"
20.171.207.123 - - [24/Jun/2025:12:54:32 +0000] "GET /shopdetail/2549806 HTTP/1.1" 200 - "-" "Mozilla/5.0 AppleWebKit/537.36 (KHTML, like Gecko; compatible; GPTBot/1.2; +https://openai.com/gptbot)"
57.141.2.12 - - [24/Jun/2025:12:54:32 +0000] "GET /buy.php/shopdetail/3961085 HTTP/1.1" 200 - "-" "meta-externalagent/1.1 (+https://developers.facebook.com/docs/sharing/webmasters/crawler)"
57.141.2.22 - - [24/Jun/2025:12:54:33 +0000] "GET /buy.php/shopdetail/3639348 HTTP/1.1" 200 - "-" "meta-externalagent/1.1 (+https://developers.facebook.com/docs/sharing/webmasters/crawler)"
20.171.207.123 - - [24/Jun/2025:12:54:33 +0000] "GET /shopdetail/4170579 HTTP/1.1" 200 - "-" "Mozilla/5.0 AppleWebKit/537.36 (KHTML, like Gecko; compatible; GPTBot/1.2; +https://openai.com/gptbot)"
57.141.2.1 - - [24/Jun/2025:12:54:34 +0000] "GET /buy.php/shopdetail/2585564 HTTP/1.1" 200 - "-" "meta-externalagent/1.1 (+https://developers.facebook.com/docs/sharing/webmasters/crawler)"
20.171.207.123 - - [24/Jun/2025:12:54:34 +0000] "GET /shopdetail/4407352 HTTP/1.1" 200 - "-" "Mozilla/5.0 AppleWebKit/537.36 (KHTML, like Gecko; compatible; GPTBot/1.2; +https://openai.com/gptbot)"
66.249.68.130 - - [24/Jun/2025:12:54:33 +0000] "GET /shopdetail/052271620/affiliate HTTP/1.1" 200 146506 "-" "Mozilla/5.0 (Linux; Android 6.0.1; Nexus 5X Build/MMB29P) AppleWebKit/537.36 (KHTML, like Gecko) Chrome/137.0.7151.103 Mobile Safari/537.36 (compatible; GoogleOther)"
57.141.2.26 - - [24/Jun/2025:12:54:35 +0000] "GET /shopdetail/2218726 HTTP/1.1" 200 - "-" "meta-externalagent/1.1 (+https://developers.facebook.com/docs/sharing/webmasters/crawler)"
57.141.2.22 - - [24/Jun/2025:12:54:35 +0000] "GET /shopdetail/2807333 HTTP/1.1" 200 - "-" "meta-externalagent/1.1 (+https://developers.facebook.com/docs/sharing/webmasters/crawler)"
20.171.207.123 - - [24/Jun/2025:12:54:35 +0000] "GET /shopdetail/3912703 HTTP/1.1" 200 - "-" "Mozilla/5.0 AppleWebKit/537.36 (KHTML, like Gecko; compatible; GPTBot/1.2; +https://openai.com/gptbot)"
57.141.2.26 - - [24/Jun/2025:12:54:35 +0000] "GET /shopdetail/0682611 HTTP/1.1" 200 - "-" "meta-externalagent/1.1 (+https://developers.facebook.com/docs/sharing/webmasters/crawler)"
57.141.2.1 - - [24/Jun/2025:12:54:35 +0000] "GET /shopdetail/2993672 HTTP/1.1" 200 - "-" "meta-externalagent/1.1 (+https://developers.facebook.com/docs/sharing/webmasters/crawler)"
57.141.2.23 - - [24/Jun/2025:12:54:36 +0000] "GET /shopdetail/1188949 HTTP/1.1" 200 - "-" "meta-externalagent/1.1 (+https://developers.facebook.com/docs/sharing/webmasters/crawler)"
57.141.2.14 - - [24/Jun/2025:12:54:37 +0000] "GET /buy.php/shopdetail/4375056 HTTP/1.1" 200 - "-" "meta-externalagent/1.1 (+https://developers.facebook.com/docs/sharing/webmasters/crawler)"
57.141.2.5 - - [24/Jun/2025:12:54:37 +0000] "GET /shopdetail/2745985 HTTP/1.1" 200 - "-" "meta-externalagent/1.1 (+https://developers.facebook.com/docs/sharing/webmasters/crawler)"
20.171.207.123 - - [24/Jun/2025:12:54:37 +0000] "GET /shopdetail/3288745 HTTP/1.1" 200 - "-" "Mozilla/5.0 AppleWebKit/537.36 (KHTML, like Gecko; compatible; GPTBot/1.2; +https://openai.com/gptbot)"
66.249.68.131 - - [24/Jun/2025:12:54:36 +0000] "GET /shopdetail/3274376/cargo/detail HTTP/1.1" 200 145242 "-" "Mozilla/5.0 (Linux; Android 6.0.1; Nexus 5X Build/MMB29P) AppleWebKit/537.36 (KHTML, like Gecko) Chrome/137.0.7151.103 Mobile Safari/537.36 (compatible; GoogleOther)"
57.141.2.17 - - [24/Jun/2025:12:54:38 +0000] "GET /shopdetail/4002876 HTTP/1.1" 200 - "-" "meta-externalagent/1.1 (+https://developers.facebook.com/docs/sharing/webmasters/crawler)"
20.171.207.123 - - [24/Jun/2025:12:54:39 +0000] "GET /shopdetail/2074265 HTTP/1.1" 200 - "-" "Mozilla/5.0 AppleWebKit/537.36 (KHTML, like Gecko; compatible; GPTBot/1.2; +https://openai.com/gptbot)"
20.171.207.123 - - [24/Jun/2025:12:54:40 +0000] "GET /shopdetail/2027381 HTTP/1.1" 200 - "-" "Mozilla/5.0 AppleWebKit/537.36 (KHTML, like Gecko; compatible; GPTBot/1.2; +https://openai.com/gptbot)"
57.141.2.9 - - [24/Jun/2025:12:54:40 +0000] "GET /shopdetail/4483839 HTTP/1.1" 200 - "-" "meta-externalagent/1.1 (+https://developers.facebook.com/docs/sharing/webmasters/crawler)"
20.171.207.123 - - [24/Jun/2025:12:54:41 +0000] "GET /shopdetail/4213568 HTTP/1.1" 200 - "-" "Mozilla/5.0 AppleWebKit/537.36 (KHTML, like Gecko; compatible; GPTBot/1.2; +https://openai.com/gptbot)"
20.171.207.123 - - [24/Jun/2025:12:54:42 +0000] "GET /shopdetail/3902986 HTTP/1.1" 200 - "-" "Mozilla/5.0 AppleWebKit/537.36 (KHTML, like Gecko; compatible; GPTBot/1.2; +https://openai.com/gptbot)"
57.141.2.27 - - [24/Jun/2025:12:54:43 +0000] "GET /buy.php/shopdetail/2625993 HTTP/1.1" 200 - "-" "meta-externalagent/1.1 (+https://developers.facebook.com/docs/sharing/webmasters/crawler)"
20.171.207.123 - - [24/Jun/2025:12:54:43 +0000] "GET /shopdetail/1059782 HTTP/1.1" 200 - "-" "Mozilla/5.0 AppleWebKit/537.36 (KHTML, like Gecko; compatible; GPTBot/1.2; +https://openai.com/gptbot)"
57.141.2.12 - - [24/Jun/2025:12:54:43 +0000] "GET /buy.php/shopdetail/3592036 HTTP/1.1" 200 - "-" "meta-externalagent/1.1 (+https://developers.facebook.com/docs/sharing/webmasters/crawler)"
66.249.68.130 - - [24/Jun/2025:12:54:42 +0000] "GET /shopdetail/052271620/toreka/toreka_menu.html HTTP/1.1" 200 149041 "-" "Mozilla/5.0 (Linux; Android 6.0.1; Nexus 5X Build/MMB29P) AppleWebKit/537.36 (KHTML, like Gecko) Chrome/137.0.7151.103 Mobile Safari/537.36 (compatible; GoogleOther)"
57.141.2.29 - - [24/Jun/2025:12:54:44 +0000] "GET /shopdetail/2596439 HTTP/1.1" 200 - "-" "meta-externalagent/1.1 (+https://developers.facebook.com/docs/sharing/webmasters/crawler)"
20.171.207.123 - - [24/Jun/2025:12:54:44 +0000] "GET /shopdetail/3375641 HTTP/1.1" 200 - "-" "Mozilla/5.0 AppleWebKit/537.36 (KHTML, like Gecko; compatible; GPTBot/1.2; +https://openai.com/gptbot)"
57.141.2.4 - - [24/Jun/2025:12:54:44 +0000] "GET /shopdetail/2868938 HTTP/1.1" 200 - "-" "meta-externalagent/1.1 (+https://developers.facebook.com/docs/sharing/webmasters/crawler)"
20.171.207.123 - - [24/Jun/2025:12:54:45 +0000] "GET /shopdetail/4170579 HTTP/1.1" 200 - "-" "Mozilla/5.0 AppleWebKit/537.36 (KHTML, like Gecko; compatible; GPTBot/1.2; +https://openai.com/gptbot)"
20.171.207.123 - - [24/Jun/2025:12:54:46 +0000] "GET /shopdetail/3517607 HTTP/1.1" 200 - "-" "Mozilla/5.0 AppleWebKit/537.36 (KHTML, like Gecko; compatible; GPTBot/1.2; +https://openai.com/gptbot)"
20.171.207.123 - - [24/Jun/2025:12:54:47 +0000] "GET /shopdetail/3416059 HTTP/1.1" 200 - "-" "Mozilla/5.0 AppleWebKit/537.36 (KHTML, like Gecko; compatible; GPTBot/1.2; +https://openai.com/gptbot)"
57.141.2.12 - - [24/Jun/2025:12:54:48 +0000] "GET /shopdetail/3059218 HTTP/1.1" 200 - "-" "meta-externalagent/1.1 (+https://developers.facebook.com/docs/sharing/webmasters/crawler)"
57.141.2.30 - - [24/Jun/2025:12:54:49 +0000] "GET /shopdetail/3942737 HTTP/1.1" 200 - "-" "meta-externalagent/1.1 (+https://developers.facebook.com/docs/sharing/webmasters/crawler)"
20.171.207.123 - - [24/Jun/2025:12:54:49 +0000] "GET /shopdetail/3507823 HTTP/1.1" 200 - "-" "Mozilla/5.0 AppleWebKit/537.36 (KHTML, like Gecko; compatible; GPTBot/1.2; +https://openai.com/gptbot)"
66.249.68.131 - - [24/Jun/2025:12:54:47 +0000] "GET /shopdetail/1170757 HTTP/1.1" 200 146305 "-" "Mozilla/5.0 (Linux; Android 6.0.1; Nexus 5X Build/MMB29P) AppleWebKit/537.36 (KHTML, like Gecko) Chrome/137.0.7151.103 Mobile Safari/537.36 (compatible; GoogleOther)"
57.141.2.7 - - [24/Jun/2025:12:54:50 +0000] "GET /buy.php/shopdetail/1350021 HTTP/1.1" 200 - "-" "meta-externalagent/1.1 (+https://developers.facebook.com/docs/sharing/webmasters/crawler)"
20.171.207.123 - - [24/Jun/2025:12:54:50 +0000] "GET /shopdetail/3925671 HTTP/1.1" 200 - "-" "Mozilla/5.0 AppleWebKit/537.36 (KHTML, like Gecko; compatible; GPTBot/1.2; +https://openai.com/gptbot)"
66.249.68.131 - - [24/Jun/2025:12:54:50 +0000] "GET /shopdetail/3274376/kaitori/kaitoritop.html HTTP/1.1" 200 148716 "-" "Mozilla/5.0 (Linux; Android 6.0.1; Nexus 5X Build/MMB29P) AppleWebKit/537.36 (KHTML, like Gecko) Chrome/137.0.7151.103 Mobile Safari/537.36 (compatible; GoogleOther)"
20.171.207.123 - - [24/Jun/2025:12:54:51 +0000] "GET /shopdetail/3179203 HTTP/1.1" 200 - "-" "Mozilla/5.0 AppleWebKit/537.36 (KHTML, like Gecko; compatible; GPTBot/1.2; +https://openai.com/gptbot)"
57.141.2.17 - - [24/Jun/2025:12:54:52 +0000] "GET /shopdetail/4534409 HTTP/1.1" 200 - "-" "meta-externalagent/1.1 (+https://developers.facebook.com/docs/sharing/webmasters/crawler)"
20.171.207.123 - - [24/Jun/2025:12:54:53 +0000] "GET /shopdetail/3186574 HTTP/1.1" 200 - "-" "Mozilla/5.0 AppleWebKit/537.36 (KHTML, like Gecko; compatible; GPTBot/1.2; +https://openai.com/gptbot)"
20.171.207.123 - - [24/Jun/2025:12:54:54 +0000] "GET /shopdetail/4547863 HTTP/1.1" 200 - "-" "Mozilla/5.0 AppleWebKit/537.36 (KHTML, like Gecko; compatible; GPTBot/1.2; +https://openai.com/gptbot)"
66.249.68.130 - - [24/Jun/2025:12:54:53 +0000] "GET /shopdetail/3271516 HTTP/1.1" 200 145689 "-" "Mozilla/5.0 (Linux; Android 6.0.1; Nexus 5X Build/MMB29P) AppleWebKit/537.36 (KHTML, like Gecko) Chrome/137.0.7151.103 Mobile Safari/537.36 (compatible; GoogleOther)"
20.171.207.123 - - [24/Jun/2025:12:54:55 +0000] "GET /shopdetail/1605735 HTTP/1.1" 200 - "-" "Mozilla/5.0 AppleWebKit/537.36 (KHTML, like Gecko; compatible; GPTBot/1.2; +https://openai.com/gptbot)"
20.171.207.123 - - [24/Jun/2025:12:54:56 +0000] "GET /shopdetail/0785721 HTTP/1.1" 200 - "-" "Mozilla/5.0 AppleWebKit/537.36 (KHTML, like Gecko; compatible; GPTBot/1.2; +https://openai.com/gptbot)"
66.249.68.131 - - [24/Jun/2025:12:54:56 +0000] "GET /shopdetail/4147760 HTTP/1.1" 200 144057 "-" "Mozilla/5.0 (Linux; Android 6.0.1; Nexus 5X Build/MMB29P) AppleWebKit/537.36 (KHTML, like Gecko) Chrome/137.0.7151.103 Mobile Safari/537.36 (compatible; GoogleOther)"
20.171.207.123 - - [24/Jun/2025:12:54:58 +0000] "GET /shopdetail/2866790 HTTP/1.1" 200 - "-" "Mozilla/5.0 AppleWebKit/537.36 (KHTML, like Gecko; compatible; GPTBot/1.2; +https://openai.com/gptbot)"
20.171.207.123 - - [24/Jun/2025:12:54:59 +0000] "GET /shopdetail/0850167 HTTP/1.1" 200 - "-" "Mozilla/5.0 AppleWebKit/537.36 (KHTML, like Gecko; compatible; GPTBot/1.2; +https://openai.com/gptbot)"
57.141.2.28 - - [24/Jun/2025:12:54:59 +0000] "GET /shopdetail/1303817 HTTP/1.1" 200 - "-" "meta-externalagent/1.1 (+https://developers.facebook.com/docs/sharing/webmasters/crawler)"
66.249.68.131 - - [24/Jun/2025:12:54:58 +0000] "GET /shopdetail/3329032 HTTP/1.1" 200 145798 "-" "Mozilla/5.0 (Linux; Android 6.0.1; Nexus 5X Build/MMB29P) AppleWebKit/537.36 (KHTML, like Gecko) Chrome/137.0.7151.103 Mobile Safari/537.36 (compatible; GoogleOther)"
20.171.207.123 - - [24/Jun/2025:12:55:00 +0000] "GET /shopdetail/1929673 HTTP/1.1" 200 - "-" "Mozilla/5.0 AppleWebKit/537.36 (KHTML, like Gecko; compatible; GPTBot/1.2; +https://openai.com/gptbot)"
57.141.2.29 - - [24/Jun/2025:12:55:01 +0000] "GET /shopdetail/0765611 HTTP/1.1" 200 - "-" "meta-externalagent/1.1 (+https://developers.facebook.com/docs/sharing/webmasters/crawler)"
20.171.207.123 - - [24/Jun/2025:12:55:02 +0000] "GET /shopdetail/3805275 HTTP/1.1" 200 - "-" "Mozilla/5.0 AppleWebKit/537.36 (KHTML, like Gecko; compatible; GPTBot/1.2; +https://openai.com/gptbot)"
66.249.68.131 - - [24/Jun/2025:12:55:01 +0000] "GET /shopdetail/3967341 HTTP/1.1" 200 145093 "-" "Mozilla/5.0 (Linux; Android 6.0.1; Nexus 5X Build/MMB29P) AppleWebKit/537.36 (KHTML, like Gecko) Chrome/137.0.7151.103 Mobile Safari/537.36 (compatible; GoogleOther)"
20.171.207.123 - - [24/Jun/2025:12:55:03 +0000] "GET /shopdetail/2593436 HTTP/1.1" 200 - "-" "Mozilla/5.0 AppleWebKit/537.36 (KHTML, like Gecko; compatible; GPTBot/1.2; +https://openai.com/gptbot)"
20.171.207.123 - - [24/Jun/2025:12:55:04 +0000] "GET /shopdetail/0937157 HTTP/1.1" 200 - "-" "Mozilla/5.0 AppleWebKit/537.36 (KHTML, like Gecko; compatible; GPTBot/1.2; +https://openai.com/gptbot)"
20.171.207.123 - - [24/Jun/2025:12:55:05 +0000] "GET /shopdetail/3758741 HTTP/1.1" 200 - "-" "Mozilla/5.0 AppleWebKit/537.36 (KHTML, like Gecko; compatible; GPTBot/1.2; +https://openai.com/gptbot)"
66.249.68.130 - - [24/Jun/2025:12:55:04 +0000] "GET /shopdetail/3274376/toreka/toreka_single.html HTTP/1.1" 200 145918 "-" "Mozilla/5.0 (Linux; Android 6.0.1; Nexus 5X Build/MMB29P) AppleWebKit/537.36 (KHTML, like Gecko) Chrome/137.0.7151.103 Mobile Safari/537.36 (compatible; GoogleOther)"
20.171.207.123 - - [24/Jun/2025:12:55:06 +0000] "GET /shopdetail/3924970 HTTP/1.1" 200 - "-" "Mozilla/5.0 AppleWebKit/537.36 (KHTML, like Gecko; compatible; GPTBot/1.2; +https://openai.com/gptbot)"
57.141.2.10 - - [24/Jun/2025:12:55:06 +0000] "GET /buy.php/shopdetail/2161802 HTTP/1.1" 200 - "-" "meta-externalagent/1.1 (+https://developers.facebook.com/docs/sharing/webmasters/crawler)"
66.249.68.130 - - [24/Jun/2025:12:55:06 +0000] "GET /shopdetail/971798788/kaitori/kantan.html HTTP/1.1" 200 147637 "-" "Mozilla/5.0 (Linux; Android 6.0.1; Nexus 5X Build/MMB29P) AppleWebKit/537.36 (KHTML, like Gecko) Chrome/137.0.7151.103 Mobile Safari/537.36 (compatible; GoogleOther)"
20.171.207.123 - - [24/Jun/2025:12:55:08 +0000] "GET /shopdetail/4383019 HTTP/1.1" 200 - "-" "Mozilla/5.0 AppleWebKit/537.36 (KHTML, like Gecko; compatible; GPTBot/1.2; +https://openai.com/gptbot)"
20.171.207.123 - - [24/Jun/2025:12:55:09 +0000] "GET /shopdetail/1273398 HTTP/1.1" 200 - "-" "Mozilla/5.0 AppleWebKit/537.36 (KHTML, like Gecko; compatible; GPTBot/1.2; +https://openai.com/gptbot)"
57.141.2.3 - - [24/Jun/2025:12:55:10 +0000] "GET /buy.php/shopdetail/2717858 HTTP/1.1" 200 - "-" "meta-externalagent/1.1 (+https://developers.facebook.com/docs/sharing/webmasters/crawler)"
66.249.68.130 - - [24/Jun/2025:12:55:09 +0000] "GET /shopdetail/3819278 HTTP/1.1" 200 143941 "-" "Mozilla/5.0 (Linux; Android 6.0.1; Nexus 5X Build/MMB29P) AppleWebKit/537.36 (KHTML, like Gecko) Chrome/137.0.7151.103 Mobile Safari/537.36 (compatible; GoogleOther)"
20.171.207.123 - - [24/Jun/2025:12:55:11 +0000] "GET /shopdetail/3099284 HTTP/1.1" 200 - "-" "Mozilla/5.0 AppleWebKit/537.36 (KHTML, like Gecko; compatible; GPTBot/1.2; +https://openai.com/gptbot)"
20.171.207.123 - - [24/Jun/2025:12:55:12 +0000] "GET /shopdetail/2769948 HTTP/1.1" 200 - "-" "Mozilla/5.0 AppleWebKit/537.36 (KHTML, like Gecko; compatible; GPTBot/1.2; +https://openai.com/gptbot)"
66.249.68.130 - - [24/Jun/2025:12:55:12 +0000] "GET /shopdetail/0860989 HTTP/1.1" 200 139732 "-" "Mozilla/5.0 (Linux; Android 6.0.1; Nexus 5X Build/MMB29P) AppleWebKit/537.36 (KHTML, like Gecko) Chrome/137.0.7151.103 Mobile Safari/537.36 (compatible; GoogleOther)"
20.171.207.123 - - [24/Jun/2025:12:55:13 +0000] "GET /shopdetail/1253384 HTTP/1.1" 200 - "-" "Mozilla/5.0 AppleWebKit/537.36 (KHTML, like Gecko; compatible; GPTBot/1.2; +https://openai.com/gptbot)"
20.171.207.123 - - [24/Jun/2025:12:55:15 +0000] "GET /shopdetail/4073586 HTTP/1.1" 200 - "-" "Mozilla/5.0 AppleWebKit/537.36 (KHTML, like Gecko; compatible; GPTBot/1.2; +https://openai.com/gptbot)"
57.141.2.26 - - [24/Jun/2025:12:55:15 +0000] "GET /buy.php/shopdetail/1393155 HTTP/1.1" 200 - "-" "meta-externalagent/1.1 (+https://developers.facebook.com/docs/sharing/webmasters/crawler)"
66.249.68.130 - - [24/Jun/2025:12:55:14 +0000] "GET /shopdetail/971798788/toreka/goods_menu.html HTTP/1.1" 200 149045 "-" "Mozilla/5.0 (Linux; Android 6.0.1; Nexus 5X Build/MMB29P) AppleWebKit/537.36 (KHTML, like Gecko) Chrome/137.0.7151.103 Mobile Safari/537.36 (compatible; GoogleOther)"
57.141.2.26 - - [24/Jun/2025:12:55:16 +0000] "GET /shopdetail/2439241 HTTP/1.1" 200 - "-" "meta-externalagent/1.1 (+https://developers.facebook.com/docs/sharing/webmasters/crawler)"
20.171.207.123 - - [24/Jun/2025:12:55:16 +0000] "GET /shopdetail/2756874 HTTP/1.1" 200 - "-" "Mozilla/5.0 AppleWebKit/537.36 (KHTML, like Gecko; compatible; GPTBot/1.2; +https://openai.com/gptbot)"
20.171.207.123 - - [24/Jun/2025:12:55:17 +0000] "GET /shopdetail/0947896 HTTP/1.1" 200 - "-" "Mozilla/5.0 AppleWebKit/537.36 (KHTML, like Gecko; compatible; GPTBot/1.2; +https://openai.com/gptbot)"
57.141.2.27 - - [24/Jun/2025:12:55:18 +0000] "GET /buy.php/shopdetail/3695370 HTTP/1.1" 200 - "-" "meta-externalagent/1.1 (+https://developers.facebook.com/docs/sharing/webmasters/crawler)"
20.171.207.123 - - [24/Jun/2025:12:55:18 +0000] "GET /shopdetail/2551036 HTTP/1.1" 200 - "-" "Mozilla/5.0 AppleWebKit/537.36 (KHTML, like Gecko; compatible; GPTBot/1.2; +https://openai.com/gptbot)"
20.171.207.123 - - [24/Jun/2025:12:55:19 +0000] "GET /shopdetail/2351836 HTTP/1.1" 200 - "-" "Mozilla/5.0 AppleWebKit/537.36 (KHTML, like Gecko; compatible; GPTBot/1.2; +https://openai.com/gptbot)"
57.141.2.19 - - [24/Jun/2025:12:55:20 +0000] "GET /shopdetail/0949260 HTTP/1.1" 200 - "-" "meta-externalagent/1.1 (+https://developers.facebook.com/docs/sharing/webmasters/crawler)"
20.171.207.123 - - [24/Jun/2025:12:55:20 +0000] "GET /shopdetail/3045211 HTTP/1.1" 200 - "-" "Mozilla/5.0 AppleWebKit/537.36 (KHTML, like Gecko; compatible; GPTBot/1.2; +https://openai.com/gptbot)"
57.141.2.15 - - [24/Jun/2025:12:55:21 +0000] "GET /buy.php/shopdetail/3175815 HTTP/1.1" 200 - "-" "meta-externalagent/1.1 (+https://developers.facebook.com/docs/sharing/webmasters/crawler)"
20.171.207.123 - - [24/Jun/2025:12:55:22 +0000] "GET /shopdetail/0832401 HTTP/1.1" 200 - "-" "Mozilla/5.0 AppleWebKit/537.36 (KHTML, like Gecko; compatible; GPTBot/1.2; +https://openai.com/gptbot)"
20.171.207.123 - - [24/Jun/2025:12:55:23 +0000] "GET /shopdetail/4401526 HTTP/1.1" 200 - "-" "Mozilla/5.0 AppleWebKit/537.36 (KHTML, like Gecko; compatible; GPTBot/1.2; +https://openai.com/gptbot)"
57.141.2.7 - - [24/Jun/2025:12:55:24 +0000] "GET /buy.php/shopdetail/4556181 HTTP/1.1" 200 - "-" "meta-externalagent/1.1 (+https://developers.facebook.com/docs/sharing/webmasters/crawler)"
20.171.207.123 - - [24/Jun/2025:12:55:24 +0000] "GET /shopdetail/3029784 HTTP/1.1" 200 - "-" "Mozilla/5.0 AppleWebKit/537.36 (KHTML, like Gecko; compatible; GPTBot/1.2; +https://openai.com/gptbot)"
66.249.68.133 - - [24/Jun/2025:12:55:23 +0000] "GET /index.php/cd.html/man/customer_guide/pcmypage?callback=product/detail/89162235/toiawase/events/recruit/pcmypage?callback=product/review/67969692/man/customer_guide/product/edit/15174910/product_archives/product_archives/recruit/toiawase/recruit/pcmypage/product_archives/product_archives HTTP/1.1" 200 168260 "-" "Mozilla/5.0 (Linux; Android 6.0.1; Nexus 5X Build/MMB29P) AppleWebKit/537.36 (KHTML, like Gecko) Chrome/137.0.7151.103 Mobile Safari/537.36 (compatible; GoogleOther)"
20.171.207.123 - - [24/Jun/2025:12:55:25 +0000] "GET /shopdetail/3648351 HTTP/1.1" 200 - "-" "Mozilla/5.0 AppleWebKit/537.36 (KHTML, like Gecko; compatible; GPTBot/1.2; +https://openai.com/gptbot)"
20.171.207.123 - - [24/Jun/2025:12:55:27 +0000] "GET /shopdetail/2421053 HTTP/1.1" 200 - "-" "Mozilla/5.0 AppleWebKit/537.36 (KHTML, like Gecko; compatible; GPTBot/1.2; +https://openai.com/gptbot)"
57.141.2.30 - - [24/Jun/2025:12:55:27 +0000] "GET /buy.php/shopdetail/1989976 HTTP/1.1" 200 - "-" "meta-externalagent/1.1 (+https://developers.facebook.com/docs/sharing/webmasters/crawler)"
57.141.2.1 - - [24/Jun/2025:12:55:27 +0000] "GET /buy.php/shopdetail/2790102 HTTP/1.1" 200 - "-" "meta-externalagent/1.1 (+https://developers.facebook.com/docs/sharing/webmasters/crawler)"
20.171.207.123 - - [24/Jun/2025:12:55:28 +0000] "GET /shopdetail/2167386 HTTP/1.1" 200 - "-" "Mozilla/5.0 AppleWebKit/537.36 (KHTML, like Gecko; compatible; GPTBot/1.2; +https://openai.com/gptbot)"
57.141.2.19 - - [24/Jun/2025:12:55:29 +0000] "GET /shopdetail/0804990 HTTP/1.1" 200 - "-" "meta-externalagent/1.1 (+https://developers.facebook.com/docs/sharing/webmasters/crawler)"
57.141.2.19 - - [24/Jun/2025:12:55:29 +0000] "GET /buy.php/shopdetail/2418014 HTTP/1.1" 200 - "-" "meta-externalagent/1.1 (+https://developers.facebook.com/docs/sharing/webmasters/crawler)"
20.171.207.123 - - [24/Jun/2025:12:55:29 +0000] "GET /shopdetail/3106285 HTTP/1.1" 200 - "-" "Mozilla/5.0 AppleWebKit/537.36 (KHTML, like Gecko; compatible; GPTBot/1.2; +https://openai.com/gptbot)"
57.141.2.7 - - [24/Jun/2025:12:55:29 +0000] "GET /shopdetail/2045194 HTTP/1.1" 200 - "-" "meta-externalagent/1.1 (+https://developers.facebook.com/docs/sharing/webmasters/crawler)"
20.171.207.123 - - [24/Jun/2025:12:55:30 +0000] "GET /shopdetail/2851350 HTTP/1.1" 200 - "-" "Mozilla/5.0 AppleWebKit/537.36 (KHTML, like Gecko; compatible; GPTBot/1.2; +https://openai.com/gptbot)"
57.141.2.30 - - [24/Jun/2025:12:55:31 +0000] "GET /buy.php/shopdetail/1134806 HTTP/1.1" 200 - "-" "meta-externalagent/1.1 (+https://developers.facebook.com/docs/sharing/webmasters/crawler)"
57.141.2.29 - - [24/Jun/2025:12:55:31 +0000] "GET /shopdetail/0994955 HTTP/1.1" 200 - "-" "meta-externalagent/1.1 (+https://developers.facebook.com/docs/sharing/webmasters/crawler)"
20.171.207.123 - - [24/Jun/2025:12:55:31 +0000] "GET /shopdetail/1492975 HTTP/1.1" 200 - "-" "Mozilla/5.0 AppleWebKit/537.36 (KHTML, like Gecko; compatible; GPTBot/1.2; +https://openai.com/gptbot)"
20.171.207.123 - - [24/Jun/2025:12:55:32 +0000] "GET /shopdetail/1407633 HTTP/1.1" 200 - "-" "Mozilla/5.0 AppleWebKit/537.36 (KHTML, like Gecko; compatible; GPTBot/1.2; +https://openai.com/gptbot)"
20.171.207.123 - - [24/Jun/2025:12:55:33 +0000] "GET /shopdetail/2960385 HTTP/1.1" 200 - "-" "Mozilla/5.0 AppleWebKit/537.36 (KHTML, like Gecko; compatible; GPTBot/1.2; +https://openai.com/gptbot)"
57.141.2.30 - - [24/Jun/2025:12:55:34 +0000] "GET /shopdetail/0981703 HTTP/1.1" 200 - "-" "meta-externalagent/1.1 (+https://developers.facebook.com/docs/sharing/webmasters/crawler)"
20.171.207.123 - - [24/Jun/2025:12:55:35 +0000] "GET /shopdetail/4548179 HTTP/1.1" 200 - "-" "Mozilla/5.0 AppleWebKit/537.36 (KHTML, like Gecko; compatible; GPTBot/1.2; +https://openai.com/gptbot)"
20.171.207.123 - - [24/Jun/2025:12:55:36 +0000] "GET /shopdetail/2871996 HTTP/1.1" 200 - "-" "Mozilla/5.0 AppleWebKit/537.36 (KHTML, like Gecko; compatible; GPTBot/1.2; +https://openai.com/gptbot)"
20.171.207.123 - - [24/Jun/2025:12:55:37 +0000] "GET /shopdetail/2938781 HTTP/1.1" 200 - "-" "Mozilla/5.0 AppleWebKit/537.36 (KHTML, like Gecko; compatible; GPTBot/1.2; +https://openai.com/gptbot)"
57.141.2.26 - - [24/Jun/2025:12:55:38 +0000] "GET /buy.php/shopdetail/1515416 HTTP/1.1" 200 - "-" "meta-externalagent/1.1 (+https://developers.facebook.com/docs/sharing/webmasters/crawler)"
20.171.207.123 - - [24/Jun/2025:12:55:38 +0000] "GET /shopdetail/4120358 HTTP/1.1" 200 - "-" "Mozilla/5.0 AppleWebKit/537.36 (KHTML, like Gecko; compatible; GPTBot/1.2; +https://openai.com/gptbot)"
57.141.2.27 - - [24/Jun/2025:12:55:39 +0000] "GET /shopdetail/2638718 HTTP/1.1" 200 - "-" "meta-externalagent/1.1 (+https://developers.facebook.com/docs/sharing/webmasters/crawler)"
20.171.207.123 - - [24/Jun/2025:12:55:40 +0000] "GET /shopdetail/1275400 HTTP/1.1" 200 - "-" "Mozilla/5.0 AppleWebKit/537.36 (KHTML, like Gecko; compatible; GPTBot/1.2; +https://openai.com/gptbot)"
20.171.207.123 - - [24/Jun/2025:12:55:41 +0000] "GET /shopdetail/0967850 HTTP/1.1" 200 - "-" "Mozilla/5.0 AppleWebKit/537.36 (KHTML, like Gecko; compatible; GPTBot/1.2; +https://openai.com/gptbot)"
57.141.2.22 - - [24/Jun/2025:12:55:41 +0000] "GET /shopdetail/2519164 HTTP/1.1" 200 - "-" "meta-externalagent/1.1 (+https://developers.facebook.com/docs/sharing/webmasters/crawler)"
57.141.2.13 - - [24/Jun/2025:12:55:41 +0000] "GET /buy.php/shopdetail/2184614 HTTP/1.1" 200 - "-" "meta-externalagent/1.1 (+https://developers.facebook.com/docs/sharing/webmasters/crawler)"
20.171.207.123 - - [24/Jun/2025:12:55:42 +0000] "GET /shopdetail/2406108 HTTP/1.1" 200 - "-" "Mozilla/5.0 AppleWebKit/537.36 (KHTML, like Gecko; compatible; GPTBot/1.2; +https://openai.com/gptbot)"
