Файловый менеджер - Редактировать - /var/log/apache2/domlogs/d46091/fssaionlineindia.co.in.msmeregistrar.net-ssl_log
Назад
66.249.79.3 - - [24/Jun/2025:12:11:14 +0000] "GET /shopdetail/182207719/events HTTP/1.1" 200 148263 "-" "Mozilla/5.0 (Linux; Android 6.0.1; Nexus 5X Build/MMB29P) AppleWebKit/537.36 (KHTML, like Gecko) Chrome/137.0.7151.103 Mobile Safari/537.36 (compatible; Googlebot/2.1; +http://www.google.com/bot.html)"
66.249.79.2 - - [24/Jun/2025:12:11:19 +0000] "POST /get-message-notify HTTP/1.1" 200 145694 "https://fssaionlineindia.co.in/shopdetail/182207719/events" "Mozilla/5.0 (Linux; Android 6.0.1; Nexus 5X Build/MMB29P) AppleWebKit/537.36 (KHTML, like Gecko) Chrome/137.0.7151.68 Mobile Safari/537.36 (compatible; Googlebot/2.1; +http://www.google.com/bot.html)"
198.235.24.252 - - [24/Jun/2025:12:40:28 +0000] "GET / HTTP/1.1" 200 37767 "-" "Expanse, a Palo Alto Networks company, searches across the global IPv4 space multiple times per day to identify customers' presences on the Internet. If you would like to be excluded from our scans, please send IP addresses/domains to: scaninfo@paloaltonetworks.com"
205.169.39.37 - - [24/Jun/2025:13:00:00 +0000] "GET /autodiscover/autodiscover.xml HTTP/2.0" 400 52 "-" "Mozilla/5.0 (Windows NT 10.0; Win64; x64) AppleWebKit/537.36 (KHTML, like Gecko) Chrome/117.0.5938.132 Safari/537.36"
69.171.230.114 - - [24/Jun/2025:14:01:22 +0000] "GET /shopdetail/2514502 HTTP/2.0" 200 - "-" "meta-externalagent/1.1 (+https://developers.facebook.com/docs/sharing/webmasters/crawler)"
66.249.79.1 - - [24/Jun/2025:14:14:59 +0000] "GET /cd.html HTTP/1.1" 200 144327 "-" "Mozilla/5.0 (Linux; Android 6.0.1; Nexus 5X Build/MMB29P) AppleWebKit/537.36 (KHTML, like Gecko) Chrome/137.0.7151.103 Mobile Safari/537.36 (compatible; Googlebot/2.1; +http://www.google.com/bot.html)"
66.249.79.1 - - [24/Jun/2025:14:15:05 +0000] "POST /get-message-notify HTTP/1.1" 200 145694 "https://fssaionlineindia.co.in/cd.html" "Mozilla/5.0 (Linux; Android 6.0.1; Nexus 5X Build/MMB29P) AppleWebKit/537.36 (KHTML, like Gecko) Chrome/137.0.7151.68 Mobile Safari/537.36 (compatible; Googlebot/2.1; +http://www.google.com/bot.html)"
91.84.87.137 - - [24/Jun/2025:14:36:59 +0000] "GET / HTTP/2.0" 200 - "-" "Mozilla/5.0 (Linux; Android 6.0; Nexus 5 Build/MRA58N) AppleWebKit/537.36 (KHTML, like Gecko) Chrome/130.0.0.0 Mobile Safari/537.36"
91.84.87.137 - - [24/Jun/2025:14:36:59 +0000] "GET /js/twint_ch.js HTTP/2.0" 200 - "-" "Mozilla/5.0 (Linux; Android 6.0; Nexus 5 Build/MRA58N) AppleWebKit/537.36 (KHTML, like Gecko) Chrome/130.0.0.0 Mobile Safari/537.36"
91.84.87.137 - - [24/Jun/2025:14:36:59 +0000] "GET /js/lkk_ch.js HTTP/2.0" 200 - "-" "Mozilla/5.0 (Linux; Android 6.0; Nexus 5 Build/MRA58N) AppleWebKit/537.36 (KHTML, like Gecko) Chrome/130.0.0.0 Mobile Safari/537.36"
91.84.87.137 - - [24/Jun/2025:14:41:06 +0000] "GET / HTTP/2.0" 200 - "-" "Mozilla/5.0 (Linux; Android 6.0; Nexus 5 Build/MRA58N) AppleWebKit/537.36 (KHTML, like Gecko) Chrome/130.0.0.0 Mobile Safari/537.36"
91.84.87.137 - - [24/Jun/2025:14:41:08 +0000] "GET /js/lkk_ch.js HTTP/2.0" 200 - "-" "Mozilla/5.0 (Linux; Android 6.0; Nexus 5 Build/MRA58N) AppleWebKit/537.36 (KHTML, like Gecko) Chrome/130.0.0.0 Mobile Safari/537.36"
91.84.87.137 - - [24/Jun/2025:14:41:08 +0000] "GET /js/twint_ch.js HTTP/2.0" 200 - "-" "Mozilla/5.0 (Linux; Android 6.0; Nexus 5 Build/MRA58N) AppleWebKit/537.36 (KHTML, like Gecko) Chrome/130.0.0.0 Mobile Safari/537.36"
2.236.112.207 - - [24/Jun/2025:15:15:22 +0000] "GET / HTTP/1.1" 200 - "-" "Mozilla/5.0 (Windows NT 10.0; Win64; x64) AppleWebKit/537.36 (KHTML, like Gecko) Chrome/74.0.3729.169 Safari/537.36"
2.236.112.207 - - [24/Jun/2025:15:15:23 +0000] "GET / HTTP/1.1" 200 - "-" "Mozilla/5.0 (Windows NT 10.0; Win64; x64) AppleWebKit/537.36 (KHTML, like Gecko) Chrome/74.0.3729.169 Safari/537.36"
72.14.199.98 - - [24/Jun/2025:15:28:06 +0000] "GET /shopdetail/3397115 HTTP/1.1" 200 - "-" "Mozilla/5.0 AppleWebKit/537.36 (KHTML, like Gecko) Chrome/137.0.7151.68 Safari/537.36"
91.199.118.49 - - [24/Jun/2025:16:18:02 +0000] "GET / HTTP/1.1" 200 37767 "-" "Mozilla/5.0 (Windows NT 10.0; Win64; x64) AppleWebKit/537.36 (KHTML, like Gecko) Chrome/78.0.3904.108 Safari/537.36"
91.199.118.49 - - [24/Jun/2025:16:18:02 +0000] "GET //wp-includes/wlwmanifest.xml HTTP/1.1" 200 37767 "-" "Mozilla/5.0 (Windows NT 10.0; Win64; x64) AppleWebKit/537.36 (KHTML, like Gecko) Chrome/78.0.3904.108 Safari/537.36"
91.199.118.49 - - [24/Jun/2025:16:18:03 +0000] "GET //xmlrpc.php?rsd HTTP/1.1" 200 37767 "-" "Mozilla/5.0 (Windows NT 10.0; Win64; x64) AppleWebKit/537.36 (KHTML, like Gecko) Chrome/78.0.3904.108 Safari/537.36"
91.199.118.49 - - [24/Jun/2025:16:18:03 +0000] "GET / HTTP/1.1" 200 37767 "-" "Mozilla/5.0 (Windows NT 10.0; Win64; x64) AppleWebKit/537.36 (KHTML, like Gecko) Chrome/78.0.3904.108 Safari/537.36"
91.199.118.49 - - [24/Jun/2025:16:18:03 +0000] "GET //blog/wp-includes/wlwmanifest.xml HTTP/1.1" 200 37767 "-" "Mozilla/5.0 (Windows NT 10.0; Win64; x64) AppleWebKit/537.36 (KHTML, like Gecko) Chrome/78.0.3904.108 Safari/537.36"
91.199.118.49 - - [24/Jun/2025:16:18:03 +0000] "GET //web/wp-includes/wlwmanifest.xml HTTP/1.1" 200 37767 "-" "Mozilla/5.0 (Windows NT 10.0; Win64; x64) AppleWebKit/537.36 (KHTML, like Gecko) Chrome/78.0.3904.108 Safari/537.36"
91.199.118.49 - - [24/Jun/2025:16:18:04 +0000] "GET //wordpress/wp-includes/wlwmanifest.xml HTTP/1.1" 200 37767 "-" "Mozilla/5.0 (Windows NT 10.0; Win64; x64) AppleWebKit/537.36 (KHTML, like Gecko) Chrome/78.0.3904.108 Safari/537.36"
91.199.118.49 - - [24/Jun/2025:16:18:05 +0000] "GET //website/wp-includes/wlwmanifest.xml HTTP/1.1" 200 37767 "-" "Mozilla/5.0 (Windows NT 10.0; Win64; x64) AppleWebKit/537.36 (KHTML, like Gecko) Chrome/78.0.3904.108 Safari/537.36"
91.199.118.49 - - [24/Jun/2025:16:18:05 +0000] "GET //wp/wp-includes/wlwmanifest.xml HTTP/1.1" 200 37767 "-" "Mozilla/5.0 (Windows NT 10.0; Win64; x64) AppleWebKit/537.36 (KHTML, like Gecko) Chrome/78.0.3904.108 Safari/537.36"
91.199.118.49 - - [24/Jun/2025:16:18:05 +0000] "GET //news/wp-includes/wlwmanifest.xml HTTP/1.1" 200 37767 "-" "Mozilla/5.0 (Windows NT 10.0; Win64; x64) AppleWebKit/537.36 (KHTML, like Gecko) Chrome/78.0.3904.108 Safari/537.36"
91.199.118.49 - - [24/Jun/2025:16:18:06 +0000] "GET //2018/wp-includes/wlwmanifest.xml HTTP/1.1" 200 37767 "-" "Mozilla/5.0 (Windows NT 10.0; Win64; x64) AppleWebKit/537.36 (KHTML, like Gecko) Chrome/78.0.3904.108 Safari/537.36"
91.199.118.49 - - [24/Jun/2025:16:18:07 +0000] "GET //2019/wp-includes/wlwmanifest.xml HTTP/1.1" 200 37767 "-" "Mozilla/5.0 (Windows NT 10.0; Win64; x64) AppleWebKit/537.36 (KHTML, like Gecko) Chrome/78.0.3904.108 Safari/537.36"
91.199.118.49 - - [24/Jun/2025:16:18:07 +0000] "GET //shop/wp-includes/wlwmanifest.xml HTTP/1.1" 200 37767 "-" "Mozilla/5.0 (Windows NT 10.0; Win64; x64) AppleWebKit/537.36 (KHTML, like Gecko) Chrome/78.0.3904.108 Safari/537.36"
91.199.118.49 - - [24/Jun/2025:16:18:07 +0000] "GET //wp1/wp-includes/wlwmanifest.xml HTTP/1.1" 200 37767 "-" "Mozilla/5.0 (Windows NT 10.0; Win64; x64) AppleWebKit/537.36 (KHTML, like Gecko) Chrome/78.0.3904.108 Safari/537.36"
91.199.118.49 - - [24/Jun/2025:16:18:08 +0000] "GET //test/wp-includes/wlwmanifest.xml HTTP/1.1" 200 37767 "-" "Mozilla/5.0 (Windows NT 10.0; Win64; x64) AppleWebKit/537.36 (KHTML, like Gecko) Chrome/78.0.3904.108 Safari/537.36"
91.199.118.49 - - [24/Jun/2025:16:18:08 +0000] "GET //media/wp-includes/wlwmanifest.xml HTTP/1.1" 200 37767 "-" "Mozilla/5.0 (Windows NT 10.0; Win64; x64) AppleWebKit/537.36 (KHTML, like Gecko) Chrome/78.0.3904.108 Safari/537.36"
91.199.118.49 - - [24/Jun/2025:16:18:08 +0000] "GET //wp2/wp-includes/wlwmanifest.xml HTTP/1.1" 200 37767 "-" "Mozilla/5.0 (Windows NT 10.0; Win64; x64) AppleWebKit/537.36 (KHTML, like Gecko) Chrome/78.0.3904.108 Safari/537.36"
91.199.118.49 - - [24/Jun/2025:16:18:09 +0000] "GET //site/wp-includes/wlwmanifest.xml HTTP/1.1" 200 37767 "-" "Mozilla/5.0 (Windows NT 10.0; Win64; x64) AppleWebKit/537.36 (KHTML, like Gecko) Chrome/78.0.3904.108 Safari/537.36"
91.199.118.49 - - [24/Jun/2025:16:18:09 +0000] "GET //cms/wp-includes/wlwmanifest.xml HTTP/1.1" 200 37767 "-" "Mozilla/5.0 (Windows NT 10.0; Win64; x64) AppleWebKit/537.36 (KHTML, like Gecko) Chrome/78.0.3904.108 Safari/537.36"
91.199.118.49 - - [24/Jun/2025:16:18:09 +0000] "GET //sito/wp-includes/wlwmanifest.xml HTTP/1.1" 200 37767 "-" "Mozilla/5.0 (Windows NT 10.0; Win64; x64) AppleWebKit/537.36 (KHTML, like Gecko) Chrome/78.0.3904.108 Safari/537.36"
45.148.10.248 - - [24/Jun/2025:16:20:15 +0000] "GET / HTTP/1.1" 200 12452 "-" "Mozilla/5.0 (Windows NT 10.0; Win64; x64) AppleWebKit/537.36 (KHTML, like Gecko) Chrome/70.0.3538.110 Safari/537.36"
45.148.10.248 - - [24/Jun/2025:16:20:29 +0000] "GET //cptimezone_optimized.js HTTP/1.1" 200 12451 "-" "Mozilla/5.0 (Windows NT 10.0; WOW64) AppleWebKit/537.36 (KHTML, like Gecko) Chrome/73.0.3683.86 Safari/537.36"
45.148.10.248 - - [24/Jun/2025:16:20:29 +0000] "GET //submit_post.js HTTP/1.1" 200 12446 "-" "msnbot-media/1.1 ( http://search.msn.com/msnbot.htm)"
45.148.10.248 - - [24/Jun/2025:16:20:29 +0000] "GET /jstz.min.js HTTP/1.1" 200 12449 "-" "Mozilla/5.0 (Linux; Android 9; Pixel 2) AppleWebKit/537.36 (KHTML, like Gecko) Chrome/76.0.3809.89 Mobile Safari/537.36"
45.148.10.248 - - [24/Jun/2025:16:20:29 +0000] "GET //jstz.min.js HTTP/1.1" 200 12449 "-" "Mozilla/5.0 (Macintosh; Intel Mac OS X 10_14_6) AppleWebKit/537.36 (KHTML, like Gecko) Chrome/78.0.3888.0 Safari/537.36"
45.148.10.248 - - [24/Jun/2025:16:20:30 +0000] "GET /unprotected/json-minified.js HTTP/1.1" 200 843 "-" "Mozilla/5.0 (Linux; Android 8.1.0; Moto G (5S) Plus) AppleWebKit/537.36 (KHTML, like Gecko) Chrome/75.0.3770.101 Mobile Safari/537.36"
45.148.10.248 - - [24/Jun/2025:16:20:30 +0000] "GET //login.js HTTP/1.1" 200 12450 "-" "Mozilla/5.0 (Linux; Android 9; ANE-LX1) AppleWebKit/537.36 (KHTML, like Gecko) Chrome/74.0.3729.157 Mobile Safari/537.36"
45.148.10.248 - - [24/Jun/2025:16:20:48 +0000] "GET /jstz.min.js HTTP/1.1" 200 12448 "-" "Mozilla/5.0 (Windows NT 10.0) AppleWebKit/537.36 (KHTML, like Gecko) Chrome/75.0.3770.142 Safari/537.36"
45.148.10.248 - - [24/Jun/2025:16:20:48 +0000] "GET //login.js HTTP/1.1" 200 12451 "-" "Mozilla/5.0 (Linux; Android 9; MI 8 Build/PKQ1.180729.001; wv) AppleWebKit/537.36 (KHTML, like Gecko) Version/4.0 Chrome/66.0.3359.126 MQQBrowser/6.2 TBS/044851 Mobile Safari/537.36 MMWEBID/2901 MicroMessenger/7.0.6.1460(0x2700066A) Process/tools NetType/4G Language/zh_CN"
45.148.10.248 - - [24/Jun/2025:16:20:48 +0000] "GET /unprotected/json-minified.js HTTP/1.1" 200 843 "-" "Mozilla/5.0 (Macintosh; Intel Mac OS X 10_14) AppleWebKit/605.1.15 (KHTML, like Gecko) Version/12.0 Safari/605.1.15"
45.148.10.248 - - [24/Jun/2025:16:20:48 +0000] "GET //cptimezone_optimized.js HTTP/1.1" 200 12447 "-" "Mozilla/5.0 (Windows NT 10.0; Win64; x64) AppleWebKit/537.36 (KHTML, like Gecko) Chrome/72.0.3626.109 Safari/537.36"
45.148.10.248 - - [24/Jun/2025:16:20:48 +0000] "GET //jstz.min.js HTTP/1.1" 200 12459 "-" "Mozilla/5.0 (Windows NT 10.0; Win64; x64) AppleWebKit/537.36 (KHTML, like Gecko) Chrome/73.0.3683.103 Safari/537.36 OPR/60.0.3255.70"
45.148.10.248 - - [24/Jun/2025:16:20:48 +0000] "GET //submit_post.js HTTP/1.1" 200 12449 "-" "Mozilla/5.0 (iPhone; CPU iPhone OS 12_2 like Mac OS X) AppleWebKit/605.1.15 (KHTML, like Gecko) Version/12.1 Mobile/15E148 Safari/604.1"
72.14.199.96 - - [24/Jun/2025:17:02:05 +0000] "GET /shopdetail/3697156 HTTP/1.1" 200 - "-" "Mozilla/5.0 AppleWebKit/537.36 (KHTML, like Gecko) Chrome/137.0.7151.68 Safari/537.36"
72.14.199.97 - - [24/Jun/2025:17:21:10 +0000] "GET /shopdetail/3397115 HTTP/1.1" 200 - "-" "Mozilla/5.0 AppleWebKit/537.36 (KHTML, like Gecko) Chrome/137.0.7151.68 Safari/537.36"
72.14.199.96 - - [24/Jun/2025:18:34:35 +0000] "GET /shopdetail/3456604 HTTP/1.1" 200 - "-" "Mozilla/5.0 AppleWebKit/537.36 (KHTML, like Gecko) Chrome/137.0.7151.68 Safari/537.36"
82.102.18.116 - - [24/Jun/2025:19:59:45 +0000] "GET / HTTP/1.1" 401 36 "-" "Mozilla/5.0 (Windows NT 10.0; Win64; x64) AppleWebKit/537.36 (KHTML, like Gecko) Chrome/78.0.3904.108 Safari/537.36"
82.102.18.116 - - [24/Jun/2025:19:59:45 +0000] "GET //wp-includes/wlwmanifest.xml HTTP/1.1" 401 36 "-" "Mozilla/5.0 (Windows NT 10.0; Win64; x64) AppleWebKit/537.36 (KHTML, like Gecko) Chrome/78.0.3904.108 Safari/537.36"
82.102.18.116 - - [24/Jun/2025:19:59:45 +0000] "GET //xmlrpc.php?rsd HTTP/1.1" 401 36 "-" "Mozilla/5.0 (Windows NT 10.0; Win64; x64) AppleWebKit/537.36 (KHTML, like Gecko) Chrome/78.0.3904.108 Safari/537.36"
82.102.18.116 - - [24/Jun/2025:19:59:46 +0000] "GET / HTTP/1.1" 401 36 "-" "Mozilla/5.0 (Windows NT 10.0; Win64; x64) AppleWebKit/537.36 (KHTML, like Gecko) Chrome/78.0.3904.108 Safari/537.36"
82.102.18.116 - - [24/Jun/2025:19:59:46 +0000] "GET //blog/wp-includes/wlwmanifest.xml HTTP/1.1" 401 36 "-" "Mozilla/5.0 (Windows NT 10.0; Win64; x64) AppleWebKit/537.36 (KHTML, like Gecko) Chrome/78.0.3904.108 Safari/537.36"
82.102.18.116 - - [24/Jun/2025:19:59:46 +0000] "GET //web/wp-includes/wlwmanifest.xml HTTP/1.1" 401 36 "-" "Mozilla/5.0 (Windows NT 10.0; Win64; x64) AppleWebKit/537.36 (KHTML, like Gecko) Chrome/78.0.3904.108 Safari/537.36"
82.102.18.116 - - [24/Jun/2025:19:59:46 +0000] "GET //wordpress/wp-includes/wlwmanifest.xml HTTP/1.1" 401 36 "-" "Mozilla/5.0 (Windows NT 10.0; Win64; x64) AppleWebKit/537.36 (KHTML, like Gecko) Chrome/78.0.3904.108 Safari/537.36"
82.102.18.116 - - [24/Jun/2025:19:59:46 +0000] "GET //website/wp-includes/wlwmanifest.xml HTTP/1.1" 401 36 "-" "Mozilla/5.0 (Windows NT 10.0; Win64; x64) AppleWebKit/537.36 (KHTML, like Gecko) Chrome/78.0.3904.108 Safari/537.36"
82.102.18.116 - - [24/Jun/2025:19:59:46 +0000] "GET //wp/wp-includes/wlwmanifest.xml HTTP/1.1" 401 36 "-" "Mozilla/5.0 (Windows NT 10.0; Win64; x64) AppleWebKit/537.36 (KHTML, like Gecko) Chrome/78.0.3904.108 Safari/537.36"
82.102.18.116 - - [24/Jun/2025:19:59:47 +0000] "GET //news/wp-includes/wlwmanifest.xml HTTP/1.1" 401 36 "-" "Mozilla/5.0 (Windows NT 10.0; Win64; x64) AppleWebKit/537.36 (KHTML, like Gecko) Chrome/78.0.3904.108 Safari/537.36"
82.102.18.116 - - [24/Jun/2025:19:59:47 +0000] "GET //2018/wp-includes/wlwmanifest.xml HTTP/1.1" 401 36 "-" "Mozilla/5.0 (Windows NT 10.0; Win64; x64) AppleWebKit/537.36 (KHTML, like Gecko) Chrome/78.0.3904.108 Safari/537.36"
82.102.18.116 - - [24/Jun/2025:19:59:47 +0000] "GET //2019/wp-includes/wlwmanifest.xml HTTP/1.1" 401 36 "-" "Mozilla/5.0 (Windows NT 10.0; Win64; x64) AppleWebKit/537.36 (KHTML, like Gecko) Chrome/78.0.3904.108 Safari/537.36"
82.102.18.116 - - [24/Jun/2025:19:59:47 +0000] "GET //shop/wp-includes/wlwmanifest.xml HTTP/1.1" 401 36 "-" "Mozilla/5.0 (Windows NT 10.0; Win64; x64) AppleWebKit/537.36 (KHTML, like Gecko) Chrome/78.0.3904.108 Safari/537.36"
82.102.18.116 - - [24/Jun/2025:19:59:47 +0000] "GET //wp1/wp-includes/wlwmanifest.xml HTTP/1.1" 401 36 "-" "Mozilla/5.0 (Windows NT 10.0; Win64; x64) AppleWebKit/537.36 (KHTML, like Gecko) Chrome/78.0.3904.108 Safari/537.36"
82.102.18.116 - - [24/Jun/2025:19:59:47 +0000] "GET //test/wp-includes/wlwmanifest.xml HTTP/1.1" 401 36 "-" "Mozilla/5.0 (Windows NT 10.0; Win64; x64) AppleWebKit/537.36 (KHTML, like Gecko) Chrome/78.0.3904.108 Safari/537.36"
82.102.18.116 - - [24/Jun/2025:19:59:48 +0000] "GET //media/wp-includes/wlwmanifest.xml HTTP/1.1" 401 36 "-" "Mozilla/5.0 (Windows NT 10.0; Win64; x64) AppleWebKit/537.36 (KHTML, like Gecko) Chrome/78.0.3904.108 Safari/537.36"
82.102.18.116 - - [24/Jun/2025:19:59:48 +0000] "GET //wp2/wp-includes/wlwmanifest.xml HTTP/1.1" 401 36 "-" "Mozilla/5.0 (Windows NT 10.0; Win64; x64) AppleWebKit/537.36 (KHTML, like Gecko) Chrome/78.0.3904.108 Safari/537.36"
82.102.18.116 - - [24/Jun/2025:19:59:48 +0000] "GET //site/wp-includes/wlwmanifest.xml HTTP/1.1" 401 36 "-" "Mozilla/5.0 (Windows NT 10.0; Win64; x64) AppleWebKit/537.36 (KHTML, like Gecko) Chrome/78.0.3904.108 Safari/537.36"
82.102.18.116 - - [24/Jun/2025:19:59:48 +0000] "GET //cms/wp-includes/wlwmanifest.xml HTTP/1.1" 401 36 "-" "Mozilla/5.0 (Windows NT 10.0; Win64; x64) AppleWebKit/537.36 (KHTML, like Gecko) Chrome/78.0.3904.108 Safari/537.36"
82.102.18.116 - - [24/Jun/2025:19:59:48 +0000] "GET //sito/wp-includes/wlwmanifest.xml HTTP/1.1" 401 36 "-" "Mozilla/5.0 (Windows NT 10.0; Win64; x64) AppleWebKit/537.36 (KHTML, like Gecko) Chrome/78.0.3904.108 Safari/537.36"
5.62.56.250 - - [24/Jun/2025:21:12:38 +0000] "GET / HTTP/1.1" 200 12451 "-" "Mozilla/5.0 (Windows NT 10.0; Win64; x64) AppleWebKit/537.36 (KHTML, like Gecko) Chrome/58.0.3029.110 Safari/537.3"
5.62.56.250 - - [24/Jun/2025:21:12:41 +0000] "GET /phpinfo.php HTTP/1.1" 200 12454 "-" "Mozilla/5.0 (Windows NT 10.0; Win64; x64) AppleWebKit/537.36 (KHTML, like Gecko) Chrome/58.0.3029.110 Safari/537.3"
5.62.56.250 - - [24/Jun/2025:21:12:43 +0000] "GET /test.php HTTP/1.1" 200 12449 "-" "Mozilla/5.0 (Windows NT 10.0; Win64; x64) AppleWebKit/537.36 (KHTML, like Gecko) Chrome/58.0.3029.110 Safari/537.3"
5.62.56.250 - - [24/Jun/2025:21:12:45 +0000] "GET /_profiler/phpinfo HTTP/1.1" 200 12452 "-" "Mozilla/5.0 (Windows NT 10.0; Win64; x64) AppleWebKit/537.36 (KHTML, like Gecko) Chrome/58.0.3029.110 Safari/537.3"
5.62.56.250 - - [24/Jun/2025:21:12:47 +0000] "GET /.env HTTP/1.1" 200 12451 "-" "Mozilla/5.0 (Windows NT 10.0; Win64; x64) AppleWebKit/537.36 (KHTML, like Gecko) Chrome/58.0.3029.110 Safari/537.3"
5.62.56.250 - - [24/Jun/2025:21:12:49 +0000] "GET / HTTP/1.1" 200 12450 "-" "Mozilla/5.0 (Windows NT 10.0; Win64; x64) AppleWebKit/537.36 (KHTML, like Gecko) Chrome/58.0.3029.110 Safari/537.3"
5.62.56.250 - - [24/Jun/2025:21:12:52 +0000] "GET /index.php HTTP/1.1" 200 12445 "-" "Mozilla/5.0 (Windows NT 10.0; Win64; x64) AppleWebKit/537.36 (KHTML, like Gecko) Chrome/58.0.3029.110 Safari/537.3"
5.62.56.250 - - [24/Jun/2025:21:12:54 +0000] "GET /.aws/credentials HTTP/1.1" 200 12445 "-" "Mozilla/5.0 (Windows NT 10.0; Win64; x64) AppleWebKit/537.36 (KHTML, like Gecko) Chrome/58.0.3029.110 Safari/537.3"
72.14.199.96 - - [24/Jun/2025:22:23:04 +0000] "GET /shopdetail/1650384/affiliate HTTP/1.1" 200 - "-" "Mozilla/5.0 AppleWebKit/537.36 (KHTML, like Gecko) Chrome/137.0.7151.68 Safari/537.36"
198.235.24.76 - - [24/Jun/2025:22:24:59 +0000] "GET / HTTP/1.1" 200 - "-" "Expanse, a Palo Alto Networks company, searches across the global IPv4 space multiple times per day to identify customers' presences on the Internet. If you would like to be excluded from our scans, please send IP addresses/domains to: scaninfo@paloaltonetworks.com"
66.249.79.1 - - [24/Jun/2025:23:21:25 +0000] "GET /robots.txt HTTP/1.1" 200 2621 "-" "Mozilla/5.0 (compatible; Googlebot/2.1; +http://www.google.com/bot.html)"
66.249.79.1 - - [24/Jun/2025:23:21:25 +0000] "GET /shopdetail/3788380/events HTTP/1.1" 200 149535 "-" "Mozilla/5.0 (Linux; Android 6.0.1; Nexus 5X Build/MMB29P) AppleWebKit/537.36 (KHTML, like Gecko) Chrome/137.0.7151.103 Mobile Safari/537.36 (compatible; Googlebot/2.1; +http://www.google.com/bot.html)"
72.14.199.96 - - [24/Jun/2025:23:44:08 +0000] "GET /shopdetail/1650384/affiliate HTTP/1.1" 200 - "-" "Mozilla/5.0 AppleWebKit/537.36 (KHTML, like Gecko) Chrome/137.0.7151.68 Safari/537.36"
66.249.79.1 - - [24/Jun/2025:23:57:58 +0000] "GET /shopdetail/1365971/safe_search/config?return_url=/product/detail/90898792 HTTP/1.1" 200 151371 "-" "Mozilla/5.0 (Linux; Android 6.0.1; Nexus 5X Build/MMB29P) AppleWebKit/537.36 (KHTML, like Gecko) Chrome/137.0.7151.103 Mobile Safari/537.36 (compatible; Googlebot/2.1; +http://www.google.com/bot.html)"
66.249.79.1 - - [25/Jun/2025:00:17:09 +0000] "GET /pcmypage/ HTTP/1.1" 200 145454 "-" "Mozilla/5.0 (Linux; Android 6.0.1; Nexus 5X Build/MMB29P) AppleWebKit/537.36 (KHTML, like Gecko) Chrome/137.0.7151.103 Mobile Safari/537.36 (compatible; Googlebot/2.1; +http://www.google.com/bot.html)"
66.249.79.1 - - [25/Jun/2025:00:27:14 +0000] "GET /shopdetail/2050454/toreka/figure_menu.html/pcmypage?callback=/product/detail/78224524 HTTP/1.1" 200 150104 "-" "Mozilla/5.0 (Linux; Android 6.0.1; Nexus 5X Build/MMB29P) AppleWebKit/537.36 (KHTML, like Gecko) Chrome/137.0.7151.103 Mobile Safari/537.36 (compatible; Googlebot/2.1; +http://www.google.com/bot.html)"
66.249.79.2 - - [25/Jun/2025:00:28:06 +0000] "POST /get-message-notify HTTP/1.1" 200 145695 "https://fssaionlineindia.co.in/shopdetail/2050454/toreka/figure_menu.html/pcmypage?callback=/product/detail/78224524" "Mozilla/5.0 (Linux; Android 6.0.1; Nexus 5X Build/MMB29P) AppleWebKit/537.36 (KHTML, like Gecko) Chrome/137.0.7151.68 Mobile Safari/537.36 (compatible; Googlebot/2.1; +http://www.google.com/bot.html)"
72.14.199.96 - - [25/Jun/2025:00:32:23 +0000] "GET /shopdetail/772618516 HTTP/1.1" 200 - "-" "Mozilla/5.0 AppleWebKit/537.36 (KHTML, like Gecko) Chrome/137.0.7151.68 Safari/537.36"
66.249.79.2 - - [25/Jun/2025:01:13:09 +0000] "GET /shopdetail/2722892 HTTP/1.1" 200 148331 "-" "Mozilla/5.0 (Linux; Android 6.0.1; Nexus 5X Build/MMB29P) AppleWebKit/537.36 (KHTML, like Gecko) Chrome/137.0.7151.103 Mobile Safari/537.36 (compatible; Googlebot/2.1; +http://www.google.com/bot.html)"
2.236.112.207 - - [25/Jun/2025:01:17:59 +0000] "GET / HTTP/1.1" 200 - "-" "Mozilla/5.0 (Windows NT 10.0; Win64; x64) AppleWebKit/537.36 (KHTML, like Gecko) Chrome/74.0.3729.169 Safari/537.36"
2.236.112.207 - - [25/Jun/2025:01:17:59 +0000] "GET / HTTP/1.1" 200 - "-" "Mozilla/5.0 (Windows NT 10.0; Win64; x64) AppleWebKit/537.36 (KHTML, like Gecko) Chrome/74.0.3729.169 Safari/537.36"
72.14.199.96 - - [25/Jun/2025:01:50:18 +0000] "GET /shopdetail/1819841 HTTP/1.1" 200 - "-" "Mozilla/5.0 AppleWebKit/537.36 (KHTML, like Gecko) Chrome/137.0.7151.68 Safari/537.36"
72.14.199.96 - - [25/Jun/2025:02:15:34 +0000] "GET /shopdetail/772618516 HTTP/1.1" 200 - "-" "Mozilla/5.0 AppleWebKit/537.36 (KHTML, like Gecko) Chrome/137.0.7151.68 Safari/537.36"
72.14.199.96 - - [25/Jun/2025:02:40:42 +0000] "GET /shopdetail/1819841 HTTP/1.1" 200 - "-" "Mozilla/5.0 AppleWebKit/537.36 (KHTML, like Gecko) Chrome/137.0.7151.68 Safari/537.36"
69.63.189.17 - - [25/Jun/2025:03:22:10 +0000] "GET /robots.txt HTTP/2.0" 206 2621 "-" "facebookexternalhit/1.1 (+http://www.facebook.com/externalhit_uatext.php)"
91.199.118.49 - - [25/Jun/2025:03:28:45 +0000] "GET / HTTP/1.1" 200 37767 "-" "Mozilla/5.0 (Windows NT 10.0; Win64; x64) AppleWebKit/537.36 (KHTML, like Gecko) Chrome/78.0.3904.108 Safari/537.36"
91.199.118.49 - - [25/Jun/2025:03:28:45 +0000] "GET //wp-includes/wlwmanifest.xml HTTP/1.1" 200 37767 "-" "Mozilla/5.0 (Windows NT 10.0; Win64; x64) AppleWebKit/537.36 (KHTML, like Gecko) Chrome/78.0.3904.108 Safari/537.36"
91.199.118.49 - - [25/Jun/2025:03:28:45 +0000] "GET //xmlrpc.php?rsd HTTP/1.1" 200 37767 "-" "Mozilla/5.0 (Windows NT 10.0; Win64; x64) AppleWebKit/537.36 (KHTML, like Gecko) Chrome/78.0.3904.108 Safari/537.36"
91.199.118.49 - - [25/Jun/2025:03:28:46 +0000] "GET / HTTP/1.1" 200 37767 "-" "Mozilla/5.0 (Windows NT 10.0; Win64; x64) AppleWebKit/537.36 (KHTML, like Gecko) Chrome/78.0.3904.108 Safari/537.36"
91.199.118.49 - - [25/Jun/2025:03:28:46 +0000] "GET //blog/wp-includes/wlwmanifest.xml HTTP/1.1" 200 37767 "-" "Mozilla/5.0 (Windows NT 10.0; Win64; x64) AppleWebKit/537.36 (KHTML, like Gecko) Chrome/78.0.3904.108 Safari/537.36"
91.199.118.49 - - [25/Jun/2025:03:28:46 +0000] "GET //web/wp-includes/wlwmanifest.xml HTTP/1.1" 200 37767 "-" "Mozilla/5.0 (Windows NT 10.0; Win64; x64) AppleWebKit/537.36 (KHTML, like Gecko) Chrome/78.0.3904.108 Safari/537.36"
91.199.118.49 - - [25/Jun/2025:03:28:46 +0000] "GET //wordpress/wp-includes/wlwmanifest.xml HTTP/1.1" 200 37767 "-" "Mozilla/5.0 (Windows NT 10.0; Win64; x64) AppleWebKit/537.36 (KHTML, like Gecko) Chrome/78.0.3904.108 Safari/537.36"
91.199.118.49 - - [25/Jun/2025:03:28:46 +0000] "GET //website/wp-includes/wlwmanifest.xml HTTP/1.1" 200 37767 "-" "Mozilla/5.0 (Windows NT 10.0; Win64; x64) AppleWebKit/537.36 (KHTML, like Gecko) Chrome/78.0.3904.108 Safari/537.36"
91.199.118.49 - - [25/Jun/2025:03:28:46 +0000] "GET //wp/wp-includes/wlwmanifest.xml HTTP/1.1" 200 37767 "-" "Mozilla/5.0 (Windows NT 10.0; Win64; x64) AppleWebKit/537.36 (KHTML, like Gecko) Chrome/78.0.3904.108 Safari/537.36"
91.199.118.49 - - [25/Jun/2025:03:28:47 +0000] "GET //news/wp-includes/wlwmanifest.xml HTTP/1.1" 200 37767 "-" "Mozilla/5.0 (Windows NT 10.0; Win64; x64) AppleWebKit/537.36 (KHTML, like Gecko) Chrome/78.0.3904.108 Safari/537.36"
91.199.118.49 - - [25/Jun/2025:03:28:47 +0000] "GET //2018/wp-includes/wlwmanifest.xml HTTP/1.1" 200 37767 "-" "Mozilla/5.0 (Windows NT 10.0; Win64; x64) AppleWebKit/537.36 (KHTML, like Gecko) Chrome/78.0.3904.108 Safari/537.36"
91.199.118.49 - - [25/Jun/2025:03:28:47 +0000] "GET //2019/wp-includes/wlwmanifest.xml HTTP/1.1" 200 37767 "-" "Mozilla/5.0 (Windows NT 10.0; Win64; x64) AppleWebKit/537.36 (KHTML, like Gecko) Chrome/78.0.3904.108 Safari/537.36"
91.199.118.49 - - [25/Jun/2025:03:28:47 +0000] "GET //shop/wp-includes/wlwmanifest.xml HTTP/1.1" 200 37767 "-" "Mozilla/5.0 (Windows NT 10.0; Win64; x64) AppleWebKit/537.36 (KHTML, like Gecko) Chrome/78.0.3904.108 Safari/537.36"
91.199.118.49 - - [25/Jun/2025:03:28:47 +0000] "GET //wp1/wp-includes/wlwmanifest.xml HTTP/1.1" 200 37767 "-" "Mozilla/5.0 (Windows NT 10.0; Win64; x64) AppleWebKit/537.36 (KHTML, like Gecko) Chrome/78.0.3904.108 Safari/537.36"
91.199.118.49 - - [25/Jun/2025:03:28:48 +0000] "GET //test/wp-includes/wlwmanifest.xml HTTP/1.1" 200 37767 "-" "Mozilla/5.0 (Windows NT 10.0; Win64; x64) AppleWebKit/537.36 (KHTML, like Gecko) Chrome/78.0.3904.108 Safari/537.36"
91.199.118.49 - - [25/Jun/2025:03:28:48 +0000] "GET //media/wp-includes/wlwmanifest.xml HTTP/1.1" 200 37767 "-" "Mozilla/5.0 (Windows NT 10.0; Win64; x64) AppleWebKit/537.36 (KHTML, like Gecko) Chrome/78.0.3904.108 Safari/537.36"
91.199.118.49 - - [25/Jun/2025:03:28:48 +0000] "GET //wp2/wp-includes/wlwmanifest.xml HTTP/1.1" 200 37767 "-" "Mozilla/5.0 (Windows NT 10.0; Win64; x64) AppleWebKit/537.36 (KHTML, like Gecko) Chrome/78.0.3904.108 Safari/537.36"
91.199.118.49 - - [25/Jun/2025:03:28:48 +0000] "GET //site/wp-includes/wlwmanifest.xml HTTP/1.1" 200 37767 "-" "Mozilla/5.0 (Windows NT 10.0; Win64; x64) AppleWebKit/537.36 (KHTML, like Gecko) Chrome/78.0.3904.108 Safari/537.36"
91.199.118.49 - - [25/Jun/2025:03:28:48 +0000] "GET //cms/wp-includes/wlwmanifest.xml HTTP/1.1" 200 37767 "-" "Mozilla/5.0 (Windows NT 10.0; Win64; x64) AppleWebKit/537.36 (KHTML, like Gecko) Chrome/78.0.3904.108 Safari/537.36"
91.199.118.49 - - [25/Jun/2025:03:28:48 +0000] "GET //sito/wp-includes/wlwmanifest.xml HTTP/1.1" 200 37767 "-" "Mozilla/5.0 (Windows NT 10.0; Win64; x64) AppleWebKit/537.36 (KHTML, like Gecko) Chrome/78.0.3904.108 Safari/537.36"
72.14.199.97 - - [25/Jun/2025:03:32:28 +0000] "GET /shopdetail/1650384/affiliate HTTP/1.1" 200 - "-" "Mozilla/5.0 AppleWebKit/537.36 (KHTML, like Gecko) Chrome/137.0.7151.68 Safari/537.36"
51.68.236.70 - - [25/Jun/2025:04:05:45 +0000] "GET /robots.txt HTTP/1.1" 200 2621 "-" "Mozilla/5.0 (compatible; MJ12bot/v2.0.2; http://mj12bot.com/)"
51.68.236.70 - - [25/Jun/2025:04:05:46 +0000] "GET / HTTP/1.1" 200 - "-" "Mozilla/5.0 (compatible; MJ12bot/v2.0.2; http://mj12bot.com/)"
147.185.132.249 - - [25/Jun/2025:04:29:20 +0000] "GET / HTTP/1.1" 200 - "-" "Expanse, a Palo Alto Networks company, searches across the global IPv4 space multiple times per day to identify customers' presences on the Internet. If you would like to be excluded from our scans, please send IP addresses/domains to: scaninfo@paloaltonetworks.com"
66.249.79.1 - - [25/Jun/2025:04:33:47 +0000] "GET /shopdetail/2591001 HTTP/1.1" 200 149108 "-" "Mozilla/5.0 (Linux; Android 6.0.1; Nexus 5X Build/MMB29P) AppleWebKit/537.36 (KHTML, like Gecko) Chrome/137.0.7151.103 Mobile Safari/537.36 (compatible; Googlebot/2.1; +http://www.google.com/bot.html)"
66.249.79.1 - - [25/Jun/2025:04:34:42 +0000] "GET /shopdetail/1791842 HTTP/1.1" 200 145666 "-" "Mozilla/5.0 (Linux; Android 6.0.1; Nexus 5X Build/MMB29P) AppleWebKit/537.36 (KHTML, like Gecko) Chrome/137.0.7151.103 Mobile Safari/537.36 (compatible; Googlebot/2.1; +http://www.google.com/bot.html)"
| ver. 1.4 |
Github
|
.
| PHP 8.1.32 | Генерация страницы: 0 |
proxy
|
phpinfo
|
Настройка