20.171.207.14 - - [24/Jun/2025:12:14:39 +0000] "GET /?cate_id=6535&channel=cds-anime&pid=65352957316 HTTP/2.0" 200 100299 "-" "Mozilla/5.0 AppleWebKit/537.36 (KHTML, like Gecko; compatible; GPTBot/1.2; +https://openai.com/gptbot)"
20.171.207.14 - - [24/Jun/2025:12:14:41 +0000] "GET /?cate_id=6535&channel=cds-anime&pid=65351557449 HTTP/2.0" 200 100299 "-" "Mozilla/5.0 AppleWebKit/537.36 (KHTML, like Gecko; compatible; GPTBot/1.2; +https://openai.com/gptbot)"
20.171.207.14 - - [24/Jun/2025:12:14:42 +0000] "GET /?cate_id=7418&channel=cars-cars&pid=74182786988 HTTP/2.0" 200 100299 "-" "Mozilla/5.0 AppleWebKit/537.36 (KHTML, like Gecko; compatible; GPTBot/1.2; +https://openai.com/gptbot)"
85.208.96.210 - - [24/Jun/2025:12:14:42 +0000] "GET /buy.php?cate_id=6807&channel=cosmetics-cleansing&pid=68071381531 HTTP/1.1" 404 - "-" "Mozilla/5.0 (compatible; SemrushBot/7~bl; +http://www.semrush.com/bot.html)"
20.171.207.14 - - [24/Jun/2025:12:14:43 +0000] "GET /?cate_id=7418&channel=cars-cars&pid=74182251535 HTTP/2.0" 200 100299 "-" "Mozilla/5.0 AppleWebKit/537.36 (KHTML, like Gecko; compatible; GPTBot/1.2; +https://openai.com/gptbot)"
57.141.2.9 - - [24/Jun/2025:12:14:44 +0000] "GET /?pid=74134124131& HTTP/2.0" 200 100299 "-" "meta-externalagent/1.1 (+https://developers.facebook.com/docs/sharing/webmasters/crawler)"
20.171.207.14 - - [24/Jun/2025:12:14:44 +0000] "GET /?cate_id=6535&channel=cds-anime&pid=65352086434 HTTP/2.0" 200 100299 "-" "Mozilla/5.0 AppleWebKit/537.36 (KHTML, like Gecko; compatible; GPTBot/1.2; +https://openai.com/gptbot)"
57.141.2.5 - - [24/Jun/2025:12:14:45 +0000] "GET /?pid=58391947403& HTTP/2.0" 200 100299 "-" "meta-externalagent/1.1 (+https://developers.facebook.com/docs/sharing/webmasters/crawler)"
20.171.207.14 - - [24/Jun/2025:12:14:45 +0000] "GET /?cate_id=7418&channel=cars-cars&pid=74184152057 HTTP/2.0" 200 100299 "-" "Mozilla/5.0 AppleWebKit/537.36 (KHTML, like Gecko; compatible; GPTBot/1.2; +https://openai.com/gptbot)"
20.171.207.14 - - [24/Jun/2025:12:14:47 +0000] "GET /?cate_id=7418&channel=cars-cars&pid=74183234752 HTTP/2.0" 200 100299 "-" "Mozilla/5.0 AppleWebKit/537.36 (KHTML, like Gecko; compatible; GPTBot/1.2; +https://openai.com/gptbot)"
57.141.2.28 - - [24/Jun/2025:12:14:47 +0000] "GET /?pid=60184443683& HTTP/2.0" 200 100299 "-" "meta-externalagent/1.1 (+https://developers.facebook.com/docs/sharing/webmasters/crawler)"
20.171.207.14 - - [24/Jun/2025:12:14:49 +0000] "GET /?cate_id=7418&channel=cars-cars&pid=74182681837 HTTP/2.0" 200 100299 "-" "Mozilla/5.0 AppleWebKit/537.36 (KHTML, like Gecko; compatible; GPTBot/1.2; +https://openai.com/gptbot)"
20.171.207.14 - - [24/Jun/2025:12:14:52 +0000] "GET /?cate_id=7418&channel=cars-cars&pid=74182479384 HTTP/2.0" 200 100299 "-" "Mozilla/5.0 AppleWebKit/537.36 (KHTML, like Gecko; compatible; GPTBot/1.2; +https://openai.com/gptbot)"
20.171.207.14 - - [24/Jun/2025:12:14:53 +0000] "GET /?cate_id=5976&channel=food-food&pid=59761241541 HTTP/2.0" 200 100299 "-" "Mozilla/5.0 AppleWebKit/537.36 (KHTML, like Gecko; compatible; GPTBot/1.2; +https://openai.com/gptbot)"
20.171.207.14 - - [24/Jun/2025:12:14:55 +0000] "GET /?cate_id=7418&channel=cars-cars&pid=74182795191 HTTP/2.0" 200 100299 "-" "Mozilla/5.0 AppleWebKit/537.36 (KHTML, like Gecko; compatible; GPTBot/1.2; +https://openai.com/gptbot)"
57.141.2.15 - - [24/Jun/2025:12:14:56 +0000] "GET /?pid=52071436879& HTTP/2.0" 200 100299 "-" "meta-externalagent/1.1 (+https://developers.facebook.com/docs/sharing/webmasters/crawler)"
20.171.207.14 - - [24/Jun/2025:12:14:57 +0000] "GET /?cate_id=6502&channel=tv-lenses&pid=65022045477 HTTP/2.0" 200 100299 "-" "Mozilla/5.0 AppleWebKit/537.36 (KHTML, like Gecko; compatible; GPTBot/1.2; +https://openai.com/gptbot)"
20.171.207.14 - - [24/Jun/2025:12:14:58 +0000] "GET /?cate_id=7418&channel=cars-cars&pid=74183289271 HTTP/2.0" 200 100299 "-" "Mozilla/5.0 AppleWebKit/537.36 (KHTML, like Gecko; compatible; GPTBot/1.2; +https://openai.com/gptbot)"
57.141.2.22 - - [24/Jun/2025:12:14:58 +0000] "GET /?pid=67133509289& HTTP/2.0" 200 100299 "-" "meta-externalagent/1.1 (+https://developers.facebook.com/docs/sharing/webmasters/crawler)"
20.171.207.14 - - [24/Jun/2025:12:15:01 +0000] "GET /?cate_id=6502&channel=tv-lenses&pid=65020654163 HTTP/2.0" 200 100299 "-" "Mozilla/5.0 AppleWebKit/537.36 (KHTML, like Gecko; compatible; GPTBot/1.2; +https://openai.com/gptbot)"
20.171.207.14 - - [24/Jun/2025:12:15:03 +0000] "GET /?cate_id=7418&channel=cars-cars&pid=74183790194 HTTP/2.0" 200 100299 "-" "Mozilla/5.0 AppleWebKit/537.36 (KHTML, like Gecko; compatible; GPTBot/1.2; +https://openai.com/gptbot)"
20.171.207.14 - - [24/Jun/2025:12:15:05 +0000] "GET /?cate_id=7418&channel=cars-cars&pid=74180911059 HTTP/2.0" 200 100299 "-" "Mozilla/5.0 AppleWebKit/537.36 (KHTML, like Gecko; compatible; GPTBot/1.2; +https://openai.com/gptbot)"
20.171.207.14 - - [24/Jun/2025:12:15:07 +0000] "GET /?cate_id=7418&channel=cars-cars&pid=74181525562 HTTP/2.0" 200 100299 "-" "Mozilla/5.0 AppleWebKit/537.36 (KHTML, like Gecko; compatible; GPTBot/1.2; +https://openai.com/gptbot)"
20.171.207.14 - - [24/Jun/2025:12:15:09 +0000] "GET /?cate_id=6502&channel=tv-lenses&pid=65024224217 HTTP/2.0" 200 100299 "-" "Mozilla/5.0 AppleWebKit/537.36 (KHTML, like Gecko; compatible; GPTBot/1.2; +https://openai.com/gptbot)"
20.171.207.14 - - [24/Jun/2025:12:15:10 +0000] "GET /?cate_id=6543&channel=cds-music&pid=65433073343 HTTP/2.0" 200 100299 "-" "Mozilla/5.0 AppleWebKit/537.36 (KHTML, like Gecko; compatible; GPTBot/1.2; +https://openai.com/gptbot)"
20.171.207.14 - - [24/Jun/2025:12:15:12 +0000] "GET /?cate_id=7418&channel=cars-cars&pid=74184339829 HTTP/2.0" 200 100299 "-" "Mozilla/5.0 AppleWebKit/537.36 (KHTML, like Gecko; compatible; GPTBot/1.2; +https://openai.com/gptbot)"
20.171.207.14 - - [24/Jun/2025:12:15:13 +0000] "GET /?cate_id=7418&channel=cars-cars&pid=74181261518 HTTP/2.0" 200 100299 "-" "Mozilla/5.0 AppleWebKit/537.36 (KHTML, like Gecko; compatible; GPTBot/1.2; +https://openai.com/gptbot)"
20.171.207.14 - - [24/Jun/2025:12:15:15 +0000] "GET /?cate_id=7418&channel=cars-cars&pid=74181976366 HTTP/2.0" 200 100299 "-" "Mozilla/5.0 AppleWebKit/537.36 (KHTML, like Gecko; compatible; GPTBot/1.2; +https://openai.com/gptbot)"
20.171.207.14 - - [24/Jun/2025:12:15:18 +0000] "GET /?cate_id=6543&channel=cds-music&pid=65432863268 HTTP/2.0" 200 100299 "-" "Mozilla/5.0 AppleWebKit/537.36 (KHTML, like Gecko; compatible; GPTBot/1.2; +https://openai.com/gptbot)"
20.171.207.14 - - [24/Jun/2025:12:15:20 +0000] "GET /?cate_id=7416&channel=toys-toys&pid=74162468161 HTTP/2.0" 200 100299 "-" "Mozilla/5.0 AppleWebKit/537.36 (KHTML, like Gecko; compatible; GPTBot/1.2; +https://openai.com/gptbot)"
20.171.207.14 - - [24/Jun/2025:12:15:21 +0000] "GET /?cate_id=7418&channel=cars-cars&pid=74180863047 HTTP/2.0" 200 100299 "-" "Mozilla/5.0 AppleWebKit/537.36 (KHTML, like Gecko; compatible; GPTBot/1.2; +https://openai.com/gptbot)"
20.171.207.14 - - [24/Jun/2025:12:15:22 +0000] "GET /?cate_id=7418&channel=cars-cars&pid=74180743150 HTTP/2.0" 200 100299 "-" "Mozilla/5.0 AppleWebKit/537.36 (KHTML, like Gecko; compatible; GPTBot/1.2; +https://openai.com/gptbot)"
20.171.207.14 - - [24/Jun/2025:12:15:24 +0000] "GET /?cate_id=7418&channel=cars-cars&pid=74181376164 HTTP/2.0" 200 100299 "-" "Mozilla/5.0 AppleWebKit/537.36 (KHTML, like Gecko; compatible; GPTBot/1.2; +https://openai.com/gptbot)"
20.171.207.14 - - [24/Jun/2025:12:15:25 +0000] "GET /?cate_id=5958&channel=food-wine&pid=59584421485 HTTP/2.0" 200 100299 "-" "Mozilla/5.0 AppleWebKit/537.36 (KHTML, like Gecko; compatible; GPTBot/1.2; +https://openai.com/gptbot)"
20.171.207.14 - - [24/Jun/2025:12:15:26 +0000] "GET /?cate_id=7418&channel=cars-cars&pid=74181550687 HTTP/2.0" 200 100299 "-" "Mozilla/5.0 AppleWebKit/537.36 (KHTML, like Gecko; compatible; GPTBot/1.2; +https://openai.com/gptbot)"
20.171.207.14 - - [24/Jun/2025:12:15:29 +0000] "GET /?cate_id=6535&channel=cds-anime&pid=65352174833 HTTP/2.0" 200 100299 "-" "Mozilla/5.0 AppleWebKit/537.36 (KHTML, like Gecko; compatible; GPTBot/1.2; +https://openai.com/gptbot)"
20.171.207.14 - - [24/Jun/2025:12:15:31 +0000] "GET /?cate_id=7418&channel=cars-cars&pid=74183947234 HTTP/2.0" 200 100299 "-" "Mozilla/5.0 AppleWebKit/537.36 (KHTML, like Gecko; compatible; GPTBot/1.2; +https://openai.com/gptbot)"
20.171.207.14 - - [24/Jun/2025:12:15:32 +0000] "GET /?cate_id=7418&channel=cars-cars&pid=74182622366 HTTP/2.0" 200 100299 "-" "Mozilla/5.0 AppleWebKit/537.36 (KHTML, like Gecko; compatible; GPTBot/1.2; +https://openai.com/gptbot)"
185.191.171.2 - - [24/Jun/2025:12:15:32 +0000] "GET /robots.txt HTTP/1.1" 404 - "-" "Mozilla/5.0 (compatible; SemrushBot/7~bl; +http://www.semrush.com/bot.html)"
20.171.207.14 - - [24/Jun/2025:12:15:33 +0000] "GET /?cate_id=7418&channel=cars-cars&pid=74182244259 HTTP/2.0" 200 100299 "-" "Mozilla/5.0 AppleWebKit/537.36 (KHTML, like Gecko; compatible; GPTBot/1.2; +https://openai.com/gptbot)"
185.191.171.5 - - [24/Jun/2025:12:15:34 +0000] "GET /buy.php?cate_id=6551&channel=dvds-cds&pid=65510696450 HTTP/1.1" 404 - "-" "Mozilla/5.0 (compatible; SemrushBot/7~bl; +http://www.semrush.com/bot.html)"
20.171.207.14 - - [24/Jun/2025:12:15:34 +0000] "GET /?cate_id=6535&channel=cds-anime&pid=65350811867 HTTP/2.0" 200 100299 "-" "Mozilla/5.0 AppleWebKit/537.36 (KHTML, like Gecko; compatible; GPTBot/1.2; +https://openai.com/gptbot)"
57.141.2.15 - - [24/Jun/2025:12:15:35 +0000] "GET /?pid=68902031409& HTTP/2.0" 200 100299 "-" "meta-externalagent/1.1 (+https://developers.facebook.com/docs/sharing/webmasters/crawler)"
20.171.207.14 - - [24/Jun/2025:12:15:36 +0000] "GET /?cate_id=5958&channel=food-wine&pid=59582392415 HTTP/2.0" 200 100299 "-" "Mozilla/5.0 AppleWebKit/537.36 (KHTML, like Gecko; compatible; GPTBot/1.2; +https://openai.com/gptbot)"
20.171.207.14 - - [24/Jun/2025:12:15:37 +0000] "GET /?cate_id=7418&channel=cars-cars&pid=74181254510 HTTP/2.0" 200 100299 "-" "Mozilla/5.0 AppleWebKit/537.36 (KHTML, like Gecko; compatible; GPTBot/1.2; +https://openai.com/gptbot)"
20.171.207.14 - - [24/Jun/2025:12:15:38 +0000] "GET /?cate_id=7418&channel=cars-cars&pid=74180830773 HTTP/2.0" 200 100299 "-" "Mozilla/5.0 AppleWebKit/537.36 (KHTML, like Gecko; compatible; GPTBot/1.2; +https://openai.com/gptbot)"
20.171.207.14 - - [24/Jun/2025:12:15:39 +0000] "GET /?cate_id=5958&channel=food-wine&pid=59584421485 HTTP/2.0" 200 100299 "-" "Mozilla/5.0 AppleWebKit/537.36 (KHTML, like Gecko; compatible; GPTBot/1.2; +https://openai.com/gptbot)"
20.171.207.14 - - [24/Jun/2025:12:15:42 +0000] "GET /?cate_id=7418&channel=cars-cars&pid=74181237013 HTTP/2.0" 200 100299 "-" "Mozilla/5.0 AppleWebKit/537.36 (KHTML, like Gecko; compatible; GPTBot/1.2; +https://openai.com/gptbot)"
85.208.96.207 - - [24/Jun/2025:12:15:43 +0000] "GET /config-complain.php HTTP/1.1" 500 - "-" "Mozilla/5.0 (compatible; SemrushBot/7~bl; +http://www.semrush.com/bot.html)"
20.171.207.14 - - [24/Jun/2025:12:15:44 +0000] "GET /?cate_id=5976&channel=food-food&pid=59764365542 HTTP/2.0" 200 100299 "-" "Mozilla/5.0 AppleWebKit/537.36 (KHTML, like Gecko; compatible; GPTBot/1.2; +https://openai.com/gptbot)"
57.141.2.23 - - [24/Jun/2025:12:15:44 +0000] "GET /?pid=74500606215& HTTP/2.0" 200 100299 "-" "meta-externalagent/1.1 (+https://developers.facebook.com/docs/sharing/webmasters/crawler)"
57.141.2.17 - - [24/Jun/2025:12:15:45 +0000] "GET /?pid=59623746034& HTTP/2.0" 200 100299 "-" "meta-externalagent/1.1 (+https://developers.facebook.com/docs/sharing/webmasters/crawler)"
20.171.207.14 - - [24/Jun/2025:12:15:46 +0000] "GET /?cate_id=5976&channel=food-food&pid=59763116617 HTTP/2.0" 200 100299 "-" "Mozilla/5.0 AppleWebKit/537.36 (KHTML, like Gecko; compatible; GPTBot/1.2; +https://openai.com/gptbot)"
20.171.207.14 - - [24/Jun/2025:12:15:47 +0000] "GET /?cate_id=7418&channel=cars-cars&pid=74184491995 HTTP/2.0" 200 100299 "-" "Mozilla/5.0 AppleWebKit/537.36 (KHTML, like Gecko; compatible; GPTBot/1.2; +https://openai.com/gptbot)"
20.171.207.14 - - [24/Jun/2025:12:15:49 +0000] "GET /?cate_id=7418&channel=cars-cars&pid=74180735133 HTTP/2.0" 200 100299 "-" "Mozilla/5.0 AppleWebKit/537.36 (KHTML, like Gecko; compatible; GPTBot/1.2; +https://openai.com/gptbot)"
57.141.2.1 - - [24/Jun/2025:12:15:50 +0000] "GET /buy.php?pid=51322963991& HTTP/2.0" 404 - "-" "meta-externalagent/1.1 (+https://developers.facebook.com/docs/sharing/webmasters/crawler)"
20.171.207.14 - - [24/Jun/2025:12:15:51 +0000] "GET /?cate_id=7418&channel=cars-cars&pid=74180880620 HTTP/2.0" 200 100299 "-" "Mozilla/5.0 AppleWebKit/537.36 (KHTML, like Gecko; compatible; GPTBot/1.2; +https://openai.com/gptbot)"
57.141.2.11 - - [24/Jun/2025:12:15:53 +0000] "GET /?pid=60130944626& HTTP/2.0" 200 100299 "-" "meta-externalagent/1.1 (+https://developers.facebook.com/docs/sharing/webmasters/crawler)"
20.171.207.14 - - [24/Jun/2025:12:15:54 +0000] "GET /?cate_id=7384&channel=diy-vices&pid=73844327614 HTTP/2.0" 200 100299 "-" "Mozilla/5.0 AppleWebKit/537.36 (KHTML, like Gecko; compatible; GPTBot/1.2; +https://openai.com/gptbot)"
20.171.207.14 - - [24/Jun/2025:12:15:55 +0000] "GET /?cate_id=7418&channel=cars-cars&pid=74181746927 HTTP/2.0" 200 100299 "-" "Mozilla/5.0 AppleWebKit/537.36 (KHTML, like Gecko; compatible; GPTBot/1.2; +https://openai.com/gptbot)"
20.171.207.14 - - [24/Jun/2025:12:15:57 +0000] "GET /?cate_id=7418&channel=cars-cars&pid=74181912616 HTTP/2.0" 200 100299 "-" "Mozilla/5.0 AppleWebKit/537.36 (KHTML, like Gecko; compatible; GPTBot/1.2; +https://openai.com/gptbot)"
20.171.207.14 - - [24/Jun/2025:12:15:59 +0000] "GET /?cate_id=5958&channel=food-wine&pid=59584205960 HTTP/2.0" 200 100299 "-" "Mozilla/5.0 AppleWebKit/537.36 (KHTML, like Gecko; compatible; GPTBot/1.2; +https://openai.com/gptbot)"
20.171.207.14 - - [24/Jun/2025:12:16:01 +0000] "GET /?cate_id=7418&channel=cars-cars&pid=74182933883 HTTP/2.0" 200 100299 "-" "Mozilla/5.0 AppleWebKit/537.36 (KHTML, like Gecko; compatible; GPTBot/1.2; +https://openai.com/gptbot)"
57.141.2.19 - - [24/Jun/2025:12:16:01 +0000] "GET /buy.php?pid=60174270843& HTTP/2.0" 404 - "-" "meta-externalagent/1.1 (+https://developers.facebook.com/docs/sharing/webmasters/crawler)"
20.171.207.14 - - [24/Jun/2025:12:16:03 +0000] "GET /?cate_id=6535&channel=cds-anime&pid=65353110818 HTTP/2.0" 200 100299 "-" "Mozilla/5.0 AppleWebKit/537.36 (KHTML, like Gecko; compatible; GPTBot/1.2; +https://openai.com/gptbot)"
20.171.207.14 - - [24/Jun/2025:12:16:04 +0000] "GET /?cate_id=7418&channel=cars-cars&pid=74183933287 HTTP/2.0" 200 100299 "-" "Mozilla/5.0 AppleWebKit/537.36 (KHTML, like Gecko; compatible; GPTBot/1.2; +https://openai.com/gptbot)"
20.171.207.14 - - [24/Jun/2025:12:16:05 +0000] "GET /?cate_id=7418&channel=cars-cars&pid=74181020846 HTTP/2.0" 200 100299 "-" "Mozilla/5.0 AppleWebKit/537.36 (KHTML, like Gecko; compatible; GPTBot/1.2; +https://openai.com/gptbot)"
205.169.39.55 - - [24/Jun/2025:12:16:06 +0000] "GET / HTTP/2.0" 200 100299 "-" "Mozilla/5.0 (Windows NT 10.0; Win64; x64) AppleWebKit/537.36 (KHTML, like Gecko) Chrome/117.0.5938.132 Safari/537.36"
20.171.207.14 - - [24/Jun/2025:12:16:06 +0000] "GET /?cate_id=7418&channel=cars-cars&pid=74182979474 HTTP/2.0" 200 100299 "-" "Mozilla/5.0 AppleWebKit/537.36 (KHTML, like Gecko; compatible; GPTBot/1.2; +https://openai.com/gptbot)"
205.169.39.55 - - [24/Jun/2025:12:16:07 +0000] "GET /css/main.css HTTP/2.0" 200 17558 "https://mail.foodlicenceportal.net/" "Mozilla/5.0 (Windows NT 10.0; Win64; x64) AppleWebKit/537.36 (KHTML, like Gecko) Chrome/117.0.5938.132 Safari/537.36"
205.169.39.55 - - [24/Jun/2025:12:16:07 +0000] "GET /captcha.php HTTP/2.0" 200 1264 "https://mail.foodlicenceportal.net/" "Mozilla/5.0 (Windows NT 10.0; Win64; x64) AppleWebKit/537.36 (KHTML, like Gecko) Chrome/117.0.5938.132 Safari/537.36"
205.169.39.55 - - [24/Jun/2025:12:16:07 +0000] "GET /selectIndianState.js HTTP/2.0" 200 31833 "https://mail.foodlicenceportal.net/" "Mozilla/5.0 (Windows NT 10.0; Win64; x64) AppleWebKit/537.36 (KHTML, like Gecko) Chrome/117.0.5938.132 Safari/537.36"
20.171.207.14 - - [24/Jun/2025:12:16:07 +0000] "GET /?cate_id=6513&channel=audio-ddc&pid=65134484081 HTTP/2.0" 200 100299 "-" "Mozilla/5.0 AppleWebKit/537.36 (KHTML, like Gecko; compatible; GPTBot/1.2; +https://openai.com/gptbot)"
20.171.207.14 - - [24/Jun/2025:12:16:09 +0000] "GET /?cate_id=5976&channel=food-food&pid=59761335016 HTTP/2.0" 200 100299 "-" "Mozilla/5.0 AppleWebKit/537.36 (KHTML, like Gecko; compatible; GPTBot/1.2; +https://openai.com/gptbot)"
20.171.207.14 - - [24/Jun/2025:12:16:10 +0000] "GET /?cate_id=6502&channel=tv-lenses&pid=65020722956 HTTP/2.0" 200 100299 "-" "Mozilla/5.0 AppleWebKit/537.36 (KHTML, like Gecko; compatible; GPTBot/1.2; +https://openai.com/gptbot)"
20.171.207.14 - - [24/Jun/2025:12:16:12 +0000] "GET /?cate_id=7418&channel=cars-cars&pid=74182154616 HTTP/2.0" 200 100299 "-" "Mozilla/5.0 AppleWebKit/537.36 (KHTML, like Gecko; compatible; GPTBot/1.2; +https://openai.com/gptbot)"
20.171.207.14 - - [24/Jun/2025:12:16:13 +0000] "GET /?cate_id=7418&channel=cars-cars&pid=74184304870 HTTP/2.0" 200 100299 "-" "Mozilla/5.0 AppleWebKit/537.36 (KHTML, like Gecko; compatible; GPTBot/1.2; +https://openai.com/gptbot)"
20.171.207.14 - - [24/Jun/2025:12:16:15 +0000] "GET /?cate_id=7418&channel=cars-cars&pid=74181219946 HTTP/2.0" 200 100299 "-" "Mozilla/5.0 AppleWebKit/537.36 (KHTML, like Gecko; compatible; GPTBot/1.2; +https://openai.com/gptbot)"
20.171.207.14 - - [24/Jun/2025:12:16:17 +0000] "GET /?cate_id=5958&channel=food-wine&pid=59584439153 HTTP/2.0" 200 100299 "-" "Mozilla/5.0 AppleWebKit/537.36 (KHTML, like Gecko; compatible; GPTBot/1.2; +https://openai.com/gptbot)"
57.141.2.5 - - [24/Jun/2025:12:16:17 +0000] "GET /?pid=54332209453& HTTP/2.0" 200 100299 "-" "meta-externalagent/1.1 (+https://developers.facebook.com/docs/sharing/webmasters/crawler)"
57.141.2.16 - - [24/Jun/2025:12:16:18 +0000] "GET /buy.php?pid=60113812183& HTTP/2.0" 404 - "-" "meta-externalagent/1.1 (+https://developers.facebook.com/docs/sharing/webmasters/crawler)"
20.171.207.14 - - [24/Jun/2025:12:16:18 +0000] "GET /?cate_id=7418&channel=cars-cars&pid=74183075038 HTTP/2.0" 200 100299 "-" "Mozilla/5.0 AppleWebKit/537.36 (KHTML, like Gecko; compatible; GPTBot/1.2; +https://openai.com/gptbot)"
52.167.144.21 - - [24/Jun/2025:12:16:19 +0000] "GET /buy.php?pid=52354227313&channel=sports-men-wear&cate_id=5235 HTTP/2.0" 404 - "-" "Mozilla/5.0 AppleWebKit/537.36 (KHTML, like Gecko; compatible; bingbot/2.0; +http://www.bing.com/bingbot.htm) Chrome/116.0.1938.76 Safari/537.36"
20.171.207.14 - - [24/Jun/2025:12:16:20 +0000] "GET /?cate_id=6535&channel=cds-anime&pid=65352594748 HTTP/2.0" 200 100299 "-" "Mozilla/5.0 AppleWebKit/537.36 (KHTML, like Gecko; compatible; GPTBot/1.2; +https://openai.com/gptbot)"
57.141.2.13 - - [24/Jun/2025:12:16:20 +0000] "GET /?pid=60130848591& HTTP/2.0" 200 100299 "-" "meta-externalagent/1.1 (+https://developers.facebook.com/docs/sharing/webmasters/crawler)"
57.141.2.11 - - [24/Jun/2025:12:16:21 +0000] "GET /buy.php?pid=74110890804& HTTP/2.0" 404 - "-" "meta-externalagent/1.1 (+https://developers.facebook.com/docs/sharing/webmasters/crawler)"
57.141.2.11 - - [24/Jun/2025:12:16:21 +0000] "GET /?pid=74243079672& HTTP/2.0" 200 100299 "-" "meta-externalagent/1.1 (+https://developers.facebook.com/docs/sharing/webmasters/crawler)"
20.171.207.14 - - [24/Jun/2025:12:16:22 +0000] "GET /?cate_id=6499&channel=tv-player&pid=64990925949 HTTP/2.0" 200 100299 "-" "Mozilla/5.0 AppleWebKit/537.36 (KHTML, like Gecko; compatible; GPTBot/1.2; +https://openai.com/gptbot)"
57.141.2.23 - - [24/Jun/2025:12:16:24 +0000] "GET /?pid=51874190409& HTTP/2.0" 200 100299 "-" "meta-externalagent/1.1 (+https://developers.facebook.com/docs/sharing/webmasters/crawler)"
20.171.207.14 - - [24/Jun/2025:12:16:24 +0000] "GET /?cate_id=7418&channel=cars-cars&pid=74181133040 HTTP/2.0" 200 100299 "-" "Mozilla/5.0 AppleWebKit/537.36 (KHTML, like Gecko; compatible; GPTBot/1.2; +https://openai.com/gptbot)"
57.141.2.13 - - [24/Jun/2025:12:16:24 +0000] "GET /?pid=59242087947& HTTP/2.0" 200 100299 "-" "meta-externalagent/1.1 (+https://developers.facebook.com/docs/sharing/webmasters/crawler)"
20.171.207.14 - - [24/Jun/2025:12:16:27 +0000] "GET /?cate_id=7418&channel=cars-cars&pid=74183805071 HTTP/2.0" 200 100299 "-" "Mozilla/5.0 AppleWebKit/537.36 (KHTML, like Gecko; compatible; GPTBot/1.2; +https://openai.com/gptbot)"
57.141.2.10 - - [24/Jun/2025:12:16:27 +0000] "GET /?pid=59843843928& HTTP/2.0" 200 100299 "-" "meta-externalagent/1.1 (+https://developers.facebook.com/docs/sharing/webmasters/crawler)"
57.141.2.25 - - [24/Jun/2025:12:16:27 +0000] "GET /?pid=74092726974& HTTP/2.0" 200 100299 "-" "meta-externalagent/1.1 (+https://developers.facebook.com/docs/sharing/webmasters/crawler)"
20.171.207.14 - - [24/Jun/2025:12:16:28 +0000] "GET /?cate_id=6502&channel=tv-lenses&pid=65020722956 HTTP/2.0" 200 100299 "-" "Mozilla/5.0 AppleWebKit/537.36 (KHTML, like Gecko; compatible; GPTBot/1.2; +https://openai.com/gptbot)"
57.141.2.24 - - [24/Jun/2025:12:16:29 +0000] "GET /buy.php?pid=59571685615& HTTP/2.0" 404 - "-" "meta-externalagent/1.1 (+https://developers.facebook.com/docs/sharing/webmasters/crawler)"
20.171.207.14 - - [24/Jun/2025:12:16:30 +0000] "GET /?cate_id=6543&channel=cds-music&pid=65433237354 HTTP/2.0" 200 100299 "-" "Mozilla/5.0 AppleWebKit/537.36 (KHTML, like Gecko; compatible; GPTBot/1.2; +https://openai.com/gptbot)"
20.171.207.14 - - [24/Jun/2025:12:16:32 +0000] "GET /?cate_id=5976&channel=food-food&pid=59761517376 HTTP/2.0" 200 100299 "-" "Mozilla/5.0 AppleWebKit/537.36 (KHTML, like Gecko; compatible; GPTBot/1.2; +https://openai.com/gptbot)"
57.141.2.20 - - [24/Jun/2025:12:16:32 +0000] "GET /?pid=74190595862& HTTP/2.0" 200 100299 "-" "meta-externalagent/1.1 (+https://developers.facebook.com/docs/sharing/webmasters/crawler)"
57.141.2.24 - - [24/Jun/2025:12:16:33 +0000] "GET /buy.php?pid=73972185425& HTTP/2.0" 404 - "-" "meta-externalagent/1.1 (+https://developers.facebook.com/docs/sharing/webmasters/crawler)"
20.171.207.14 - - [24/Jun/2025:12:16:33 +0000] "GET /?cate_id=7418&channel=cars-cars&pid=74181945421 HTTP/2.0" 200 100299 "-" "Mozilla/5.0 AppleWebKit/537.36 (KHTML, like Gecko; compatible; GPTBot/1.2; +https://openai.com/gptbot)"
20.171.207.14 - - [24/Jun/2025:12:16:36 +0000] "GET /?cate_id=7418&channel=cars-cars&pid=74183464086 HTTP/2.0" 200 100299 "-" "Mozilla/5.0 AppleWebKit/537.36 (KHTML, like Gecko; compatible; GPTBot/1.2; +https://openai.com/gptbot)"
20.171.207.14 - - [24/Jun/2025:12:16:38 +0000] "GET /?cate_id=7418&channel=cars-cars&pid=74182481345 HTTP/2.0" 200 100299 "-" "Mozilla/5.0 AppleWebKit/537.36 (KHTML, like Gecko; compatible; GPTBot/1.2; +https://openai.com/gptbot)"
52.167.144.21 - - [24/Jun/2025:12:16:39 +0000] "GET /buy.php?pid=60372905278&channel=fashion-mens&cate_id=6037 HTTP/2.0" 404 - "-" "Mozilla/5.0 AppleWebKit/537.36 (KHTML, like Gecko; compatible; bingbot/2.0; +http://www.bing.com/bingbot.htm) Chrome/116.0.1938.76 Safari/537.36"
20.171.207.14 - - [24/Jun/2025:12:16:40 +0000] "GET /?cate_id=5976&channel=food-food&pid=59763968257 HTTP/2.0" 200 100299 "-" "Mozilla/5.0 AppleWebKit/537.36 (KHTML, like Gecko; compatible; GPTBot/1.2; +https://openai.com/gptbot)"
20.171.207.14 - - [24/Jun/2025:12:16:41 +0000] "GET /?cate_id=7418&channel=cars-cars&pid=74181786006 HTTP/2.0" 200 100299 "-" "Mozilla/5.0 AppleWebKit/537.36 (KHTML, like Gecko; compatible; GPTBot/1.2; +https://openai.com/gptbot)"
57.141.2.20 - - [24/Jun/2025:12:16:42 +0000] "GET /buy.php?pid=74352250501& HTTP/2.0" 404 - "-" "meta-externalagent/1.1 (+https://developers.facebook.com/docs/sharing/webmasters/crawler)"
20.171.207.14 - - [24/Jun/2025:12:16:43 +0000] "GET /?cate_id=7418&channel=cars-cars&pid=74181359919 HTTP/2.0" 200 100299 "-" "Mozilla/5.0 AppleWebKit/537.36 (KHTML, like Gecko; compatible; GPTBot/1.2; +https://openai.com/gptbot)"
20.171.207.14 - - [24/Jun/2025:12:16:45 +0000] "GET /?cate_id=7418&channel=cars-cars&pid=74182017837 HTTP/2.0" 200 100299 "-" "Mozilla/5.0 AppleWebKit/537.36 (KHTML, like Gecko; compatible; GPTBot/1.2; +https://openai.com/gptbot)"
20.171.207.14 - - [24/Jun/2025:12:16:48 +0000] "GET /?cate_id=5657&channel=diy-putty&pid=56571813275 HTTP/2.0" 200 100299 "-" "Mozilla/5.0 AppleWebKit/537.36 (KHTML, like Gecko; compatible; GPTBot/1.2; +https://openai.com/gptbot)"
20.171.207.14 - - [24/Jun/2025:12:16:49 +0000] "GET /?cate_id=6535&channel=cds-anime&pid=65352471967 HTTP/2.0" 200 100299 "-" "Mozilla/5.0 AppleWebKit/537.36 (KHTML, like Gecko; compatible; GPTBot/1.2; +https://openai.com/gptbot)"
20.171.207.14 - - [24/Jun/2025:12:16:51 +0000] "GET /?cate_id=7418&channel=cars-cars&pid=74183988140 HTTP/2.0" 200 100299 "-" "Mozilla/5.0 AppleWebKit/537.36 (KHTML, like Gecko; compatible; GPTBot/1.2; +https://openai.com/gptbot)"
20.171.207.14 - - [24/Jun/2025:12:16:54 +0000] "GET /?cate_id=6499&channel=tv-player&pid=64993896454 HTTP/2.0" 200 100299 "-" "Mozilla/5.0 AppleWebKit/537.36 (KHTML, like Gecko; compatible; GPTBot/1.2; +https://openai.com/gptbot)"
20.171.207.14 - - [24/Jun/2025:12:16:55 +0000] "GET /?cate_id=7418&channel=cars-cars&pid=74184212591 HTTP/2.0" 200 100299 "-" "Mozilla/5.0 AppleWebKit/537.36 (KHTML, like Gecko; compatible; GPTBot/1.2; +https://openai.com/gptbot)"
57.141.2.30 - - [24/Jun/2025:12:16:57 +0000] "GET /buy.php?pid=60130952367& HTTP/2.0" 404 - "-" "meta-externalagent/1.1 (+https://developers.facebook.com/docs/sharing/webmasters/crawler)"
20.171.207.14 - - [24/Jun/2025:12:16:57 +0000] "GET /?cate_id=7418&channel=cars-cars&pid=74181699456 HTTP/2.0" 200 100299 "-" "Mozilla/5.0 AppleWebKit/537.36 (KHTML, like Gecko; compatible; GPTBot/1.2; +https://openai.com/gptbot)"
20.171.207.14 - - [24/Jun/2025:12:16:59 +0000] "GET /?cate_id=7418&channel=cars-cars&pid=74181990678 HTTP/2.0" 200 100299 "-" "Mozilla/5.0 AppleWebKit/537.36 (KHTML, like Gecko; compatible; GPTBot/1.2; +https://openai.com/gptbot)"
20.171.207.14 - - [24/Jun/2025:12:17:01 +0000] "GET /?cate_id=6499&channel=tv-player&pid=64991006404 HTTP/2.0" 200 100299 "-" "Mozilla/5.0 AppleWebKit/537.36 (KHTML, like Gecko; compatible; GPTBot/1.2; +https://openai.com/gptbot)"
57.141.2.13 - - [24/Jun/2025:12:17:01 +0000] "GET /?pid=65351751810& HTTP/2.0" 200 100299 "-" "meta-externalagent/1.1 (+https://developers.facebook.com/docs/sharing/webmasters/crawler)"
20.171.207.14 - - [24/Jun/2025:12:17:02 +0000] "GET /?cate_id=6883&channel=art-drums&pid=68834484268 HTTP/2.0" 200 100299 "-" "Mozilla/5.0 AppleWebKit/537.36 (KHTML, like Gecko; compatible; GPTBot/1.2; +https://openai.com/gptbot)"
20.171.207.14 - - [24/Jun/2025:12:17:03 +0000] "GET /?cate_id=7418&channel=cars-cars&pid=74180868606 HTTP/2.0" 200 100299 "-" "Mozilla/5.0 AppleWebKit/537.36 (KHTML, like Gecko; compatible; GPTBot/1.2; +https://openai.com/gptbot)"
20.171.207.14 - - [24/Jun/2025:12:17:04 +0000] "GET /?cate_id=6535&channel=cds-anime&pid=65351068394 HTTP/2.0" 200 100299 "-" "Mozilla/5.0 AppleWebKit/537.36 (KHTML, like Gecko; compatible; GPTBot/1.2; +https://openai.com/gptbot)"
57.141.2.28 - - [24/Jun/2025:12:17:04 +0000] "GET /?pid=69112163265& HTTP/2.0" 200 100299 "-" "meta-externalagent/1.1 (+https://developers.facebook.com/docs/sharing/webmasters/crawler)"
20.171.207.14 - - [24/Jun/2025:12:17:05 +0000] "GET /?cate_id=7484&channel=audio-tvs&pid=74841516544 HTTP/2.0" 200 100299 "-" "Mozilla/5.0 AppleWebKit/537.36 (KHTML, like Gecko; compatible; GPTBot/1.2; +https://openai.com/gptbot)"
57.141.2.11 - - [24/Jun/2025:12:17:06 +0000] "GET /?pid=60162417064& HTTP/2.0" 200 100299 "-" "meta-externalagent/1.1 (+https://developers.facebook.com/docs/sharing/webmasters/crawler)"
20.171.207.14 - - [24/Jun/2025:12:17:06 +0000] "GET /?cate_id=7418&channel=cars-cars&pid=74183232463 HTTP/2.0" 200 100299 "-" "Mozilla/5.0 AppleWebKit/537.36 (KHTML, like Gecko; compatible; GPTBot/1.2; +https://openai.com/gptbot)"
57.141.2.30 - - [24/Jun/2025:12:17:06 +0000] "GET /buy.php?pid=59740603493& HTTP/2.0" 404 - "-" "meta-externalagent/1.1 (+https://developers.facebook.com/docs/sharing/webmasters/crawler)"
20.171.207.14 - - [24/Jun/2025:12:17:09 +0000] "GET /?cate_id=7418&channel=cars-cars&pid=74183133735 HTTP/2.0" 200 100299 "-" "Mozilla/5.0 AppleWebKit/537.36 (KHTML, like Gecko; compatible; GPTBot/1.2; +https://openai.com/gptbot)"
20.171.207.14 - - [24/Jun/2025:12:17:11 +0000] "GET /?cate_id=6501&channel=audio-dac&pid=65013037708 HTTP/2.0" 200 100299 "-" "Mozilla/5.0 AppleWebKit/537.36 (KHTML, like Gecko; compatible; GPTBot/1.2; +https://openai.com/gptbot)"
57.141.2.13 - - [24/Jun/2025:12:17:11 +0000] "GET /buy.php?pid=69083517886& HTTP/2.0" 404 - "-" "meta-externalagent/1.1 (+https://developers.facebook.com/docs/sharing/webmasters/crawler)"
57.141.2.26 - - [24/Jun/2025:12:17:12 +0000] "GET /?pid=74572733083& HTTP/2.0" 200 100299 "-" "meta-externalagent/1.1 (+https://developers.facebook.com/docs/sharing/webmasters/crawler)"
57.141.2.11 - - [24/Jun/2025:12:17:13 +0000] "GET /buy.php?pid=60380962301& HTTP/2.0" 404 - "-" "meta-externalagent/1.1 (+https://developers.facebook.com/docs/sharing/webmasters/crawler)"
20.171.207.14 - - [24/Jun/2025:12:17:14 +0000] "GET /?cate_id=6502&channel=tv-lenses&pid=65023835227 HTTP/2.0" 200 100299 "-" "Mozilla/5.0 AppleWebKit/537.36 (KHTML, like Gecko; compatible; GPTBot/1.2; +https://openai.com/gptbot)"
57.141.2.10 - - [24/Jun/2025:12:17:15 +0000] "GET /buy.php?pid=74082316736& HTTP/2.0" 404 - "-" "meta-externalagent/1.1 (+https://developers.facebook.com/docs/sharing/webmasters/crawler)"
20.171.207.14 - - [24/Jun/2025:12:17:16 +0000] "GET /?cate_id=7418&channel=cars-cars&pid=74181825204 HTTP/2.0" 200 100299 "-" "Mozilla/5.0 AppleWebKit/537.36 (KHTML, like Gecko; compatible; GPTBot/1.2; +https://openai.com/gptbot)"
57.141.2.26 - - [24/Jun/2025:12:17:15 +0000] "GET /?pid=53373182999& HTTP/2.0" 200 100299 "-" "meta-externalagent/1.1 (+https://developers.facebook.com/docs/sharing/webmasters/crawler)"
20.171.207.14 - - [24/Jun/2025:12:17:18 +0000] "GET /?cate_id=7418&channel=cars-cars&pid=74182620128 HTTP/2.0" 200 100299 "-" "Mozilla/5.0 AppleWebKit/537.36 (KHTML, like Gecko; compatible; GPTBot/1.2; +https://openai.com/gptbot)"
57.141.2.25 - - [24/Jun/2025:12:17:18 +0000] "GET /?pid=57783387856& HTTP/2.0" 200 100299 "-" "meta-externalagent/1.1 (+https://developers.facebook.com/docs/sharing/webmasters/crawler)"
20.171.207.14 - - [24/Jun/2025:12:17:19 +0000] "GET /?cate_id=6550&channel=dvds-kids&pid=65501474469 HTTP/2.0" 200 100299 "-" "Mozilla/5.0 AppleWebKit/537.36 (KHTML, like Gecko; compatible; GPTBot/1.2; +https://openai.com/gptbot)"
40.77.167.75 - - [24/Jun/2025:12:17:20 +0000] "GET /buy.php?pid=59882032294&channel=home-appliances-rice-cooker&cate_id=5988 HTTP/2.0" 404 - "-" "Mozilla/5.0 AppleWebKit/537.36 (KHTML, like Gecko; compatible; bingbot/2.0; +http://www.bing.com/bingbot.htm) Chrome/116.0.1938.76 Safari/537.36"
57.141.2.26 - - [24/Jun/2025:12:17:21 +0000] "GET /buy.php?pid=57880958102& HTTP/2.0" 404 - "-" "meta-externalagent/1.1 (+https://developers.facebook.com/docs/sharing/webmasters/crawler)"
20.171.207.14 - - [24/Jun/2025:12:17:21 +0000] "GET /?cate_id=7418&channel=cars-cars&pid=74182921785 HTTP/2.0" 200 100299 "-" "Mozilla/5.0 AppleWebKit/537.36 (KHTML, like Gecko; compatible; GPTBot/1.2; +https://openai.com/gptbot)"
57.141.2.30 - - [24/Jun/2025:12:17:24 +0000] "GET /buy.php?pid=51271951588& HTTP/2.0" 404 - "-" "meta-externalagent/1.1 (+https://developers.facebook.com/docs/sharing/webmasters/crawler)"
20.171.207.14 - - [24/Jun/2025:12:17:24 +0000] "GET /?cate_id=7418&channel=cars-cars&pid=74181458200 HTTP/2.0" 200 100299 "-" "Mozilla/5.0 AppleWebKit/537.36 (KHTML, like Gecko; compatible; GPTBot/1.2; +https://openai.com/gptbot)"
57.141.2.12 - - [24/Jun/2025:12:17:25 +0000] "GET /?pid=59983828694& HTTP/2.0" 200 100299 "-" "meta-externalagent/1.1 (+https://developers.facebook.com/docs/sharing/webmasters/crawler)"
57.141.2.21 - - [24/Jun/2025:12:17:26 +0000] "GET /?pid=53462624778& HTTP/2.0" 200 100299 "-" "meta-externalagent/1.1 (+https://developers.facebook.com/docs/sharing/webmasters/crawler)"
57.141.2.8 - - [24/Jun/2025:12:17:26 +0000] "GET /?pid=60493862191& HTTP/2.0" 200 100299 "-" "meta-externalagent/1.1 (+https://developers.facebook.com/docs/sharing/webmasters/crawler)"
20.171.207.14 - - [24/Jun/2025:12:17:27 +0000] "GET /?cate_id=7418&channel=cars-cars&pid=74183798900 HTTP/2.0" 200 100299 "-" "Mozilla/5.0 AppleWebKit/537.36 (KHTML, like Gecko; compatible; GPTBot/1.2; +https://openai.com/gptbot)"
20.171.207.14 - - [24/Jun/2025:12:17:28 +0000] "GET /?cate_id=7418&channel=cars-cars&pid=74183598945 HTTP/2.0" 200 100299 "-" "Mozilla/5.0 AppleWebKit/537.36 (KHTML, like Gecko; compatible; GPTBot/1.2; +https://openai.com/gptbot)"
20.171.207.14 - - [24/Jun/2025:12:17:29 +0000] "GET /?cate_id=5594&channel=diy-doors&pid=55940747477 HTTP/2.0" 200 100299 "-" "Mozilla/5.0 AppleWebKit/537.36 (KHTML, like Gecko; compatible; GPTBot/1.2; +https://openai.com/gptbot)"
20.171.207.14 - - [24/Jun/2025:12:17:31 +0000] "GET /?cate_id=7418&channel=cars-cars&pid=74182400175 HTTP/2.0" 200 100299 "-" "Mozilla/5.0 AppleWebKit/537.36 (KHTML, like Gecko; compatible; GPTBot/1.2; +https://openai.com/gptbot)"
20.171.207.14 - - [24/Jun/2025:12:17:32 +0000] "GET /?cate_id=6542&channel=dvds-asia&pid=65421138232 HTTP/2.0" 200 100299 "-" "Mozilla/5.0 AppleWebKit/537.36 (KHTML, like Gecko; compatible; GPTBot/1.2; +https://openai.com/gptbot)"
57.141.2.30 - - [24/Jun/2025:12:17:33 +0000] "GET /buy.php?pid=65061594361& HTTP/2.0" 404 - "-" "meta-externalagent/1.1 (+https://developers.facebook.com/docs/sharing/webmasters/crawler)"
20.171.207.14 - - [24/Jun/2025:12:17:34 +0000] "GET /?cate_id=6115&channel=diet-wipe&pid=61151867340 HTTP/2.0" 200 100299 "-" "Mozilla/5.0 AppleWebKit/537.36 (KHTML, like Gecko; compatible; GPTBot/1.2; +https://openai.com/gptbot)"
20.171.207.14 - - [24/Jun/2025:12:17:37 +0000] "GET /?cate_id=7418&channel=cars-cars&pid=74182426740 HTTP/2.0" 200 100299 "-" "Mozilla/5.0 AppleWebKit/537.36 (KHTML, like Gecko; compatible; GPTBot/1.2; +https://openai.com/gptbot)"
20.171.207.14 - - [24/Jun/2025:12:17:40 +0000] "GET /?cate_id=7418&channel=cars-cars&pid=74183363660 HTTP/2.0" 200 100299 "-" "Mozilla/5.0 AppleWebKit/537.36 (KHTML, like Gecko; compatible; GPTBot/1.2; +https://openai.com/gptbot)"
40.77.167.75 - - [24/Jun/2025:12:17:41 +0000] "GET /buy.php?pid=60384330596&channel=fashion-womens&cate_id=6038 HTTP/2.0" 404 - "-" "Mozilla/5.0 AppleWebKit/537.36 (KHTML, like Gecko; compatible; bingbot/2.0; +http://www.bing.com/bingbot.htm) Chrome/116.0.1938.76 Safari/537.36"
40.77.167.75 - - [24/Jun/2025:12:17:41 +0000] "GET /buy.php?pid=68512068380&channel=beauty-hair-care&cate_id=6851 HTTP/2.0" 404 - "-" "Mozilla/5.0 AppleWebKit/537.36 (KHTML, like Gecko; compatible; bingbot/2.0; +http://www.bing.com/bingbot.htm) Chrome/116.0.1938.76 Safari/537.36"
20.171.207.14 - - [24/Jun/2025:12:17:42 +0000] "GET /?cate_id=7418&channel=cars-cars&pid=74182921785 HTTP/2.0" 200 100299 "-" "Mozilla/5.0 AppleWebKit/537.36 (KHTML, like Gecko; compatible; GPTBot/1.2; +https://openai.com/gptbot)"
20.171.207.14 - - [24/Jun/2025:12:17:43 +0000] "GET /?cate_id=7418&channel=cars-cars&pid=74182978151 HTTP/2.0" 200 100299 "-" "Mozilla/5.0 AppleWebKit/537.36 (KHTML, like Gecko; compatible; GPTBot/1.2; +https://openai.com/gptbot)"
20.171.207.14 - - [24/Jun/2025:12:17:44 +0000] "GET /?cate_id=7418&channel=cars-cars&pid=74180524547 HTTP/2.0" 200 100299 "-" "Mozilla/5.0 AppleWebKit/537.36 (KHTML, like Gecko; compatible; GPTBot/1.2; +https://openai.com/gptbot)"
20.171.207.14 - - [24/Jun/2025:12:17:46 +0000] "GET /?cate_id=7418&channel=cars-cars&pid=74181643944 HTTP/2.0" 200 100299 "-" "Mozilla/5.0 AppleWebKit/537.36 (KHTML, like Gecko; compatible; GPTBot/1.2; +https://openai.com/gptbot)"
85.208.96.203 - - [24/Jun/2025:12:17:46 +0000] "GET /buy.php?cate_id=5117&channel=computers-apple-watches&pid=51171364331 HTTP/1.1" 404 - "-" "Mozilla/5.0 (compatible; SemrushBot/7~bl; +http://www.semrush.com/bot.html)"
20.171.207.14 - - [24/Jun/2025:12:17:47 +0000] "GET /?cate_id=5958&channel=food-wine&pid=59582659615 HTTP/2.0" 200 100299 "-" "Mozilla/5.0 AppleWebKit/537.36 (KHTML, like Gecko; compatible; GPTBot/1.2; +https://openai.com/gptbot)"
20.171.207.14 - - [24/Jun/2025:12:17:49 +0000] "GET /?cate_id=5965&channel=food-sake&pid=59653516693 HTTP/2.0" 200 100299 "-" "Mozilla/5.0 AppleWebKit/537.36 (KHTML, like Gecko; compatible; GPTBot/1.2; +https://openai.com/gptbot)"
20.171.207.14 - - [24/Jun/2025:12:17:50 +0000] "GET /?cate_id=7418&channel=cars-cars&pid=74182987721 HTTP/2.0" 200 100299 "-" "Mozilla/5.0 AppleWebKit/537.36 (KHTML, like Gecko; compatible; GPTBot/1.2; +https://openai.com/gptbot)"
20.171.207.14 - - [24/Jun/2025:12:17:53 +0000] "GET /?cate_id=7418&channel=cars-cars&pid=74181585338 HTTP/2.0" 200 100299 "-" "Mozilla/5.0 AppleWebKit/537.36 (KHTML, like Gecko; compatible; GPTBot/1.2; +https://openai.com/gptbot)"
20.171.207.14 - - [24/Jun/2025:12:17:54 +0000] "GET /?cate_id=6535&channel=cds-anime&pid=65350725100 HTTP/2.0" 200 100299 "-" "Mozilla/5.0 AppleWebKit/537.36 (KHTML, like Gecko; compatible; GPTBot/1.2; +https://openai.com/gptbot)"
20.171.207.14 - - [24/Jun/2025:12:17:56 +0000] "GET /?cate_id=7418&channel=cars-cars&pid=74182825411 HTTP/2.0" 200 100299 "-" "Mozilla/5.0 AppleWebKit/537.36 (KHTML, like Gecko; compatible; GPTBot/1.2; +https://openai.com/gptbot)"
57.141.2.11 - - [24/Jun/2025:12:17:56 +0000] "GET /?pid=60372710576& HTTP/2.0" 200 100299 "-" "meta-externalagent/1.1 (+https://developers.facebook.com/docs/sharing/webmasters/crawler)"
57.141.2.27 - - [24/Jun/2025:12:17:57 +0000] "GET /?pid=73803905446& HTTP/2.0" 200 100299 "-" "meta-externalagent/1.1 (+https://developers.facebook.com/docs/sharing/webmasters/crawler)"
20.171.207.14 - - [24/Jun/2025:12:17:59 +0000] "GET /?cate_id=7418&channel=cars-cars&pid=74184158094 HTTP/2.0" 200 100299 "-" "Mozilla/5.0 AppleWebKit/537.36 (KHTML, like Gecko; compatible; GPTBot/1.2; +https://openai.com/gptbot)"
20.171.207.14 - - [24/Jun/2025:12:18:01 +0000] "GET /?cate_id=7418&channel=cars-cars&pid=74183445573 HTTP/2.0" 200 100299 "-" "Mozilla/5.0 AppleWebKit/537.36 (KHTML, like Gecko; compatible; GPTBot/1.2; +https://openai.com/gptbot)"
57.141.2.15 - - [24/Jun/2025:12:18:01 +0000] "GET /buy.php?pid=52352324929& HTTP/2.0" 404 - "-" "meta-externalagent/1.1 (+https://developers.facebook.com/docs/sharing/webmasters/crawler)"
20.171.207.14 - - [24/Jun/2025:12:18:03 +0000] "GET /?cate_id=7418&channel=cars-cars&pid=74184132023 HTTP/2.0" 200 100299 "-" "Mozilla/5.0 AppleWebKit/537.36 (KHTML, like Gecko; compatible; GPTBot/1.2; +https://openai.com/gptbot)"
20.171.207.14 - - [24/Jun/2025:12:18:06 +0000] "GET /?cate_id=7418&channel=cars-cars&pid=74180586988 HTTP/2.0" 200 100299 "-" "Mozilla/5.0 AppleWebKit/537.36 (KHTML, like Gecko; compatible; GPTBot/1.2; +https://openai.com/gptbot)"
20.171.207.14 - - [24/Jun/2025:12:18:07 +0000] "GET /?cate_id=5958&channel=food-wine&pid=59582659615 HTTP/2.0" 200 100299 "-" "Mozilla/5.0 AppleWebKit/537.36 (KHTML, like Gecko; compatible; GPTBot/1.2; +https://openai.com/gptbot)"
57.141.2.28 - - [24/Jun/2025:12:18:08 +0000] "GET /?pid=64194297810& HTTP/2.0" 200 100299 "-" "meta-externalagent/1.1 (+https://developers.facebook.com/docs/sharing/webmasters/crawler)"
20.171.207.14 - - [24/Jun/2025:12:18:08 +0000] "GET /?cate_id=5958&channel=food-wine&pid=59583550940 HTTP/2.0" 200 100299 "-" "Mozilla/5.0 AppleWebKit/537.36 (KHTML, like Gecko; compatible; GPTBot/1.2; +https://openai.com/gptbot)"
57.141.2.9 - - [24/Jun/2025:12:18:09 +0000] "GET /?pid=60163972707& HTTP/2.0" 200 100299 "-" "meta-externalagent/1.1 (+https://developers.facebook.com/docs/sharing/webmasters/crawler)"
20.171.207.14 - - [24/Jun/2025:12:18:11 +0000] "GET /?cate_id=6542&channel=dvds-asia&pid=65422354795 HTTP/2.0" 200 100299 "-" "Mozilla/5.0 AppleWebKit/537.36 (KHTML, like Gecko; compatible; GPTBot/1.2; +https://openai.com/gptbot)"
57.141.2.9 - - [24/Jun/2025:12:18:12 +0000] "GET /buy.php?pid=60143522140& HTTP/2.0" 404 - "-" "meta-externalagent/1.1 (+https://developers.facebook.com/docs/sharing/webmasters/crawler)"
20.171.207.14 - - [24/Jun/2025:12:18:12 +0000] "GET /?cate_id=7418&channel=cars-cars&pid=74184468921 HTTP/2.0" 200 100299 "-" "Mozilla/5.0 AppleWebKit/537.36 (KHTML, like Gecko; compatible; GPTBot/1.2; +https://openai.com/gptbot)"
20.171.207.14 - - [24/Jun/2025:12:18:13 +0000] "GET /?cate_id=5958&channel=food-wine&pid=59581885332 HTTP/2.0" 200 100299 "-" "Mozilla/5.0 AppleWebKit/537.36 (KHTML, like Gecko; compatible; GPTBot/1.2; +https://openai.com/gptbot)"
20.171.207.14 - - [24/Jun/2025:12:18:15 +0000] "GET /?cate_id=7418&channel=cars-cars&pid=74180674202 HTTP/2.0" 200 100299 "-" "Mozilla/5.0 AppleWebKit/537.36 (KHTML, like Gecko; compatible; GPTBot/1.2; +https://openai.com/gptbot)"
20.171.207.14 - - [24/Jun/2025:12:18:16 +0000] "GET /?cate_id=6535&channel=cds-anime&pid=65351944575 HTTP/2.0" 200 100299 "-" "Mozilla/5.0 AppleWebKit/537.36 (KHTML, like Gecko; compatible; GPTBot/1.2; +https://openai.com/gptbot)"
57.141.2.2 - - [24/Jun/2025:12:18:17 +0000] "GET /?pid=69081858136& HTTP/2.0" 200 100299 "-" "meta-externalagent/1.1 (+https://developers.facebook.com/docs/sharing/webmasters/crawler)"
57.141.2.9 - - [24/Jun/2025:12:18:17 +0000] "GET /?pid=74122498981& HTTP/2.0" 200 100299 "-" "meta-externalagent/1.1 (+https://developers.facebook.com/docs/sharing/webmasters/crawler)"
20.171.207.14 - - [24/Jun/2025:12:18:18 +0000] "GET /?cate_id=7416&channel=toys-toys&pid=74162166173 HTTP/2.0" 200 100299 "-" "Mozilla/5.0 AppleWebKit/537.36 (KHTML, like Gecko; compatible; GPTBot/1.2; +https://openai.com/gptbot)"
20.171.207.14 - - [24/Jun/2025:12:18:21 +0000] "GET /?cate_id=6502&channel=tv-lenses&pid=65024202647 HTTP/2.0" 200 100299 "-" "Mozilla/5.0 AppleWebKit/537.36 (KHTML, like Gecko; compatible; GPTBot/1.2; +https://openai.com/gptbot)"
57.141.2.6 - - [24/Jun/2025:12:18:21 +0000] "GET /?pid=65331183289& HTTP/2.0" 200 100299 "-" "meta-externalagent/1.1 (+https://developers.facebook.com/docs/sharing/webmasters/crawler)"
20.171.207.14 - - [24/Jun/2025:12:18:23 +0000] "GET /?cate_id=7418&channel=cars-cars&pid=74180861671 HTTP/2.0" 200 100299 "-" "Mozilla/5.0 AppleWebKit/537.36 (KHTML, like Gecko; compatible; GPTBot/1.2; +https://openai.com/gptbot)"
57.141.2.6 - - [24/Jun/2025:12:18:25 +0000] "GET /buy.php?pid=60382512827& HTTP/2.0" 404 - "-" "meta-externalagent/1.1 (+https://developers.facebook.com/docs/sharing/webmasters/crawler)"
20.171.207.14 - - [24/Jun/2025:12:18:26 +0000] "GET /?cate_id=7418&channel=cars-cars&pid=74184021826 HTTP/2.0" 200 100299 "-" "Mozilla/5.0 AppleWebKit/537.36 (KHTML, like Gecko; compatible; GPTBot/1.2; +https://openai.com/gptbot)"
57.141.2.6 - - [24/Jun/2025:12:18:26 +0000] "GET /buy.php?pid=60221126384& HTTP/2.0" 404 - "-" "meta-externalagent/1.1 (+https://developers.facebook.com/docs/sharing/webmasters/crawler)"
57.141.2.14 - - [24/Jun/2025:12:18:26 +0000] "GET /?pid=74223929246& HTTP/2.0" 200 100299 "-" "meta-externalagent/1.1 (+https://developers.facebook.com/docs/sharing/webmasters/crawler)"
57.141.2.17 - - [24/Jun/2025:12:18:27 +0000] "GET /?pid=51973068463& HTTP/2.0" 200 100299 "-" "meta-externalagent/1.1 (+https://developers.facebook.com/docs/sharing/webmasters/crawler)"
20.171.207.14 - - [24/Jun/2025:12:18:27 +0000] "GET /?cate_id=7418&channel=cars-cars&pid=74180934149 HTTP/2.0" 200 100299 "-" "Mozilla/5.0 AppleWebKit/537.36 (KHTML, like Gecko; compatible; GPTBot/1.2; +https://openai.com/gptbot)"
20.171.207.14 - - [24/Jun/2025:12:18:29 +0000] "GET /?cate_id=5958&channel=food-wine&pid=59581788562 HTTP/2.0" 200 100299 "-" "Mozilla/5.0 AppleWebKit/537.36 (KHTML, like Gecko; compatible; GPTBot/1.2; +https://openai.com/gptbot)"
20.171.207.14 - - [24/Jun/2025:12:18:31 +0000] "GET /?cate_id=7418&channel=cars-cars&pid=74184468921 HTTP/2.0" 200 100299 "-" "Mozilla/5.0 AppleWebKit/537.36 (KHTML, like Gecko; compatible; GPTBot/1.2; +https://openai.com/gptbot)"
57.141.2.8 - - [24/Jun/2025:12:18:32 +0000] "GET /buy.php?pid=59303153330& HTTP/2.0" 404 - "-" "meta-externalagent/1.1 (+https://developers.facebook.com/docs/sharing/webmasters/crawler)"
57.141.2.28 - - [24/Jun/2025:12:18:32 +0000] "GET /buy.php?pid=74801609178& HTTP/2.0" 404 - "-" "meta-externalagent/1.1 (+https://developers.facebook.com/docs/sharing/webmasters/crawler)"
20.171.207.14 - - [24/Jun/2025:12:18:33 +0000] "GET /?cate_id=7418&channel=cars-cars&pid=74183880015 HTTP/2.0" 200 100299 "-" "Mozilla/5.0 AppleWebKit/537.36 (KHTML, like Gecko; compatible; GPTBot/1.2; +https://openai.com/gptbot)"
57.141.2.3 - - [24/Jun/2025:12:18:34 +0000] "GET /?pid=51241498668& HTTP/2.0" 200 100299 "-" "meta-externalagent/1.1 (+https://developers.facebook.com/docs/sharing/webmasters/crawler)"
57.141.2.26 - - [24/Jun/2025:12:18:34 +0000] "GET /?pid=59261156433& HTTP/2.0" 200 100299 "-" "meta-externalagent/1.1 (+https://developers.facebook.com/docs/sharing/webmasters/crawler)"
20.171.207.14 - - [24/Jun/2025:12:18:34 +0000] "GET /?cate_id=6535&channel=cds-anime&pid=65352797505 HTTP/2.0" 200 100299 "-" "Mozilla/5.0 AppleWebKit/537.36 (KHTML, like Gecko; compatible; GPTBot/1.2; +https://openai.com/gptbot)"
57.141.2.16 - - [24/Jun/2025:12:18:35 +0000] "GET /buy.php?pid=74083944730& HTTP/2.0" 404 - "-" "meta-externalagent/1.1 (+https://developers.facebook.com/docs/sharing/webmasters/crawler)"
57.141.2.17 - - [24/Jun/2025:12:18:35 +0000] "GET /?pid=59191823912& HTTP/2.0" 200 100299 "-" "meta-externalagent/1.1 (+https://developers.facebook.com/docs/sharing/webmasters/crawler)"
20.171.207.14 - - [24/Jun/2025:12:18:36 +0000] "GET /?cate_id=5962&channel=food-rice&pid=59623992234 HTTP/2.0" 200 100299 "-" "Mozilla/5.0 AppleWebKit/537.36 (KHTML, like Gecko; compatible; GPTBot/1.2; +https://openai.com/gptbot)"
57.141.2.11 - - [24/Jun/2025:12:18:36 +0000] "GET /?pid=74204097924& HTTP/2.0" 200 100299 "-" "meta-externalagent/1.1 (+https://developers.facebook.com/docs/sharing/webmasters/crawler)"
20.171.207.14 - - [24/Jun/2025:12:18:38 +0000] "GET /?cate_id=6502&channel=tv-lenses&pid=65020990167 HTTP/2.0" 200 100299 "-" "Mozilla/5.0 AppleWebKit/537.36 (KHTML, like Gecko; compatible; GPTBot/1.2; +https://openai.com/gptbot)"
20.171.207.14 - - [24/Jun/2025:12:18:39 +0000] "GET /?cate_id=6543&channel=cds-music&pid=65434395858 HTTP/2.0" 200 100299 "-" "Mozilla/5.0 AppleWebKit/537.36 (KHTML, like Gecko; compatible; GPTBot/1.2; +https://openai.com/gptbot)"
20.171.207.14 - - [24/Jun/2025:12:18:41 +0000] "GET /?cate_id=6542&channel=dvds-asia&pid=65421942771 HTTP/2.0" 200 100299 "-" "Mozilla/5.0 AppleWebKit/537.36 (KHTML, like Gecko; compatible; GPTBot/1.2; +https://openai.com/gptbot)"
57.141.2.16 - - [24/Jun/2025:12:18:41 +0000] "GET /buy.php?pid=60382788368& HTTP/2.0" 404 - "-" "meta-externalagent/1.1 (+https://developers.facebook.com/docs/sharing/webmasters/crawler)"
57.141.2.6 - - [24/Jun/2025:12:18:41 +0000] "GET /?pid=65333077329& HTTP/2.0" 200 100299 "-" "meta-externalagent/1.1 (+https://developers.facebook.com/docs/sharing/webmasters/crawler)"
57.141.2.7 - - [24/Jun/2025:12:18:41 +0000] "GET /?pid=60382857798& HTTP/2.0" 200 100299 "-" "meta-externalagent/1.1 (+https://developers.facebook.com/docs/sharing/webmasters/crawler)"
57.141.2.9 - - [24/Jun/2025:12:18:42 +0000] "GET /?pid=59902274880& HTTP/2.0" 200 100299 "-" "meta-externalagent/1.1 (+https://developers.facebook.com/docs/sharing/webmasters/crawler)"
57.141.2.23 - - [24/Jun/2025:12:18:42 +0000] "GET /?pid=59581266144& HTTP/2.0" 200 100299 "-" "meta-externalagent/1.1 (+https://developers.facebook.com/docs/sharing/webmasters/crawler)"
20.171.207.14 - - [24/Jun/2025:12:18:43 +0000] "GET /?cate_id=7418&channel=cars-cars&pid=74180812823 HTTP/2.0" 200 100299 "-" "Mozilla/5.0 AppleWebKit/537.36 (KHTML, like Gecko; compatible; GPTBot/1.2; +https://openai.com/gptbot)"
85.208.96.198 - - [24/Jun/2025:12:18:44 +0000] "GET /buy.php?cate_id=5589&channel=tools-storage-sheds&pid=55893748126 HTTP/1.1" 404 - "-" "Mozilla/5.0 (compatible; SemrushBot/7~bl; +http://www.semrush.com/bot.html)"
20.171.207.14 - - [24/Jun/2025:12:18:45 +0000] "GET /?cate_id=5688&channel=diy-gates&pid=56881628045 HTTP/2.0" 200 100299 "-" "Mozilla/5.0 AppleWebKit/537.36 (KHTML, like Gecko; compatible; GPTBot/1.2; +https://openai.com/gptbot)"
20.171.207.14 - - [24/Jun/2025:12:18:46 +0000] "GET /?cate_id=7418&channel=cars-cars&pid=74183674588 HTTP/2.0" 200 100299 "-" "Mozilla/5.0 AppleWebKit/537.36 (KHTML, like Gecko; compatible; GPTBot/1.2; +https://openai.com/gptbot)"
57.141.2.30 - - [24/Jun/2025:12:18:47 +0000] "GET /buy.php?pid=73962498835& HTTP/2.0" 404 - "-" "meta-externalagent/1.1 (+https://developers.facebook.com/docs/sharing/webmasters/crawler)"
20.171.207.14 - - [24/Jun/2025:12:18:48 +0000] "GET /?cate_id=7418&channel=cars-cars&pid=74182112434 HTTP/2.0" 200 100299 "-" "Mozilla/5.0 AppleWebKit/537.36 (KHTML, like Gecko; compatible; GPTBot/1.2; +https://openai.com/gptbot)"
52.167.144.21 - - [24/Jun/2025:12:18:48 +0000] "GET /buy.php?pid=60381865912&channel=fashion-womens&cate_id=6038 HTTP/2.0" 404 - "-" "Mozilla/5.0 AppleWebKit/537.36 (KHTML, like Gecko; compatible; bingbot/2.0; +http://www.bing.com/bingbot.htm) Chrome/116.0.1938.76 Safari/537.36"
20.171.207.14 - - [24/Jun/2025:12:18:49 +0000] "GET /?cate_id=7418&channel=cars-cars&pid=74181991953 HTTP/2.0" 200 100299 "-" "Mozilla/5.0 AppleWebKit/537.36 (KHTML, like Gecko; compatible; GPTBot/1.2; +https://openai.com/gptbot)"
20.171.207.14 - - [24/Jun/2025:12:18:51 +0000] "GET /?cate_id=5601&channel=tools-tip&pid=56010811250 HTTP/2.0" 200 100299 "-" "Mozilla/5.0 AppleWebKit/537.36 (KHTML, like Gecko; compatible; GPTBot/1.2; +https://openai.com/gptbot)"
20.171.207.14 - - [24/Jun/2025:12:18:52 +0000] "GET /?cate_id=5714&channel=diy-tapes&pid=57141074899 HTTP/2.0" 200 100299 "-" "Mozilla/5.0 AppleWebKit/537.36 (KHTML, like Gecko; compatible; GPTBot/1.2; +https://openai.com/gptbot)"
