57.141.2.12 - - [24/Jun/2025:12:51:58 +0000] "GET /buy.php?pid=59190865433& HTTP/2.0" 404 - "-" "meta-externalagent/1.1 (+https://developers.facebook.com/docs/sharing/webmasters/crawler)"
20.171.207.14 - - [24/Jun/2025:12:51:59 +0000] "GET /?cate_id=6013&channel=fashion-outerwear&pid=60133822059 HTTP/2.0" 200 100299 "-" "Mozilla/5.0 AppleWebKit/537.36 (KHTML, like Gecko; compatible; GPTBot/1.2; +https://openai.com/gptbot)"
57.141.2.21 - - [24/Jun/2025:12:52:00 +0000] "GET /buy.php?pid=59571469353& HTTP/2.0" 404 - "-" "meta-externalagent/1.1 (+https://developers.facebook.com/docs/sharing/webmasters/crawler)"
20.171.207.14 - - [24/Jun/2025:12:52:01 +0000] "GET /?cate_id=6013&channel=fashion-outerwear&pid=60133432809 HTTP/2.0" 200 100299 "-" "Mozilla/5.0 AppleWebKit/537.36 (KHTML, like Gecko; compatible; GPTBot/1.2; +https://openai.com/gptbot)"
57.141.2.15 - - [24/Jun/2025:12:52:02 +0000] "GET /buy.php?pid=60133799149& HTTP/2.0" 404 - "-" "meta-externalagent/1.1 (+https://developers.facebook.com/docs/sharing/webmasters/crawler)"
20.171.207.14 - - [24/Jun/2025:12:52:03 +0000] "GET /?cate_id=6013&channel=fashion-outerwear&pid=60132677851 HTTP/2.0" 200 100299 "-" "Mozilla/5.0 AppleWebKit/537.36 (KHTML, like Gecko; compatible; GPTBot/1.2; +https://openai.com/gptbot)"
20.171.207.14 - - [24/Jun/2025:12:52:04 +0000] "GET /?cate_id=6013&channel=fashion-outerwear&pid=60134223719 HTTP/2.0" 200 100299 "-" "Mozilla/5.0 AppleWebKit/537.36 (KHTML, like Gecko; compatible; GPTBot/1.2; +https://openai.com/gptbot)"
57.141.2.27 - - [24/Jun/2025:12:52:06 +0000] "GET /buy.php?pid=60152174645& HTTP/2.0" 404 - "-" "meta-externalagent/1.1 (+https://developers.facebook.com/docs/sharing/webmasters/crawler)"
20.171.207.14 - - [24/Jun/2025:12:52:06 +0000] "GET /?cate_id=6013&channel=fashion-outerwear&pid=60132316598 HTTP/2.0" 200 100299 "-" "Mozilla/5.0 AppleWebKit/537.36 (KHTML, like Gecko; compatible; GPTBot/1.2; +https://openai.com/gptbot)"
57.141.2.5 - - [24/Jun/2025:12:52:06 +0000] "GET /?pid=74420617943& HTTP/2.0" 200 100299 "-" "meta-externalagent/1.1 (+https://developers.facebook.com/docs/sharing/webmasters/crawler)"
20.171.207.14 - - [24/Jun/2025:12:52:08 +0000] "GET /?cate_id=6013&channel=fashion-outerwear&pid=60134017290 HTTP/2.0" 200 100299 "-" "Mozilla/5.0 AppleWebKit/537.36 (KHTML, like Gecko; compatible; GPTBot/1.2; +https://openai.com/gptbot)"
20.171.207.14 - - [24/Jun/2025:12:52:10 +0000] "GET /?cate_id=6013&channel=fashion-outerwear&pid=60131182504 HTTP/2.0" 200 100299 "-" "Mozilla/5.0 AppleWebKit/537.36 (KHTML, like Gecko; compatible; GPTBot/1.2; +https://openai.com/gptbot)"
57.141.2.30 - - [24/Jun/2025:12:52:12 +0000] "GET /buy.php?pid=54312594848& HTTP/2.0" 404 - "-" "meta-externalagent/1.1 (+https://developers.facebook.com/docs/sharing/webmasters/crawler)"
57.141.2.3 - - [24/Jun/2025:12:52:11 +0000] "GET /?pid=68203028349& HTTP/2.0" 200 100299 "-" "meta-externalagent/1.1 (+https://developers.facebook.com/docs/sharing/webmasters/crawler)"
20.171.207.14 - - [24/Jun/2025:12:52:12 +0000] "GET /?cate_id=7409&channel=hobbies-equipment&pid=74091930228 HTTP/2.0" 200 100299 "-" "Mozilla/5.0 AppleWebKit/537.36 (KHTML, like Gecko; compatible; GPTBot/1.2; +https://openai.com/gptbot)"
57.141.2.8 - - [24/Jun/2025:12:52:12 +0000] "GET /?pid=58394015055& HTTP/2.0" 200 100299 "-" "meta-externalagent/1.1 (+https://developers.facebook.com/docs/sharing/webmasters/crawler)"
57.141.2.16 - - [24/Jun/2025:12:52:13 +0000] "GET /buy.php?pid=60373260906& HTTP/2.0" 404 - "-" "meta-externalagent/1.1 (+https://developers.facebook.com/docs/sharing/webmasters/crawler)"
20.171.207.14 - - [24/Jun/2025:12:52:14 +0000] "GET /?cate_id=6013&channel=fashion-outerwear&pid=60132172925 HTTP/2.0" 200 100299 "-" "Mozilla/5.0 AppleWebKit/537.36 (KHTML, like Gecko; compatible; GPTBot/1.2; +https://openai.com/gptbot)"
57.141.2.8 - - [24/Jun/2025:12:52:15 +0000] "GET /buy.php?pid=74182265752& HTTP/2.0" 404 - "-" "meta-externalagent/1.1 (+https://developers.facebook.com/docs/sharing/webmasters/crawler)"
20.171.207.14 - - [24/Jun/2025:12:52:16 +0000] "GET /?cate_id=5912&channel=tickets-aquariums&pid=59123567868 HTTP/2.0" 200 100299 "-" "Mozilla/5.0 AppleWebKit/537.36 (KHTML, like Gecko; compatible; GPTBot/1.2; +https://openai.com/gptbot)"
20.171.207.14 - - [24/Jun/2025:12:52:18 +0000] "GET /?cate_id=6013&channel=fashion-outerwear&pid=60132954108 HTTP/2.0" 200 100299 "-" "Mozilla/5.0 AppleWebKit/537.36 (KHTML, like Gecko; compatible; GPTBot/1.2; +https://openai.com/gptbot)"
20.171.207.14 - - [24/Jun/2025:12:52:20 +0000] "GET /?cate_id=5921&channel=fishing-backpacks&pid=59213198406 HTTP/2.0" 200 100299 "-" "Mozilla/5.0 AppleWebKit/537.36 (KHTML, like Gecko; compatible; GPTBot/1.2; +https://openai.com/gptbot)"
20.171.207.14 - - [24/Jun/2025:12:52:22 +0000] "GET /?cate_id=6013&channel=fashion-outerwear&pid=60132456473 HTTP/2.0" 200 100299 "-" "Mozilla/5.0 AppleWebKit/537.36 (KHTML, like Gecko; compatible; GPTBot/1.2; +https://openai.com/gptbot)"
20.171.207.14 - - [24/Jun/2025:12:52:23 +0000] "GET /?cate_id=6013&channel=fashion-outerwear&pid=60132495696 HTTP/2.0" 200 100299 "-" "Mozilla/5.0 AppleWebKit/537.36 (KHTML, like Gecko; compatible; GPTBot/1.2; +https://openai.com/gptbot)"
20.171.207.14 - - [24/Jun/2025:12:52:24 +0000] "GET /?cate_id=6013&channel=fashion-outerwear&pid=60132557749 HTTP/2.0" 200 100299 "-" "Mozilla/5.0 AppleWebKit/537.36 (KHTML, like Gecko; compatible; GPTBot/1.2; +https://openai.com/gptbot)"
185.191.171.2 - - [24/Jun/2025:12:52:25 +0000] "GET /buy.php?cate_id=6038&channel=fashion-womens&pid=60380936692 HTTP/1.1" 404 - "-" "Mozilla/5.0 (compatible; SemrushBot/7~bl; +http://www.semrush.com/bot.html)"
20.171.207.14 - - [24/Jun/2025:12:52:26 +0000] "GET /?cate_id=6013&channel=fashion-outerwear&pid=60132253599 HTTP/2.0" 200 100299 "-" "Mozilla/5.0 AppleWebKit/537.36 (KHTML, like Gecko; compatible; GPTBot/1.2; +https://openai.com/gptbot)"
20.171.207.14 - - [24/Jun/2025:12:52:27 +0000] "GET /?cate_id=6013&channel=fashion-outerwear&pid=60131585297 HTTP/2.0" 200 100299 "-" "Mozilla/5.0 AppleWebKit/537.36 (KHTML, like Gecko; compatible; GPTBot/1.2; +https://openai.com/gptbot)"
57.141.2.30 - - [24/Jun/2025:12:52:26 +0000] "GET /?pid=60140820802& HTTP/2.0" 200 100299 "-" "meta-externalagent/1.1 (+https://developers.facebook.com/docs/sharing/webmasters/crawler)"
20.171.207.14 - - [24/Jun/2025:12:52:28 +0000] "GET /?cate_id=6863&channel=motorcycles-parts&pid=68631976450 HTTP/2.0" 200 100299 "-" "Mozilla/5.0 AppleWebKit/537.36 (KHTML, like Gecko; compatible; GPTBot/1.2; +https://openai.com/gptbot)"
20.171.207.14 - - [24/Jun/2025:12:52:29 +0000] "GET /?cate_id=5927&channel=outdoor-barbecues&pid=59272483417 HTTP/2.0" 200 100299 "-" "Mozilla/5.0 AppleWebKit/537.36 (KHTML, like Gecko; compatible; GPTBot/1.2; +https://openai.com/gptbot)"
20.171.207.14 - - [24/Jun/2025:12:52:31 +0000] "GET /?cate_id=6013&channel=fashion-outerwear&pid=60133832587 HTTP/2.0" 200 100299 "-" "Mozilla/5.0 AppleWebKit/537.36 (KHTML, like Gecko; compatible; GPTBot/1.2; +https://openai.com/gptbot)"
20.171.207.14 - - [24/Jun/2025:12:52:32 +0000] "GET /?cate_id=6863&channel=motorcycles-parts&pid=68634071895 HTTP/2.0" 200 100299 "-" "Mozilla/5.0 AppleWebKit/537.36 (KHTML, like Gecko; compatible; GPTBot/1.2; +https://openai.com/gptbot)"
57.141.2.3 - - [24/Jun/2025:12:52:32 +0000] "GET /?pid=60134430830& HTTP/2.0" 200 100299 "-" "meta-externalagent/1.1 (+https://developers.facebook.com/docs/sharing/webmasters/crawler)"
20.171.207.14 - - [24/Jun/2025:12:52:33 +0000] "GET /?cate_id=6013&channel=fashion-outerwear&pid=60131469548 HTTP/2.0" 200 100299 "-" "Mozilla/5.0 AppleWebKit/537.36 (KHTML, like Gecko; compatible; GPTBot/1.2; +https://openai.com/gptbot)"
57.141.2.22 - - [24/Jun/2025:12:52:33 +0000] "GET /?pid=64883474661& HTTP/2.0" 200 100299 "-" "meta-externalagent/1.1 (+https://developers.facebook.com/docs/sharing/webmasters/crawler)"
20.171.207.14 - - [24/Jun/2025:12:52:34 +0000] "GET /?cate_id=5337&channel=sports-basketball&pid=53371498016 HTTP/2.0" 200 100299 "-" "Mozilla/5.0 AppleWebKit/537.36 (KHTML, like Gecko; compatible; GPTBot/1.2; +https://openai.com/gptbot)"
20.171.207.14 - - [24/Jun/2025:12:52:35 +0000] "GET /?cate_id=6863&channel=motorcycles-parts&pid=68632907651 HTTP/2.0" 200 100299 "-" "Mozilla/5.0 AppleWebKit/537.36 (KHTML, like Gecko; compatible; GPTBot/1.2; +https://openai.com/gptbot)"
57.141.2.10 - - [24/Jun/2025:12:52:35 +0000] "GET /?pid=65341008618& HTTP/2.0" 200 100299 "-" "meta-externalagent/1.1 (+https://developers.facebook.com/docs/sharing/webmasters/crawler)"
57.141.2.18 - - [24/Jun/2025:12:52:37 +0000] "GET /?pid=65333910923& HTTP/2.0" 200 100299 "-" "meta-externalagent/1.1 (+https://developers.facebook.com/docs/sharing/webmasters/crawler)"
20.171.207.14 - - [24/Jun/2025:12:52:39 +0000] "GET /?cate_id=6013&channel=fashion-outerwear&pid=60132735849 HTTP/2.0" 200 100299 "-" "Mozilla/5.0 AppleWebKit/537.36 (KHTML, like Gecko; compatible; GPTBot/1.2; +https://openai.com/gptbot)"
57.141.2.4 - - [24/Jun/2025:12:52:39 +0000] "GET /?pid=59294099744& HTTP/2.0" 200 100299 "-" "meta-externalagent/1.1 (+https://developers.facebook.com/docs/sharing/webmasters/crawler)"
20.171.207.14 - - [24/Jun/2025:12:52:41 +0000] "GET /?cate_id=6013&channel=fashion-outerwear&pid=60130579894 HTTP/2.0" 200 100299 "-" "Mozilla/5.0 AppleWebKit/537.36 (KHTML, like Gecko; compatible; GPTBot/1.2; +https://openai.com/gptbot)"
57.141.2.19 - - [24/Jun/2025:12:52:41 +0000] "GET /?pid=53521223806& HTTP/2.0" 200 100299 "-" "meta-externalagent/1.1 (+https://developers.facebook.com/docs/sharing/webmasters/crawler)"
20.171.207.14 - - [24/Jun/2025:12:52:42 +0000] "GET /?cate_id=6013&channel=fashion-outerwear&pid=60133679442 HTTP/2.0" 200 100299 "-" "Mozilla/5.0 AppleWebKit/537.36 (KHTML, like Gecko; compatible; GPTBot/1.2; +https://openai.com/gptbot)"
57.141.2.28 - - [24/Jun/2025:12:52:43 +0000] "GET /?pid=59911055523& HTTP/2.0" 200 100299 "-" "meta-externalagent/1.1 (+https://developers.facebook.com/docs/sharing/webmasters/crawler)"
57.141.2.3 - - [24/Jun/2025:12:52:44 +0000] "GET /?pid=67983027716& HTTP/2.0" 200 100299 "-" "meta-externalagent/1.1 (+https://developers.facebook.com/docs/sharing/webmasters/crawler)"
20.171.207.14 - - [24/Jun/2025:12:52:44 +0000] "GET /?cate_id=6013&channel=fashion-outerwear&pid=60131733982 HTTP/2.0" 200 100299 "-" "Mozilla/5.0 AppleWebKit/537.36 (KHTML, like Gecko; compatible; GPTBot/1.2; +https://openai.com/gptbot)"
20.171.207.14 - - [24/Jun/2025:12:52:46 +0000] "GET /?cate_id=6013&channel=fashion-outerwear&pid=60132518044 HTTP/2.0" 200 100299 "-" "Mozilla/5.0 AppleWebKit/537.36 (KHTML, like Gecko; compatible; GPTBot/1.2; +https://openai.com/gptbot)"
20.171.207.14 - - [24/Jun/2025:12:52:47 +0000] "GET /?cate_id=6013&channel=fashion-outerwear&pid=60132276950 HTTP/2.0" 200 100299 "-" "Mozilla/5.0 AppleWebKit/537.36 (KHTML, like Gecko; compatible; GPTBot/1.2; +https://openai.com/gptbot)"
57.141.2.10 - - [24/Jun/2025:12:52:47 +0000] "GET /?pid=67513746753& HTTP/2.0" 200 100299 "-" "meta-externalagent/1.1 (+https://developers.facebook.com/docs/sharing/webmasters/crawler)"
20.171.207.14 - - [24/Jun/2025:12:52:49 +0000] "GET /?cate_id=5927&channel=outdoor-barbecues&pid=59271946123 HTTP/2.0" 200 100299 "-" "Mozilla/5.0 AppleWebKit/537.36 (KHTML, like Gecko; compatible; GPTBot/1.2; +https://openai.com/gptbot)"
57.141.2.7 - - [24/Jun/2025:12:52:48 +0000] "GET /?pid=59291313205& HTTP/2.0" 200 100299 "-" "meta-externalagent/1.1 (+https://developers.facebook.com/docs/sharing/webmasters/crawler)"
57.141.2.11 - - [24/Jun/2025:12:52:50 +0000] "GET /buy.php?pid=59771219313& HTTP/2.0" 404 - "-" "meta-externalagent/1.1 (+https://developers.facebook.com/docs/sharing/webmasters/crawler)"
20.171.207.14 - - [24/Jun/2025:12:52:50 +0000] "GET /?cate_id=6907&channel=hobbies-furniture&pid=69072380661 HTTP/2.0" 200 100299 "-" "Mozilla/5.0 AppleWebKit/537.36 (KHTML, like Gecko; compatible; GPTBot/1.2; +https://openai.com/gptbot)"
57.141.2.8 - - [24/Jun/2025:12:52:51 +0000] "GET /?pid=65363757104& HTTP/2.0" 200 100299 "-" "meta-externalagent/1.1 (+https://developers.facebook.com/docs/sharing/webmasters/crawler)"
20.171.207.14 - - [24/Jun/2025:12:52:51 +0000] "GET /?cate_id=6013&channel=fashion-outerwear&pid=60130758196 HTTP/2.0" 200 100299 "-" "Mozilla/5.0 AppleWebKit/537.36 (KHTML, like Gecko; compatible; GPTBot/1.2; +https://openai.com/gptbot)"
57.141.2.29 - - [24/Jun/2025:12:52:52 +0000] "GET /buy.php?pid=68581770913& HTTP/2.0" 404 - "-" "meta-externalagent/1.1 (+https://developers.facebook.com/docs/sharing/webmasters/crawler)"
20.171.207.14 - - [24/Jun/2025:12:52:52 +0000] "GET /?cate_id=6013&channel=fashion-outerwear&pid=60133287416 HTTP/2.0" 200 100299 "-" "Mozilla/5.0 AppleWebKit/537.36 (KHTML, like Gecko; compatible; GPTBot/1.2; +https://openai.com/gptbot)"
20.171.207.14 - - [24/Jun/2025:12:52:54 +0000] "GET /?cate_id=6013&channel=fashion-outerwear&pid=60132492408 HTTP/2.0" 200 100299 "-" "Mozilla/5.0 AppleWebKit/537.36 (KHTML, like Gecko; compatible; GPTBot/1.2; +https://openai.com/gptbot)"
57.141.2.11 - - [24/Jun/2025:12:52:54 +0000] "GET /buy.php?pid=51871891029& HTTP/2.0" 404 - "-" "meta-externalagent/1.1 (+https://developers.facebook.com/docs/sharing/webmasters/crawler)"
20.171.207.14 - - [24/Jun/2025:12:52:55 +0000] "GET /?cate_id=6013&channel=fashion-outerwear&pid=60130709248 HTTP/2.0" 200 100299 "-" "Mozilla/5.0 AppleWebKit/537.36 (KHTML, like Gecko; compatible; GPTBot/1.2; +https://openai.com/gptbot)"
57.141.2.17 - - [24/Jun/2025:12:52:56 +0000] "GET /buy.php?pid=61622726126& HTTP/2.0" 404 - "-" "meta-externalagent/1.1 (+https://developers.facebook.com/docs/sharing/webmasters/crawler)"
57.141.2.30 - - [24/Jun/2025:12:52:57 +0000] "GET /buy.php?pid=53431252124& HTTP/2.0" 404 - "-" "meta-externalagent/1.1 (+https://developers.facebook.com/docs/sharing/webmasters/crawler)"
20.171.207.14 - - [24/Jun/2025:12:52:57 +0000] "GET /?cate_id=5966&channel=drinks-vegetables&pid=59662081247 HTTP/2.0" 200 100299 "-" "Mozilla/5.0 AppleWebKit/537.36 (KHTML, like Gecko; compatible; GPTBot/1.2; +https://openai.com/gptbot)"
20.171.207.14 - - [24/Jun/2025:12:52:59 +0000] "GET /?cate_id=6907&channel=hobbies-furniture&pid=69073153685 HTTP/2.0" 200 100299 "-" "Mozilla/5.0 AppleWebKit/537.36 (KHTML, like Gecko; compatible; GPTBot/1.2; +https://openai.com/gptbot)"
57.141.2.23 - - [24/Jun/2025:12:53:00 +0000] "GET /buy.php?pid=74181574197& HTTP/2.0" 404 - "-" "meta-externalagent/1.1 (+https://developers.facebook.com/docs/sharing/webmasters/crawler)"
20.171.207.14 - - [24/Jun/2025:12:53:00 +0000] "GET /?cate_id=6013&channel=fashion-outerwear&pid=60134065958 HTTP/2.0" 200 100299 "-" "Mozilla/5.0 AppleWebKit/537.36 (KHTML, like Gecko; compatible; GPTBot/1.2; +https://openai.com/gptbot)"
52.167.144.145 - - [24/Jun/2025:12:53:01 +0000] "GET /buy.php?pid=60152342692&channel=fashion-shoes&cate_id=6015 HTTP/2.0" 404 - "-" "Mozilla/5.0 AppleWebKit/537.36 (KHTML, like Gecko; compatible; bingbot/2.0; +http://www.bing.com/bingbot.htm) Chrome/116.0.1938.76 Safari/537.36"
20.171.207.14 - - [24/Jun/2025:12:53:01 +0000] "GET /?cate_id=6013&channel=fashion-outerwear&pid=60132534794 HTTP/2.0" 200 100299 "-" "Mozilla/5.0 AppleWebKit/537.36 (KHTML, like Gecko; compatible; GPTBot/1.2; +https://openai.com/gptbot)"
20.171.207.14 - - [24/Jun/2025:12:53:02 +0000] "GET /?cate_id=6013&channel=fashion-outerwear&pid=60134482785 HTTP/2.0" 200 100299 "-" "Mozilla/5.0 AppleWebKit/537.36 (KHTML, like Gecko; compatible; GPTBot/1.2; +https://openai.com/gptbot)"
20.171.207.14 - - [24/Jun/2025:12:53:04 +0000] "GET /?cate_id=6907&channel=hobbies-furniture&pid=69072380661 HTTP/2.0" 200 100299 "-" "Mozilla/5.0 AppleWebKit/537.36 (KHTML, like Gecko; compatible; GPTBot/1.2; +https://openai.com/gptbot)"
20.171.207.14 - - [24/Jun/2025:12:53:05 +0000] "GET /?cate_id=5360&channel=flowers-chemicals&pid=53601216488 HTTP/2.0" 200 100299 "-" "Mozilla/5.0 AppleWebKit/537.36 (KHTML, like Gecko; compatible; GPTBot/1.2; +https://openai.com/gptbot)"
57.141.2.12 - - [24/Jun/2025:12:53:06 +0000] "GET /buy.php?pid=65022928167& HTTP/2.0" 404 - "-" "meta-externalagent/1.1 (+https://developers.facebook.com/docs/sharing/webmasters/crawler)"
57.141.2.5 - - [24/Jun/2025:12:53:06 +0000] "GET /?pid=60131166172& HTTP/2.0" 200 100299 "-" "meta-externalagent/1.1 (+https://developers.facebook.com/docs/sharing/webmasters/crawler)"
20.171.207.14 - - [24/Jun/2025:12:53:07 +0000] "GET /?cate_id=7409&channel=hobbies-equipment&pid=74093668362 HTTP/2.0" 200 100299 "-" "Mozilla/5.0 AppleWebKit/537.36 (KHTML, like Gecko; compatible; GPTBot/1.2; +https://openai.com/gptbot)"
57.141.2.7 - - [24/Jun/2025:12:53:08 +0000] "GET /buy.php?pid=65082982157& HTTP/2.0" 404 - "-" "meta-externalagent/1.1 (+https://developers.facebook.com/docs/sharing/webmasters/crawler)"
20.171.207.14 - - [24/Jun/2025:12:53:09 +0000] "GET /?cate_id=6013&channel=fashion-outerwear&pid=60130746159 HTTP/2.0" 200 100299 "-" "Mozilla/5.0 AppleWebKit/537.36 (KHTML, like Gecko; compatible; GPTBot/1.2; +https://openai.com/gptbot)"
57.141.2.25 - - [24/Jun/2025:12:53:10 +0000] "GET /buy.php?pid=65370526346& HTTP/2.0" 404 - "-" "meta-externalagent/1.1 (+https://developers.facebook.com/docs/sharing/webmasters/crawler)"
20.171.207.14 - - [24/Jun/2025:12:53:11 +0000] "GET /?cate_id=6863&channel=motorcycles-parts&pid=68632051027 HTTP/2.0" 200 100299 "-" "Mozilla/5.0 AppleWebKit/537.36 (KHTML, like Gecko; compatible; GPTBot/1.2; +https://openai.com/gptbot)"
20.171.207.14 - - [24/Jun/2025:12:53:14 +0000] "GET /?cate_id=5140&channel=tablets-keyboards&pid=51402328537 HTTP/2.0" 200 100299 "-" "Mozilla/5.0 AppleWebKit/537.36 (KHTML, like Gecko; compatible; GPTBot/1.2; +https://openai.com/gptbot)"
57.141.2.1 - - [24/Jun/2025:12:53:14 +0000] "GET /buy.php?pid=68630865779& HTTP/2.0" 404 - "-" "meta-externalagent/1.1 (+https://developers.facebook.com/docs/sharing/webmasters/crawler)"
57.141.2.23 - - [24/Jun/2025:12:53:14 +0000] "GET /?pid=60384169538& HTTP/2.0" 200 100299 "-" "meta-externalagent/1.1 (+https://developers.facebook.com/docs/sharing/webmasters/crawler)"
20.171.207.14 - - [24/Jun/2025:12:53:15 +0000] "GET /?cate_id=5927&channel=outdoor-barbecues&pid=59270914238 HTTP/2.0" 200 100299 "-" "Mozilla/5.0 AppleWebKit/537.36 (KHTML, like Gecko; compatible; GPTBot/1.2; +https://openai.com/gptbot)"
57.141.2.1 - - [24/Jun/2025:12:53:17 +0000] "GET /buy.php?pid=74841106979& HTTP/2.0" 404 - "-" "meta-externalagent/1.1 (+https://developers.facebook.com/docs/sharing/webmasters/crawler)"
20.171.207.14 - - [24/Jun/2025:12:53:17 +0000] "GET /?cate_id=6013&channel=fashion-outerwear&pid=60132645109 HTTP/2.0" 200 100299 "-" "Mozilla/5.0 AppleWebKit/537.36 (KHTML, like Gecko; compatible; GPTBot/1.2; +https://openai.com/gptbot)"
20.171.207.14 - - [24/Jun/2025:12:53:18 +0000] "GET /?cate_id=5337&channel=sports-basketball&pid=53372208946 HTTP/2.0" 200 100299 "-" "Mozilla/5.0 AppleWebKit/537.36 (KHTML, like Gecko; compatible; GPTBot/1.2; +https://openai.com/gptbot)"
57.141.2.19 - - [24/Jun/2025:12:53:19 +0000] "GET /buy.php?pid=60372749311& HTTP/2.0" 404 - "-" "meta-externalagent/1.1 (+https://developers.facebook.com/docs/sharing/webmasters/crawler)"
20.171.207.14 - - [24/Jun/2025:12:53:20 +0000] "GET /?cate_id=6013&channel=fashion-outerwear&pid=60134270690 HTTP/2.0" 200 100299 "-" "Mozilla/5.0 AppleWebKit/537.36 (KHTML, like Gecko; compatible; GPTBot/1.2; +https://openai.com/gptbot)"
20.171.207.14 - - [24/Jun/2025:12:53:22 +0000] "GET /?cate_id=6013&channel=fashion-outerwear&pid=60133656729 HTTP/2.0" 200 100299 "-" "Mozilla/5.0 AppleWebKit/537.36 (KHTML, like Gecko; compatible; GPTBot/1.2; +https://openai.com/gptbot)"
20.171.207.14 - - [24/Jun/2025:12:53:24 +0000] "GET /?cate_id=6013&channel=fashion-outerwear&pid=60131924376 HTTP/2.0" 200 100299 "-" "Mozilla/5.0 AppleWebKit/537.36 (KHTML, like Gecko; compatible; GPTBot/1.2; +https://openai.com/gptbot)"
20.171.207.14 - - [24/Jun/2025:12:53:25 +0000] "GET /?cate_id=6863&channel=motorcycles-parts&pid=68632370194 HTTP/2.0" 200 100299 "-" "Mozilla/5.0 AppleWebKit/537.36 (KHTML, like Gecko; compatible; GPTBot/1.2; +https://openai.com/gptbot)"
20.171.207.14 - - [24/Jun/2025:12:53:27 +0000] "GET /?cate_id=6863&channel=motorcycles-parts&pid=68631240705 HTTP/2.0" 200 100299 "-" "Mozilla/5.0 AppleWebKit/537.36 (KHTML, like Gecko; compatible; GPTBot/1.2; +https://openai.com/gptbot)"
40.77.167.75 - - [24/Jun/2025:12:53:27 +0000] "GET /buy.php?pid=59192756384&channel=fishing-tents&cate_id=5919 HTTP/2.0" 404 - "-" "Mozilla/5.0 AppleWebKit/537.36 (KHTML, like Gecko; compatible; bingbot/2.0; +http://www.bing.com/bingbot.htm) Chrome/116.0.1938.76 Safari/537.36"
57.141.2.26 - - [24/Jun/2025:12:53:28 +0000] "GET /buy.php?pid=60172338283& HTTP/2.0" 404 - "-" "meta-externalagent/1.1 (+https://developers.facebook.com/docs/sharing/webmasters/crawler)"
57.141.2.6 - - [24/Jun/2025:12:53:28 +0000] "GET /?pid=74203080504& HTTP/2.0" 200 100299 "-" "meta-externalagent/1.1 (+https://developers.facebook.com/docs/sharing/webmasters/crawler)"
20.171.207.14 - - [24/Jun/2025:12:53:29 +0000] "GET /?cate_id=6907&channel=hobbies-furniture&pid=69072424491 HTTP/2.0" 200 100299 "-" "Mozilla/5.0 AppleWebKit/537.36 (KHTML, like Gecko; compatible; GPTBot/1.2; +https://openai.com/gptbot)"
57.141.2.17 - - [24/Jun/2025:12:53:31 +0000] "GET /buy.php?pid=68721050423& HTTP/2.0" 404 - "-" "meta-externalagent/1.1 (+https://developers.facebook.com/docs/sharing/webmasters/crawler)"
20.171.207.14 - - [24/Jun/2025:12:53:31 +0000] "GET /?cate_id=6013&channel=fashion-outerwear&pid=60131684519 HTTP/2.0" 200 100299 "-" "Mozilla/5.0 AppleWebKit/537.36 (KHTML, like Gecko; compatible; GPTBot/1.2; +https://openai.com/gptbot)"
57.141.2.17 - - [24/Jun/2025:12:53:33 +0000] "GET /buy.php?pid=51974349210& HTTP/2.0" 404 - "-" "meta-externalagent/1.1 (+https://developers.facebook.com/docs/sharing/webmasters/crawler)"
54.36.148.86 - - [24/Jun/2025:12:53:33 +0000] "GET /robots.txt HTTP/2.0" 404 - "-" "Mozilla/5.0 (compatible; AhrefsBot/7.0; +http://ahrefs.com/robot/)"
20.171.207.14 - - [24/Jun/2025:12:53:34 +0000] "GET /?cate_id=6013&channel=fashion-outerwear&pid=60134207537 HTTP/2.0" 200 100299 "-" "Mozilla/5.0 AppleWebKit/537.36 (KHTML, like Gecko; compatible; GPTBot/1.2; +https://openai.com/gptbot)"
54.36.149.80 - - [24/Jun/2025:12:53:34 +0000] "GET /buy.php/sitemap-11.xml HTTP/2.0" 404 - "-" "Mozilla/5.0 (compatible; AhrefsBot/7.0; +http://ahrefs.com/robot/)"
57.141.2.7 - - [24/Jun/2025:12:53:35 +0000] "GET /buy.php?pid=74350933246& HTTP/2.0" 404 - "-" "meta-externalagent/1.1 (+https://developers.facebook.com/docs/sharing/webmasters/crawler)"
20.171.207.14 - - [24/Jun/2025:12:53:36 +0000] "GET /?cate_id=6863&channel=motorcycles-parts&pid=68632947117 HTTP/2.0" 200 100299 "-" "Mozilla/5.0 AppleWebKit/537.36 (KHTML, like Gecko; compatible; GPTBot/1.2; +https://openai.com/gptbot)"
57.141.2.15 - - [24/Jun/2025:12:53:36 +0000] "GET /buy.php?pid=63772983886& HTTP/2.0" 404 - "-" "meta-externalagent/1.1 (+https://developers.facebook.com/docs/sharing/webmasters/crawler)"
20.171.207.14 - - [24/Jun/2025:12:53:38 +0000] "GET /?cate_id=6046&channel=diet-aromatherapy&pid=60461448820 HTTP/2.0" 200 100299 "-" "Mozilla/5.0 AppleWebKit/537.36 (KHTML, like Gecko; compatible; GPTBot/1.2; +https://openai.com/gptbot)"
57.141.2.25 - - [24/Jun/2025:12:53:38 +0000] "GET /buy.php?pid=73901807576& HTTP/2.0" 404 - "-" "meta-externalagent/1.1 (+https://developers.facebook.com/docs/sharing/webmasters/crawler)"
20.171.207.14 - - [24/Jun/2025:12:53:39 +0000] "GET /?cate_id=6866&channel=motorcycles-tires&pid=68661586438 HTTP/2.0" 200 100299 "-" "Mozilla/5.0 AppleWebKit/537.36 (KHTML, like Gecko; compatible; GPTBot/1.2; +https://openai.com/gptbot)"
57.141.2.28 - - [24/Jun/2025:12:53:41 +0000] "GET /buy.php?pid=51153131197& HTTP/2.0" 404 - "-" "meta-externalagent/1.1 (+https://developers.facebook.com/docs/sharing/webmasters/crawler)"
20.171.207.14 - - [24/Jun/2025:12:53:41 +0000] "GET /?cate_id=7390&channel=handmade-interior&pid=73902671607 HTTP/2.0" 200 100299 "-" "Mozilla/5.0 AppleWebKit/537.36 (KHTML, like Gecko; compatible; GPTBot/1.2; +https://openai.com/gptbot)"
20.171.207.14 - - [24/Jun/2025:12:53:44 +0000] "GET /?cate_id=6494&channel=cameras-earphones&pid=64944066195 HTTP/2.0" 200 100299 "-" "Mozilla/5.0 AppleWebKit/537.36 (KHTML, like Gecko; compatible; GPTBot/1.2; +https://openai.com/gptbot)"
20.171.207.14 - - [24/Jun/2025:12:53:45 +0000] "GET /?cate_id=7443&channel=interior-lighting&pid=74431254791 HTTP/2.0" 200 100299 "-" "Mozilla/5.0 AppleWebKit/537.36 (KHTML, like Gecko; compatible; GPTBot/1.2; +https://openai.com/gptbot)"
20.171.207.14 - - [24/Jun/2025:12:53:46 +0000] "GET /?cate_id=6866&channel=motorcycles-tires&pid=68660590098 HTTP/2.0" 200 100299 "-" "Mozilla/5.0 AppleWebKit/537.36 (KHTML, like Gecko; compatible; GPTBot/1.2; +https://openai.com/gptbot)"
40.77.167.75 - - [24/Jun/2025:12:53:46 +0000] "GET /buy.php?pid=60683782733&channel=diet-wheelchairs&cate_id=6068 HTTP/2.0" 404 - "-" "Mozilla/5.0 AppleWebKit/537.36 (KHTML, like Gecko; compatible; bingbot/2.0; +http://www.bing.com/bingbot.htm) Chrome/116.0.1938.76 Safari/537.36"
20.171.207.14 - - [24/Jun/2025:12:53:48 +0000] "GET /?cate_id=7435&channel=interior-interior&pid=74350660906 HTTP/2.0" 200 100299 "-" "Mozilla/5.0 AppleWebKit/537.36 (KHTML, like Gecko; compatible; GPTBot/1.2; +https://openai.com/gptbot)"
20.171.207.14 - - [24/Jun/2025:12:53:49 +0000] "GET /?cate_id=7386&channel=handicrafts-craft&pid=73863882819 HTTP/2.0" 200 100299 "-" "Mozilla/5.0 AppleWebKit/537.36 (KHTML, like Gecko; compatible; GPTBot/1.2; +https://openai.com/gptbot)"
20.171.207.14 - - [24/Jun/2025:12:53:51 +0000] "GET /?cate_id=7435&channel=interior-interior&pid=74350640421 HTTP/2.0" 200 100299 "-" "Mozilla/5.0 AppleWebKit/537.36 (KHTML, like Gecko; compatible; GPTBot/1.2; +https://openai.com/gptbot)"
20.171.207.14 - - [24/Jun/2025:12:53:53 +0000] "GET /?cate_id=6494&channel=cameras-earphones&pid=64944066122 HTTP/2.0" 200 100299 "-" "Mozilla/5.0 AppleWebKit/537.36 (KHTML, like Gecko; compatible; GPTBot/1.2; +https://openai.com/gptbot)"
57.141.2.13 - - [24/Jun/2025:12:53:53 +0000] "GET /?pid=74193560446& HTTP/2.0" 200 100299 "-" "meta-externalagent/1.1 (+https://developers.facebook.com/docs/sharing/webmasters/crawler)"
20.171.207.14 - - [24/Jun/2025:12:53:54 +0000] "GET /?cate_id=7443&channel=interior-lighting&pid=74432277084 HTTP/2.0" 200 100299 "-" "Mozilla/5.0 AppleWebKit/537.36 (KHTML, like Gecko; compatible; GPTBot/1.2; +https://openai.com/gptbot)"
20.171.207.14 - - [24/Jun/2025:12:53:55 +0000] "GET /?cate_id=6866&channel=motorcycles-tires&pid=68661652812 HTTP/2.0" 200 100299 "-" "Mozilla/5.0 AppleWebKit/537.36 (KHTML, like Gecko; compatible; GPTBot/1.2; +https://openai.com/gptbot)"
20.171.207.14 - - [24/Jun/2025:12:53:56 +0000] "GET /?cate_id=6868&channel=bicycles-bicycles&pid=68681504389 HTTP/2.0" 200 100299 "-" "Mozilla/5.0 AppleWebKit/537.36 (KHTML, like Gecko; compatible; GPTBot/1.2; +https://openai.com/gptbot)"
20.171.207.14 - - [24/Jun/2025:12:53:57 +0000] "GET /?cate_id=6509&channel=cameras-recorders&pid=65090850018 HTTP/2.0" 200 100299 "-" "Mozilla/5.0 AppleWebKit/537.36 (KHTML, like Gecko; compatible; GPTBot/1.2; +https://openai.com/gptbot)"
20.171.207.14 - - [24/Jun/2025:12:53:59 +0000] "GET /?cate_id=6267&channel=handicrafts-dolls&pid=62670755696 HTTP/2.0" 200 100299 "-" "Mozilla/5.0 AppleWebKit/537.36 (KHTML, like Gecko; compatible; GPTBot/1.2; +https://openai.com/gptbot)"
20.171.207.14 - - [24/Jun/2025:12:54:00 +0000] "GET /?cate_id=6559&channel=kitchen-tableware&pid=65593464558 HTTP/2.0" 200 100299 "-" "Mozilla/5.0 AppleWebKit/537.36 (KHTML, like Gecko; compatible; GPTBot/1.2; +https://openai.com/gptbot)"
20.171.207.14 - - [24/Jun/2025:12:54:02 +0000] "GET /?cate_id=5337&channel=sports-basketball&pid=53371537352 HTTP/2.0" 200 100299 "-" "Mozilla/5.0 AppleWebKit/537.36 (KHTML, like Gecko; compatible; GPTBot/1.2; +https://openai.com/gptbot)"
57.141.2.12 - - [24/Jun/2025:12:54:02 +0000] "GET /buy.php?pid=60790776119& HTTP/2.0" 404 - "-" "meta-externalagent/1.1 (+https://developers.facebook.com/docs/sharing/webmasters/crawler)"
20.171.207.14 - - [24/Jun/2025:12:54:03 +0000] "GET /?cate_id=6767&channel=beauty-depilation&pid=67674412731 HTTP/2.0" 200 100299 "-" "Mozilla/5.0 AppleWebKit/537.36 (KHTML, like Gecko; compatible; GPTBot/1.2; +https://openai.com/gptbot)"
52.167.144.145 - - [24/Jun/2025:12:54:03 +0000] "GET /buy.php?pid=54322603886&channel=furniture-photo-frames&cate_id=5432 HTTP/2.0" 404 - "-" "Mozilla/5.0 AppleWebKit/537.36 (KHTML, like Gecko; compatible; bingbot/2.0; +http://www.bing.com/bingbot.htm) Chrome/116.0.1938.76 Safari/537.36"
20.171.207.14 - - [24/Jun/2025:12:54:04 +0000] "GET /?cate_id=6868&channel=bicycles-bicycles&pid=68682832754 HTTP/2.0" 200 100299 "-" "Mozilla/5.0 AppleWebKit/537.36 (KHTML, like Gecko; compatible; GPTBot/1.2; +https://openai.com/gptbot)"
20.171.207.14 - - [24/Jun/2025:12:54:05 +0000] "GET /?cate_id=5337&channel=sports-basketball&pid=53373350300 HTTP/2.0" 200 100299 "-" "Mozilla/5.0 AppleWebKit/537.36 (KHTML, like Gecko; compatible; GPTBot/1.2; +https://openai.com/gptbot)"
57.141.2.12 - - [24/Jun/2025:12:54:05 +0000] "GET /?pid=60374124807& HTTP/2.0" 200 100299 "-" "meta-externalagent/1.1 (+https://developers.facebook.com/docs/sharing/webmasters/crawler)"
20.171.207.14 - - [24/Jun/2025:12:54:08 +0000] "GET /?cate_id=7434&channel=tablets-wearables&pid=74340578575 HTTP/2.0" 200 100299 "-" "Mozilla/5.0 AppleWebKit/537.36 (KHTML, like Gecko; compatible; GPTBot/1.2; +https://openai.com/gptbot)"
57.141.2.18 - - [24/Jun/2025:12:54:07 +0000] "GET /?pid=65333794903& HTTP/2.0" 200 100299 "-" "meta-externalagent/1.1 (+https://developers.facebook.com/docs/sharing/webmasters/crawler)"
57.141.2.28 - - [24/Jun/2025:12:54:09 +0000] "GET /buy.php?pid=74472837503& HTTP/2.0" 404 - "-" "meta-externalagent/1.1 (+https://developers.facebook.com/docs/sharing/webmasters/crawler)"
20.171.207.14 - - [24/Jun/2025:12:54:10 +0000] "GET /?cate_id=7434&channel=tablets-wearables&pid=74343050730 HTTP/2.0" 200 100299 "-" "Mozilla/5.0 AppleWebKit/537.36 (KHTML, like Gecko; compatible; GPTBot/1.2; +https://openai.com/gptbot)"
57.141.2.24 - - [24/Jun/2025:12:54:11 +0000] "GET /buy.php?pid=60372388100& HTTP/2.0" 404 - "-" "meta-externalagent/1.1 (+https://developers.facebook.com/docs/sharing/webmasters/crawler)"
57.141.2.18 - - [24/Jun/2025:12:54:11 +0000] "GET /?pid=74421751599& HTTP/2.0" 200 100299 "-" "meta-externalagent/1.1 (+https://developers.facebook.com/docs/sharing/webmasters/crawler)"
57.141.2.29 - - [24/Jun/2025:12:54:12 +0000] "GET /buy.php?pid=60842785327& HTTP/2.0" 404 - "-" "meta-externalagent/1.1 (+https://developers.facebook.com/docs/sharing/webmasters/crawler)"
20.171.207.14 - - [24/Jun/2025:12:54:12 +0000] "GET /?cate_id=6767&channel=beauty-depilation&pid=67673853183 HTTP/2.0" 200 100299 "-" "Mozilla/5.0 AppleWebKit/537.36 (KHTML, like Gecko; compatible; GPTBot/1.2; +https://openai.com/gptbot)"
20.171.207.14 - - [24/Jun/2025:12:54:14 +0000] "GET /?cate_id=6559&channel=kitchen-tableware&pid=65593729366 HTTP/2.0" 200 100299 "-" "Mozilla/5.0 AppleWebKit/537.36 (KHTML, like Gecko; compatible; GPTBot/1.2; +https://openai.com/gptbot)"
57.141.2.7 - - [24/Jun/2025:12:54:15 +0000] "GET /buy.php?pid=74082416846& HTTP/2.0" 404 - "-" "meta-externalagent/1.1 (+https://developers.facebook.com/docs/sharing/webmasters/crawler)"
20.171.207.14 - - [24/Jun/2025:12:54:16 +0000] "GET /?cate_id=5921&channel=fishing-backpacks&pid=59211712191 HTTP/2.0" 200 100299 "-" "Mozilla/5.0 AppleWebKit/537.36 (KHTML, like Gecko; compatible; GPTBot/1.2; +https://openai.com/gptbot)"
57.141.2.4 - - [24/Jun/2025:12:54:17 +0000] "GET /buy.php?pid=67603303011& HTTP/2.0" 404 - "-" "meta-externalagent/1.1 (+https://developers.facebook.com/docs/sharing/webmasters/crawler)"
20.171.207.14 - - [24/Jun/2025:12:54:18 +0000] "GET /?cate_id=6559&channel=kitchen-tableware&pid=65592550235 HTTP/2.0" 200 100299 "-" "Mozilla/5.0 AppleWebKit/537.36 (KHTML, like Gecko; compatible; GPTBot/1.2; +https://openai.com/gptbot)"
57.141.2.13 - - [24/Jun/2025:12:54:18 +0000] "GET /buy.php?pid=60373260906& HTTP/2.0" 404 - "-" "meta-externalagent/1.1 (+https://developers.facebook.com/docs/sharing/webmasters/crawler)"
20.171.207.14 - - [24/Jun/2025:12:54:20 +0000] "GET /?cate_id=5337&channel=sports-basketball&pid=53371537352 HTTP/2.0" 200 100299 "-" "Mozilla/5.0 AppleWebKit/537.36 (KHTML, like Gecko; compatible; GPTBot/1.2; +https://openai.com/gptbot)"
57.141.2.28 - - [24/Jun/2025:12:54:20 +0000] "GET /buy.php?pid=68701338973& HTTP/2.0" 404 - "-" "meta-externalagent/1.1 (+https://developers.facebook.com/docs/sharing/webmasters/crawler)"
20.171.207.14 - - [24/Jun/2025:12:54:21 +0000] "GET /?cate_id=7387&channel=handmade-uwedding&pid=73873134584 HTTP/2.0" 200 100299 "-" "Mozilla/5.0 AppleWebKit/537.36 (KHTML, like Gecko; compatible; GPTBot/1.2; +https://openai.com/gptbot)"
20.171.207.14 - - [24/Jun/2025:12:54:23 +0000] "GET /?cate_id=5337&channel=sports-basketball&pid=53372256533 HTTP/2.0" 200 100299 "-" "Mozilla/5.0 AppleWebKit/537.36 (KHTML, like Gecko; compatible; GPTBot/1.2; +https://openai.com/gptbot)"
57.141.2.5 - - [24/Jun/2025:12:54:24 +0000] "GET /?pid=65331403692& HTTP/2.0" 200 100299 "-" "meta-externalagent/1.1 (+https://developers.facebook.com/docs/sharing/webmasters/crawler)"
20.171.207.14 - - [24/Jun/2025:12:54:25 +0000] "GET /?cate_id=6494&channel=cameras-earphones&pid=64942640967 HTTP/2.0" 200 100299 "-" "Mozilla/5.0 AppleWebKit/537.36 (KHTML, like Gecko; compatible; GPTBot/1.2; +https://openai.com/gptbot)"
57.141.2.1 - - [24/Jun/2025:12:54:26 +0000] "GET /buy.php?pid=64763205561& HTTP/2.0" 404 - "-" "meta-externalagent/1.1 (+https://developers.facebook.com/docs/sharing/webmasters/crawler)"
57.141.2.12 - - [24/Jun/2025:12:54:25 +0000] "GET /?pid=74181350938& HTTP/2.0" 200 100299 "-" "meta-externalagent/1.1 (+https://developers.facebook.com/docs/sharing/webmasters/crawler)"
20.171.207.14 - - [24/Jun/2025:12:54:27 +0000] "GET /?cate_id=7420&channel=bicycles-bicycles&pid=74201211285 HTTP/2.0" 200 100299 "-" "Mozilla/5.0 AppleWebKit/537.36 (KHTML, like Gecko; compatible; GPTBot/1.2; +https://openai.com/gptbot)"
57.141.2.26 - - [24/Jun/2025:12:54:27 +0000] "GET /buy.php?pid=63831387573& HTTP/2.0" 404 - "-" "meta-externalagent/1.1 (+https://developers.facebook.com/docs/sharing/webmasters/crawler)"
20.171.207.14 - - [24/Jun/2025:12:54:28 +0000] "GET /?cate_id=7420&channel=bicycles-bicycles&pid=74203703193 HTTP/2.0" 200 100299 "-" "Mozilla/5.0 AppleWebKit/537.36 (KHTML, like Gecko; compatible; GPTBot/1.2; +https://openai.com/gptbot)"
57.141.2.5 - - [24/Jun/2025:12:54:29 +0000] "GET /buy.php?pid=58220632900& HTTP/2.0" 404 - "-" "meta-externalagent/1.1 (+https://developers.facebook.com/docs/sharing/webmasters/crawler)"
20.171.207.14 - - [24/Jun/2025:12:54:30 +0000] "GET /?cate_id=6494&channel=cameras-earphones&pid=64944160971 HTTP/2.0" 200 100299 "-" "Mozilla/5.0 AppleWebKit/537.36 (KHTML, like Gecko; compatible; GPTBot/1.2; +https://openai.com/gptbot)"
20.171.207.14 - - [24/Jun/2025:12:54:32 +0000] "GET /?cate_id=7435&channel=interior-interior&pid=74354169266 HTTP/2.0" 200 100299 "-" "Mozilla/5.0 AppleWebKit/537.36 (KHTML, like Gecko; compatible; GPTBot/1.2; +https://openai.com/gptbot)"
20.171.207.14 - - [24/Jun/2025:12:54:34 +0000] "GET /?cate_id=6150&channel=health-relaxation&pid=61503098100 HTTP/2.0" 200 100299 "-" "Mozilla/5.0 AppleWebKit/537.36 (KHTML, like Gecko; compatible; GPTBot/1.2; +https://openai.com/gptbot)"
57.141.2.29 - - [24/Jun/2025:12:54:34 +0000] "GET /buy.php?pid=65512653029& HTTP/2.0" 404 - "-" "meta-externalagent/1.1 (+https://developers.facebook.com/docs/sharing/webmasters/crawler)"
57.141.2.24 - - [24/Jun/2025:12:54:34 +0000] "GET /?pid=51131115305& HTTP/2.0" 200 100299 "-" "meta-externalagent/1.1 (+https://developers.facebook.com/docs/sharing/webmasters/crawler)"
20.171.207.14 - - [24/Jun/2025:12:54:38 +0000] "GET /?cate_id=5585&channel=diy-oscilloscopes&pid=55850736487 HTTP/2.0" 200 100299 "-" "Mozilla/5.0 AppleWebKit/537.36 (KHTML, like Gecko; compatible; GPTBot/1.2; +https://openai.com/gptbot)"
57.141.2.3 - - [24/Jun/2025:12:54:38 +0000] "GET /?pid=51254453292& HTTP/2.0" 200 100299 "-" "meta-externalagent/1.1 (+https://developers.facebook.com/docs/sharing/webmasters/crawler)"
20.171.207.14 - - [24/Jun/2025:12:54:40 +0000] "GET /?cate_id=7390&channel=handmade-interior&pid=73903669262 HTTP/2.0" 200 100299 "-" "Mozilla/5.0 AppleWebKit/537.36 (KHTML, like Gecko; compatible; GPTBot/1.2; +https://openai.com/gptbot)"
57.141.2.6 - - [24/Jun/2025:12:54:39 +0000] "GET /?pid=60142844379& HTTP/2.0" 200 100299 "-" "meta-externalagent/1.1 (+https://developers.facebook.com/docs/sharing/webmasters/crawler)"
57.141.2.5 - - [24/Jun/2025:12:54:40 +0000] "GET /buy.php?pid=51170683567& HTTP/2.0" 404 - "-" "meta-externalagent/1.1 (+https://developers.facebook.com/docs/sharing/webmasters/crawler)"
20.171.207.14 - - [24/Jun/2025:12:54:41 +0000] "GET /?cate_id=7435&channel=interior-interior&pid=74354427819 HTTP/2.0" 200 100299 "-" "Mozilla/5.0 AppleWebKit/537.36 (KHTML, like Gecko; compatible; GPTBot/1.2; +https://openai.com/gptbot)"
57.141.2.8 - - [24/Jun/2025:12:54:42 +0000] "GET /buy.php?pid=68663878792& HTTP/2.0" 404 - "-" "meta-externalagent/1.1 (+https://developers.facebook.com/docs/sharing/webmasters/crawler)"
20.171.207.14 - - [24/Jun/2025:12:54:43 +0000] "GET /?cate_id=7443&channel=interior-lighting&pid=74431782307 HTTP/2.0" 200 100299 "-" "Mozilla/5.0 AppleWebKit/537.36 (KHTML, like Gecko; compatible; GPTBot/1.2; +https://openai.com/gptbot)"
20.171.207.14 - - [24/Jun/2025:12:54:45 +0000] "GET /?cate_id=6494&channel=cameras-earphones&pid=64940943980 HTTP/2.0" 200 100299 "-" "Mozilla/5.0 AppleWebKit/537.36 (KHTML, like Gecko; compatible; GPTBot/1.2; +https://openai.com/gptbot)"
57.141.2.16 - - [24/Jun/2025:12:54:45 +0000] "GET /buy.php?pid=73520690947& HTTP/2.0" 404 - "-" "meta-externalagent/1.1 (+https://developers.facebook.com/docs/sharing/webmasters/crawler)"
185.191.171.2 - - [24/Jun/2025:12:54:46 +0000] "GET /buy.php?cate_id=6726&channel=magazines-practical&pid=67264322275 HTTP/1.1" 404 - "-" "Mozilla/5.0 (compatible; SemrushBot/7~bl; +http://www.semrush.com/bot.html)"
57.141.2.12 - - [24/Jun/2025:12:54:45 +0000] "GET /?pid=64923525343& HTTP/2.0" 200 100299 "-" "meta-externalagent/1.1 (+https://developers.facebook.com/docs/sharing/webmasters/crawler)"
20.171.207.14 - - [24/Jun/2025:12:54:46 +0000] "GET /?cate_id=6575&channel=kitchen-notebooks&pid=65750770925 HTTP/2.0" 200 100299 "-" "Mozilla/5.0 AppleWebKit/537.36 (KHTML, like Gecko; compatible; GPTBot/1.2; +https://openai.com/gptbot)"
57.141.2.30 - - [24/Jun/2025:12:54:47 +0000] "GET /buy.php?pid=64761977652& HTTP/2.0" 404 - "-" "meta-externalagent/1.1 (+https://developers.facebook.com/docs/sharing/webmasters/crawler)"
20.171.207.14 - - [24/Jun/2025:12:54:47 +0000] "GET /?cate_id=7420&channel=bicycles-bicycles&pid=74202115821 HTTP/2.0" 200 100299 "-" "Mozilla/5.0 AppleWebKit/537.36 (KHTML, like Gecko; compatible; GPTBot/1.2; +https://openai.com/gptbot)"
20.171.207.14 - - [24/Jun/2025:12:54:50 +0000] "GET /?cate_id=7420&channel=bicycles-bicycles&pid=74200642084 HTTP/2.0" 200 100299 "-" "Mozilla/5.0 AppleWebKit/537.36 (KHTML, like Gecko; compatible; GPTBot/1.2; +https://openai.com/gptbot)"
57.141.2.7 - - [24/Jun/2025:12:54:51 +0000] "GET /buy.php?pid=60131322811& HTTP/2.0" 404 - "-" "meta-externalagent/1.1 (+https://developers.facebook.com/docs/sharing/webmasters/crawler)"
20.171.207.14 - - [24/Jun/2025:12:54:51 +0000] "GET /?cate_id=6494&channel=cameras-earphones&pid=64942239240 HTTP/2.0" 200 100299 "-" "Mozilla/5.0 AppleWebKit/537.36 (KHTML, like Gecko; compatible; GPTBot/1.2; +https://openai.com/gptbot)"
57.141.2.28 - - [24/Jun/2025:12:54:52 +0000] "GET /buy.php?pid=74182609527& HTTP/2.0" 404 - "-" "meta-externalagent/1.1 (+https://developers.facebook.com/docs/sharing/webmasters/crawler)"
57.141.2.23 - - [24/Jun/2025:12:54:53 +0000] "GET /buy.php?pid=60162819700& HTTP/2.0" 404 - "-" "meta-externalagent/1.1 (+https://developers.facebook.com/docs/sharing/webmasters/crawler)"
20.171.207.14 - - [24/Jun/2025:12:54:53 +0000] "GET /?cate_id=7390&channel=handmade-interior&pid=73901016080 HTTP/2.0" 200 100299 "-" "Mozilla/5.0 AppleWebKit/537.36 (KHTML, like Gecko; compatible; GPTBot/1.2; +https://openai.com/gptbot)"
57.141.2.25 - - [24/Jun/2025:12:54:54 +0000] "GET /buy.php?pid=63811450462& HTTP/2.0" 404 - "-" "meta-externalagent/1.1 (+https://developers.facebook.com/docs/sharing/webmasters/crawler)"
20.171.207.14 - - [24/Jun/2025:12:54:55 +0000] "GET /?cate_id=5427&channel=furniture-carpets&pid=54272422312 HTTP/2.0" 200 100299 "-" "Mozilla/5.0 AppleWebKit/537.36 (KHTML, like Gecko; compatible; GPTBot/1.2; +https://openai.com/gptbot)"
57.141.2.18 - - [24/Jun/2025:12:54:57 +0000] "GET /buy.php?pid=60153469270& HTTP/2.0" 404 - "-" "meta-externalagent/1.1 (+https://developers.facebook.com/docs/sharing/webmasters/crawler)"
57.141.2.8 - - [24/Jun/2025:12:54:58 +0000] "GET /buy.php?pid=65342424132& HTTP/2.0" 404 - "-" "meta-externalagent/1.1 (+https://developers.facebook.com/docs/sharing/webmasters/crawler)"
20.171.207.14 - - [24/Jun/2025:12:54:58 +0000] "GET /?cate_id=6889&channel=hobbies-paintings&pid=68891168917 HTTP/2.0" 200 100299 "-" "Mozilla/5.0 AppleWebKit/537.36 (KHTML, like Gecko; compatible; GPTBot/1.2; +https://openai.com/gptbot)"
20.171.207.14 - - [24/Jun/2025:12:54:59 +0000] "GET /?cate_id=6494&channel=cameras-earphones&pid=64942779094 HTTP/2.0" 200 100299 "-" "Mozilla/5.0 AppleWebKit/537.36 (KHTML, like Gecko; compatible; GPTBot/1.2; +https://openai.com/gptbot)"
57.141.2.26 - - [24/Jun/2025:12:55:00 +0000] "GET /buy.php?pid=74460956391& HTTP/2.0" 404 - "-" "meta-externalagent/1.1 (+https://developers.facebook.com/docs/sharing/webmasters/crawler)"
20.171.207.14 - - [24/Jun/2025:12:55:01 +0000] "GET /?cate_id=5386&channel=gardening-pachira&pid=53863753699 HTTP/2.0" 200 100299 "-" "Mozilla/5.0 AppleWebKit/537.36 (KHTML, like Gecko; compatible; GPTBot/1.2; +https://openai.com/gptbot)"
52.167.144.145 - - [24/Jun/2025:12:55:03 +0000] "GET /buy.php?pid=60183483407&channel=fashion-accessories&cate_id=6018 HTTP/2.0" 404 - "-" "Mozilla/5.0 AppleWebKit/537.36 (KHTML, like Gecko; compatible; bingbot/2.0; +http://www.bing.com/bingbot.htm) Chrome/116.0.1938.76 Safari/537.36"
52.167.144.145 - - [24/Jun/2025:12:55:03 +0000] "GET /buy.php?pid=59214097336&channel=travel-supplies-backpacks&cate_id=5921 HTTP/2.0" 404 - "-" "Mozilla/5.0 AppleWebKit/537.36 (KHTML, like Gecko; compatible; bingbot/2.0; +http://www.bing.com/bingbot.htm) Chrome/116.0.1938.76 Safari/537.36"
20.171.207.14 - - [24/Jun/2025:12:55:04 +0000] "GET /?cate_id=6494&channel=cameras-earphones&pid=64941393644 HTTP/2.0" 200 100299 "-" "Mozilla/5.0 AppleWebKit/537.36 (KHTML, like Gecko; compatible; GPTBot/1.2; +https://openai.com/gptbot)"
57.141.2.1 - - [24/Jun/2025:12:55:04 +0000] "GET /buy.php?pid=69481306330& HTTP/2.0" 404 - "-" "meta-externalagent/1.1 (+https://developers.facebook.com/docs/sharing/webmasters/crawler)"
20.171.207.14 - - [24/Jun/2025:12:55:05 +0000] "GET /?cate_id=5453&channel=furniture-cabinet&pid=54533256466 HTTP/2.0" 200 100299 "-" "Mozilla/5.0 AppleWebKit/537.36 (KHTML, like Gecko; compatible; GPTBot/1.2; +https://openai.com/gptbot)"
20.171.207.14 - - [24/Jun/2025:12:55:07 +0000] "GET /?cate_id=5481&channel=interior-dividers&pid=54814465178 HTTP/2.0" 200 100299 "-" "Mozilla/5.0 AppleWebKit/537.36 (KHTML, like Gecko; compatible; GPTBot/1.2; +https://openai.com/gptbot)"
57.141.2.15 - - [24/Jun/2025:12:55:07 +0000] "GET /buy.php?pid=60382064897& HTTP/2.0" 404 - "-" "meta-externalagent/1.1 (+https://developers.facebook.com/docs/sharing/webmasters/crawler)"
57.141.2.19 - - [24/Jun/2025:12:55:08 +0000] "GET /?pid=60383822722& HTTP/2.0" 200 100299 "-" "meta-externalagent/1.1 (+https://developers.facebook.com/docs/sharing/webmasters/crawler)"
20.171.207.14 - - [24/Jun/2025:12:55:08 +0000] "GET /?cate_id=5484&channel=interior-curtains&pid=54844094897 HTTP/2.0" 200 100299 "-" "Mozilla/5.0 AppleWebKit/537.36 (KHTML, like Gecko; compatible; GPTBot/1.2; +https://openai.com/gptbot)"
20.171.207.14 - - [24/Jun/2025:12:55:10 +0000] "GET /?cate_id=6153&channel=handicrafts-pants&pid=61531914301 HTTP/2.0" 200 100299 "-" "Mozilla/5.0 AppleWebKit/537.36 (KHTML, like Gecko; compatible; GPTBot/1.2; +https://openai.com/gptbot)"
20.171.207.14 - - [24/Jun/2025:12:55:12 +0000] "GET /?cate_id=6494&channel=cameras-earphones&pid=64943483568 HTTP/2.0" 200 100299 "-" "Mozilla/5.0 AppleWebKit/537.36 (KHTML, like Gecko; compatible; GPTBot/1.2; +https://openai.com/gptbot)"
57.141.2.18 - - [24/Jun/2025:12:55:12 +0000] "GET /?pid=59194414486& HTTP/2.0" 200 100299 "-" "meta-externalagent/1.1 (+https://developers.facebook.com/docs/sharing/webmasters/crawler)"
20.171.207.14 - - [24/Jun/2025:12:55:14 +0000] "GET /?cate_id=7420&channel=bicycles-bicycles&pid=74204049360 HTTP/2.0" 200 100299 "-" "Mozilla/5.0 AppleWebKit/537.36 (KHTML, like Gecko; compatible; GPTBot/1.2; +https://openai.com/gptbot)"
57.141.2.27 - - [24/Jun/2025:12:55:15 +0000] "GET /?pid=64881860920& HTTP/2.0" 200 100299 "-" "meta-externalagent/1.1 (+https://developers.facebook.com/docs/sharing/webmasters/crawler)"
57.141.2.19 - - [24/Jun/2025:12:55:16 +0000] "GET /buy.php?pid=64884409527& HTTP/2.0" 404 - "-" "meta-externalagent/1.1 (+https://developers.facebook.com/docs/sharing/webmasters/crawler)"
57.141.2.15 - - [24/Jun/2025:12:55:16 +0000] "GET /?pid=60232142815& HTTP/2.0" 200 100299 "-" "meta-externalagent/1.1 (+https://developers.facebook.com/docs/sharing/webmasters/crawler)"
20.171.207.14 - - [24/Jun/2025:12:55:17 +0000] "GET /?cate_id=7386&channel=handicrafts-craft&pid=73861881616 HTTP/2.0" 200 100299 "-" "Mozilla/5.0 AppleWebKit/537.36 (KHTML, like Gecko; compatible; GPTBot/1.2; +https://openai.com/gptbot)"
57.141.2.19 - - [24/Jun/2025:12:55:17 +0000] "GET /buy.php?pid=66690786838& HTTP/2.0" 404 - "-" "meta-externalagent/1.1 (+https://developers.facebook.com/docs/sharing/webmasters/crawler)"
20.171.207.14 - - [24/Jun/2025:12:55:18 +0000] "GET /?cate_id=6866&channel=motorcycles-tires&pid=68661822672 HTTP/2.0" 200 100299 "-" "Mozilla/5.0 AppleWebKit/537.36 (KHTML, like Gecko; compatible; GPTBot/1.2; +https://openai.com/gptbot)"
20.171.207.14 - - [24/Jun/2025:12:55:20 +0000] "GET /?cate_id=7435&channel=interior-interior&pid=74351850756 HTTP/2.0" 200 100299 "-" "Mozilla/5.0 AppleWebKit/537.36 (KHTML, like Gecko; compatible; GPTBot/1.2; +https://openai.com/gptbot)"
20.171.207.14 - - [24/Jun/2025:12:55:21 +0000] "GET /?cate_id=7435&channel=interior-interior&pid=74353819643 HTTP/2.0" 200 100299 "-" "Mozilla/5.0 AppleWebKit/537.36 (KHTML, like Gecko; compatible; GPTBot/1.2; +https://openai.com/gptbot)"
20.171.207.14 - - [24/Jun/2025:12:55:22 +0000] "GET /?cate_id=6252&channel=handmade-stickers&pid=62524251528 HTTP/2.0" 200 100299 "-" "Mozilla/5.0 AppleWebKit/537.36 (KHTML, like Gecko; compatible; GPTBot/1.2; +https://openai.com/gptbot)"
57.141.2.19 - - [24/Jun/2025:12:55:22 +0000] "GET /?pid=52072191887& HTTP/2.0" 200 100299 "-" "meta-externalagent/1.1 (+https://developers.facebook.com/docs/sharing/webmasters/crawler)"
20.171.207.14 - - [24/Jun/2025:12:55:23 +0000] "GET /?cate_id=7420&channel=bicycles-bicycles&pid=74202827769 HTTP/2.0" 200 100299 "-" "Mozilla/5.0 AppleWebKit/537.36 (KHTML, like Gecko; compatible; GPTBot/1.2; +https://openai.com/gptbot)"
57.141.2.19 - - [24/Jun/2025:12:55:24 +0000] "GET /buy.php?pid=60174123910& HTTP/2.0" 404 - "-" "meta-externalagent/1.1 (+https://developers.facebook.com/docs/sharing/webmasters/crawler)"
57.141.2.1 - - [24/Jun/2025:12:55:24 +0000] "GET /?pid=74111856377& HTTP/2.0" 200 100299 "-" "meta-externalagent/1.1 (+https://developers.facebook.com/docs/sharing/webmasters/crawler)"
20.171.207.14 - - [24/Jun/2025:12:55:26 +0000] "GET /?cate_id=6161&channel=handicrafts-cases&pid=61613474178 HTTP/2.0" 200 100299 "-" "Mozilla/5.0 AppleWebKit/537.36 (KHTML, like Gecko; compatible; GPTBot/1.2; +https://openai.com/gptbot)"
20.171.207.14 - - [24/Jun/2025:12:55:27 +0000] "GET /?cate_id=7386&channel=handicrafts-craft&pid=73863075685 HTTP/2.0" 200 100299 "-" "Mozilla/5.0 AppleWebKit/537.36 (KHTML, like Gecko; compatible; GPTBot/1.2; +https://openai.com/gptbot)"
20.171.207.14 - - [24/Jun/2025:12:55:28 +0000] "GET /?cate_id=6559&channel=kitchen-tableware&pid=65593836366 HTTP/2.0" 200 100299 "-" "Mozilla/5.0 AppleWebKit/537.36 (KHTML, like Gecko; compatible; GPTBot/1.2; +https://openai.com/gptbot)"
57.141.2.28 - - [24/Jun/2025:12:55:28 +0000] "GET /?pid=65062397728& HTTP/2.0" 200 100299 "-" "meta-externalagent/1.1 (+https://developers.facebook.com/docs/sharing/webmasters/crawler)"
57.141.2.22 - - [24/Jun/2025:12:55:29 +0000] "GET /buy.php?pid=74153844772& HTTP/2.0" 404 - "-" "meta-externalagent/1.1 (+https://developers.facebook.com/docs/sharing/webmasters/crawler)"
20.171.207.14 - - [24/Jun/2025:12:55:30 +0000] "GET /?cate_id=6494&channel=cameras-earphones&pid=64942631634 HTTP/2.0" 200 100299 "-" "Mozilla/5.0 AppleWebKit/537.36 (KHTML, like Gecko; compatible; GPTBot/1.2; +https://openai.com/gptbot)"
57.141.2.9 - - [24/Jun/2025:12:55:32 +0000] "GET /buy.php?pid=52203295171& HTTP/2.0" 404 - "-" "meta-externalagent/1.1 (+https://developers.facebook.com/docs/sharing/webmasters/crawler)"
20.171.207.14 - - [24/Jun/2025:12:55:32 +0000] "GET /?cate_id=6013&channel=fashion-outerwear&pid=60133616306 HTTP/2.0" 200 100299 "-" "Mozilla/5.0 AppleWebKit/537.36 (KHTML, like Gecko; compatible; GPTBot/1.2; +https://openai.com/gptbot)"
20.171.207.14 - - [24/Jun/2025:12:55:33 +0000] "GET /?cate_id=7387&channel=handmade-uwedding&pid=73871519335 HTTP/2.0" 200 100299 "-" "Mozilla/5.0 AppleWebKit/537.36 (KHTML, like Gecko; compatible; GPTBot/1.2; +https://openai.com/gptbot)"
