20.171.207.14 - - [24/Jun/2025:12:48:27 +0000] "GET /?cate_id=6013&channel=fashion-outerwear&pid=60132834837 HTTP/2.0" 200 100299 "-" "Mozilla/5.0 AppleWebKit/537.36 (KHTML, like Gecko; compatible; GPTBot/1.2; +https://openai.com/gptbot)"
20.171.207.14 - - [24/Jun/2025:12:48:29 +0000] "GET /?cate_id=6013&channel=fashion-outerwear&pid=60132047645 HTTP/2.0" 200 100299 "-" "Mozilla/5.0 AppleWebKit/537.36 (KHTML, like Gecko; compatible; GPTBot/1.2; +https://openai.com/gptbot)"
20.171.207.14 - - [24/Jun/2025:12:48:31 +0000] "GET /?cate_id=6013&channel=fashion-outerwear&pid=60131912985 HTTP/2.0" 200 100299 "-" "Mozilla/5.0 AppleWebKit/537.36 (KHTML, like Gecko; compatible; GPTBot/1.2; +https://openai.com/gptbot)"
20.171.207.14 - - [24/Jun/2025:12:48:32 +0000] "GET /?cate_id=6013&channel=fashion-outerwear&pid=60133947481 HTTP/2.0" 200 100299 "-" "Mozilla/5.0 AppleWebKit/537.36 (KHTML, like Gecko; compatible; GPTBot/1.2; +https://openai.com/gptbot)"
57.141.2.24 - - [24/Jun/2025:12:48:33 +0000] "GET /?pid=68901421355& HTTP/2.0" 200 100299 "-" "meta-externalagent/1.1 (+https://developers.facebook.com/docs/sharing/webmasters/crawler)"
20.171.207.14 - - [24/Jun/2025:12:48:35 +0000] "GET /?cate_id=6013&channel=fashion-outerwear&pid=60131851754 HTTP/2.0" 200 100299 "-" "Mozilla/5.0 AppleWebKit/537.36 (KHTML, like Gecko; compatible; GPTBot/1.2; +https://openai.com/gptbot)"
20.171.207.14 - - [24/Jun/2025:12:48:37 +0000] "GET /?cate_id=6013&channel=fashion-outerwear&pid=60132938450 HTTP/2.0" 200 100299 "-" "Mozilla/5.0 AppleWebKit/537.36 (KHTML, like Gecko; compatible; GPTBot/1.2; +https://openai.com/gptbot)"
57.141.2.10 - - [24/Jun/2025:12:48:38 +0000] "GET /buy.php?pid=60613589813& HTTP/2.0" 404 - "-" "meta-externalagent/1.1 (+https://developers.facebook.com/docs/sharing/webmasters/crawler)"
57.141.2.10 - - [24/Jun/2025:12:48:38 +0000] "GET /?pid=60371614341& HTTP/2.0" 200 100299 "-" "meta-externalagent/1.1 (+https://developers.facebook.com/docs/sharing/webmasters/crawler)"
57.141.2.2 - - [24/Jun/2025:12:48:39 +0000] "GET /buy.php?pid=74490749205& HTTP/2.0" 404 - "-" "meta-externalagent/1.1 (+https://developers.facebook.com/docs/sharing/webmasters/crawler)"
57.141.2.9 - - [24/Jun/2025:12:48:39 +0000] "GET /buy.php?pid=54312271127& HTTP/2.0" 404 - "-" "meta-externalagent/1.1 (+https://developers.facebook.com/docs/sharing/webmasters/crawler)"
20.171.207.14 - - [24/Jun/2025:12:48:40 +0000] "GET /?cate_id=6013&channel=fashion-outerwear&pid=60132406519 HTTP/2.0" 200 100299 "-" "Mozilla/5.0 AppleWebKit/537.36 (KHTML, like Gecko; compatible; GPTBot/1.2; +https://openai.com/gptbot)"
66.249.79.1 - - [24/Jun/2025:12:48:41 +0000] "GET /robots.txt HTTP/1.1" 404 - "-" "Mozilla/5.0 (compatible; Googlebot/2.1; +http://www.google.com/bot.html)"
20.171.207.14 - - [24/Jun/2025:12:48:41 +0000] "GET /?cate_id=6013&channel=fashion-outerwear&pid=60131783542 HTTP/2.0" 200 100299 "-" "Mozilla/5.0 AppleWebKit/537.36 (KHTML, like Gecko; compatible; GPTBot/1.2; +https://openai.com/gptbot)"
20.171.207.14 - - [24/Jun/2025:12:48:43 +0000] "GET /?cate_id=6013&channel=fashion-outerwear&pid=60132457249 HTTP/2.0" 200 100299 "-" "Mozilla/5.0 AppleWebKit/537.36 (KHTML, like Gecko; compatible; GPTBot/1.2; +https://openai.com/gptbot)"
57.141.2.21 - - [24/Jun/2025:12:48:43 +0000] "GET /buy.php?pid=59291495631& HTTP/2.0" 404 - "-" "meta-externalagent/1.1 (+https://developers.facebook.com/docs/sharing/webmasters/crawler)"
57.141.2.24 - - [24/Jun/2025:12:48:44 +0000] "GET /?pid=74512858612& HTTP/2.0" 200 100299 "-" "meta-externalagent/1.1 (+https://developers.facebook.com/docs/sharing/webmasters/crawler)"
20.171.207.14 - - [24/Jun/2025:12:48:45 +0000] "GET /?cate_id=6013&channel=fashion-outerwear&pid=60134121595 HTTP/2.0" 200 100299 "-" "Mozilla/5.0 AppleWebKit/537.36 (KHTML, like Gecko; compatible; GPTBot/1.2; +https://openai.com/gptbot)"
57.141.2.11 - - [24/Jun/2025:12:48:46 +0000] "GET /buy.php?pid=59172358802& HTTP/2.0" 404 - "-" "meta-externalagent/1.1 (+https://developers.facebook.com/docs/sharing/webmasters/crawler)"
20.171.207.14 - - [24/Jun/2025:12:48:47 +0000] "GET /?cate_id=6013&channel=fashion-outerwear&pid=60133253475 HTTP/2.0" 200 100299 "-" "Mozilla/5.0 AppleWebKit/537.36 (KHTML, like Gecko; compatible; GPTBot/1.2; +https://openai.com/gptbot)"
57.141.2.17 - - [24/Jun/2025:12:48:47 +0000] "GET /buy.php?pid=68664216724& HTTP/2.0" 404 - "-" "meta-externalagent/1.1 (+https://developers.facebook.com/docs/sharing/webmasters/crawler)"
20.171.207.14 - - [24/Jun/2025:12:48:49 +0000] "GET /?cate_id=6013&channel=fashion-outerwear&pid=60132835930 HTTP/2.0" 200 100299 "-" "Mozilla/5.0 AppleWebKit/537.36 (KHTML, like Gecko; compatible; GPTBot/1.2; +https://openai.com/gptbot)"
20.171.207.14 - - [24/Jun/2025:12:48:50 +0000] "GET /?cate_id=6013&channel=fashion-outerwear&pid=60132574858 HTTP/2.0" 200 100299 "-" "Mozilla/5.0 AppleWebKit/537.36 (KHTML, like Gecko; compatible; GPTBot/1.2; +https://openai.com/gptbot)"
57.141.2.5 - - [24/Jun/2025:12:48:51 +0000] "GET /buy.php?pid=68664046677& HTTP/2.0" 404 - "-" "meta-externalagent/1.1 (+https://developers.facebook.com/docs/sharing/webmasters/crawler)"
20.171.207.14 - - [24/Jun/2025:12:48:52 +0000] "GET /?cate_id=5140&channel=tablets-keyboards&pid=51403288164 HTTP/2.0" 200 100299 "-" "Mozilla/5.0 AppleWebKit/537.36 (KHTML, like Gecko; compatible; GPTBot/1.2; +https://openai.com/gptbot)"
57.141.2.17 - - [24/Jun/2025:12:48:52 +0000] "GET /buy.php?pid=68991703567& HTTP/2.0" 404 - "-" "meta-externalagent/1.1 (+https://developers.facebook.com/docs/sharing/webmasters/crawler)"
20.171.207.14 - - [24/Jun/2025:12:48:54 +0000] "GET /?cate_id=5921&channel=fishing-backpacks&pid=59212167438 HTTP/2.0" 200 100299 "-" "Mozilla/5.0 AppleWebKit/537.36 (KHTML, like Gecko; compatible; GPTBot/1.2; +https://openai.com/gptbot)"
20.171.207.14 - - [24/Jun/2025:12:48:55 +0000] "GET /?cate_id=6013&channel=fashion-outerwear&pid=60133247850 HTTP/2.0" 200 100299 "-" "Mozilla/5.0 AppleWebKit/537.36 (KHTML, like Gecko; compatible; GPTBot/1.2; +https://openai.com/gptbot)"
57.141.2.3 - - [24/Jun/2025:12:48:55 +0000] "GET /buy.php?pid=73522944964& HTTP/2.0" 404 - "-" "meta-externalagent/1.1 (+https://developers.facebook.com/docs/sharing/webmasters/crawler)"
20.171.207.14 - - [24/Jun/2025:12:48:56 +0000] "GET /?cate_id=6013&channel=fashion-outerwear&pid=60132282453 HTTP/2.0" 200 100299 "-" "Mozilla/5.0 AppleWebKit/537.36 (KHTML, like Gecko; compatible; GPTBot/1.2; +https://openai.com/gptbot)"
57.141.2.22 - - [24/Jun/2025:12:48:58 +0000] "GET /buy.php?pid=60130810446& HTTP/2.0" 404 - "-" "meta-externalagent/1.1 (+https://developers.facebook.com/docs/sharing/webmasters/crawler)"
57.141.2.22 - - [24/Jun/2025:12:48:58 +0000] "GET /buy.php?pid=58723786038& HTTP/2.0" 404 - "-" "meta-externalagent/1.1 (+https://developers.facebook.com/docs/sharing/webmasters/crawler)"
20.171.207.14 - - [24/Jun/2025:12:48:58 +0000] "GET /?cate_id=6013&channel=fashion-outerwear&pid=60132558574 HTTP/2.0" 200 100299 "-" "Mozilla/5.0 AppleWebKit/537.36 (KHTML, like Gecko; compatible; GPTBot/1.2; +https://openai.com/gptbot)"
20.171.207.14 - - [24/Jun/2025:12:49:00 +0000] "GET /?cate_id=6013&channel=fashion-outerwear&pid=60132499830 HTTP/2.0" 200 100299 "-" "Mozilla/5.0 AppleWebKit/537.36 (KHTML, like Gecko; compatible; GPTBot/1.2; +https://openai.com/gptbot)"
57.141.2.14 - - [24/Jun/2025:12:49:01 +0000] "GET /?pid=53234031995& HTTP/2.0" 200 100299 "-" "meta-externalagent/1.1 (+https://developers.facebook.com/docs/sharing/webmasters/crawler)"
57.141.2.13 - - [24/Jun/2025:12:49:01 +0000] "GET /?pid=59382235298& HTTP/2.0" 200 100299 "-" "meta-externalagent/1.1 (+https://developers.facebook.com/docs/sharing/webmasters/crawler)"
20.171.207.14 - - [24/Jun/2025:12:49:02 +0000] "GET /?cate_id=6013&channel=fashion-outerwear&pid=60130989507 HTTP/2.0" 200 100299 "-" "Mozilla/5.0 AppleWebKit/537.36 (KHTML, like Gecko; compatible; GPTBot/1.2; +https://openai.com/gptbot)"
57.141.2.2 - - [24/Jun/2025:12:49:03 +0000] "GET /?pid=74372757809& HTTP/2.0" 200 100299 "-" "meta-externalagent/1.1 (+https://developers.facebook.com/docs/sharing/webmasters/crawler)"
20.171.207.14 - - [24/Jun/2025:12:49:04 +0000] "GET /?cate_id=6907&channel=hobbies-furniture&pid=69072164457 HTTP/2.0" 200 100299 "-" "Mozilla/5.0 AppleWebKit/537.36 (KHTML, like Gecko; compatible; GPTBot/1.2; +https://openai.com/gptbot)"
20.171.207.14 - - [24/Jun/2025:12:49:06 +0000] "GET /?cate_id=6013&channel=fashion-outerwear&pid=60132363895 HTTP/2.0" 200 100299 "-" "Mozilla/5.0 AppleWebKit/537.36 (KHTML, like Gecko; compatible; GPTBot/1.2; +https://openai.com/gptbot)"
57.141.2.27 - - [24/Jun/2025:12:49:05 +0000] "GET /?pid=55554096019& HTTP/2.0" 200 100299 "-" "meta-externalagent/1.1 (+https://developers.facebook.com/docs/sharing/webmasters/crawler)"
57.141.2.5 - - [24/Jun/2025:12:49:07 +0000] "GET /?pid=55612759791& HTTP/2.0" 200 100299 "-" "meta-externalagent/1.1 (+https://developers.facebook.com/docs/sharing/webmasters/crawler)"
20.171.207.14 - - [24/Jun/2025:12:49:07 +0000] "GET /?cate_id=5927&channel=fishing-barbecues&pid=59270846414 HTTP/2.0" 200 100299 "-" "Mozilla/5.0 AppleWebKit/537.36 (KHTML, like Gecko; compatible; GPTBot/1.2; +https://openai.com/gptbot)"
20.171.207.14 - - [24/Jun/2025:12:49:09 +0000] "GET /?cate_id=6013&channel=fashion-outerwear&pid=60132644778 HTTP/2.0" 200 100299 "-" "Mozilla/5.0 AppleWebKit/537.36 (KHTML, like Gecko; compatible; GPTBot/1.2; +https://openai.com/gptbot)"
57.141.2.6 - - [24/Jun/2025:12:49:09 +0000] "GET /buy.php?pid=51094430939& HTTP/2.0" 404 - "-" "meta-externalagent/1.1 (+https://developers.facebook.com/docs/sharing/webmasters/crawler)"
57.141.2.6 - - [24/Jun/2025:12:49:09 +0000] "GET /buy.php?pid=51874472783& HTTP/2.0" 404 - "-" "meta-externalagent/1.1 (+https://developers.facebook.com/docs/sharing/webmasters/crawler)"
20.171.207.14 - - [24/Jun/2025:12:49:11 +0000] "GET /?cate_id=5921&channel=outdoor-backpacks&pid=59213360671 HTTP/2.0" 200 100299 "-" "Mozilla/5.0 AppleWebKit/537.36 (KHTML, like Gecko; compatible; GPTBot/1.2; +https://openai.com/gptbot)"
20.171.207.14 - - [24/Jun/2025:12:49:13 +0000] "GET /?cate_id=6013&channel=fashion-outerwear&pid=60132541929 HTTP/2.0" 200 100299 "-" "Mozilla/5.0 AppleWebKit/537.36 (KHTML, like Gecko; compatible; GPTBot/1.2; +https://openai.com/gptbot)"
57.141.2.14 - - [24/Jun/2025:12:49:14 +0000] "GET /buy.php?pid=60113534843& HTTP/2.0" 404 - "-" "meta-externalagent/1.1 (+https://developers.facebook.com/docs/sharing/webmasters/crawler)"
57.141.2.19 - - [24/Jun/2025:12:49:14 +0000] "GET /buy.php?pid=58782608088& HTTP/2.0" 404 - "-" "meta-externalagent/1.1 (+https://developers.facebook.com/docs/sharing/webmasters/crawler)"
20.171.207.14 - - [24/Jun/2025:12:49:15 +0000] "GET /?cate_id=6013&channel=fashion-outerwear&pid=60133970684 HTTP/2.0" 200 100299 "-" "Mozilla/5.0 AppleWebKit/537.36 (KHTML, like Gecko; compatible; GPTBot/1.2; +https://openai.com/gptbot)"
20.171.207.14 - - [24/Jun/2025:12:49:16 +0000] "GET /?cate_id=5903&channel=tickets-fireworks&pid=59031746054 HTTP/2.0" 200 100299 "-" "Mozilla/5.0 AppleWebKit/537.36 (KHTML, like Gecko; compatible; GPTBot/1.2; +https://openai.com/gptbot)"
20.171.207.14 - - [24/Jun/2025:12:49:18 +0000] "GET /?cate_id=7409&channel=hobbies-equipment&pid=74094118165 HTTP/2.0" 200 100299 "-" "Mozilla/5.0 AppleWebKit/537.36 (KHTML, like Gecko; compatible; GPTBot/1.2; +https://openai.com/gptbot)"
57.141.2.10 - - [24/Jun/2025:12:49:19 +0000] "GET /?pid=73861226184& HTTP/2.0" 200 100299 "-" "meta-externalagent/1.1 (+https://developers.facebook.com/docs/sharing/webmasters/crawler)"
20.171.207.14 - - [24/Jun/2025:12:49:20 +0000] "GET /?cate_id=6013&channel=fashion-outerwear&pid=60132348577 HTTP/2.0" 200 100299 "-" "Mozilla/5.0 AppleWebKit/537.36 (KHTML, like Gecko; compatible; GPTBot/1.2; +https://openai.com/gptbot)"
20.171.207.14 - - [24/Jun/2025:12:49:22 +0000] "GET /?cate_id=6013&channel=fashion-outerwear&pid=60132798125 HTTP/2.0" 200 100299 "-" "Mozilla/5.0 AppleWebKit/537.36 (KHTML, like Gecko; compatible; GPTBot/1.2; +https://openai.com/gptbot)"
57.141.2.9 - - [24/Jun/2025:12:49:22 +0000] "GET /?pid=65024487622& HTTP/2.0" 200 100299 "-" "meta-externalagent/1.1 (+https://developers.facebook.com/docs/sharing/webmasters/crawler)"
57.141.2.7 - - [24/Jun/2025:12:49:23 +0000] "GET /?pid=74123287750& HTTP/2.0" 200 100299 "-" "meta-externalagent/1.1 (+https://developers.facebook.com/docs/sharing/webmasters/crawler)"
57.141.2.6 - - [24/Jun/2025:12:49:24 +0000] "GET /?pid=74474351183& HTTP/2.0" 200 100299 "-" "meta-externalagent/1.1 (+https://developers.facebook.com/docs/sharing/webmasters/crawler)"
20.171.207.14 - - [24/Jun/2025:12:49:24 +0000] "GET /?cate_id=6013&channel=fashion-outerwear&pid=60134379732 HTTP/2.0" 200 100299 "-" "Mozilla/5.0 AppleWebKit/537.36 (KHTML, like Gecko; compatible; GPTBot/1.2; +https://openai.com/gptbot)"
20.171.207.14 - - [24/Jun/2025:12:49:26 +0000] "GET /?cate_id=6013&channel=fashion-outerwear&pid=60131823489 HTTP/2.0" 200 100299 "-" "Mozilla/5.0 AppleWebKit/537.36 (KHTML, like Gecko; compatible; GPTBot/1.2; +https://openai.com/gptbot)"
20.171.207.14 - - [24/Jun/2025:12:49:28 +0000] "GET /?cate_id=6013&channel=fashion-outerwear&pid=60133712995 HTTP/2.0" 200 100299 "-" "Mozilla/5.0 AppleWebKit/537.36 (KHTML, like Gecko; compatible; GPTBot/1.2; +https://openai.com/gptbot)"
57.141.2.26 - - [24/Jun/2025:12:49:28 +0000] "GET /?pid=64022893337& HTTP/2.0" 200 100299 "-" "meta-externalagent/1.1 (+https://developers.facebook.com/docs/sharing/webmasters/crawler)"
20.171.207.14 - - [24/Jun/2025:12:49:29 +0000] "GET /?cate_id=6013&channel=fashion-outerwear&pid=60132673759 HTTP/2.0" 200 100299 "-" "Mozilla/5.0 AppleWebKit/537.36 (KHTML, like Gecko; compatible; GPTBot/1.2; +https://openai.com/gptbot)"
20.171.207.14 - - [24/Jun/2025:12:49:31 +0000] "GET /?cate_id=5903&channel=tickets-fireworks&pid=59034190972 HTTP/2.0" 200 100299 "-" "Mozilla/5.0 AppleWebKit/537.36 (KHTML, like Gecko; compatible; GPTBot/1.2; +https://openai.com/gptbot)"
20.171.207.14 - - [24/Jun/2025:12:49:32 +0000] "GET /?cate_id=6013&channel=fashion-outerwear&pid=60132672558 HTTP/2.0" 200 100299 "-" "Mozilla/5.0 AppleWebKit/537.36 (KHTML, like Gecko; compatible; GPTBot/1.2; +https://openai.com/gptbot)"
20.171.207.14 - - [24/Jun/2025:12:49:33 +0000] "GET /?cate_id=6013&channel=fashion-outerwear&pid=60132268978 HTTP/2.0" 200 100299 "-" "Mozilla/5.0 AppleWebKit/537.36 (KHTML, like Gecko; compatible; GPTBot/1.2; +https://openai.com/gptbot)"
20.171.207.14 - - [24/Jun/2025:12:49:34 +0000] "GET /?cate_id=6013&channel=fashion-outerwear&pid=60133179249 HTTP/2.0" 200 100299 "-" "Mozilla/5.0 AppleWebKit/537.36 (KHTML, like Gecko; compatible; GPTBot/1.2; +https://openai.com/gptbot)"
20.171.207.14 - - [24/Jun/2025:12:49:35 +0000] "GET /?cate_id=6013&channel=fashion-outerwear&pid=60132370789 HTTP/2.0" 200 100299 "-" "Mozilla/5.0 AppleWebKit/537.36 (KHTML, like Gecko; compatible; GPTBot/1.2; +https://openai.com/gptbot)"
57.141.2.7 - - [24/Jun/2025:12:49:36 +0000] "GET /buy.php?pid=64020593250& HTTP/2.0" 404 - "-" "meta-externalagent/1.1 (+https://developers.facebook.com/docs/sharing/webmasters/crawler)"
20.171.207.14 - - [24/Jun/2025:12:49:37 +0000] "GET /?cate_id=5927&channel=fishing-barbecues&pid=59273100954 HTTP/2.0" 200 100299 "-" "Mozilla/5.0 AppleWebKit/537.36 (KHTML, like Gecko; compatible; GPTBot/1.2; +https://openai.com/gptbot)"
20.171.207.14 - - [24/Jun/2025:12:49:39 +0000] "GET /?cate_id=6013&channel=fashion-outerwear&pid=60134379732 HTTP/2.0" 200 100299 "-" "Mozilla/5.0 AppleWebKit/537.36 (KHTML, like Gecko; compatible; GPTBot/1.2; +https://openai.com/gptbot)"
57.141.2.23 - - [24/Jun/2025:12:49:42 +0000] "GET /buy.php?pid=60382257651& HTTP/2.0" 404 - "-" "meta-externalagent/1.1 (+https://developers.facebook.com/docs/sharing/webmasters/crawler)"
20.171.207.14 - - [24/Jun/2025:12:49:42 +0000] "GET /?cate_id=6013&channel=fashion-outerwear&pid=60132951855 HTTP/2.0" 200 100299 "-" "Mozilla/5.0 AppleWebKit/537.36 (KHTML, like Gecko; compatible; GPTBot/1.2; +https://openai.com/gptbot)"
57.141.2.16 - - [24/Jun/2025:12:49:42 +0000] "GET /?pid=59913849086& HTTP/2.0" 200 100299 "-" "meta-externalagent/1.1 (+https://developers.facebook.com/docs/sharing/webmasters/crawler)"
20.171.207.14 - - [24/Jun/2025:12:49:44 +0000] "GET /?cate_id=6013&channel=fashion-outerwear&pid=60132429708 HTTP/2.0" 200 100299 "-" "Mozilla/5.0 AppleWebKit/537.36 (KHTML, like Gecko; compatible; GPTBot/1.2; +https://openai.com/gptbot)"
20.171.207.14 - - [24/Jun/2025:12:49:45 +0000] "GET /?cate_id=6013&channel=fashion-outerwear&pid=60130662879 HTTP/2.0" 200 100299 "-" "Mozilla/5.0 AppleWebKit/537.36 (KHTML, like Gecko; compatible; GPTBot/1.2; +https://openai.com/gptbot)"
57.141.2.30 - - [24/Jun/2025:12:49:46 +0000] "GET /buy.php?pid=73521235380& HTTP/2.0" 404 - "-" "meta-externalagent/1.1 (+https://developers.facebook.com/docs/sharing/webmasters/crawler)"
20.171.207.14 - - [24/Jun/2025:12:49:47 +0000] "GET /?cate_id=6013&channel=fashion-outerwear&pid=60132872384 HTTP/2.0" 200 100299 "-" "Mozilla/5.0 AppleWebKit/537.36 (KHTML, like Gecko; compatible; GPTBot/1.2; +https://openai.com/gptbot)"
57.141.2.14 - - [24/Jun/2025:12:49:48 +0000] "GET /?pid=65332626494& HTTP/2.0" 200 100299 "-" "meta-externalagent/1.1 (+https://developers.facebook.com/docs/sharing/webmasters/crawler)"
57.141.2.24 - - [24/Jun/2025:12:49:49 +0000] "GET /buy.php?pid=60373851009& HTTP/2.0" 404 - "-" "meta-externalagent/1.1 (+https://developers.facebook.com/docs/sharing/webmasters/crawler)"
20.171.207.14 - - [24/Jun/2025:12:49:49 +0000] "GET /?cate_id=6013&channel=fashion-outerwear&pid=60133248327 HTTP/2.0" 200 100299 "-" "Mozilla/5.0 AppleWebKit/537.36 (KHTML, like Gecko; compatible; GPTBot/1.2; +https://openai.com/gptbot)"
20.171.207.14 - - [24/Jun/2025:12:49:51 +0000] "GET /?cate_id=7409&channel=hobbies-equipment&pid=74090631986 HTTP/2.0" 200 100299 "-" "Mozilla/5.0 AppleWebKit/537.36 (KHTML, like Gecko; compatible; GPTBot/1.2; +https://openai.com/gptbot)"
57.141.2.21 - - [24/Jun/2025:12:49:51 +0000] "GET /buy.php?pid=67642149674& HTTP/2.0" 404 - "-" "meta-externalagent/1.1 (+https://developers.facebook.com/docs/sharing/webmasters/crawler)"
57.141.2.8 - - [24/Jun/2025:12:49:51 +0000] "GET /buy.php?pid=60221271328& HTTP/2.0" 404 - "-" "meta-externalagent/1.1 (+https://developers.facebook.com/docs/sharing/webmasters/crawler)"
52.167.144.145 - - [24/Jun/2025:12:49:52 +0000] "GET /buy.php?pid=61513880189&channel=health-others&cate_id=6151 HTTP/2.0" 404 - "-" "Mozilla/5.0 AppleWebKit/537.36 (KHTML, like Gecko; compatible; bingbot/2.0; +http://www.bing.com/bingbot.htm) Chrome/116.0.1938.76 Safari/537.36"
57.141.2.19 - - [24/Jun/2025:12:49:53 +0000] "GET /buy.php?pid=60220549570& HTTP/2.0" 404 - "-" "meta-externalagent/1.1 (+https://developers.facebook.com/docs/sharing/webmasters/crawler)"
20.171.207.14 - - [24/Jun/2025:12:49:53 +0000] "GET /?cate_id=7409&channel=hobbies-equipment&pid=74091346892 HTTP/2.0" 200 100299 "-" "Mozilla/5.0 AppleWebKit/537.36 (KHTML, like Gecko; compatible; GPTBot/1.2; +https://openai.com/gptbot)"
20.171.207.14 - - [24/Jun/2025:12:49:54 +0000] "GET /?cate_id=6013&channel=fashion-outerwear&pid=60132577950 HTTP/2.0" 200 100299 "-" "Mozilla/5.0 AppleWebKit/537.36 (KHTML, like Gecko; compatible; GPTBot/1.2; +https://openai.com/gptbot)"
20.171.207.14 - - [24/Jun/2025:12:49:56 +0000] "GET /?cate_id=6013&channel=fashion-outerwear&pid=60134295403 HTTP/2.0" 200 100299 "-" "Mozilla/5.0 AppleWebKit/537.36 (KHTML, like Gecko; compatible; GPTBot/1.2; +https://openai.com/gptbot)"
20.171.207.14 - - [24/Jun/2025:12:49:57 +0000] "GET /?cate_id=6013&channel=fashion-outerwear&pid=60132784203 HTTP/2.0" 200 100299 "-" "Mozilla/5.0 AppleWebKit/537.36 (KHTML, like Gecko; compatible; GPTBot/1.2; +https://openai.com/gptbot)"
20.171.207.14 - - [24/Jun/2025:12:49:58 +0000] "GET /?cate_id=6013&channel=fashion-outerwear&pid=60134321887 HTTP/2.0" 200 100299 "-" "Mozilla/5.0 AppleWebKit/537.36 (KHTML, like Gecko; compatible; GPTBot/1.2; +https://openai.com/gptbot)"
57.141.2.11 - - [24/Jun/2025:12:49:58 +0000] "GET /?pid=54391122051& HTTP/2.0" 200 100299 "-" "meta-externalagent/1.1 (+https://developers.facebook.com/docs/sharing/webmasters/crawler)"
20.171.207.14 - - [24/Jun/2025:12:50:00 +0000] "GET /?cate_id=6013&channel=fashion-outerwear&pid=60131855072 HTTP/2.0" 200 100299 "-" "Mozilla/5.0 AppleWebKit/537.36 (KHTML, like Gecko; compatible; GPTBot/1.2; +https://openai.com/gptbot)"
40.77.167.26 - - [24/Jun/2025:12:50:02 +0000] "GET /buy.php?pid=60152203288&channel=fashion-shoes&cate_id=6015 HTTP/2.0" 404 - "-" "Mozilla/5.0 AppleWebKit/537.36 (KHTML, like Gecko; compatible; bingbot/2.0; +http://www.bing.com/bingbot.htm) Chrome/116.0.1938.76 Safari/537.36"
20.171.207.14 - - [24/Jun/2025:12:50:02 +0000] "GET /?cate_id=5927&channel=fishing-barbecues&pid=59274186217 HTTP/2.0" 200 100299 "-" "Mozilla/5.0 AppleWebKit/537.36 (KHTML, like Gecko; compatible; GPTBot/1.2; +https://openai.com/gptbot)"
40.77.167.26 - - [24/Jun/2025:12:50:02 +0000] "GET /buy.php?pid=60383812855&channel=fashion-womens&cate_id=6038 HTTP/2.0" 404 - "-" "Mozilla/5.0 AppleWebKit/537.36 (KHTML, like Gecko; compatible; bingbot/2.0; +http://www.bing.com/bingbot.htm) Chrome/116.0.1938.76 Safari/537.36"
20.171.207.14 - - [24/Jun/2025:12:50:03 +0000] "GET /?cate_id=6013&channel=fashion-outerwear&pid=60132924078 HTTP/2.0" 200 100299 "-" "Mozilla/5.0 AppleWebKit/537.36 (KHTML, like Gecko; compatible; GPTBot/1.2; +https://openai.com/gptbot)"
20.171.207.14 - - [24/Jun/2025:12:50:04 +0000] "GET /?cate_id=6013&channel=fashion-outerwear&pid=60131962758 HTTP/2.0" 200 100299 "-" "Mozilla/5.0 AppleWebKit/537.36 (KHTML, like Gecko; compatible; GPTBot/1.2; +https://openai.com/gptbot)"
57.141.2.16 - - [24/Jun/2025:12:50:05 +0000] "GET /?pid=60383734297& HTTP/2.0" 200 100299 "-" "meta-externalagent/1.1 (+https://developers.facebook.com/docs/sharing/webmasters/crawler)"
20.171.207.14 - - [24/Jun/2025:12:50:05 +0000] "GET /?cate_id=5903&channel=tickets-fireworks&pid=59032670038 HTTP/2.0" 200 100299 "-" "Mozilla/5.0 AppleWebKit/537.36 (KHTML, like Gecko; compatible; GPTBot/1.2; +https://openai.com/gptbot)"
20.171.207.14 - - [24/Jun/2025:12:50:06 +0000] "GET /?cate_id=6013&channel=fashion-outerwear&pid=60131726824 HTTP/2.0" 200 100299 "-" "Mozilla/5.0 AppleWebKit/537.36 (KHTML, like Gecko; compatible; GPTBot/1.2; +https://openai.com/gptbot)"
57.141.2.8 - - [24/Jun/2025:12:50:07 +0000] "GET /?pid=52252527406& HTTP/2.0" 200 100299 "-" "meta-externalagent/1.1 (+https://developers.facebook.com/docs/sharing/webmasters/crawler)"
20.171.207.14 - - [24/Jun/2025:12:50:07 +0000] "GET /?cate_id=6013&channel=fashion-outerwear&pid=60132587849 HTTP/2.0" 200 100299 "-" "Mozilla/5.0 AppleWebKit/537.36 (KHTML, like Gecko; compatible; GPTBot/1.2; +https://openai.com/gptbot)"
20.171.207.14 - - [24/Jun/2025:12:50:09 +0000] "GET /?cate_id=5921&channel=outdoor-backpacks&pid=59213707188 HTTP/2.0" 200 100299 "-" "Mozilla/5.0 AppleWebKit/537.36 (KHTML, like Gecko; compatible; GPTBot/1.2; +https://openai.com/gptbot)"
20.171.207.14 - - [24/Jun/2025:12:50:10 +0000] "GET /?cate_id=6013&channel=fashion-outerwear&pid=60133568289 HTTP/2.0" 200 100299 "-" "Mozilla/5.0 AppleWebKit/537.36 (KHTML, like Gecko; compatible; GPTBot/1.2; +https://openai.com/gptbot)"
57.141.2.13 - - [24/Jun/2025:12:50:10 +0000] "GET /?pid=60383610433& HTTP/2.0" 200 100299 "-" "meta-externalagent/1.1 (+https://developers.facebook.com/docs/sharing/webmasters/crawler)"
57.141.2.27 - - [24/Jun/2025:12:50:10 +0000] "GET /?pid=62670625798& HTTP/2.0" 200 100299 "-" "meta-externalagent/1.1 (+https://developers.facebook.com/docs/sharing/webmasters/crawler)"
20.171.207.14 - - [24/Jun/2025:12:50:11 +0000] "GET /?cate_id=6013&channel=fashion-outerwear&pid=60134157793 HTTP/2.0" 200 100299 "-" "Mozilla/5.0 AppleWebKit/537.36 (KHTML, like Gecko; compatible; GPTBot/1.2; +https://openai.com/gptbot)"
57.141.2.22 - - [24/Jun/2025:12:50:12 +0000] "GET /?pid=64944085704& HTTP/2.0" 200 100299 "-" "meta-externalagent/1.1 (+https://developers.facebook.com/docs/sharing/webmasters/crawler)"
20.171.207.14 - - [24/Jun/2025:12:50:13 +0000] "GET /?cate_id=5927&channel=fishing-barbecues&pid=59272468004 HTTP/2.0" 200 100299 "-" "Mozilla/5.0 AppleWebKit/537.36 (KHTML, like Gecko; compatible; GPTBot/1.2; +https://openai.com/gptbot)"
57.141.2.24 - - [24/Jun/2025:12:50:14 +0000] "GET /buy.php?pid=73581463543& HTTP/2.0" 404 - "-" "meta-externalagent/1.1 (+https://developers.facebook.com/docs/sharing/webmasters/crawler)"
20.171.207.14 - - [24/Jun/2025:12:50:15 +0000] "GET /?cate_id=5927&channel=fishing-barbecues&pid=59273624660 HTTP/2.0" 200 100299 "-" "Mozilla/5.0 AppleWebKit/537.36 (KHTML, like Gecko; compatible; GPTBot/1.2; +https://openai.com/gptbot)"
57.141.2.7 - - [24/Jun/2025:12:50:14 +0000] "GET /?pid=52160856331& HTTP/2.0" 200 100299 "-" "meta-externalagent/1.1 (+https://developers.facebook.com/docs/sharing/webmasters/crawler)"
57.141.2.11 - - [24/Jun/2025:12:50:16 +0000] "GET /buy.php?pid=59901950041& HTTP/2.0" 404 - "-" "meta-externalagent/1.1 (+https://developers.facebook.com/docs/sharing/webmasters/crawler)"
20.171.207.14 - - [24/Jun/2025:12:50:16 +0000] "GET /?cate_id=6013&channel=fashion-outerwear&pid=60132339489 HTTP/2.0" 200 100299 "-" "Mozilla/5.0 AppleWebKit/537.36 (KHTML, like Gecko; compatible; GPTBot/1.2; +https://openai.com/gptbot)"
57.141.2.25 - - [24/Jun/2025:12:50:18 +0000] "GET /buy.php?pid=60371454659& HTTP/2.0" 404 - "-" "meta-externalagent/1.1 (+https://developers.facebook.com/docs/sharing/webmasters/crawler)"
57.141.2.18 - - [24/Jun/2025:12:50:19 +0000] "GET /buy.php?pid=74803126215& HTTP/2.0" 404 - "-" "meta-externalagent/1.1 (+https://developers.facebook.com/docs/sharing/webmasters/crawler)"
20.171.207.14 - - [24/Jun/2025:12:50:18 +0000] "GET /?cate_id=6013&channel=fashion-outerwear&pid=60132971658 HTTP/2.0" 200 100299 "-" "Mozilla/5.0 AppleWebKit/537.36 (KHTML, like Gecko; compatible; GPTBot/1.2; +https://openai.com/gptbot)"
20.171.207.14 - - [24/Jun/2025:12:50:20 +0000] "GET /?cate_id=6013&channel=fashion-outerwear&pid=60131729483 HTTP/2.0" 200 100299 "-" "Mozilla/5.0 AppleWebKit/537.36 (KHTML, like Gecko; compatible; GPTBot/1.2; +https://openai.com/gptbot)"
20.171.207.14 - - [24/Jun/2025:12:50:22 +0000] "GET /?cate_id=5903&channel=tickets-fireworks&pid=59031025376 HTTP/2.0" 200 100299 "-" "Mozilla/5.0 AppleWebKit/537.36 (KHTML, like Gecko; compatible; GPTBot/1.2; +https://openai.com/gptbot)"
57.141.2.21 - - [24/Jun/2025:12:50:22 +0000] "GET /buy.php?pid=67240583225& HTTP/2.0" 404 - "-" "meta-externalagent/1.1 (+https://developers.facebook.com/docs/sharing/webmasters/crawler)"
20.171.207.14 - - [24/Jun/2025:12:50:24 +0000] "GET /?cate_id=6013&channel=fashion-outerwear&pid=60130925297 HTTP/2.0" 200 100299 "-" "Mozilla/5.0 AppleWebKit/537.36 (KHTML, like Gecko; compatible; GPTBot/1.2; +https://openai.com/gptbot)"
57.141.2.5 - - [24/Jun/2025:12:50:25 +0000] "GET /buy.php?pid=68581596861& HTTP/2.0" 404 - "-" "meta-externalagent/1.1 (+https://developers.facebook.com/docs/sharing/webmasters/crawler)"
57.141.2.9 - - [24/Jun/2025:12:50:25 +0000] "GET /?pid=65450780172& HTTP/2.0" 200 100299 "-" "meta-externalagent/1.1 (+https://developers.facebook.com/docs/sharing/webmasters/crawler)"
20.171.207.14 - - [24/Jun/2025:12:50:26 +0000] "GET /?cate_id=5903&channel=tickets-fireworks&pid=59034052961 HTTP/2.0" 200 100299 "-" "Mozilla/5.0 AppleWebKit/537.36 (KHTML, like Gecko; compatible; GPTBot/1.2; +https://openai.com/gptbot)"
57.141.2.24 - - [24/Jun/2025:12:50:27 +0000] "GET /buy.php?pid=63653388918& HTTP/2.0" 404 - "-" "meta-externalagent/1.1 (+https://developers.facebook.com/docs/sharing/webmasters/crawler)"
20.171.207.14 - - [24/Jun/2025:12:50:28 +0000] "GET /?cate_id=6013&channel=fashion-outerwear&pid=60131694452 HTTP/2.0" 200 100299 "-" "Mozilla/5.0 AppleWebKit/537.36 (KHTML, like Gecko; compatible; GPTBot/1.2; +https://openai.com/gptbot)"
85.208.96.210 - - [24/Jun/2025:12:50:30 +0000] "GET /buy.php?cate_id=6011&channel=air-conditioning-appliances&pid=60111795600 HTTP/1.1" 404 - "-" "Mozilla/5.0 (compatible; SemrushBot/7~bl; +http://www.semrush.com/bot.html)"
57.141.2.12 - - [24/Jun/2025:12:50:30 +0000] "GET /buy.php?pid=74081109720& HTTP/2.0" 404 - "-" "meta-externalagent/1.1 (+https://developers.facebook.com/docs/sharing/webmasters/crawler)"
20.171.207.14 - - [24/Jun/2025:12:50:30 +0000] "GET /?cate_id=7409&channel=hobbies-equipment&pid=74090586612 HTTP/2.0" 200 100299 "-" "Mozilla/5.0 AppleWebKit/537.36 (KHTML, like Gecko; compatible; GPTBot/1.2; +https://openai.com/gptbot)"
57.141.2.12 - - [24/Jun/2025:12:50:31 +0000] "GET /buy.php?pid=65343986457& HTTP/2.0" 404 - "-" "meta-externalagent/1.1 (+https://developers.facebook.com/docs/sharing/webmasters/crawler)"
20.171.207.14 - - [24/Jun/2025:12:50:31 +0000] "GET /?cate_id=6013&channel=fashion-outerwear&pid=60133519227 HTTP/2.0" 200 100299 "-" "Mozilla/5.0 AppleWebKit/537.36 (KHTML, like Gecko; compatible; GPTBot/1.2; +https://openai.com/gptbot)"
57.141.2.5 - - [24/Jun/2025:12:50:33 +0000] "GET /buy.php?pid=60180649762& HTTP/2.0" 404 - "-" "meta-externalagent/1.1 (+https://developers.facebook.com/docs/sharing/webmasters/crawler)"
20.171.207.14 - - [24/Jun/2025:12:50:34 +0000] "GET /?cate_id=7409&channel=hobbies-equipment&pid=74092366826 HTTP/2.0" 200 100299 "-" "Mozilla/5.0 AppleWebKit/537.36 (KHTML, like Gecko; compatible; GPTBot/1.2; +https://openai.com/gptbot)"
57.141.2.17 - - [24/Jun/2025:12:50:35 +0000] "GET /buy.php?pid=69111901657& HTTP/2.0" 404 - "-" "meta-externalagent/1.1 (+https://developers.facebook.com/docs/sharing/webmasters/crawler)"
20.171.207.14 - - [24/Jun/2025:12:50:35 +0000] "GET /?cate_id=5921&channel=outdoor-backpacks&pid=59210948535 HTTP/2.0" 200 100299 "-" "Mozilla/5.0 AppleWebKit/537.36 (KHTML, like Gecko; compatible; GPTBot/1.2; +https://openai.com/gptbot)"
57.141.2.22 - - [24/Jun/2025:12:50:37 +0000] "GET /buy.php?pid=74433123728& HTTP/2.0" 404 - "-" "meta-externalagent/1.1 (+https://developers.facebook.com/docs/sharing/webmasters/crawler)"
20.171.207.14 - - [24/Jun/2025:12:50:38 +0000] "GET /?cate_id=6013&channel=fashion-outerwear&pid=60132915684 HTTP/2.0" 200 100299 "-" "Mozilla/5.0 AppleWebKit/537.36 (KHTML, like Gecko; compatible; GPTBot/1.2; +https://openai.com/gptbot)"
57.141.2.25 - - [24/Jun/2025:12:50:39 +0000] "GET /buy.php?pid=60150998257& HTTP/2.0" 404 - "-" "meta-externalagent/1.1 (+https://developers.facebook.com/docs/sharing/webmasters/crawler)"
20.171.207.14 - - [24/Jun/2025:12:50:40 +0000] "GET /?cate_id=6013&channel=fashion-outerwear&pid=60132960147 HTTP/2.0" 200 100299 "-" "Mozilla/5.0 AppleWebKit/537.36 (KHTML, like Gecko; compatible; GPTBot/1.2; +https://openai.com/gptbot)"
57.141.2.7 - - [24/Jun/2025:12:50:41 +0000] "GET /buy.php?pid=68702648848& HTTP/2.0" 404 - "-" "meta-externalagent/1.1 (+https://developers.facebook.com/docs/sharing/webmasters/crawler)"
20.171.207.14 - - [24/Jun/2025:12:50:41 +0000] "GET /?cate_id=6013&channel=fashion-outerwear&pid=60131209375 HTTP/2.0" 200 100299 "-" "Mozilla/5.0 AppleWebKit/537.36 (KHTML, like Gecko; compatible; GPTBot/1.2; +https://openai.com/gptbot)"
57.141.2.21 - - [24/Jun/2025:12:50:42 +0000] "GET /buy.php?pid=64022627721& HTTP/2.0" 404 - "-" "meta-externalagent/1.1 (+https://developers.facebook.com/docs/sharing/webmasters/crawler)"
20.171.207.14 - - [24/Jun/2025:12:50:43 +0000] "GET /?cate_id=6013&channel=fashion-outerwear&pid=60132351879 HTTP/2.0" 200 100299 "-" "Mozilla/5.0 AppleWebKit/537.36 (KHTML, like Gecko; compatible; GPTBot/1.2; +https://openai.com/gptbot)"
20.171.207.14 - - [24/Jun/2025:12:50:44 +0000] "GET /?cate_id=6013&channel=fashion-outerwear&pid=60131459220 HTTP/2.0" 200 100299 "-" "Mozilla/5.0 AppleWebKit/537.36 (KHTML, like Gecko; compatible; GPTBot/1.2; +https://openai.com/gptbot)"
57.141.2.20 - - [24/Jun/2025:12:50:45 +0000] "GET /buy.php?pid=68660839890& HTTP/2.0" 404 - "-" "meta-externalagent/1.1 (+https://developers.facebook.com/docs/sharing/webmasters/crawler)"
20.171.207.14 - - [24/Jun/2025:12:50:45 +0000] "GET /?cate_id=6013&channel=fashion-outerwear&pid=60132504879 HTTP/2.0" 200 100299 "-" "Mozilla/5.0 AppleWebKit/537.36 (KHTML, like Gecko; compatible; GPTBot/1.2; +https://openai.com/gptbot)"
57.141.2.22 - - [24/Jun/2025:12:50:46 +0000] "GET /buy.php?pid=51403328874& HTTP/2.0" 404 - "-" "meta-externalagent/1.1 (+https://developers.facebook.com/docs/sharing/webmasters/crawler)"
20.171.207.14 - - [24/Jun/2025:12:50:47 +0000] "GET /?cate_id=6013&channel=fashion-outerwear&pid=60131847229 HTTP/2.0" 200 100299 "-" "Mozilla/5.0 AppleWebKit/537.36 (KHTML, like Gecko; compatible; GPTBot/1.2; +https://openai.com/gptbot)"
20.171.207.14 - - [24/Jun/2025:12:50:48 +0000] "GET /?cate_id=6013&channel=fashion-outerwear&pid=60132991546 HTTP/2.0" 200 100299 "-" "Mozilla/5.0 AppleWebKit/537.36 (KHTML, like Gecko; compatible; GPTBot/1.2; +https://openai.com/gptbot)"
57.141.2.15 - - [24/Jun/2025:12:50:48 +0000] "GET /buy.php?pid=60133591974& HTTP/2.0" 404 - "-" "meta-externalagent/1.1 (+https://developers.facebook.com/docs/sharing/webmasters/crawler)"
57.141.2.13 - - [24/Jun/2025:12:50:50 +0000] "GET /buy.php?pid=60373682458& HTTP/2.0" 404 - "-" "meta-externalagent/1.1 (+https://developers.facebook.com/docs/sharing/webmasters/crawler)"
20.171.207.14 - - [24/Jun/2025:12:50:50 +0000] "GET /?cate_id=7409&channel=hobbies-equipment&pid=74092366826 HTTP/2.0" 200 100299 "-" "Mozilla/5.0 AppleWebKit/537.36 (KHTML, like Gecko; compatible; GPTBot/1.2; +https://openai.com/gptbot)"
57.141.2.30 - - [24/Jun/2025:12:50:52 +0000] "GET /buy.php?pid=59032231176& HTTP/2.0" 404 - "-" "meta-externalagent/1.1 (+https://developers.facebook.com/docs/sharing/webmasters/crawler)"
20.171.207.14 - - [24/Jun/2025:12:50:53 +0000] "GET /?cate_id=6013&channel=fashion-outerwear&pid=60132944197 HTTP/2.0" 200 100299 "-" "Mozilla/5.0 AppleWebKit/537.36 (KHTML, like Gecko; compatible; GPTBot/1.2; +https://openai.com/gptbot)"
57.141.2.16 - - [24/Jun/2025:12:50:54 +0000] "GET /buy.php?pid=65332948730& HTTP/2.0" 404 - "-" "meta-externalagent/1.1 (+https://developers.facebook.com/docs/sharing/webmasters/crawler)"
20.171.207.14 - - [24/Jun/2025:12:50:55 +0000] "GET /?cate_id=6013&channel=fashion-outerwear&pid=60132367998 HTTP/2.0" 200 100299 "-" "Mozilla/5.0 AppleWebKit/537.36 (KHTML, like Gecko; compatible; GPTBot/1.2; +https://openai.com/gptbot)"
40.77.167.75 - - [24/Jun/2025:12:50:56 +0000] "GET /buy.php?pid=55811371029&channel=diy-angle-meters&cate_id=5581 HTTP/2.0" 404 - "-" "Mozilla/5.0 AppleWebKit/537.36 (KHTML, like Gecko; compatible; bingbot/2.0; +http://www.bing.com/bingbot.htm) Chrome/116.0.1938.76 Safari/537.36"
57.141.2.15 - - [24/Jun/2025:12:50:56 +0000] "GET /buy.php?pid=54352205881& HTTP/2.0" 404 - "-" "meta-externalagent/1.1 (+https://developers.facebook.com/docs/sharing/webmasters/crawler)"
20.171.207.14 - - [24/Jun/2025:12:50:57 +0000] "GET /?cate_id=7409&channel=hobbies-equipment&pid=74093241842 HTTP/2.0" 200 100299 "-" "Mozilla/5.0 AppleWebKit/537.36 (KHTML, like Gecko; compatible; GPTBot/1.2; +https://openai.com/gptbot)"
57.141.2.3 - - [24/Jun/2025:12:50:57 +0000] "GET /buy.php?pid=68723014614& HTTP/2.0" 404 - "-" "meta-externalagent/1.1 (+https://developers.facebook.com/docs/sharing/webmasters/crawler)"
20.171.207.14 - - [24/Jun/2025:12:50:59 +0000] "GET /?cate_id=6013&channel=fashion-outerwear&pid=60130959972 HTTP/2.0" 200 100299 "-" "Mozilla/5.0 AppleWebKit/537.36 (KHTML, like Gecko; compatible; GPTBot/1.2; +https://openai.com/gptbot)"
57.141.2.27 - - [24/Jun/2025:12:51:00 +0000] "GET /buy.php?pid=60190988337& HTTP/2.0" 404 - "-" "meta-externalagent/1.1 (+https://developers.facebook.com/docs/sharing/webmasters/crawler)"
20.171.207.14 - - [24/Jun/2025:12:51:00 +0000] "GET /?cate_id=6013&channel=fashion-outerwear&pid=60131209375 HTTP/2.0" 200 100299 "-" "Mozilla/5.0 AppleWebKit/537.36 (KHTML, like Gecko; compatible; GPTBot/1.2; +https://openai.com/gptbot)"
57.141.2.1 - - [24/Jun/2025:12:51:01 +0000] "GET /buy.php?pid=51133910629& HTTP/2.0" 404 - "-" "meta-externalagent/1.1 (+https://developers.facebook.com/docs/sharing/webmasters/crawler)"
20.171.207.14 - - [24/Jun/2025:12:51:02 +0000] "GET /?cate_id=6013&channel=fashion-outerwear&pid=60134275013 HTTP/2.0" 200 100299 "-" "Mozilla/5.0 AppleWebKit/537.36 (KHTML, like Gecko; compatible; GPTBot/1.2; +https://openai.com/gptbot)"
57.141.2.16 - - [24/Jun/2025:12:51:03 +0000] "GET /buy.php?pid=60170999169& HTTP/2.0" 404 - "-" "meta-externalagent/1.1 (+https://developers.facebook.com/docs/sharing/webmasters/crawler)"
20.171.207.14 - - [24/Jun/2025:12:51:04 +0000] "GET /?cate_id=7409&channel=hobbies-equipment&pid=74091360421 HTTP/2.0" 200 100299 "-" "Mozilla/5.0 AppleWebKit/537.36 (KHTML, like Gecko; compatible; GPTBot/1.2; +https://openai.com/gptbot)"
57.141.2.20 - - [24/Jun/2025:12:51:05 +0000] "GET /buy.php?pid=60253864195& HTTP/2.0" 404 - "-" "meta-externalagent/1.1 (+https://developers.facebook.com/docs/sharing/webmasters/crawler)"
20.171.207.14 - - [24/Jun/2025:12:51:06 +0000] "GET /?cate_id=6013&channel=fashion-outerwear&pid=60131239045 HTTP/2.0" 200 100299 "-" "Mozilla/5.0 AppleWebKit/537.36 (KHTML, like Gecko; compatible; GPTBot/1.2; +https://openai.com/gptbot)"
20.171.207.14 - - [24/Jun/2025:12:51:07 +0000] "GET /?cate_id=7409&channel=hobbies-equipment&pid=74094238365 HTTP/2.0" 200 100299 "-" "Mozilla/5.0 AppleWebKit/537.36 (KHTML, like Gecko; compatible; GPTBot/1.2; +https://openai.com/gptbot)"
57.141.2.9 - - [24/Jun/2025:12:51:08 +0000] "GET /buy.php?pid=54383305796& HTTP/2.0" 404 - "-" "meta-externalagent/1.1 (+https://developers.facebook.com/docs/sharing/webmasters/crawler)"
20.171.207.14 - - [24/Jun/2025:12:51:09 +0000] "GET /?cate_id=6013&channel=fashion-outerwear&pid=60132279042 HTTP/2.0" 200 100299 "-" "Mozilla/5.0 AppleWebKit/537.36 (KHTML, like Gecko; compatible; GPTBot/1.2; +https://openai.com/gptbot)"
57.141.2.11 - - [24/Jun/2025:12:51:09 +0000] "GET /buy.php?pid=60384145938& HTTP/2.0" 404 - "-" "meta-externalagent/1.1 (+https://developers.facebook.com/docs/sharing/webmasters/crawler)"
20.171.207.14 - - [24/Jun/2025:12:51:10 +0000] "GET /?cate_id=6013&channel=fashion-outerwear&pid=60133967521 HTTP/2.0" 200 100299 "-" "Mozilla/5.0 AppleWebKit/537.36 (KHTML, like Gecko; compatible; GPTBot/1.2; +https://openai.com/gptbot)"
57.141.2.24 - - [24/Jun/2025:12:51:11 +0000] "GET /buy.php?pid=68733737802& HTTP/2.0" 404 - "-" "meta-externalagent/1.1 (+https://developers.facebook.com/docs/sharing/webmasters/crawler)"
20.171.207.14 - - [24/Jun/2025:12:51:12 +0000] "GET /?cate_id=6013&channel=fashion-outerwear&pid=60132668934 HTTP/2.0" 200 100299 "-" "Mozilla/5.0 AppleWebKit/537.36 (KHTML, like Gecko; compatible; GPTBot/1.2; +https://openai.com/gptbot)"
52.167.144.145 - - [24/Jun/2025:12:51:12 +0000] "GET /buy.php?pid=60184013373&channel=fashion-accessories&cate_id=6018 HTTP/2.0" 404 - "-" "Mozilla/5.0 AppleWebKit/537.36 (KHTML, like Gecko; compatible; bingbot/2.0; +http://www.bing.com/bingbot.htm) Chrome/116.0.1938.76 Safari/537.36"
20.171.207.14 - - [24/Jun/2025:12:51:13 +0000] "GET /?cate_id=7409&channel=hobbies-equipment&pid=74092481256 HTTP/2.0" 200 100299 "-" "Mozilla/5.0 AppleWebKit/537.36 (KHTML, like Gecko; compatible; GPTBot/1.2; +https://openai.com/gptbot)"
57.141.2.29 - - [24/Jun/2025:12:51:15 +0000] "GET /buy.php?pid=64994288402& HTTP/2.0" 404 - "-" "meta-externalagent/1.1 (+https://developers.facebook.com/docs/sharing/webmasters/crawler)"
57.141.2.16 - - [24/Jun/2025:12:51:15 +0000] "GET /?pid=67223661284& HTTP/2.0" 200 100299 "-" "meta-externalagent/1.1 (+https://developers.facebook.com/docs/sharing/webmasters/crawler)"
20.171.207.14 - - [24/Jun/2025:12:51:17 +0000] "GET /?cate_id=6013&channel=fashion-outerwear&pid=60132508874 HTTP/2.0" 200 100299 "-" "Mozilla/5.0 AppleWebKit/537.36 (KHTML, like Gecko; compatible; GPTBot/1.2; +https://openai.com/gptbot)"
57.141.2.7 - - [24/Jun/2025:12:51:17 +0000] "GET /buy.php?pid=60161701802& HTTP/2.0" 404 - "-" "meta-externalagent/1.1 (+https://developers.facebook.com/docs/sharing/webmasters/crawler)"
57.141.2.4 - - [24/Jun/2025:12:51:18 +0000] "GET /buy.php?pid=60381688112& HTTP/2.0" 404 - "-" "meta-externalagent/1.1 (+https://developers.facebook.com/docs/sharing/webmasters/crawler)"
20.171.207.14 - - [24/Jun/2025:12:51:21 +0000] "GET /?cate_id=6013&channel=fashion-outerwear&pid=60132595504 HTTP/2.0" 200 100299 "-" "Mozilla/5.0 AppleWebKit/537.36 (KHTML, like Gecko; compatible; GPTBot/1.2; +https://openai.com/gptbot)"
57.141.2.27 - - [24/Jun/2025:12:51:21 +0000] "GET /buy.php?pid=60153053425& HTTP/2.0" 404 - "-" "meta-externalagent/1.1 (+https://developers.facebook.com/docs/sharing/webmasters/crawler)"
20.171.207.14 - - [24/Jun/2025:12:51:22 +0000] "GET /?cate_id=7409&channel=hobbies-equipment&pid=74090556219 HTTP/2.0" 200 100299 "-" "Mozilla/5.0 AppleWebKit/537.36 (KHTML, like Gecko; compatible; GPTBot/1.2; +https://openai.com/gptbot)"
57.141.2.4 - - [24/Jun/2025:12:51:23 +0000] "GET /buy.php?pid=74474057575& HTTP/2.0" 404 - "-" "meta-externalagent/1.1 (+https://developers.facebook.com/docs/sharing/webmasters/crawler)"
20.171.207.14 - - [24/Jun/2025:12:51:24 +0000] "GET /?cate_id=6013&channel=fashion-outerwear&pid=60131848209 HTTP/2.0" 200 100299 "-" "Mozilla/5.0 AppleWebKit/537.36 (KHTML, like Gecko; compatible; GPTBot/1.2; +https://openai.com/gptbot)"
57.141.2.10 - - [24/Jun/2025:12:51:24 +0000] "GET /buy.php?pid=54344239048& HTTP/2.0" 404 - "-" "meta-externalagent/1.1 (+https://developers.facebook.com/docs/sharing/webmasters/crawler)"
20.171.207.14 - - [24/Jun/2025:12:51:26 +0000] "GET /?cate_id=6013&channel=fashion-outerwear&pid=60132799151 HTTP/2.0" 200 100299 "-" "Mozilla/5.0 AppleWebKit/537.36 (KHTML, like Gecko; compatible; GPTBot/1.2; +https://openai.com/gptbot)"
57.141.2.14 - - [24/Jun/2025:12:51:26 +0000] "GET /buy.php?pid=73603985143& HTTP/2.0" 404 - "-" "meta-externalagent/1.1 (+https://developers.facebook.com/docs/sharing/webmasters/crawler)"
57.141.2.19 - - [24/Jun/2025:12:51:28 +0000] "GET /buy.php?pid=60313834938& HTTP/2.0" 404 - "-" "meta-externalagent/1.1 (+https://developers.facebook.com/docs/sharing/webmasters/crawler)"
20.171.207.14 - - [24/Jun/2025:12:51:29 +0000] "GET /?cate_id=6013&channel=fashion-outerwear&pid=60131948786 HTTP/2.0" 200 100299 "-" "Mozilla/5.0 AppleWebKit/537.36 (KHTML, like Gecko; compatible; GPTBot/1.2; +https://openai.com/gptbot)"
57.141.2.12 - - [24/Jun/2025:12:51:30 +0000] "GET /buy.php?pid=60381645535& HTTP/2.0" 404 - "-" "meta-externalagent/1.1 (+https://developers.facebook.com/docs/sharing/webmasters/crawler)"
20.171.207.14 - - [24/Jun/2025:12:51:31 +0000] "GET /?cate_id=7409&channel=hobbies-equipment&pid=74091314552 HTTP/2.0" 200 100299 "-" "Mozilla/5.0 AppleWebKit/537.36 (KHTML, like Gecko; compatible; GPTBot/1.2; +https://openai.com/gptbot)"
57.141.2.29 - - [24/Jun/2025:12:51:32 +0000] "GET /buy.php?pid=64762911016& HTTP/2.0" 404 - "-" "meta-externalagent/1.1 (+https://developers.facebook.com/docs/sharing/webmasters/crawler)"
20.171.207.14 - - [24/Jun/2025:12:51:32 +0000] "GET /?cate_id=6013&channel=fashion-outerwear&pid=60130749635 HTTP/2.0" 200 100299 "-" "Mozilla/5.0 AppleWebKit/537.36 (KHTML, like Gecko; compatible; GPTBot/1.2; +https://openai.com/gptbot)"
20.171.207.14 - - [24/Jun/2025:12:51:34 +0000] "GET /?cate_id=6013&channel=fashion-outerwear&pid=60132792989 HTTP/2.0" 200 100299 "-" "Mozilla/5.0 AppleWebKit/537.36 (KHTML, like Gecko; compatible; GPTBot/1.2; +https://openai.com/gptbot)"
57.141.2.22 - - [24/Jun/2025:12:51:34 +0000] "GET /buy.php?pid=60130581543& HTTP/2.0" 404 - "-" "meta-externalagent/1.1 (+https://developers.facebook.com/docs/sharing/webmasters/crawler)"
20.171.207.14 - - [24/Jun/2025:12:51:35 +0000] "GET /?cate_id=5903&channel=tickets-fireworks&pid=59033716216 HTTP/2.0" 200 100299 "-" "Mozilla/5.0 AppleWebKit/537.36 (KHTML, like Gecko; compatible; GPTBot/1.2; +https://openai.com/gptbot)"
57.141.2.3 - - [24/Jun/2025:12:51:36 +0000] "GET /buy.php?pid=67142207618& HTTP/2.0" 404 - "-" "meta-externalagent/1.1 (+https://developers.facebook.com/docs/sharing/webmasters/crawler)"
20.171.207.14 - - [24/Jun/2025:12:51:37 +0000] "GET /?cate_id=6013&channel=fashion-outerwear&pid=60132852431 HTTP/2.0" 200 100299 "-" "Mozilla/5.0 AppleWebKit/537.36 (KHTML, like Gecko; compatible; GPTBot/1.2; +https://openai.com/gptbot)"
57.141.2.3 - - [24/Jun/2025:12:51:37 +0000] "GET /buy.php?pid=51091872249& HTTP/2.0" 404 - "-" "meta-externalagent/1.1 (+https://developers.facebook.com/docs/sharing/webmasters/crawler)"
20.171.207.14 - - [24/Jun/2025:12:51:38 +0000] "GET /?cate_id=5927&channel=fishing-barbecues&pid=59271438579 HTTP/2.0" 200 100299 "-" "Mozilla/5.0 AppleWebKit/537.36 (KHTML, like Gecko; compatible; GPTBot/1.2; +https://openai.com/gptbot)"
20.171.207.14 - - [24/Jun/2025:12:51:39 +0000] "GET /?cate_id=7409&channel=hobbies-equipment&pid=74091613692 HTTP/2.0" 200 100299 "-" "Mozilla/5.0 AppleWebKit/537.36 (KHTML, like Gecko; compatible; GPTBot/1.2; +https://openai.com/gptbot)"
57.141.2.1 - - [24/Jun/2025:12:51:39 +0000] "GET /buy.php?pid=51144027257& HTTP/2.0" 404 - "-" "meta-externalagent/1.1 (+https://developers.facebook.com/docs/sharing/webmasters/crawler)"
57.141.2.15 - - [24/Jun/2025:12:51:41 +0000] "GET /buy.php?pid=60142242289& HTTP/2.0" 404 - "-" "meta-externalagent/1.1 (+https://developers.facebook.com/docs/sharing/webmasters/crawler)"
20.171.207.14 - - [24/Jun/2025:12:51:41 +0000] "GET /?cate_id=6013&channel=fashion-outerwear&pid=60132827990 HTTP/2.0" 200 100299 "-" "Mozilla/5.0 AppleWebKit/537.36 (KHTML, like Gecko; compatible; GPTBot/1.2; +https://openai.com/gptbot)"
20.171.207.14 - - [24/Jun/2025:12:51:43 +0000] "GET /?cate_id=6013&channel=fashion-outerwear&pid=60134409765 HTTP/2.0" 200 100299 "-" "Mozilla/5.0 AppleWebKit/537.36 (KHTML, like Gecko; compatible; GPTBot/1.2; +https://openai.com/gptbot)"
20.171.207.14 - - [24/Jun/2025:12:51:44 +0000] "GET /?cate_id=7409&channel=hobbies-equipment&pid=74091643148 HTTP/2.0" 200 100299 "-" "Mozilla/5.0 AppleWebKit/537.36 (KHTML, like Gecko; compatible; GPTBot/1.2; +https://openai.com/gptbot)"
57.141.2.8 - - [24/Jun/2025:12:51:45 +0000] "GET /buy.php?pid=60134145878& HTTP/2.0" 404 - "-" "meta-externalagent/1.1 (+https://developers.facebook.com/docs/sharing/webmasters/crawler)"
20.171.207.14 - - [24/Jun/2025:12:51:45 +0000] "GET /?cate_id=6013&channel=fashion-outerwear&pid=60132987696 HTTP/2.0" 200 100299 "-" "Mozilla/5.0 AppleWebKit/537.36 (KHTML, like Gecko; compatible; GPTBot/1.2; +https://openai.com/gptbot)"
57.141.2.7 - - [24/Jun/2025:12:51:45 +0000] "GET /?pid=74121625992& HTTP/2.0" 200 100299 "-" "meta-externalagent/1.1 (+https://developers.facebook.com/docs/sharing/webmasters/crawler)"
57.141.2.7 - - [24/Jun/2025:12:51:47 +0000] "GET /buy.php?pid=60111047379& HTTP/2.0" 404 - "-" "meta-externalagent/1.1 (+https://developers.facebook.com/docs/sharing/webmasters/crawler)"
20.171.207.14 - - [24/Jun/2025:12:51:47 +0000] "GET /?cate_id=6013&channel=fashion-outerwear&pid=60134475123 HTTP/2.0" 200 100299 "-" "Mozilla/5.0 AppleWebKit/537.36 (KHTML, like Gecko; compatible; GPTBot/1.2; +https://openai.com/gptbot)"
20.171.207.14 - - [24/Jun/2025:12:51:48 +0000] "GET /?cate_id=6013&channel=fashion-outerwear&pid=60133471892 HTTP/2.0" 200 100299 "-" "Mozilla/5.0 AppleWebKit/537.36 (KHTML, like Gecko; compatible; GPTBot/1.2; +https://openai.com/gptbot)"
57.141.2.28 - - [24/Jun/2025:12:51:49 +0000] "GET /buy.php?pid=74684257395& HTTP/2.0" 404 - "-" "meta-externalagent/1.1 (+https://developers.facebook.com/docs/sharing/webmasters/crawler)"
20.171.207.14 - - [24/Jun/2025:12:51:49 +0000] "GET /?cate_id=6013&channel=fashion-outerwear&pid=60132298487 HTTP/2.0" 200 100299 "-" "Mozilla/5.0 AppleWebKit/537.36 (KHTML, like Gecko; compatible; GPTBot/1.2; +https://openai.com/gptbot)"
20.171.207.14 - - [24/Jun/2025:12:51:50 +0000] "GET /?cate_id=7422&channel=flowers-gardening&pid=74223181306 HTTP/2.0" 200 100299 "-" "Mozilla/5.0 AppleWebKit/537.36 (KHTML, like Gecko; compatible; GPTBot/1.2; +https://openai.com/gptbot)"
57.141.2.10 - - [24/Jun/2025:12:51:51 +0000] "GET /buy.php?pid=59912117022& HTTP/2.0" 404 - "-" "meta-externalagent/1.1 (+https://developers.facebook.com/docs/sharing/webmasters/crawler)"
20.171.207.14 - - [24/Jun/2025:12:51:51 +0000] "GET /?cate_id=7409&channel=hobbies-equipment&pid=74093625133 HTTP/2.0" 200 100299 "-" "Mozilla/5.0 AppleWebKit/537.36 (KHTML, like Gecko; compatible; GPTBot/1.2; +https://openai.com/gptbot)"
57.141.2.17 - - [24/Jun/2025:12:51:52 +0000] "GET /buy.php?pid=65631580902& HTTP/2.0" 404 - "-" "meta-externalagent/1.1 (+https://developers.facebook.com/docs/sharing/webmasters/crawler)"
20.171.207.14 - - [24/Jun/2025:12:51:53 +0000] "GET /?cate_id=6013&channel=fashion-outerwear&pid=60133793894 HTTP/2.0" 200 100299 "-" "Mozilla/5.0 AppleWebKit/537.36 (KHTML, like Gecko; compatible; GPTBot/1.2; +https://openai.com/gptbot)"
57.141.2.9 - - [24/Jun/2025:12:51:54 +0000] "GET /buy.php?pid=60150990758& HTTP/2.0" 404 - "-" "meta-externalagent/1.1 (+https://developers.facebook.com/docs/sharing/webmasters/crawler)"
20.171.207.14 - - [24/Jun/2025:12:51:55 +0000] "GET /?cate_id=7409&channel=hobbies-equipment&pid=74091641532 HTTP/2.0" 200 100299 "-" "Mozilla/5.0 AppleWebKit/537.36 (KHTML, like Gecko; compatible; GPTBot/1.2; +https://openai.com/gptbot)"
57.141.2.17 - - [24/Jun/2025:12:51:56 +0000] "GET /buy.php?pid=74182081617& HTTP/2.0" 404 - "-" "meta-externalagent/1.1 (+https://developers.facebook.com/docs/sharing/webmasters/crawler)"
20.171.207.14 - - [24/Jun/2025:12:51:57 +0000] "GET /?cate_id=5497&channel=furniture-pillows&pid=54973623017 HTTP/2.0" 200 100299 "-" "Mozilla/5.0 AppleWebKit/537.36 (KHTML, like Gecko; compatible; GPTBot/1.2; +https://openai.com/gptbot)"
20.171.207.14 - - [24/Jun/2025:12:51:58 +0000] "GET /?cate_id=6013&channel=fashion-outerwear&pid=60131580276 HTTP/2.0" 200 100299 "-" "Mozilla/5.0 AppleWebKit/537.36 (KHTML, like Gecko; compatible; GPTBot/1.2; +https://openai.com/gptbot)"
