57.141.2.12 - - [24/Jun/2025:13:22:58 +0000] "GET /buy.php?pid=52464076980& HTTP/2.0" 404 - "-" "meta-externalagent/1.1 (+https://developers.facebook.com/docs/sharing/webmasters/crawler)"
57.141.2.16 - - [24/Jun/2025:13:22:59 +0000] "GET /buy.php?pid=57781021012& HTTP/2.0" 404 - "-" "meta-externalagent/1.1 (+https://developers.facebook.com/docs/sharing/webmasters/crawler)"
20.171.207.14 - - [24/Jun/2025:13:22:59 +0000] "GET /?cate_id=6869&channel=cars-cars&pid=68692417579 HTTP/2.0" 200 100299 "-" "Mozilla/5.0 AppleWebKit/537.36 (KHTML, like Gecko; compatible; GPTBot/1.2; +https://openai.com/gptbot)"
20.171.207.14 - - [24/Jun/2025:13:23:01 +0000] "GET /?cate_id=6502&channel=tv-lenses&pid=65024075494 HTTP/2.0" 200 100299 "-" "Mozilla/5.0 AppleWebKit/537.36 (KHTML, like Gecko; compatible; GPTBot/1.2; +https://openai.com/gptbot)"
57.141.2.5 - - [24/Jun/2025:13:23:01 +0000] "GET /buy.php?pid=60171919617& HTTP/2.0" 404 - "-" "meta-externalagent/1.1 (+https://developers.facebook.com/docs/sharing/webmasters/crawler)"
20.171.207.14 - - [24/Jun/2025:13:23:02 +0000] "GET /?cate_id=6543&channel=cds-music&pid=65432903360 HTTP/2.0" 200 100299 "-" "Mozilla/5.0 AppleWebKit/537.36 (KHTML, like Gecko; compatible; GPTBot/1.2; +https://openai.com/gptbot)"
20.171.207.14 - - [24/Jun/2025:13:23:03 +0000] "GET /?cate_id=7416&channel=toys-toys&pid=74161157525 HTTP/2.0" 200 100299 "-" "Mozilla/5.0 AppleWebKit/537.36 (KHTML, like Gecko; compatible; GPTBot/1.2; +https://openai.com/gptbot)"
57.141.2.25 - - [24/Jun/2025:13:23:03 +0000] "GET /buy.php?pid=68802524222& HTTP/2.0" 404 - "-" "meta-externalagent/1.1 (+https://developers.facebook.com/docs/sharing/webmasters/crawler)"
57.141.2.24 - - [24/Jun/2025:13:23:04 +0000] "GET /buy.php?pid=60144345422& HTTP/2.0" 404 - "-" "meta-externalagent/1.1 (+https://developers.facebook.com/docs/sharing/webmasters/crawler)"
20.171.207.14 - - [24/Jun/2025:13:23:05 +0000] "GET /?cate_id=5976&channel=food-food&pid=59760897461 HTTP/2.0" 200 100299 "-" "Mozilla/5.0 AppleWebKit/537.36 (KHTML, like Gecko; compatible; GPTBot/1.2; +https://openai.com/gptbot)"
57.141.2.8 - - [24/Jun/2025:13:23:06 +0000] "GET /buy.php?pid=74200916755& HTTP/2.0" 404 - "-" "meta-externalagent/1.1 (+https://developers.facebook.com/docs/sharing/webmasters/crawler)"
20.171.207.14 - - [24/Jun/2025:13:23:07 +0000] "GET /?cate_id=7416&channel=toys-toys&pid=74163267241 HTTP/2.0" 200 100299 "-" "Mozilla/5.0 AppleWebKit/537.36 (KHTML, like Gecko; compatible; GPTBot/1.2; +https://openai.com/gptbot)"
20.171.207.14 - - [24/Jun/2025:13:23:09 +0000] "GET /?cate_id=7416&channel=toys-toys&pid=74163412331 HTTP/2.0" 200 100299 "-" "Mozilla/5.0 AppleWebKit/537.36 (KHTML, like Gecko; compatible; GPTBot/1.2; +https://openai.com/gptbot)"
20.171.207.14 - - [24/Jun/2025:13:23:10 +0000] "GET /?cate_id=7418&channel=cars-cars&pid=74182495761 HTTP/2.0" 200 100299 "-" "Mozilla/5.0 AppleWebKit/537.36 (KHTML, like Gecko; compatible; GPTBot/1.2; +https://openai.com/gptbot)"
57.141.2.22 - - [24/Jun/2025:13:23:10 +0000] "GET /buy.php?pid=60383178900& HTTP/2.0" 404 - "-" "meta-externalagent/1.1 (+https://developers.facebook.com/docs/sharing/webmasters/crawler)"
20.171.207.14 - - [24/Jun/2025:13:23:12 +0000] "GET /?cate_id=7418&channel=cars-cars&pid=74181409336 HTTP/2.0" 200 100299 "-" "Mozilla/5.0 AppleWebKit/537.36 (KHTML, like Gecko; compatible; GPTBot/1.2; +https://openai.com/gptbot)"
57.141.2.20 - - [24/Jun/2025:13:23:12 +0000] "GET /buy.php?pid=74422926119& HTTP/2.0" 404 - "-" "meta-externalagent/1.1 (+https://developers.facebook.com/docs/sharing/webmasters/crawler)"
20.171.207.14 - - [24/Jun/2025:13:23:13 +0000] "GET /?cate_id=7418&channel=cars-cars&pid=74182045600 HTTP/2.0" 200 100299 "-" "Mozilla/5.0 AppleWebKit/537.36 (KHTML, like Gecko; compatible; GPTBot/1.2; +https://openai.com/gptbot)"
20.171.207.14 - - [24/Jun/2025:13:23:14 +0000] "GET /?cate_id=7418&channel=cars-cars&pid=74182101532 HTTP/2.0" 200 100299 "-" "Mozilla/5.0 AppleWebKit/537.36 (KHTML, like Gecko; compatible; GPTBot/1.2; +https://openai.com/gptbot)"
57.141.2.1 - - [24/Jun/2025:13:23:14 +0000] "GET /?pid=60382782630& HTTP/2.0" 200 100299 "-" "meta-externalagent/1.1 (+https://developers.facebook.com/docs/sharing/webmasters/crawler)"
57.141.2.30 - - [24/Jun/2025:13:23:15 +0000] "GET /buy.php?pid=67690535933& HTTP/2.0" 404 - "-" "meta-externalagent/1.1 (+https://developers.facebook.com/docs/sharing/webmasters/crawler)"
57.141.2.28 - - [24/Jun/2025:13:23:15 +0000] "GET /?pid=61863947578& HTTP/2.0" 200 100299 "-" "meta-externalagent/1.1 (+https://developers.facebook.com/docs/sharing/webmasters/crawler)"
20.171.207.14 - - [24/Jun/2025:13:23:16 +0000] "GET /?cate_id=5958&channel=food-wine&pid=59583211263 HTTP/2.0" 200 100299 "-" "Mozilla/5.0 AppleWebKit/537.36 (KHTML, like Gecko; compatible; GPTBot/1.2; +https://openai.com/gptbot)"
20.171.207.14 - - [24/Jun/2025:13:23:18 +0000] "GET /?cate_id=6543&channel=cds-music&pid=65432903360 HTTP/2.0" 200 100299 "-" "Mozilla/5.0 AppleWebKit/537.36 (KHTML, like Gecko; compatible; GPTBot/1.2; +https://openai.com/gptbot)"
57.141.2.8 - - [24/Jun/2025:13:23:18 +0000] "GET /?pid=74122283134& HTTP/2.0" 200 100299 "-" "meta-externalagent/1.1 (+https://developers.facebook.com/docs/sharing/webmasters/crawler)"
20.171.207.14 - - [24/Jun/2025:13:23:19 +0000] "GET /?cate_id=7418&channel=cars-cars&pid=74182304086 HTTP/2.0" 200 100299 "-" "Mozilla/5.0 AppleWebKit/537.36 (KHTML, like Gecko; compatible; GPTBot/1.2; +https://openai.com/gptbot)"
57.141.2.27 - - [24/Jun/2025:13:23:19 +0000] "GET /buy.php?pid=74111567214& HTTP/2.0" 404 - "-" "meta-externalagent/1.1 (+https://developers.facebook.com/docs/sharing/webmasters/crawler)"
20.171.207.14 - - [24/Jun/2025:13:23:20 +0000] "GET /?cate_id=7418&channel=cars-cars&pid=74183687895 HTTP/2.0" 200 100299 "-" "Mozilla/5.0 AppleWebKit/537.36 (KHTML, like Gecko; compatible; GPTBot/1.2; +https://openai.com/gptbot)"
57.141.2.19 - - [24/Jun/2025:13:23:20 +0000] "GET /buy.php?pid=74492906830& HTTP/2.0" 404 - "-" "meta-externalagent/1.1 (+https://developers.facebook.com/docs/sharing/webmasters/crawler)"
57.141.2.6 - - [24/Jun/2025:13:23:20 +0000] "GET /?pid=74470781360& HTTP/2.0" 200 100299 "-" "meta-externalagent/1.1 (+https://developers.facebook.com/docs/sharing/webmasters/crawler)"
57.141.2.3 - - [24/Jun/2025:13:23:21 +0000] "GET /buy.php?pid=65623925501& HTTP/2.0" 404 - "-" "meta-externalagent/1.1 (+https://developers.facebook.com/docs/sharing/webmasters/crawler)"
20.171.207.14 - - [24/Jun/2025:13:23:21 +0000] "GET /?cate_id=6869&channel=cars-cars&pid=68692745719 HTTP/2.0" 200 100299 "-" "Mozilla/5.0 AppleWebKit/537.36 (KHTML, like Gecko; compatible; GPTBot/1.2; +https://openai.com/gptbot)"
57.141.2.24 - - [24/Jun/2025:13:23:22 +0000] "GET /buy.php?pid=59254086254& HTTP/2.0" 404 - "-" "meta-externalagent/1.1 (+https://developers.facebook.com/docs/sharing/webmasters/crawler)"
20.171.207.14 - - [24/Jun/2025:13:23:22 +0000] "GET /?cate_id=7484&channel=audio-tvs&pid=74841614691 HTTP/2.0" 200 100299 "-" "Mozilla/5.0 AppleWebKit/537.36 (KHTML, like Gecko; compatible; GPTBot/1.2; +https://openai.com/gptbot)"
57.141.2.25 - - [24/Jun/2025:13:23:22 +0000] "GET /?pid=65353662421& HTTP/2.0" 200 100299 "-" "meta-externalagent/1.1 (+https://developers.facebook.com/docs/sharing/webmasters/crawler)"
20.171.207.14 - - [24/Jun/2025:13:23:24 +0000] "GET /?cate_id=7418&channel=cars-cars&pid=74182908608 HTTP/2.0" 200 100299 "-" "Mozilla/5.0 AppleWebKit/537.36 (KHTML, like Gecko; compatible; GPTBot/1.2; +https://openai.com/gptbot)"
57.141.2.18 - - [24/Jun/2025:13:23:25 +0000] "GET /buy.php?pid=64021175168& HTTP/2.0" 404 - "-" "meta-externalagent/1.1 (+https://developers.facebook.com/docs/sharing/webmasters/crawler)"
20.171.207.14 - - [24/Jun/2025:13:23:25 +0000] "GET /?cate_id=7418&channel=cars-cars&pid=74184102366 HTTP/2.0" 200 100299 "-" "Mozilla/5.0 AppleWebKit/537.36 (KHTML, like Gecko; compatible; GPTBot/1.2; +https://openai.com/gptbot)"
57.141.2.23 - - [24/Jun/2025:13:23:25 +0000] "GET /?pid=57783974605& HTTP/2.0" 200 100299 "-" "meta-externalagent/1.1 (+https://developers.facebook.com/docs/sharing/webmasters/crawler)"
57.141.2.26 - - [24/Jun/2025:13:23:26 +0000] "GET /buy.php?pid=68571828333& HTTP/2.0" 404 - "-" "meta-externalagent/1.1 (+https://developers.facebook.com/docs/sharing/webmasters/crawler)"
20.171.207.14 - - [24/Jun/2025:13:23:27 +0000] "GET /?cate_id=6869&channel=cars-cars&pid=68692295041 HTTP/2.0" 200 100299 "-" "Mozilla/5.0 AppleWebKit/537.36 (KHTML, like Gecko; compatible; GPTBot/1.2; +https://openai.com/gptbot)"
57.141.2.14 - - [24/Jun/2025:13:23:28 +0000] "GET /buy.php?pid=60463372751& HTTP/2.0" 404 - "-" "meta-externalagent/1.1 (+https://developers.facebook.com/docs/sharing/webmasters/crawler)"
52.167.144.171 - - [24/Jun/2025:13:23:29 +0000] "GET /buy.php?pid=73963977582&channel=cds-records&cate_id=7396 HTTP/2.0" 404 - "-" "Mozilla/5.0 AppleWebKit/537.36 (KHTML, like Gecko; compatible; bingbot/2.0; +http://www.bing.com/bingbot.htm) Chrome/116.0.1938.76 Safari/537.36"
20.171.207.14 - - [24/Jun/2025:13:23:29 +0000] "GET /?cate_id=7418&channel=cars-cars&pid=74182196327 HTTP/2.0" 200 100299 "-" "Mozilla/5.0 AppleWebKit/537.36 (KHTML, like Gecko; compatible; GPTBot/1.2; +https://openai.com/gptbot)"
57.141.2.17 - - [24/Jun/2025:13:23:29 +0000] "GET /buy.php?pid=59573164013& HTTP/2.0" 404 - "-" "meta-externalagent/1.1 (+https://developers.facebook.com/docs/sharing/webmasters/crawler)"
57.141.2.16 - - [24/Jun/2025:13:23:31 +0000] "GET /buy.php?pid=59574092677& HTTP/2.0" 404 - "-" "meta-externalagent/1.1 (+https://developers.facebook.com/docs/sharing/webmasters/crawler)"
20.171.207.14 - - [24/Jun/2025:13:23:31 +0000] "GET /?cate_id=7418&channel=cars-cars&pid=74180904366 HTTP/2.0" 200 100299 "-" "Mozilla/5.0 AppleWebKit/537.36 (KHTML, like Gecko; compatible; GPTBot/1.2; +https://openai.com/gptbot)"
57.141.2.19 - - [24/Jun/2025:13:23:32 +0000] "GET /buy.php?pid=65621682030& HTTP/2.0" 404 - "-" "meta-externalagent/1.1 (+https://developers.facebook.com/docs/sharing/webmasters/crawler)"
20.171.207.14 - - [24/Jun/2025:13:23:33 +0000] "GET /?cate_id=5976&channel=food-food&pid=59763029389 HTTP/2.0" 200 100299 "-" "Mozilla/5.0 AppleWebKit/537.36 (KHTML, like Gecko; compatible; GPTBot/1.2; +https://openai.com/gptbot)"
20.171.207.14 - - [24/Jun/2025:13:23:35 +0000] "GET /?cate_id=5962&channel=food-rice&pid=59623994749 HTTP/2.0" 200 100299 "-" "Mozilla/5.0 AppleWebKit/537.36 (KHTML, like Gecko; compatible; GPTBot/1.2; +https://openai.com/gptbot)"
57.141.2.18 - - [24/Jun/2025:13:23:34 +0000] "GET /?pid=61664172775& HTTP/2.0" 200 100299 "-" "meta-externalagent/1.1 (+https://developers.facebook.com/docs/sharing/webmasters/crawler)"
57.141.2.7 - - [24/Jun/2025:13:23:35 +0000] "GET /buy.php?pid=60113977161& HTTP/2.0" 404 - "-" "meta-externalagent/1.1 (+https://developers.facebook.com/docs/sharing/webmasters/crawler)"
57.141.2.4 - - [24/Jun/2025:13:23:35 +0000] "GET /buy.php?pid=53401829911& HTTP/2.0" 404 - "-" "meta-externalagent/1.1 (+https://developers.facebook.com/docs/sharing/webmasters/crawler)"
20.171.207.14 - - [24/Jun/2025:13:23:37 +0000] "GET /?cate_id=7418&channel=cars-cars&pid=74182748936 HTTP/2.0" 200 100299 "-" "Mozilla/5.0 AppleWebKit/537.36 (KHTML, like Gecko; compatible; GPTBot/1.2; +https://openai.com/gptbot)"
20.171.207.14 - - [24/Jun/2025:13:23:38 +0000] "GET /?cate_id=5962&channel=food-rice&pid=59622366754 HTTP/2.0" 200 100299 "-" "Mozilla/5.0 AppleWebKit/537.36 (KHTML, like Gecko; compatible; GPTBot/1.2; +https://openai.com/gptbot)"
57.141.2.20 - - [24/Jun/2025:13:23:39 +0000] "GET /buy.php?pid=54263994344& HTTP/2.0" 404 - "-" "meta-externalagent/1.1 (+https://developers.facebook.com/docs/sharing/webmasters/crawler)"
20.171.207.14 - - [24/Jun/2025:13:23:40 +0000] "GET /?cate_id=6542&channel=dvds-asia&pid=65423743138 HTTP/2.0" 200 100299 "-" "Mozilla/5.0 AppleWebKit/537.36 (KHTML, like Gecko; compatible; GPTBot/1.2; +https://openai.com/gptbot)"
57.141.2.19 - - [24/Jun/2025:13:23:39 +0000] "GET /?pid=60132565935& HTTP/2.0" 200 100299 "-" "meta-externalagent/1.1 (+https://developers.facebook.com/docs/sharing/webmasters/crawler)"
57.141.2.4 - - [24/Jun/2025:13:23:40 +0000] "GET /buy.php?pid=60164312681& HTTP/2.0" 404 - "-" "meta-externalagent/1.1 (+https://developers.facebook.com/docs/sharing/webmasters/crawler)"
20.171.207.14 - - [24/Jun/2025:13:23:42 +0000] "GET /?cate_id=5962&channel=food-rice&pid=59621393397 HTTP/2.0" 200 100299 "-" "Mozilla/5.0 AppleWebKit/537.36 (KHTML, like Gecko; compatible; GPTBot/1.2; +https://openai.com/gptbot)"
57.141.2.5 - - [24/Jun/2025:13:23:42 +0000] "GET /?pid=54480578392& HTTP/2.0" 200 100299 "-" "meta-externalagent/1.1 (+https://developers.facebook.com/docs/sharing/webmasters/crawler)"
20.171.207.14 - - [24/Jun/2025:13:23:44 +0000] "GET /?cate_id=6499&channel=tv-player&pid=64991251064 HTTP/2.0" 200 100299 "-" "Mozilla/5.0 AppleWebKit/537.36 (KHTML, like Gecko; compatible; GPTBot/1.2; +https://openai.com/gptbot)"
57.141.2.14 - - [24/Jun/2025:13:23:44 +0000] "GET /buy.php?pid=60381540505& HTTP/2.0" 404 - "-" "meta-externalagent/1.1 (+https://developers.facebook.com/docs/sharing/webmasters/crawler)"
57.141.2.6 - - [24/Jun/2025:13:23:45 +0000] "GET /?pid=67633464419& HTTP/2.0" 200 100299 "-" "meta-externalagent/1.1 (+https://developers.facebook.com/docs/sharing/webmasters/crawler)"
57.141.2.5 - - [24/Jun/2025:13:23:46 +0000] "GET /buy.php?pid=65341794607& HTTP/2.0" 404 - "-" "meta-externalagent/1.1 (+https://developers.facebook.com/docs/sharing/webmasters/crawler)"
20.171.207.14 - - [24/Jun/2025:13:23:46 +0000] "GET /?cate_id=7418&channel=cars-cars&pid=74180791693 HTTP/2.0" 200 100299 "-" "Mozilla/5.0 AppleWebKit/537.36 (KHTML, like Gecko; compatible; GPTBot/1.2; +https://openai.com/gptbot)"
57.141.2.4 - - [24/Jun/2025:13:23:46 +0000] "GET /?pid=51872609907& HTTP/2.0" 200 100299 "-" "meta-externalagent/1.1 (+https://developers.facebook.com/docs/sharing/webmasters/crawler)"
20.171.207.14 - - [24/Jun/2025:13:23:48 +0000] "GET /?cate_id=6543&channel=cds-music&pid=65432646590 HTTP/2.0" 200 100299 "-" "Mozilla/5.0 AppleWebKit/537.36 (KHTML, like Gecko; compatible; GPTBot/1.2; +https://openai.com/gptbot)"
57.141.2.2 - - [24/Jun/2025:13:23:49 +0000] "GET /buy.php?pid=69482702511& HTTP/2.0" 404 - "-" "meta-externalagent/1.1 (+https://developers.facebook.com/docs/sharing/webmasters/crawler)"
57.141.2.28 - - [24/Jun/2025:13:23:49 +0000] "GET /buy.php?pid=60134052315& HTTP/2.0" 404 - "-" "meta-externalagent/1.1 (+https://developers.facebook.com/docs/sharing/webmasters/crawler)"
20.171.207.14 - - [24/Jun/2025:13:23:50 +0000] "GET /?cate_id=7418&channel=cars-cars&pid=74182920166 HTTP/2.0" 200 100299 "-" "Mozilla/5.0 AppleWebKit/537.36 (KHTML, like Gecko; compatible; GPTBot/1.2; +https://openai.com/gptbot)"
20.171.207.14 - - [24/Jun/2025:13:23:51 +0000] "GET /?cate_id=6499&channel=tv-player&pid=64994378262 HTTP/2.0" 200 100299 "-" "Mozilla/5.0 AppleWebKit/537.36 (KHTML, like Gecko; compatible; GPTBot/1.2; +https://openai.com/gptbot)"
57.141.2.25 - - [24/Jun/2025:13:23:53 +0000] "GET /buy.php?pid=60381398706& HTTP/2.0" 404 - "-" "meta-externalagent/1.1 (+https://developers.facebook.com/docs/sharing/webmasters/crawler)"
57.141.2.9 - - [24/Jun/2025:13:23:54 +0000] "GET /buy.php?pid=73590987047& HTTP/2.0" 404 - "-" "meta-externalagent/1.1 (+https://developers.facebook.com/docs/sharing/webmasters/crawler)"
20.171.207.14 - - [24/Jun/2025:13:23:54 +0000] "GET /?cate_id=7418&channel=cars-cars&pid=74184430502 HTTP/2.0" 200 100299 "-" "Mozilla/5.0 AppleWebKit/537.36 (KHTML, like Gecko; compatible; GPTBot/1.2; +https://openai.com/gptbot)"
52.167.144.137 - - [24/Jun/2025:13:23:54 +0000] "GET /buy.php?pid=73470726533&channel=sports-baseball&cate_id=7347 HTTP/2.0" 404 - "-" "Mozilla/5.0 AppleWebKit/537.36 (KHTML, like Gecko; compatible; bingbot/2.0; +http://www.bing.com/bingbot.htm) Chrome/116.0.1938.76 Safari/537.36"
57.141.2.8 - - [24/Jun/2025:13:23:55 +0000] "GET /buy.php?pid=52151940250& HTTP/2.0" 404 - "-" "meta-externalagent/1.1 (+https://developers.facebook.com/docs/sharing/webmasters/crawler)"
57.141.2.6 - - [24/Jun/2025:13:23:56 +0000] "GET /buy.php?pid=60131753320& HTTP/2.0" 404 - "-" "meta-externalagent/1.1 (+https://developers.facebook.com/docs/sharing/webmasters/crawler)"
20.171.207.14 - - [24/Jun/2025:13:23:56 +0000] "GET /?cate_id=6502&channel=tv-lenses&pid=65022887980 HTTP/2.0" 200 100299 "-" "Mozilla/5.0 AppleWebKit/537.36 (KHTML, like Gecko; compatible; GPTBot/1.2; +https://openai.com/gptbot)"
57.141.2.16 - - [24/Jun/2025:13:23:57 +0000] "GET /buy.php?pid=59571339570& HTTP/2.0" 404 - "-" "meta-externalagent/1.1 (+https://developers.facebook.com/docs/sharing/webmasters/crawler)"
20.171.207.14 - - [24/Jun/2025:13:23:57 +0000] "GET /?cate_id=7418&channel=cars-cars&pid=74180796344 HTTP/2.0" 200 100299 "-" "Mozilla/5.0 AppleWebKit/537.36 (KHTML, like Gecko; compatible; GPTBot/1.2; +https://openai.com/gptbot)"
20.171.207.14 - - [24/Jun/2025:13:23:59 +0000] "GET /?cate_id=5958&channel=food-wine&pid=59582712942 HTTP/2.0" 200 100299 "-" "Mozilla/5.0 AppleWebKit/537.36 (KHTML, like Gecko; compatible; GPTBot/1.2; +https://openai.com/gptbot)"
57.141.2.5 - - [24/Jun/2025:13:23:59 +0000] "GET /buy.php?pid=58644014194& HTTP/2.0" 404 - "-" "meta-externalagent/1.1 (+https://developers.facebook.com/docs/sharing/webmasters/crawler)"
20.171.207.14 - - [24/Jun/2025:13:24:00 +0000] "GET /?cate_id=7418&channel=cars-cars&pid=74183490854 HTTP/2.0" 200 100299 "-" "Mozilla/5.0 AppleWebKit/537.36 (KHTML, like Gecko; compatible; GPTBot/1.2; +https://openai.com/gptbot)"
57.141.2.29 - - [24/Jun/2025:13:24:01 +0000] "GET /buy.php?pid=60161210844& HTTP/2.0" 404 - "-" "meta-externalagent/1.1 (+https://developers.facebook.com/docs/sharing/webmasters/crawler)"
20.171.207.14 - - [24/Jun/2025:13:24:02 +0000] "GET /?cate_id=5976&channel=food-food&pid=59763348732 HTTP/2.0" 200 100299 "-" "Mozilla/5.0 AppleWebKit/537.36 (KHTML, like Gecko; compatible; GPTBot/1.2; +https://openai.com/gptbot)"
20.171.207.14 - - [24/Jun/2025:13:24:03 +0000] "GET /?cate_id=5958&channel=food-wine&pid=59582873039 HTTP/2.0" 200 100299 "-" "Mozilla/5.0 AppleWebKit/537.36 (KHTML, like Gecko; compatible; GPTBot/1.2; +https://openai.com/gptbot)"
57.141.2.27 - - [24/Jun/2025:13:24:03 +0000] "GET /buy.php?pid=68953931053& HTTP/2.0" 404 - "-" "meta-externalagent/1.1 (+https://developers.facebook.com/docs/sharing/webmasters/crawler)"
20.171.207.14 - - [24/Jun/2025:13:24:04 +0000] "GET /?cate_id=7418&channel=cars-cars&pid=74180842265 HTTP/2.0" 200 100299 "-" "Mozilla/5.0 AppleWebKit/537.36 (KHTML, like Gecko; compatible; GPTBot/1.2; +https://openai.com/gptbot)"
20.171.207.14 - - [24/Jun/2025:13:24:06 +0000] "GET /?cate_id=7418&channel=cars-cars&pid=74184206463 HTTP/2.0" 200 100299 "-" "Mozilla/5.0 AppleWebKit/537.36 (KHTML, like Gecko; compatible; GPTBot/1.2; +https://openai.com/gptbot)"
57.141.2.28 - - [24/Jun/2025:13:24:06 +0000] "GET /buy.php?pid=54414250897& HTTP/2.0" 404 - "-" "meta-externalagent/1.1 (+https://developers.facebook.com/docs/sharing/webmasters/crawler)"
57.141.2.30 - - [24/Jun/2025:13:24:06 +0000] "GET /?pid=65051768195& HTTP/2.0" 200 100299 "-" "meta-externalagent/1.1 (+https://developers.facebook.com/docs/sharing/webmasters/crawler)"
20.171.207.14 - - [24/Jun/2025:13:24:08 +0000] "GET /?cate_id=6543&channel=cds-music&pid=65430980406 HTTP/2.0" 200 100299 "-" "Mozilla/5.0 AppleWebKit/537.36 (KHTML, like Gecko; compatible; GPTBot/1.2; +https://openai.com/gptbot)"
57.141.2.27 - - [24/Jun/2025:13:24:09 +0000] "GET /buy.php?pid=53504119849& HTTP/2.0" 404 - "-" "meta-externalagent/1.1 (+https://developers.facebook.com/docs/sharing/webmasters/crawler)"
52.167.144.171 - - [24/Jun/2025:13:24:09 +0000] "GET /buy.php?pid=51971761835&channel=computers-mobile-phone&cate_id=5197 HTTP/2.0" 404 - "-" "Mozilla/5.0 AppleWebKit/537.36 (KHTML, like Gecko; compatible; bingbot/2.0; +http://www.bing.com/bingbot.htm) Chrome/116.0.1938.76 Safari/537.36"
20.171.207.14 - - [24/Jun/2025:13:24:10 +0000] "GET /?cate_id=6499&channel=tv-player&pid=64993879760 HTTP/2.0" 200 100299 "-" "Mozilla/5.0 AppleWebKit/537.36 (KHTML, like Gecko; compatible; GPTBot/1.2; +https://openai.com/gptbot)"
52.167.144.171 - - [24/Jun/2025:13:24:10 +0000] "GET /buy.php?pid=65041447184&channel=tv-projectors&cate_id=6504 HTTP/2.0" 404 - "-" "Mozilla/5.0 AppleWebKit/537.36 (KHTML, like Gecko; compatible; bingbot/2.0; +http://www.bing.com/bingbot.htm) Chrome/116.0.1938.76 Safari/537.36"
57.141.2.1 - - [24/Jun/2025:13:24:11 +0000] "GET /buy.php?pid=64944161536& HTTP/2.0" 404 - "-" "meta-externalagent/1.1 (+https://developers.facebook.com/docs/sharing/webmasters/crawler)"
20.171.207.14 - - [24/Jun/2025:13:24:11 +0000] "GET /?cate_id=6502&channel=tv-lenses&pid=65022887980 HTTP/2.0" 200 100299 "-" "Mozilla/5.0 AppleWebKit/537.36 (KHTML, like Gecko; compatible; GPTBot/1.2; +https://openai.com/gptbot)"
57.141.2.14 - - [24/Jun/2025:13:24:11 +0000] "GET /?pid=59242433483& HTTP/2.0" 200 100299 "-" "meta-externalagent/1.1 (+https://developers.facebook.com/docs/sharing/webmasters/crawler)"
57.141.2.6 - - [24/Jun/2025:13:24:13 +0000] "GET /buy.php?pid=74184392025& HTTP/2.0" 404 - "-" "meta-externalagent/1.1 (+https://developers.facebook.com/docs/sharing/webmasters/crawler)"
185.191.171.16 - - [24/Jun/2025:13:24:13 +0000] "GET /buy.php?cate_id=6014&channel=fashion-tops&pid=60142418971 HTTP/1.1" 404 - "-" "Mozilla/5.0 (compatible; SemrushBot/7~bl; +http://www.semrush.com/bot.html)"
20.171.207.14 - - [24/Jun/2025:13:24:13 +0000] "GET /?cate_id=7418&channel=cars-cars&pid=74181397105 HTTP/2.0" 200 100299 "-" "Mozilla/5.0 AppleWebKit/537.36 (KHTML, like Gecko; compatible; GPTBot/1.2; +https://openai.com/gptbot)"
20.171.207.14 - - [24/Jun/2025:13:24:15 +0000] "GET /?cate_id=5976&channel=food-food&pid=59764315478 HTTP/2.0" 200 100299 "-" "Mozilla/5.0 AppleWebKit/537.36 (KHTML, like Gecko; compatible; GPTBot/1.2; +https://openai.com/gptbot)"
57.141.2.27 - - [24/Jun/2025:13:24:15 +0000] "GET /buy.php?pid=73472510436& HTTP/2.0" 404 - "-" "meta-externalagent/1.1 (+https://developers.facebook.com/docs/sharing/webmasters/crawler)"
57.141.2.13 - - [24/Jun/2025:13:24:18 +0000] "GET /buy.php?pid=60160522068& HTTP/2.0" 404 - "-" "meta-externalagent/1.1 (+https://developers.facebook.com/docs/sharing/webmasters/crawler)"
20.171.207.14 - - [24/Jun/2025:13:24:18 +0000] "GET /?cate_id=7418&channel=cars-cars&pid=74183436492 HTTP/2.0" 200 100299 "-" "Mozilla/5.0 AppleWebKit/537.36 (KHTML, like Gecko; compatible; GPTBot/1.2; +https://openai.com/gptbot)"
57.141.2.26 - - [24/Jun/2025:13:24:18 +0000] "GET /?pid=74252679722& HTTP/2.0" 200 100299 "-" "meta-externalagent/1.1 (+https://developers.facebook.com/docs/sharing/webmasters/crawler)"
57.141.2.5 - - [24/Jun/2025:13:24:20 +0000] "GET /buy.php?pid=74843303773& HTTP/2.0" 404 - "-" "meta-externalagent/1.1 (+https://developers.facebook.com/docs/sharing/webmasters/crawler)"
20.171.207.14 - - [24/Jun/2025:13:24:20 +0000] "GET /?cate_id=5208&channel=sports-caddy-bags&pid=52083070536 HTTP/2.0" 200 100299 "-" "Mozilla/5.0 AppleWebKit/537.36 (KHTML, like Gecko; compatible; GPTBot/1.2; +https://openai.com/gptbot)"
57.141.2.11 - - [24/Jun/2025:13:24:20 +0000] "GET /?pid=74080915780& HTTP/2.0" 200 100299 "-" "meta-externalagent/1.1 (+https://developers.facebook.com/docs/sharing/webmasters/crawler)"
57.141.2.24 - - [24/Jun/2025:13:24:20 +0000] "GET /?pid=52192100335& HTTP/2.0" 200 100299 "-" "meta-externalagent/1.1 (+https://developers.facebook.com/docs/sharing/webmasters/crawler)"
57.141.2.30 - - [24/Jun/2025:13:24:22 +0000] "GET /buy.php?pid=73592620840& HTTP/2.0" 404 - "-" "meta-externalagent/1.1 (+https://developers.facebook.com/docs/sharing/webmasters/crawler)"
20.171.207.14 - - [24/Jun/2025:13:24:22 +0000] "GET /?cate_id=5208&channel=sports-caddy-bags&pid=52083443093 HTTP/2.0" 200 100299 "-" "Mozilla/5.0 AppleWebKit/537.36 (KHTML, like Gecko; compatible; GPTBot/1.2; +https://openai.com/gptbot)"
57.141.2.8 - - [24/Jun/2025:13:24:23 +0000] "GET /buy.php?pid=60373317817& HTTP/2.0" 404 - "-" "meta-externalagent/1.1 (+https://developers.facebook.com/docs/sharing/webmasters/crawler)"
20.171.207.14 - - [24/Jun/2025:13:24:24 +0000] "GET /?cate_id=6902&channel=hobbies-good-luck&pid=69022101665 HTTP/2.0" 200 100299 "-" "Mozilla/5.0 AppleWebKit/537.36 (KHTML, like Gecko; compatible; GPTBot/1.2; +https://openai.com/gptbot)"
57.141.2.20 - - [24/Jun/2025:13:24:24 +0000] "GET /buy.php?pid=60380648764& HTTP/2.0" 404 - "-" "meta-externalagent/1.1 (+https://developers.facebook.com/docs/sharing/webmasters/crawler)"
57.141.2.17 - - [24/Jun/2025:13:24:25 +0000] "GET /buy.php?pid=55700918963& HTTP/2.0" 404 - "-" "meta-externalagent/1.1 (+https://developers.facebook.com/docs/sharing/webmasters/crawler)"
20.171.207.14 - - [24/Jun/2025:13:24:26 +0000] "GET /?cate_id=5208&channel=sports-caddy-bags&pid=52082300362 HTTP/2.0" 200 100299 "-" "Mozilla/5.0 AppleWebKit/537.36 (KHTML, like Gecko; compatible; GPTBot/1.2; +https://openai.com/gptbot)"
57.141.2.9 - - [24/Jun/2025:13:24:26 +0000] "GET /buy.php?pid=60133083009& HTTP/2.0" 404 - "-" "meta-externalagent/1.1 (+https://developers.facebook.com/docs/sharing/webmasters/crawler)"
20.171.207.14 - - [24/Jun/2025:13:24:27 +0000] "GET /?cate_id=5638&channel=diy-cutting-tools&pid=56382692510 HTTP/2.0" 200 100299 "-" "Mozilla/5.0 AppleWebKit/537.36 (KHTML, like Gecko; compatible; GPTBot/1.2; +https://openai.com/gptbot)"
20.171.207.14 - - [24/Jun/2025:13:24:29 +0000] "GET /?cate_id=6489&channel=cameras-zoom-lens&pid=64893565234 HTTP/2.0" 200 100299 "-" "Mozilla/5.0 AppleWebKit/537.36 (KHTML, like Gecko; compatible; GPTBot/1.2; +https://openai.com/gptbot)"
57.141.2.28 - - [24/Jun/2025:13:24:29 +0000] "GET /buy.php?pid=51271547497& HTTP/2.0" 404 - "-" "meta-externalagent/1.1 (+https://developers.facebook.com/docs/sharing/webmasters/crawler)"
52.167.144.171 - - [24/Jun/2025:13:24:30 +0000] "GET /buy.php?pid=60373535850&channel=fashion-mens&cate_id=6037 HTTP/2.0" 404 - "-" "Mozilla/5.0 AppleWebKit/537.36 (KHTML, like Gecko; compatible; bingbot/2.0; +http://www.bing.com/bingbot.htm) Chrome/116.0.1938.76 Safari/537.36"
52.167.144.171 - - [24/Jun/2025:13:24:30 +0000] "GET /buy.php?pid=64881337694&channel=cameras-digital-cameras&cate_id=6488 HTTP/2.0" 404 - "-" "Mozilla/5.0 AppleWebKit/537.36 (KHTML, like Gecko; compatible; bingbot/2.0; +http://www.bing.com/bingbot.htm) Chrome/116.0.1938.76 Safari/537.36"
57.141.2.5 - - [24/Jun/2025:13:24:31 +0000] "GET /buy.php?pid=69482522441& HTTP/2.0" 404 - "-" "meta-externalagent/1.1 (+https://developers.facebook.com/docs/sharing/webmasters/crawler)"
20.171.207.14 - - [24/Jun/2025:13:24:31 +0000] "GET /?cate_id=5208&channel=sports-caddy-bags&pid=52082150711 HTTP/2.0" 200 100299 "-" "Mozilla/5.0 AppleWebKit/537.36 (KHTML, like Gecko; compatible; GPTBot/1.2; +https://openai.com/gptbot)"
57.141.2.22 - - [24/Jun/2025:13:24:30 +0000] "GET /?pid=74203062896& HTTP/2.0" 200 100299 "-" "meta-externalagent/1.1 (+https://developers.facebook.com/docs/sharing/webmasters/crawler)"
57.141.2.6 - - [24/Jun/2025:13:24:31 +0000] "GET /buy.php?pid=52354379798& HTTP/2.0" 404 - "-" "meta-externalagent/1.1 (+https://developers.facebook.com/docs/sharing/webmasters/crawler)"
57.141.2.15 - - [24/Jun/2025:13:24:30 +0000] "GET /?pid=74121266754& HTTP/2.0" 200 100299 "-" "meta-externalagent/1.1 (+https://developers.facebook.com/docs/sharing/webmasters/crawler)"
20.171.207.14 - - [24/Jun/2025:13:24:32 +0000] "GET /?cate_id=6489&channel=cameras-zoom-lens&pid=64893650410 HTTP/2.0" 200 100299 "-" "Mozilla/5.0 AppleWebKit/537.36 (KHTML, like Gecko; compatible; GPTBot/1.2; +https://openai.com/gptbot)"
57.141.2.4 - - [24/Jun/2025:13:24:33 +0000] "GET /buy.php?pid=74472071000& HTTP/2.0" 404 - "-" "meta-externalagent/1.1 (+https://developers.facebook.com/docs/sharing/webmasters/crawler)"
20.171.207.14 - - [24/Jun/2025:13:24:34 +0000] "GET /?cate_id=5245&channel=sports-ice-hockey&pid=52453724019 HTTP/2.0" 200 100299 "-" "Mozilla/5.0 AppleWebKit/537.36 (KHTML, like Gecko; compatible; GPTBot/1.2; +https://openai.com/gptbot)"
57.141.2.4 - - [24/Jun/2025:13:24:35 +0000] "GET /buy.php?pid=60224467270& HTTP/2.0" 404 - "-" "meta-externalagent/1.1 (+https://developers.facebook.com/docs/sharing/webmasters/crawler)"
20.171.207.14 - - [24/Jun/2025:13:24:35 +0000] "GET /?cate_id=6489&channel=cameras-zoom-lens&pid=64894312064 HTTP/2.0" 200 100299 "-" "Mozilla/5.0 AppleWebKit/537.36 (KHTML, like Gecko; compatible; GPTBot/1.2; +https://openai.com/gptbot)"
57.141.2.25 - - [24/Jun/2025:13:24:36 +0000] "GET /buy.php?pid=54494248960& HTTP/2.0" 404 - "-" "meta-externalagent/1.1 (+https://developers.facebook.com/docs/sharing/webmasters/crawler)"
57.141.2.6 - - [24/Jun/2025:13:24:36 +0000] "GET /?pid=74183238879& HTTP/2.0" 200 100299 "-" "meta-externalagent/1.1 (+https://developers.facebook.com/docs/sharing/webmasters/crawler)"
57.141.2.6 - - [24/Jun/2025:13:24:37 +0000] "GET /buy.php?pid=58392201525& HTTP/2.0" 404 - "-" "meta-externalagent/1.1 (+https://developers.facebook.com/docs/sharing/webmasters/crawler)"
20.171.207.14 - - [24/Jun/2025:13:24:38 +0000] "GET /?cate_id=6902&channel=hobbies-good-luck&pid=69024203640 HTTP/2.0" 200 100299 "-" "Mozilla/5.0 AppleWebKit/537.36 (KHTML, like Gecko; compatible; GPTBot/1.2; +https://openai.com/gptbot)"
57.141.2.13 - - [24/Jun/2025:13:24:38 +0000] "GET /buy.php?pid=60383814880& HTTP/2.0" 404 - "-" "meta-externalagent/1.1 (+https://developers.facebook.com/docs/sharing/webmasters/crawler)"
57.141.2.21 - - [24/Jun/2025:13:24:39 +0000] "GET /buy.php?pid=59623477196& HTTP/2.0" 404 - "-" "meta-externalagent/1.1 (+https://developers.facebook.com/docs/sharing/webmasters/crawler)"
20.171.207.14 - - [24/Jun/2025:13:24:40 +0000] "GET /?cate_id=6536&channel=cds-western-music&pid=65363591748 HTTP/2.0" 200 100299 "-" "Mozilla/5.0 AppleWebKit/537.36 (KHTML, like Gecko; compatible; GPTBot/1.2; +https://openai.com/gptbot)"
57.141.2.12 - - [24/Jun/2025:13:24:40 +0000] "GET /buy.php?pid=60382980976& HTTP/2.0" 404 - "-" "meta-externalagent/1.1 (+https://developers.facebook.com/docs/sharing/webmasters/crawler)"
20.171.207.14 - - [24/Jun/2025:13:24:41 +0000] "GET /?cate_id=5446&channel=decor-work-chairs&pid=54463110612 HTTP/2.0" 200 100299 "-" "Mozilla/5.0 AppleWebKit/537.36 (KHTML, like Gecko; compatible; GPTBot/1.2; +https://openai.com/gptbot)"
57.141.2.22 - - [24/Jun/2025:13:24:41 +0000] "GET /buy.php?pid=60141166232& HTTP/2.0" 404 - "-" "meta-externalagent/1.1 (+https://developers.facebook.com/docs/sharing/webmasters/crawler)"
57.141.2.2 - - [24/Jun/2025:13:24:43 +0000] "GET /buy.php?pid=54592564403& HTTP/2.0" 404 - "-" "meta-externalagent/1.1 (+https://developers.facebook.com/docs/sharing/webmasters/crawler)"
20.171.207.14 - - [24/Jun/2025:13:24:43 +0000] "GET /?cate_id=5208&channel=sports-caddy-bags&pid=52082300362 HTTP/2.0" 200 100299 "-" "Mozilla/5.0 AppleWebKit/537.36 (KHTML, like Gecko; compatible; GPTBot/1.2; +https://openai.com/gptbot)"
57.141.2.2 - - [24/Jun/2025:13:24:43 +0000] "GET /buy.php?pid=67794435767& HTTP/2.0" 404 - "-" "meta-externalagent/1.1 (+https://developers.facebook.com/docs/sharing/webmasters/crawler)"
57.141.2.10 - - [24/Jun/2025:13:24:44 +0000] "GET /buy.php?pid=61514409907& HTTP/2.0" 404 - "-" "meta-externalagent/1.1 (+https://developers.facebook.com/docs/sharing/webmasters/crawler)"
85.208.96.196 - - [24/Jun/2025:13:24:45 +0000] "GET /buy.php?cate_id=7412&channel=goods-trading-cards&pid=74122568663 HTTP/1.1" 404 - "-" "Mozilla/5.0 (compatible; SemrushBot/7~bl; +http://www.semrush.com/bot.html)"
57.141.2.30 - - [24/Jun/2025:13:24:45 +0000] "GET /buy.php?pid=60973497334& HTTP/2.0" 404 - "-" "meta-externalagent/1.1 (+https://developers.facebook.com/docs/sharing/webmasters/crawler)"
20.171.207.14 - - [24/Jun/2025:13:24:46 +0000] "GET /?cate_id=6761&channel=beauty-hair-irons&pid=67611598370 HTTP/2.0" 200 100299 "-" "Mozilla/5.0 AppleWebKit/537.36 (KHTML, like Gecko; compatible; GPTBot/1.2; +https://openai.com/gptbot)"
57.141.2.29 - - [24/Jun/2025:13:24:48 +0000] "GET /buy.php?pid=60382678724& HTTP/2.0" 404 - "-" "meta-externalagent/1.1 (+https://developers.facebook.com/docs/sharing/webmasters/crawler)"
20.171.207.14 - - [24/Jun/2025:13:24:49 +0000] "GET /?cate_id=6772&channel=beauty-face-masks&pid=67720829756 HTTP/2.0" 200 100299 "-" "Mozilla/5.0 AppleWebKit/537.36 (KHTML, like Gecko; compatible; GPTBot/1.2; +https://openai.com/gptbot)"
57.141.2.20 - - [24/Jun/2025:13:24:49 +0000] "GET /buy.php?pid=68853499214& HTTP/2.0" 404 - "-" "meta-externalagent/1.1 (+https://developers.facebook.com/docs/sharing/webmasters/crawler)"
57.141.2.12 - - [24/Jun/2025:13:24:49 +0000] "GET /?pid=57791066915& HTTP/2.0" 200 100299 "-" "meta-externalagent/1.1 (+https://developers.facebook.com/docs/sharing/webmasters/crawler)"
57.141.2.14 - - [24/Jun/2025:13:24:51 +0000] "GET /buy.php?pid=61512177565& HTTP/2.0" 404 - "-" "meta-externalagent/1.1 (+https://developers.facebook.com/docs/sharing/webmasters/crawler)"
20.171.207.14 - - [24/Jun/2025:13:24:51 +0000] "GET /?cate_id=5638&channel=diy-cutting-tools&pid=56381880590 HTTP/2.0" 200 100299 "-" "Mozilla/5.0 AppleWebKit/537.36 (KHTML, like Gecko; compatible; GPTBot/1.2; +https://openai.com/gptbot)"
57.141.2.26 - - [24/Jun/2025:13:24:52 +0000] "GET /buy.php?pid=67634349455& HTTP/2.0" 404 - "-" "meta-externalagent/1.1 (+https://developers.facebook.com/docs/sharing/webmasters/crawler)"
20.171.207.14 - - [24/Jun/2025:13:24:52 +0000] "GET /?cate_id=5468&channel=decor-metal-racks&pid=54681088312 HTTP/2.0" 200 100299 "-" "Mozilla/5.0 AppleWebKit/537.36 (KHTML, like Gecko; compatible; GPTBot/1.2; +https://openai.com/gptbot)"
57.141.2.2 - - [24/Jun/2025:13:24:53 +0000] "GET /buy.php?pid=68662163139& HTTP/2.0" 404 - "-" "meta-externalagent/1.1 (+https://developers.facebook.com/docs/sharing/webmasters/crawler)"
20.171.207.14 - - [24/Jun/2025:13:24:54 +0000] "GET /?cate_id=6489&channel=cameras-zoom-lens&pid=64892775294 HTTP/2.0" 200 100299 "-" "Mozilla/5.0 AppleWebKit/537.36 (KHTML, like Gecko; compatible; GPTBot/1.2; +https://openai.com/gptbot)"
20.171.207.14 - - [24/Jun/2025:13:24:56 +0000] "GET /?cate_id=6825&channel=beauty-face-color&pid=68251169711 HTTP/2.0" 200 100299 "-" "Mozilla/5.0 AppleWebKit/537.36 (KHTML, like Gecko; compatible; GPTBot/1.2; +https://openai.com/gptbot)"
57.141.2.20 - - [24/Jun/2025:13:24:56 +0000] "GET /buy.php?pid=60152707247& HTTP/2.0" 404 - "-" "meta-externalagent/1.1 (+https://developers.facebook.com/docs/sharing/webmasters/crawler)"
20.171.207.14 - - [24/Jun/2025:13:24:58 +0000] "GET /?cate_id=5623&channel=tools-dial-gauges&pid=56233996778 HTTP/2.0" 200 100299 "-" "Mozilla/5.0 AppleWebKit/537.36 (KHTML, like Gecko; compatible; GPTBot/1.2; +https://openai.com/gptbot)"
57.141.2.30 - - [24/Jun/2025:13:24:58 +0000] "GET /buy.php?pid=60142825389& HTTP/2.0" 404 - "-" "meta-externalagent/1.1 (+https://developers.facebook.com/docs/sharing/webmasters/crawler)"
20.171.207.14 - - [24/Jun/2025:13:24:59 +0000] "GET /?cate_id=6362&channel=toys-other-models&pid=63621290938 HTTP/2.0" 200 100299 "-" "Mozilla/5.0 AppleWebKit/537.36 (KHTML, like Gecko; compatible; GPTBot/1.2; +https://openai.com/gptbot)"
57.141.2.17 - - [24/Jun/2025:13:25:00 +0000] "GET /buy.php?pid=60133831368& HTTP/2.0" 404 - "-" "meta-externalagent/1.1 (+https://developers.facebook.com/docs/sharing/webmasters/crawler)"
57.141.2.28 - - [24/Jun/2025:13:25:01 +0000] "GET /buy.php?pid=64883578357& HTTP/2.0" 404 - "-" "meta-externalagent/1.1 (+https://developers.facebook.com/docs/sharing/webmasters/crawler)"
20.171.207.14 - - [24/Jun/2025:13:25:01 +0000] "GET /?cate_id=5932&channel=outdoor-ice-packs&pid=59322160731 HTTP/2.0" 200 100299 "-" "Mozilla/5.0 AppleWebKit/537.36 (KHTML, like Gecko; compatible; GPTBot/1.2; +https://openai.com/gptbot)"
20.171.207.14 - - [24/Jun/2025:13:25:02 +0000] "GET /?cate_id=6761&channel=beauty-hair-irons&pid=67613499026 HTTP/2.0" 200 100299 "-" "Mozilla/5.0 AppleWebKit/537.36 (KHTML, like Gecko; compatible; GPTBot/1.2; +https://openai.com/gptbot)"
20.171.207.14 - - [24/Jun/2025:13:25:04 +0000] "GET /?cate_id=6415&channel=goods-union-arena&pid=64154489325 HTTP/2.0" 200 100299 "-" "Mozilla/5.0 AppleWebKit/537.36 (KHTML, like Gecko; compatible; GPTBot/1.2; +https://openai.com/gptbot)"
52.167.144.137 - - [24/Jun/2025:13:25:05 +0000] "GET /buy.php?pid=74092365763&channel=hobbies-equipment&cate_id=7409 HTTP/2.0" 404 - "-" "Mozilla/5.0 AppleWebKit/537.36 (KHTML, like Gecko; compatible; bingbot/2.0; +http://www.bing.com/bingbot.htm) Chrome/116.0.1938.76 Safari/537.36"
20.171.207.14 - - [24/Jun/2025:13:25:06 +0000] "GET /?cate_id=5208&channel=sports-caddy-bags&pid=52080868601 HTTP/2.0" 200 100299 "-" "Mozilla/5.0 AppleWebKit/537.36 (KHTML, like Gecko; compatible; GPTBot/1.2; +https://openai.com/gptbot)"
57.141.2.22 - - [24/Jun/2025:13:25:07 +0000] "GET /?pid=64884415617& HTTP/2.0" 200 100299 "-" "meta-externalagent/1.1 (+https://developers.facebook.com/docs/sharing/webmasters/crawler)"
20.171.207.14 - - [24/Jun/2025:13:25:08 +0000] "GET /?cate_id=5446&channel=decor-work-chairs&pid=54460933893 HTTP/2.0" 200 100299 "-" "Mozilla/5.0 AppleWebKit/537.36 (KHTML, like Gecko; compatible; GPTBot/1.2; +https://openai.com/gptbot)"
57.141.2.14 - - [24/Jun/2025:13:25:08 +0000] "GET /?pid=65061698731& HTTP/2.0" 200 100299 "-" "meta-externalagent/1.1 (+https://developers.facebook.com/docs/sharing/webmasters/crawler)"
57.141.2.24 - - [24/Jun/2025:13:25:09 +0000] "GET /buy.php?pid=59574338948& HTTP/2.0" 404 - "-" "meta-externalagent/1.1 (+https://developers.facebook.com/docs/sharing/webmasters/crawler)"
20.171.207.14 - - [24/Jun/2025:13:25:10 +0000] "GET /?cate_id=5932&channel=outdoor-ice-packs&pid=59324205081 HTTP/2.0" 200 100299 "-" "Mozilla/5.0 AppleWebKit/537.36 (KHTML, like Gecko; compatible; GPTBot/1.2; +https://openai.com/gptbot)"
57.141.2.11 - - [24/Jun/2025:13:25:10 +0000] "GET /buy.php?pid=60843580564& HTTP/2.0" 404 - "-" "meta-externalagent/1.1 (+https://developers.facebook.com/docs/sharing/webmasters/crawler)"
57.141.2.11 - - [24/Jun/2025:13:25:12 +0000] "GET /buy.php?pid=60143500761& HTTP/2.0" 404 - "-" "meta-externalagent/1.1 (+https://developers.facebook.com/docs/sharing/webmasters/crawler)"
20.171.207.14 - - [24/Jun/2025:13:25:12 +0000] "GET /?cate_id=6536&channel=cds-western-music&pid=65364268718 HTTP/2.0" 200 100299 "-" "Mozilla/5.0 AppleWebKit/537.36 (KHTML, like Gecko; compatible; GPTBot/1.2; +https://openai.com/gptbot)"
57.141.2.6 - - [24/Jun/2025:13:25:13 +0000] "GET /buy.php?pid=59211822077& HTTP/2.0" 404 - "-" "meta-externalagent/1.1 (+https://developers.facebook.com/docs/sharing/webmasters/crawler)"
20.171.207.14 - - [24/Jun/2025:13:25:14 +0000] "GET /?cate_id=5208&channel=sports-caddy-bags&pid=52083429598 HTTP/2.0" 200 100299 "-" "Mozilla/5.0 AppleWebKit/537.36 (KHTML, like Gecko; compatible; GPTBot/1.2; +https://openai.com/gptbot)"
20.171.207.14 - - [24/Jun/2025:13:25:15 +0000] "GET /?cate_id=6529&channel=audio-pet-cameras&pid=65291651380 HTTP/2.0" 200 100299 "-" "Mozilla/5.0 AppleWebKit/537.36 (KHTML, like Gecko; compatible; GPTBot/1.2; +https://openai.com/gptbot)"
57.141.2.4 - - [24/Jun/2025:13:25:16 +0000] "GET /buy.php?pid=60161747798& HTTP/2.0" 404 - "-" "meta-externalagent/1.1 (+https://developers.facebook.com/docs/sharing/webmasters/crawler)"
57.141.2.8 - - [24/Jun/2025:13:25:16 +0000] "GET /buy.php?pid=59661816308& HTTP/2.0" 404 - "-" "meta-externalagent/1.1 (+https://developers.facebook.com/docs/sharing/webmasters/crawler)"
20.171.207.14 - - [24/Jun/2025:13:25:17 +0000] "GET /?cate_id=6489&channel=cameras-zoom-lens&pid=64890678610 HTTP/2.0" 200 100299 "-" "Mozilla/5.0 AppleWebKit/537.36 (KHTML, like Gecko; compatible; GPTBot/1.2; +https://openai.com/gptbot)"
20.171.207.14 - - [24/Jun/2025:13:25:20 +0000] "GET /?cate_id=7368&channel=tools-power-tools&pid=73681598948 HTTP/2.0" 200 100299 "-" "Mozilla/5.0 AppleWebKit/537.36 (KHTML, like Gecko; compatible; GPTBot/1.2; +https://openai.com/gptbot)"
57.141.2.10 - - [24/Jun/2025:13:25:20 +0000] "GET /buy.php?pid=65342797332& HTTP/2.0" 404 - "-" "meta-externalagent/1.1 (+https://developers.facebook.com/docs/sharing/webmasters/crawler)"
57.141.2.12 - - [24/Jun/2025:13:25:20 +0000] "GET /buy.php?pid=67612137798& HTTP/2.0" 404 - "-" "meta-externalagent/1.1 (+https://developers.facebook.com/docs/sharing/webmasters/crawler)"
20.171.207.14 - - [24/Jun/2025:13:25:21 +0000] "GET /?cate_id=7368&channel=tools-power-tools&pid=73684273759 HTTP/2.0" 200 100299 "-" "Mozilla/5.0 AppleWebKit/537.36 (KHTML, like Gecko; compatible; GPTBot/1.2; +https://openai.com/gptbot)"
57.141.2.24 - - [24/Jun/2025:13:25:22 +0000] "GET /buy.php?pid=65352203976& HTTP/2.0" 404 - "-" "meta-externalagent/1.1 (+https://developers.facebook.com/docs/sharing/webmasters/crawler)"
57.141.2.21 - - [24/Jun/2025:13:25:22 +0000] "GET /?pid=60381582826& HTTP/2.0" 200 100299 "-" "meta-externalagent/1.1 (+https://developers.facebook.com/docs/sharing/webmasters/crawler)"
20.171.207.14 - - [24/Jun/2025:13:25:23 +0000] "GET /?cate_id=6548&channel=cds-variety-shows&pid=65483632684 HTTP/2.0" 200 100299 "-" "Mozilla/5.0 AppleWebKit/537.36 (KHTML, like Gecko; compatible; GPTBot/1.2; +https://openai.com/gptbot)"
57.141.2.2 - - [24/Jun/2025:13:25:25 +0000] "GET /buy.php?pid=65541389970& HTTP/2.0" 404 - "-" "meta-externalagent/1.1 (+https://developers.facebook.com/docs/sharing/webmasters/crawler)"
20.171.207.14 - - [24/Jun/2025:13:25:26 +0000] "GET /?cate_id=7417&channel=games-board-games&pid=74172182926 HTTP/2.0" 200 100299 "-" "Mozilla/5.0 AppleWebKit/537.36 (KHTML, like Gecko; compatible; GPTBot/1.2; +https://openai.com/gptbot)"
57.141.2.11 - - [24/Jun/2025:13:25:26 +0000] "GET /buy.php?pid=59573443191& HTTP/2.0" 404 - "-" "meta-externalagent/1.1 (+https://developers.facebook.com/docs/sharing/webmasters/crawler)"
20.171.207.14 - - [24/Jun/2025:13:25:27 +0000] "GET /?cate_id=6375&channel=toys-talent-cards&pid=63751449584 HTTP/2.0" 200 100299 "-" "Mozilla/5.0 AppleWebKit/537.36 (KHTML, like Gecko; compatible; GPTBot/1.2; +https://openai.com/gptbot)"
57.141.2.26 - - [24/Jun/2025:13:25:30 +0000] "GET /buy.php?pid=61623481995& HTTP/2.0" 404 - "-" "meta-externalagent/1.1 (+https://developers.facebook.com/docs/sharing/webmasters/crawler)"
20.171.207.14 - - [24/Jun/2025:13:25:29 +0000] "GET /?cate_id=6489&channel=cameras-zoom-lens&pid=64893123134 HTTP/2.0" 200 100299 "-" "Mozilla/5.0 AppleWebKit/537.36 (KHTML, like Gecko; compatible; GPTBot/1.2; +https://openai.com/gptbot)"
20.171.207.14 - - [24/Jun/2025:13:25:32 +0000] "GET /?cate_id=6489&channel=cameras-zoom-lens&pid=64892830602 HTTP/2.0" 200 100299 "-" "Mozilla/5.0 AppleWebKit/537.36 (KHTML, like Gecko; compatible; GPTBot/1.2; +https://openai.com/gptbot)"
20.171.207.14 - - [24/Jun/2025:13:25:33 +0000] "GET /?cate_id=5208&channel=sports-caddy-bags&pid=52083429598 HTTP/2.0" 200 100299 "-" "Mozilla/5.0 AppleWebKit/537.36 (KHTML, like Gecko; compatible; GPTBot/1.2; +https://openai.com/gptbot)"
57.141.2.23 - - [24/Jun/2025:13:25:33 +0000] "GET /?pid=64963554980& HTTP/2.0" 200 100299 "-" "meta-externalagent/1.1 (+https://developers.facebook.com/docs/sharing/webmasters/crawler)"
57.141.2.22 - - [24/Jun/2025:13:25:34 +0000] "GET /buy.php?pid=60383009784& HTTP/2.0" 404 - "-" "meta-externalagent/1.1 (+https://developers.facebook.com/docs/sharing/webmasters/crawler)"
57.141.2.6 - - [24/Jun/2025:13:25:34 +0000] "GET /?pid=67132214298& HTTP/2.0" 200 100299 "-" "meta-externalagent/1.1 (+https://developers.facebook.com/docs/sharing/webmasters/crawler)"
40.77.167.155 - - [24/Jun/2025:13:25:35 +0000] "GET /buy.php?pid=60142435899&channel=fashion-tops&cate_id=6014 HTTP/2.0" 404 - "-" "Mozilla/5.0 AppleWebKit/537.36 (KHTML, like Gecko; compatible; bingbot/2.0; +http://www.bing.com/bingbot.htm) Chrome/116.0.1938.76 Safari/537.36"
20.171.207.14 - - [24/Jun/2025:13:25:36 +0000] "GET /?cate_id=6489&channel=cameras-zoom-lens&pid=64893904928 HTTP/2.0" 200 100299 "-" "Mozilla/5.0 AppleWebKit/537.36 (KHTML, like Gecko; compatible; GPTBot/1.2; +https://openai.com/gptbot)"
57.141.2.18 - - [24/Jun/2025:13:25:36 +0000] "GET /?pid=74203473834& HTTP/2.0" 200 100299 "-" "meta-externalagent/1.1 (+https://developers.facebook.com/docs/sharing/webmasters/crawler)"
57.141.2.9 - - [24/Jun/2025:13:25:37 +0000] "GET /buy.php?pid=63320727293& HTTP/2.0" 404 - "-" "meta-externalagent/1.1 (+https://developers.facebook.com/docs/sharing/webmasters/crawler)"
20.171.207.14 - - [24/Jun/2025:13:25:38 +0000] "GET /?cate_id=6489&channel=cameras-zoom-lens&pid=64891836390 HTTP/2.0" 200 100299 "-" "Mozilla/5.0 AppleWebKit/537.36 (KHTML, like Gecko; compatible; GPTBot/1.2; +https://openai.com/gptbot)"
57.141.2.11 - - [24/Jun/2025:13:25:38 +0000] "GET /buy.php?pid=54593003204& HTTP/2.0" 404 - "-" "meta-externalagent/1.1 (+https://developers.facebook.com/docs/sharing/webmasters/crawler)"
57.141.2.1 - - [24/Jun/2025:13:25:38 +0000] "GET /?pid=68621802268& HTTP/2.0" 200 100299 "-" "meta-externalagent/1.1 (+https://developers.facebook.com/docs/sharing/webmasters/crawler)"
20.171.207.14 - - [24/Jun/2025:13:25:39 +0000] "GET /?cate_id=6375&channel=toys-talent-cards&pid=63750914772 HTTP/2.0" 200 100299 "-" "Mozilla/5.0 AppleWebKit/537.36 (KHTML, like Gecko; compatible; GPTBot/1.2; +https://openai.com/gptbot)"
20.171.207.14 - - [24/Jun/2025:13:25:41 +0000] "GET /?cate_id=5638&channel=diy-cutting-tools&pid=56381872923 HTTP/2.0" 200 100299 "-" "Mozilla/5.0 AppleWebKit/537.36 (KHTML, like Gecko; compatible; GPTBot/1.2; +https://openai.com/gptbot)"
20.171.207.14 - - [24/Jun/2025:13:25:42 +0000] "GET /?cate_id=6375&channel=toys-talent-cards&pid=63751526084 HTTP/2.0" 200 100299 "-" "Mozilla/5.0 AppleWebKit/537.36 (KHTML, like Gecko; compatible; GPTBot/1.2; +https://openai.com/gptbot)"
57.141.2.17 - - [24/Jun/2025:13:25:42 +0000] "GET /?pid=74183593556& HTTP/2.0" 200 100299 "-" "meta-externalagent/1.1 (+https://developers.facebook.com/docs/sharing/webmasters/crawler)"
20.171.207.14 - - [24/Jun/2025:13:25:44 +0000] "GET /?cate_id=6761&channel=beauty-hair-irons&pid=67610816954 HTTP/2.0" 200 100299 "-" "Mozilla/5.0 AppleWebKit/537.36 (KHTML, like Gecko; compatible; GPTBot/1.2; +https://openai.com/gptbot)"
57.141.2.30 - - [24/Jun/2025:13:25:44 +0000] "GET /?pid=61053843820& HTTP/2.0" 200 100299 "-" "meta-externalagent/1.1 (+https://developers.facebook.com/docs/sharing/webmasters/crawler)"
57.141.2.1 - - [24/Jun/2025:13:25:44 +0000] "GET /?pid=59881763363& HTTP/2.0" 200 100299 "-" "meta-externalagent/1.1 (+https://developers.facebook.com/docs/sharing/webmasters/crawler)"
57.141.2.28 - - [24/Jun/2025:13:25:45 +0000] "GET /buy.php?pid=60312160860& HTTP/2.0" 404 - "-" "meta-externalagent/1.1 (+https://developers.facebook.com/docs/sharing/webmasters/crawler)"
20.171.207.14 - - [24/Jun/2025:13:25:46 +0000] "GET /?cate_id=6383&channel=toys-sports-cards&pid=63832740587 HTTP/2.0" 200 100299 "-" "Mozilla/5.0 AppleWebKit/537.36 (KHTML, like Gecko; compatible; GPTBot/1.2; +https://openai.com/gptbot)"
20.171.207.14 - - [24/Jun/2025:13:25:47 +0000] "GET /?cate_id=6489&channel=cameras-zoom-lens&pid=64891597974 HTTP/2.0" 200 100299 "-" "Mozilla/5.0 AppleWebKit/537.36 (KHTML, like Gecko; compatible; GPTBot/1.2; +https://openai.com/gptbot)"
57.141.2.11 - - [24/Jun/2025:13:25:48 +0000] "GET /?pid=63662323748& HTTP/2.0" 200 100299 "-" "meta-externalagent/1.1 (+https://developers.facebook.com/docs/sharing/webmasters/crawler)"
57.141.2.19 - - [24/Jun/2025:13:25:48 +0000] "GET /buy.php?pid=65332423425& HTTP/2.0" 404 - "-" "meta-externalagent/1.1 (+https://developers.facebook.com/docs/sharing/webmasters/crawler)"
20.171.207.14 - - [24/Jun/2025:13:25:48 +0000] "GET /?cate_id=6489&channel=cameras-zoom-lens&pid=64891581024 HTTP/2.0" 200 100299 "-" "Mozilla/5.0 AppleWebKit/537.36 (KHTML, like Gecko; compatible; GPTBot/1.2; +https://openai.com/gptbot)"
52.167.144.171 - - [24/Jun/2025:13:25:49 +0000] "GET /buy.php?pid=60144073202&channel=fashion-tops&cate_id=6014 HTTP/2.0" 404 - "-" "Mozilla/5.0 AppleWebKit/537.36 (KHTML, like Gecko; compatible; bingbot/2.0; +http://www.bing.com/bingbot.htm) Chrome/116.0.1938.76 Safari/537.36"
20.171.207.14 - - [24/Jun/2025:13:25:51 +0000] "GET /?cate_id=6913&channel=art-slot-machines&pid=69130528793 HTTP/2.0" 200 100299 "-" "Mozilla/5.0 AppleWebKit/537.36 (KHTML, like Gecko; compatible; GPTBot/1.2; +https://openai.com/gptbot)"
20.171.207.14 - - [24/Jun/2025:13:25:52 +0000] "GET /?cate_id=5208&channel=sports-caddy-bags&pid=52082035357 HTTP/2.0" 200 100299 "-" "Mozilla/5.0 AppleWebKit/537.36 (KHTML, like Gecko; compatible; GPTBot/1.2; +https://openai.com/gptbot)"
20.171.207.14 - - [24/Jun/2025:13:25:54 +0000] "GET /?cate_id=6536&channel=cds-western-music&pid=65362837119 HTTP/2.0" 200 100299 "-" "Mozilla/5.0 AppleWebKit/537.36 (KHTML, like Gecko; compatible; GPTBot/1.2; +https://openai.com/gptbot)"
57.141.2.20 - - [24/Jun/2025:13:25:55 +0000] "GET /buy.php?pid=60142135793& HTTP/2.0" 404 - "-" "meta-externalagent/1.1 (+https://developers.facebook.com/docs/sharing/webmasters/crawler)"
57.141.2.22 - - [24/Jun/2025:13:25:55 +0000] "GET /buy.php?pid=52332313511& HTTP/2.0" 404 - "-" "meta-externalagent/1.1 (+https://developers.facebook.com/docs/sharing/webmasters/crawler)"
20.171.207.14 - - [24/Jun/2025:13:25:56 +0000] "GET /?cate_id=6489&channel=cameras-zoom-lens&pid=64893184046 HTTP/2.0" 200 100299 "-" "Mozilla/5.0 AppleWebKit/537.36 (KHTML, like Gecko; compatible; GPTBot/1.2; +https://openai.com/gptbot)"
20.171.207.14 - - [24/Jun/2025:13:25:58 +0000] "GET /?cate_id=6825&channel=beauty-face-color&pid=68251183889 HTTP/2.0" 200 100299 "-" "Mozilla/5.0 AppleWebKit/537.36 (KHTML, like Gecko; compatible; GPTBot/1.2; +https://openai.com/gptbot)"
57.141.2.26 - - [24/Jun/2025:13:25:58 +0000] "GET /buy.php?pid=59584259735& HTTP/2.0" 404 - "-" "meta-externalagent/1.1 (+https://developers.facebook.com/docs/sharing/webmasters/crawler)"
57.141.2.7 - - [24/Jun/2025:13:25:58 +0000] "GET /?pid=69113036629& HTTP/2.0" 200 100299 "-" "meta-externalagent/1.1 (+https://developers.facebook.com/docs/sharing/webmasters/crawler)"
