20.171.207.14 - - [24/Jun/2025:13:17:05 +0000] "GET /?cate_id=7418&channel=cars-cars&pid=74183842045 HTTP/2.0" 200 100299 "-" "Mozilla/5.0 AppleWebKit/537.36 (KHTML, like Gecko; compatible; GPTBot/1.2; +https://openai.com/gptbot)"
57.141.2.13 - - [24/Jun/2025:13:17:06 +0000] "GET /buy.php?pid=57780823887& HTTP/2.0" 404 - "-" "meta-externalagent/1.1 (+https://developers.facebook.com/docs/sharing/webmasters/crawler)"
20.171.207.14 - - [24/Jun/2025:13:17:07 +0000] "GET /?cate_id=6549&channel=dvds-jazz&pid=65492191559 HTTP/2.0" 200 100299 "-" "Mozilla/5.0 AppleWebKit/537.36 (KHTML, like Gecko; compatible; GPTBot/1.2; +https://openai.com/gptbot)"
57.141.2.5 - - [24/Jun/2025:13:17:08 +0000] "GET /buy.php?pid=65043573608& HTTP/2.0" 404 - "-" "meta-externalagent/1.1 (+https://developers.facebook.com/docs/sharing/webmasters/crawler)"
57.141.2.22 - - [24/Jun/2025:13:17:08 +0000] "GET /buy.php?pid=63782570906& HTTP/2.0" 404 - "-" "meta-externalagent/1.1 (+https://developers.facebook.com/docs/sharing/webmasters/crawler)"
20.171.207.14 - - [24/Jun/2025:13:17:10 +0000] "GET /?cate_id=7416&channel=toys-toys&pid=74161972949 HTTP/2.0" 200 100299 "-" "Mozilla/5.0 AppleWebKit/537.36 (KHTML, like Gecko; compatible; GPTBot/1.2; +https://openai.com/gptbot)"
57.141.2.23 - - [24/Jun/2025:13:17:10 +0000] "GET /buy.php?pid=53370579880& HTTP/2.0" 404 - "-" "meta-externalagent/1.1 (+https://developers.facebook.com/docs/sharing/webmasters/crawler)"
20.171.207.14 - - [24/Jun/2025:13:17:11 +0000] "GET /?cate_id=7418&channel=cars-cars&pid=74180663565 HTTP/2.0" 200 100299 "-" "Mozilla/5.0 AppleWebKit/537.36 (KHTML, like Gecko; compatible; GPTBot/1.2; +https://openai.com/gptbot)"
57.141.2.27 - - [24/Jun/2025:13:17:11 +0000] "GET /buy.php?pid=60151336789& HTTP/2.0" 404 - "-" "meta-externalagent/1.1 (+https://developers.facebook.com/docs/sharing/webmasters/crawler)"
57.141.2.1 - - [24/Jun/2025:13:17:12 +0000] "GET /buy.php?pid=74362767999& HTTP/2.0" 404 - "-" "meta-externalagent/1.1 (+https://developers.facebook.com/docs/sharing/webmasters/crawler)"
20.171.207.14 - - [24/Jun/2025:13:17:12 +0000] "GET /?cate_id=7418&channel=cars-cars&pid=74182055183 HTTP/2.0" 200 100299 "-" "Mozilla/5.0 AppleWebKit/537.36 (KHTML, like Gecko; compatible; GPTBot/1.2; +https://openai.com/gptbot)"
20.171.207.14 - - [24/Jun/2025:13:17:14 +0000] "GET /?cate_id=6535&channel=cds-anime&pid=65351901804 HTTP/2.0" 200 100299 "-" "Mozilla/5.0 AppleWebKit/537.36 (KHTML, like Gecko; compatible; GPTBot/1.2; +https://openai.com/gptbot)"
57.141.2.25 - - [24/Jun/2025:13:17:14 +0000] "GET /buy.php?pid=59871383661& HTTP/2.0" 404 - "-" "meta-externalagent/1.1 (+https://developers.facebook.com/docs/sharing/webmasters/crawler)"
57.141.2.9 - - [24/Jun/2025:13:17:15 +0000] "GET /buy.php?pid=55772003397& HTTP/2.0" 404 - "-" "meta-externalagent/1.1 (+https://developers.facebook.com/docs/sharing/webmasters/crawler)"
20.171.207.14 - - [24/Jun/2025:13:17:15 +0000] "GET /?cate_id=7418&channel=cars-cars&pid=74182361102 HTTP/2.0" 200 100299 "-" "Mozilla/5.0 AppleWebKit/537.36 (KHTML, like Gecko; compatible; GPTBot/1.2; +https://openai.com/gptbot)"
57.141.2.17 - - [24/Jun/2025:13:17:16 +0000] "GET /buy.php?pid=73953456987& HTTP/2.0" 404 - "-" "meta-externalagent/1.1 (+https://developers.facebook.com/docs/sharing/webmasters/crawler)"
20.171.207.14 - - [24/Jun/2025:13:17:17 +0000] "GET /?cate_id=6543&channel=cds-music&pid=65433061470 HTTP/2.0" 200 100299 "-" "Mozilla/5.0 AppleWebKit/537.36 (KHTML, like Gecko; compatible; GPTBot/1.2; +https://openai.com/gptbot)"
57.141.2.9 - - [24/Jun/2025:13:17:17 +0000] "GET /buy.php?pid=60374472677& HTTP/2.0" 404 - "-" "meta-externalagent/1.1 (+https://developers.facebook.com/docs/sharing/webmasters/crawler)"
20.171.207.14 - - [24/Jun/2025:13:17:18 +0000] "GET /?cate_id=5976&channel=food-food&pid=59760588531 HTTP/2.0" 200 100299 "-" "Mozilla/5.0 AppleWebKit/537.36 (KHTML, like Gecko; compatible; GPTBot/1.2; +https://openai.com/gptbot)"
57.141.2.19 - - [24/Jun/2025:13:17:19 +0000] "GET /buy.php?pid=64022336104& HTTP/2.0" 404 - "-" "meta-externalagent/1.1 (+https://developers.facebook.com/docs/sharing/webmasters/crawler)"
57.141.2.23 - - [24/Jun/2025:13:17:19 +0000] "GET /buy.php?pid=51094125714& HTTP/2.0" 404 - "-" "meta-externalagent/1.1 (+https://developers.facebook.com/docs/sharing/webmasters/crawler)"
20.171.207.14 - - [24/Jun/2025:13:17:20 +0000] "GET /?cate_id=5976&channel=food-food&pid=59762103119 HTTP/2.0" 200 100299 "-" "Mozilla/5.0 AppleWebKit/537.36 (KHTML, like Gecko; compatible; GPTBot/1.2; +https://openai.com/gptbot)"
20.171.207.14 - - [24/Jun/2025:13:17:21 +0000] "GET /?cate_id=7418&channel=cars-cars&pid=74181300953 HTTP/2.0" 200 100299 "-" "Mozilla/5.0 AppleWebKit/537.36 (KHTML, like Gecko; compatible; GPTBot/1.2; +https://openai.com/gptbot)"
20.171.207.14 - - [24/Jun/2025:13:17:22 +0000] "GET /?cate_id=7418&channel=cars-cars&pid=74182177093 HTTP/2.0" 200 100299 "-" "Mozilla/5.0 AppleWebKit/537.36 (KHTML, like Gecko; compatible; GPTBot/1.2; +https://openai.com/gptbot)"
57.141.2.6 - - [24/Jun/2025:13:17:23 +0000] "GET /buy.php?pid=51972374366& HTTP/2.0" 404 - "-" "meta-externalagent/1.1 (+https://developers.facebook.com/docs/sharing/webmasters/crawler)"
57.141.2.1 - - [24/Jun/2025:13:17:22 +0000] "GET /?pid=63692953261& HTTP/2.0" 200 100299 "-" "meta-externalagent/1.1 (+https://developers.facebook.com/docs/sharing/webmasters/crawler)"
20.171.207.14 - - [24/Jun/2025:13:17:23 +0000] "GET /?cate_id=7416&channel=toys-toys&pid=74161718624 HTTP/2.0" 200 100299 "-" "Mozilla/5.0 AppleWebKit/537.36 (KHTML, like Gecko; compatible; GPTBot/1.2; +https://openai.com/gptbot)"
57.141.2.30 - - [24/Jun/2025:13:17:24 +0000] "GET /buy.php?pid=58913266569& HTTP/2.0" 404 - "-" "meta-externalagent/1.1 (+https://developers.facebook.com/docs/sharing/webmasters/crawler)"
57.141.2.13 - - [24/Jun/2025:13:17:23 +0000] "GET /?pid=55823640261& HTTP/2.0" 200 100299 "-" "meta-externalagent/1.1 (+https://developers.facebook.com/docs/sharing/webmasters/crawler)"
20.171.207.14 - - [24/Jun/2025:13:17:25 +0000] "GET /?cate_id=7418&channel=cars-cars&pid=74182620941 HTTP/2.0" 200 100299 "-" "Mozilla/5.0 AppleWebKit/537.36 (KHTML, like Gecko; compatible; GPTBot/1.2; +https://openai.com/gptbot)"
57.141.2.18 - - [24/Jun/2025:13:17:25 +0000] "GET /buy.php?pid=59572311973& HTTP/2.0" 404 - "-" "meta-externalagent/1.1 (+https://developers.facebook.com/docs/sharing/webmasters/crawler)"
57.141.2.22 - - [24/Jun/2025:13:17:26 +0000] "GET /buy.php?pid=53522683364& HTTP/2.0" 404 - "-" "meta-externalagent/1.1 (+https://developers.facebook.com/docs/sharing/webmasters/crawler)"
20.171.207.14 - - [24/Jun/2025:13:17:26 +0000] "GET /?cate_id=7418&channel=cars-cars&pid=74183507094 HTTP/2.0" 200 100299 "-" "Mozilla/5.0 AppleWebKit/537.36 (KHTML, like Gecko; compatible; GPTBot/1.2; +https://openai.com/gptbot)"
20.171.207.14 - - [24/Jun/2025:13:17:27 +0000] "GET /?cate_id=7418&channel=cars-cars&pid=74181624500 HTTP/2.0" 200 100299 "-" "Mozilla/5.0 AppleWebKit/537.36 (KHTML, like Gecko; compatible; GPTBot/1.2; +https://openai.com/gptbot)"
20.171.207.14 - - [24/Jun/2025:13:17:29 +0000] "GET /?cate_id=7484&channel=audio-tvs&pid=74841754460 HTTP/2.0" 200 100299 "-" "Mozilla/5.0 AppleWebKit/537.36 (KHTML, like Gecko; compatible; GPTBot/1.2; +https://openai.com/gptbot)"
20.171.207.14 - - [24/Jun/2025:13:17:31 +0000] "GET /?cate_id=5958&channel=food-wine&pid=59581653424 HTTP/2.0" 200 100299 "-" "Mozilla/5.0 AppleWebKit/537.36 (KHTML, like Gecko; compatible; GPTBot/1.2; +https://openai.com/gptbot)"
57.141.2.3 - - [24/Jun/2025:13:17:32 +0000] "GET /?pid=69190606442& HTTP/2.0" 200 100299 "-" "meta-externalagent/1.1 (+https://developers.facebook.com/docs/sharing/webmasters/crawler)"
20.171.207.14 - - [24/Jun/2025:13:17:33 +0000] "GET /?cate_id=5958&channel=food-wine&pid=59583816126 HTTP/2.0" 200 100299 "-" "Mozilla/5.0 AppleWebKit/537.36 (KHTML, like Gecko; compatible; GPTBot/1.2; +https://openai.com/gptbot)"
57.141.2.15 - - [24/Jun/2025:13:17:33 +0000] "GET /buy.php?pid=73524004415& HTTP/2.0" 404 - "-" "meta-externalagent/1.1 (+https://developers.facebook.com/docs/sharing/webmasters/crawler)"
57.141.2.27 - - [24/Jun/2025:13:17:33 +0000] "GET /buy.php?pid=60371061155& HTTP/2.0" 404 - "-" "meta-externalagent/1.1 (+https://developers.facebook.com/docs/sharing/webmasters/crawler)"
57.141.2.20 - - [24/Jun/2025:13:17:33 +0000] "GET /?pid=74093256269& HTTP/2.0" 200 100299 "-" "meta-externalagent/1.1 (+https://developers.facebook.com/docs/sharing/webmasters/crawler)"
20.171.207.14 - - [24/Jun/2025:13:17:35 +0000] "GET /?cate_id=7418&channel=cars-cars&pid=74184032852 HTTP/2.0" 200 100299 "-" "Mozilla/5.0 AppleWebKit/537.36 (KHTML, like Gecko; compatible; GPTBot/1.2; +https://openai.com/gptbot)"
57.141.2.5 - - [24/Jun/2025:13:17:36 +0000] "GET /buy.php?pid=64982021181& HTTP/2.0" 404 - "-" "meta-externalagent/1.1 (+https://developers.facebook.com/docs/sharing/webmasters/crawler)"
20.171.207.14 - - [24/Jun/2025:13:17:36 +0000] "GET /?cate_id=7418&channel=cars-cars&pid=74182985853 HTTP/2.0" 200 100299 "-" "Mozilla/5.0 AppleWebKit/537.36 (KHTML, like Gecko; compatible; GPTBot/1.2; +https://openai.com/gptbot)"
57.141.2.10 - - [24/Jun/2025:13:17:36 +0000] "GET /?pid=74180913810& HTTP/2.0" 200 100299 "-" "meta-externalagent/1.1 (+https://developers.facebook.com/docs/sharing/webmasters/crawler)"
57.141.2.13 - - [24/Jun/2025:13:17:37 +0000] "GET /buy.php?pid=74393149876& HTTP/2.0" 404 - "-" "meta-externalagent/1.1 (+https://developers.facebook.com/docs/sharing/webmasters/crawler)"
20.171.207.14 - - [24/Jun/2025:13:17:38 +0000] "GET /?cate_id=7416&channel=toys-toys&pid=74161327811 HTTP/2.0" 200 100299 "-" "Mozilla/5.0 AppleWebKit/537.36 (KHTML, like Gecko; compatible; GPTBot/1.2; +https://openai.com/gptbot)"
20.171.207.14 - - [24/Jun/2025:13:17:39 +0000] "GET /?cate_id=7416&channel=toys-toys&pid=74161279921 HTTP/2.0" 200 100299 "-" "Mozilla/5.0 AppleWebKit/537.36 (KHTML, like Gecko; compatible; GPTBot/1.2; +https://openai.com/gptbot)"
57.141.2.20 - - [24/Jun/2025:13:17:40 +0000] "GET /buy.php?pid=60112477156& HTTP/2.0" 404 - "-" "meta-externalagent/1.1 (+https://developers.facebook.com/docs/sharing/webmasters/crawler)"
57.141.2.13 - - [24/Jun/2025:13:17:39 +0000] "GET /?pid=51872155165& HTTP/2.0" 200 100299 "-" "meta-externalagent/1.1 (+https://developers.facebook.com/docs/sharing/webmasters/crawler)"
20.171.207.14 - - [24/Jun/2025:13:17:40 +0000] "GET /?cate_id=7418&channel=cars-cars&pid=74184035941 HTTP/2.0" 200 100299 "-" "Mozilla/5.0 AppleWebKit/537.36 (KHTML, like Gecko; compatible; GPTBot/1.2; +https://openai.com/gptbot)"
57.141.2.27 - - [24/Jun/2025:13:17:41 +0000] "GET /buy.php?pid=68630958949& HTTP/2.0" 404 - "-" "meta-externalagent/1.1 (+https://developers.facebook.com/docs/sharing/webmasters/crawler)"
57.141.2.9 - - [24/Jun/2025:13:17:41 +0000] "GET /buy.php?pid=54403824343& HTTP/2.0" 404 - "-" "meta-externalagent/1.1 (+https://developers.facebook.com/docs/sharing/webmasters/crawler)"
20.171.207.14 - - [24/Jun/2025:13:17:42 +0000] "GET /?cate_id=5962&channel=food-rice&pid=59621860060 HTTP/2.0" 200 100299 "-" "Mozilla/5.0 AppleWebKit/537.36 (KHTML, like Gecko; compatible; GPTBot/1.2; +https://openai.com/gptbot)"
57.141.2.5 - - [24/Jun/2025:13:17:43 +0000] "GET /buy.php?pid=64872698023& HTTP/2.0" 404 - "-" "meta-externalagent/1.1 (+https://developers.facebook.com/docs/sharing/webmasters/crawler)"
20.171.207.14 - - [24/Jun/2025:13:17:44 +0000] "GET /?cate_id=5958&channel=food-wine&pid=59581778644 HTTP/2.0" 200 100299 "-" "Mozilla/5.0 AppleWebKit/537.36 (KHTML, like Gecko; compatible; GPTBot/1.2; +https://openai.com/gptbot)"
57.141.2.20 - - [24/Jun/2025:13:17:44 +0000] "GET /buy.php?pid=64862963545& HTTP/2.0" 404 - "-" "meta-externalagent/1.1 (+https://developers.facebook.com/docs/sharing/webmasters/crawler)"
52.167.144.176 - - [24/Jun/2025:13:17:45 +0000] "GET /buy.php?pid=52443240740&channel=sports-women-clothing&cate_id=5244 HTTP/2.0" 404 - "-" "Mozilla/5.0 AppleWebKit/537.36 (KHTML, like Gecko; compatible; bingbot/2.0; +http://www.bing.com/bingbot.htm) Chrome/116.0.1938.76 Safari/537.36"
57.141.2.24 - - [24/Jun/2025:13:17:46 +0000] "GET /buy.php?pid=60112600831& HTTP/2.0" 404 - "-" "meta-externalagent/1.1 (+https://developers.facebook.com/docs/sharing/webmasters/crawler)"
20.171.207.14 - - [24/Jun/2025:13:17:47 +0000] "GET /?cate_id=7418&channel=cars-cars&pid=74183908132 HTTP/2.0" 200 100299 "-" "Mozilla/5.0 AppleWebKit/537.36 (KHTML, like Gecko; compatible; GPTBot/1.2; +https://openai.com/gptbot)"
57.141.2.23 - - [24/Jun/2025:13:17:48 +0000] "GET /buy.php?pid=55703564636& HTTP/2.0" 404 - "-" "meta-externalagent/1.1 (+https://developers.facebook.com/docs/sharing/webmasters/crawler)"
57.141.2.5 - - [24/Jun/2025:13:17:47 +0000] "GET /?pid=74580773247& HTTP/2.0" 200 100299 "-" "meta-externalagent/1.1 (+https://developers.facebook.com/docs/sharing/webmasters/crawler)"
20.171.207.14 - - [24/Jun/2025:13:17:48 +0000] "GET /?cate_id=7416&channel=toys-toys&pid=74163884477 HTTP/2.0" 200 100299 "-" "Mozilla/5.0 AppleWebKit/537.36 (KHTML, like Gecko; compatible; GPTBot/1.2; +https://openai.com/gptbot)"
57.141.2.4 - - [24/Jun/2025:13:17:49 +0000] "GET /buy.php?pid=63594056658& HTTP/2.0" 404 - "-" "meta-externalagent/1.1 (+https://developers.facebook.com/docs/sharing/webmasters/crawler)"
57.141.2.18 - - [24/Jun/2025:13:17:51 +0000] "GET /buy.php?pid=58760993652& HTTP/2.0" 404 - "-" "meta-externalagent/1.1 (+https://developers.facebook.com/docs/sharing/webmasters/crawler)"
20.171.207.14 - - [24/Jun/2025:13:17:51 +0000] "GET /?cate_id=7418&channel=cars-cars&pid=74182553071 HTTP/2.0" 200 100299 "-" "Mozilla/5.0 AppleWebKit/537.36 (KHTML, like Gecko; compatible; GPTBot/1.2; +https://openai.com/gptbot)"
57.141.2.30 - - [24/Jun/2025:13:17:52 +0000] "GET /?pid=60292724617& HTTP/2.0" 200 100299 "-" "meta-externalagent/1.1 (+https://developers.facebook.com/docs/sharing/webmasters/crawler)"
57.141.2.19 - - [24/Jun/2025:13:17:53 +0000] "GET /buy.php?pid=73593916056& HTTP/2.0" 404 - "-" "meta-externalagent/1.1 (+https://developers.facebook.com/docs/sharing/webmasters/crawler)"
20.171.207.14 - - [24/Jun/2025:13:17:53 +0000] "GET /?cate_id=5958&channel=food-wine&pid=59583233247 HTTP/2.0" 200 100299 "-" "Mozilla/5.0 AppleWebKit/537.36 (KHTML, like Gecko; compatible; GPTBot/1.2; +https://openai.com/gptbot)"
57.141.2.22 - - [24/Jun/2025:13:17:54 +0000] "GET /buy.php?pid=60163958438& HTTP/2.0" 404 - "-" "meta-externalagent/1.1 (+https://developers.facebook.com/docs/sharing/webmasters/crawler)"
57.141.2.19 - - [24/Jun/2025:13:17:55 +0000] "GET /buy.php?pid=52021359060& HTTP/2.0" 404 - "-" "meta-externalagent/1.1 (+https://developers.facebook.com/docs/sharing/webmasters/crawler)"
20.171.207.14 - - [24/Jun/2025:13:17:56 +0000] "GET /?cate_id=7418&channel=cars-cars&pid=74180526447 HTTP/2.0" 200 100299 "-" "Mozilla/5.0 AppleWebKit/537.36 (KHTML, like Gecko; compatible; GPTBot/1.2; +https://openai.com/gptbot)"
57.141.2.30 - - [24/Jun/2025:13:17:56 +0000] "GET /buy.php?pid=60110767833& HTTP/2.0" 404 - "-" "meta-externalagent/1.1 (+https://developers.facebook.com/docs/sharing/webmasters/crawler)"
57.141.2.11 - - [24/Jun/2025:13:17:56 +0000] "GET /buy.php?pid=65420860566& HTTP/2.0" 404 - "-" "meta-externalagent/1.1 (+https://developers.facebook.com/docs/sharing/webmasters/crawler)"
20.171.207.14 - - [24/Jun/2025:13:17:57 +0000] "GET /?cate_id=5976&channel=food-food&pid=59761046379 HTTP/2.0" 200 100299 "-" "Mozilla/5.0 AppleWebKit/537.36 (KHTML, like Gecko; compatible; GPTBot/1.2; +https://openai.com/gptbot)"
57.141.2.3 - - [24/Jun/2025:13:17:58 +0000] "GET /buy.php?pid=59183427553& HTTP/2.0" 404 - "-" "meta-externalagent/1.1 (+https://developers.facebook.com/docs/sharing/webmasters/crawler)"
20.171.207.14 - - [24/Jun/2025:13:17:58 +0000] "GET /?cate_id=6391&channel=goods-ocg&pid=63913945293 HTTP/2.0" 200 100299 "-" "Mozilla/5.0 AppleWebKit/537.36 (KHTML, like Gecko; compatible; GPTBot/1.2; +https://openai.com/gptbot)"
20.171.207.14 - - [24/Jun/2025:13:18:00 +0000] "GET /?cate_id=5962&channel=food-rice&pid=59623688426 HTTP/2.0" 200 100299 "-" "Mozilla/5.0 AppleWebKit/537.36 (KHTML, like Gecko; compatible; GPTBot/1.2; +https://openai.com/gptbot)"
20.171.207.14 - - [24/Jun/2025:13:18:01 +0000] "GET /?cate_id=6542&channel=dvds-asia&pid=65422189395 HTTP/2.0" 200 100299 "-" "Mozilla/5.0 AppleWebKit/537.36 (KHTML, like Gecko; compatible; GPTBot/1.2; +https://openai.com/gptbot)"
57.141.2.6 - - [24/Jun/2025:13:18:01 +0000] "GET /?pid=60703307062& HTTP/2.0" 200 100299 "-" "meta-externalagent/1.1 (+https://developers.facebook.com/docs/sharing/webmasters/crawler)"
57.141.2.30 - - [24/Jun/2025:13:18:02 +0000] "GET /buy.php?pid=74180749396& HTTP/2.0" 404 - "-" "meta-externalagent/1.1 (+https://developers.facebook.com/docs/sharing/webmasters/crawler)"
20.171.207.14 - - [24/Jun/2025:13:18:03 +0000] "GET /?cate_id=7418&channel=cars-cars&pid=74182597131 HTTP/2.0" 200 100299 "-" "Mozilla/5.0 AppleWebKit/537.36 (KHTML, like Gecko; compatible; GPTBot/1.2; +https://openai.com/gptbot)"
57.141.2.18 - - [24/Jun/2025:13:18:03 +0000] "GET /buy.php?pid=60151464098& HTTP/2.0" 404 - "-" "meta-externalagent/1.1 (+https://developers.facebook.com/docs/sharing/webmasters/crawler)"
57.141.2.13 - - [24/Jun/2025:13:18:03 +0000] "GET /?pid=74421945087& HTTP/2.0" 200 100299 "-" "meta-externalagent/1.1 (+https://developers.facebook.com/docs/sharing/webmasters/crawler)"
20.171.207.14 - - [24/Jun/2025:13:18:04 +0000] "GET /?cate_id=7418&channel=cars-cars&pid=74180947856 HTTP/2.0" 200 100299 "-" "Mozilla/5.0 AppleWebKit/537.36 (KHTML, like Gecko; compatible; GPTBot/1.2; +https://openai.com/gptbot)"
57.141.2.2 - - [24/Jun/2025:13:18:04 +0000] "GET /buy.php?pid=74813003467& HTTP/2.0" 404 - "-" "meta-externalagent/1.1 (+https://developers.facebook.com/docs/sharing/webmasters/crawler)"
57.141.2.8 - - [24/Jun/2025:13:18:05 +0000] "GET /buy.php?pid=51204138729& HTTP/2.0" 404 - "-" "meta-externalagent/1.1 (+https://developers.facebook.com/docs/sharing/webmasters/crawler)"
20.171.207.14 - - [24/Jun/2025:13:18:05 +0000] "GET /?cate_id=5965&channel=food-sake&pid=59652284822 HTTP/2.0" 200 100299 "-" "Mozilla/5.0 AppleWebKit/537.36 (KHTML, like Gecko; compatible; GPTBot/1.2; +https://openai.com/gptbot)"
40.77.167.247 - - [24/Jun/2025:13:18:06 +0000] "GET /buy.php?pid=64861486320&channel=goods-others&cate_id=6486 HTTP/2.0" 404 - "-" "Mozilla/5.0 AppleWebKit/537.36 (KHTML, like Gecko; compatible; bingbot/2.0; +http://www.bing.com/bingbot.htm) Chrome/116.0.1938.76 Safari/537.36"
20.171.207.14 - - [24/Jun/2025:13:18:06 +0000] "GET /?cate_id=7416&channel=toys-toys&pid=74162649417 HTTP/2.0" 200 100299 "-" "Mozilla/5.0 AppleWebKit/537.36 (KHTML, like Gecko; compatible; GPTBot/1.2; +https://openai.com/gptbot)"
57.141.2.4 - - [24/Jun/2025:13:18:07 +0000] "GET /buy.php?pid=65591457221& HTTP/2.0" 404 - "-" "meta-externalagent/1.1 (+https://developers.facebook.com/docs/sharing/webmasters/crawler)"
57.141.2.17 - - [24/Jun/2025:13:18:07 +0000] "GET /buy.php?pid=64953892789& HTTP/2.0" 404 - "-" "meta-externalagent/1.1 (+https://developers.facebook.com/docs/sharing/webmasters/crawler)"
20.171.207.14 - - [24/Jun/2025:13:18:07 +0000] "GET /?cate_id=7418&channel=cars-cars&pid=74180608922 HTTP/2.0" 200 100299 "-" "Mozilla/5.0 AppleWebKit/537.36 (KHTML, like Gecko; compatible; GPTBot/1.2; +https://openai.com/gptbot)"
20.171.207.14 - - [24/Jun/2025:13:18:08 +0000] "GET /?cate_id=7418&channel=cars-cars&pid=74180526447 HTTP/2.0" 200 100299 "-" "Mozilla/5.0 AppleWebKit/537.36 (KHTML, like Gecko; compatible; GPTBot/1.2; +https://openai.com/gptbot)"
20.171.207.14 - - [24/Jun/2025:13:18:10 +0000] "GET /?cate_id=7418&channel=cars-cars&pid=74183022797 HTTP/2.0" 200 100299 "-" "Mozilla/5.0 AppleWebKit/537.36 (KHTML, like Gecko; compatible; GPTBot/1.2; +https://openai.com/gptbot)"
57.141.2.21 - - [24/Jun/2025:13:18:10 +0000] "GET /buy.php?pid=68631562558& HTTP/2.0" 404 - "-" "meta-externalagent/1.1 (+https://developers.facebook.com/docs/sharing/webmasters/crawler)"
20.171.207.14 - - [24/Jun/2025:13:18:11 +0000] "GET /?cate_id=6543&channel=cds-music&pid=65431131704 HTTP/2.0" 200 100299 "-" "Mozilla/5.0 AppleWebKit/537.36 (KHTML, like Gecko; compatible; GPTBot/1.2; +https://openai.com/gptbot)"
57.141.2.28 - - [24/Jun/2025:13:18:11 +0000] "GET /buy.php?pid=51332230774& HTTP/2.0" 404 - "-" "meta-externalagent/1.1 (+https://developers.facebook.com/docs/sharing/webmasters/crawler)"
57.141.2.16 - - [24/Jun/2025:13:18:11 +0000] "GET /?pid=68982270845& HTTP/2.0" 200 100299 "-" "meta-externalagent/1.1 (+https://developers.facebook.com/docs/sharing/webmasters/crawler)"
57.141.2.19 - - [24/Jun/2025:13:18:12 +0000] "GET /buy.php?pid=74370568156& HTTP/2.0" 404 - "-" "meta-externalagent/1.1 (+https://developers.facebook.com/docs/sharing/webmasters/crawler)"
20.171.207.14 - - [24/Jun/2025:13:18:12 +0000] "GET /?cate_id=7418&channel=cars-cars&pid=74183234976 HTTP/2.0" 200 100299 "-" "Mozilla/5.0 AppleWebKit/537.36 (KHTML, like Gecko; compatible; GPTBot/1.2; +https://openai.com/gptbot)"
20.171.207.14 - - [24/Jun/2025:13:18:13 +0000] "GET /?cate_id=6543&channel=cds-music&pid=65430924969 HTTP/2.0" 200 100299 "-" "Mozilla/5.0 AppleWebKit/537.36 (KHTML, like Gecko; compatible; GPTBot/1.2; +https://openai.com/gptbot)"
57.141.2.23 - - [24/Jun/2025:13:18:13 +0000] "GET /buy.php?pid=63593806563& HTTP/2.0" 404 - "-" "meta-externalagent/1.1 (+https://developers.facebook.com/docs/sharing/webmasters/crawler)"
57.141.2.27 - - [24/Jun/2025:13:18:14 +0000] "GET /buy.php?pid=69483917955& HTTP/2.0" 404 - "-" "meta-externalagent/1.1 (+https://developers.facebook.com/docs/sharing/webmasters/crawler)"
20.171.207.14 - - [24/Jun/2025:13:18:14 +0000] "GET /?cate_id=5958&channel=food-wine&pid=59581457562 HTTP/2.0" 200 100299 "-" "Mozilla/5.0 AppleWebKit/537.36 (KHTML, like Gecko; compatible; GPTBot/1.2; +https://openai.com/gptbot)"
57.141.2.30 - - [24/Jun/2025:13:18:15 +0000] "GET /buy.php?pid=60380681136& HTTP/2.0" 404 - "-" "meta-externalagent/1.1 (+https://developers.facebook.com/docs/sharing/webmasters/crawler)"
20.171.207.14 - - [24/Jun/2025:13:18:15 +0000] "GET /?cate_id=7418&channel=cars-cars&pid=74180594125 HTTP/2.0" 200 100299 "-" "Mozilla/5.0 AppleWebKit/537.36 (KHTML, like Gecko; compatible; GPTBot/1.2; +https://openai.com/gptbot)"
57.141.2.6 - - [24/Jun/2025:13:18:16 +0000] "GET /buy.php?pid=68853374987& HTTP/2.0" 404 - "-" "meta-externalagent/1.1 (+https://developers.facebook.com/docs/sharing/webmasters/crawler)"
20.171.207.14 - - [24/Jun/2025:13:18:17 +0000] "GET /?cate_id=7418&channel=cars-cars&pid=74181689254 HTTP/2.0" 200 100299 "-" "Mozilla/5.0 AppleWebKit/537.36 (KHTML, like Gecko; compatible; GPTBot/1.2; +https://openai.com/gptbot)"
20.171.207.14 - - [24/Jun/2025:13:18:18 +0000] "GET /?cate_id=6544&channel=cds-plays&pid=65443299891 HTTP/2.0" 200 100299 "-" "Mozilla/5.0 AppleWebKit/537.36 (KHTML, like Gecko; compatible; GPTBot/1.2; +https://openai.com/gptbot)"
57.141.2.10 - - [24/Jun/2025:13:18:18 +0000] "GET /buy.php?pid=54671039968& HTTP/2.0" 404 - "-" "meta-externalagent/1.1 (+https://developers.facebook.com/docs/sharing/webmasters/crawler)"
20.171.207.14 - - [24/Jun/2025:13:18:19 +0000] "GET /?cate_id=5958&channel=food-wine&pid=59583894616 HTTP/2.0" 200 100299 "-" "Mozilla/5.0 AppleWebKit/537.36 (KHTML, like Gecko; compatible; GPTBot/1.2; +https://openai.com/gptbot)"
57.141.2.19 - - [24/Jun/2025:13:18:19 +0000] "GET /buy.php?pid=60143355773& HTTP/2.0" 404 - "-" "meta-externalagent/1.1 (+https://developers.facebook.com/docs/sharing/webmasters/crawler)"
20.171.207.14 - - [24/Jun/2025:13:18:20 +0000] "GET /?cate_id=5976&channel=food-food&pid=59762388253 HTTP/2.0" 200 100299 "-" "Mozilla/5.0 AppleWebKit/537.36 (KHTML, like Gecko; compatible; GPTBot/1.2; +https://openai.com/gptbot)"
57.141.2.29 - - [24/Jun/2025:13:18:21 +0000] "GET /buy.php?pid=74141108619& HTTP/2.0" 404 - "-" "meta-externalagent/1.1 (+https://developers.facebook.com/docs/sharing/webmasters/crawler)"
57.141.2.1 - - [24/Jun/2025:13:18:21 +0000] "GET /buy.php?pid=60181357982& HTTP/2.0" 404 - "-" "meta-externalagent/1.1 (+https://developers.facebook.com/docs/sharing/webmasters/crawler)"
20.171.207.14 - - [24/Jun/2025:13:18:21 +0000] "GET /?cate_id=7418&channel=cars-cars&pid=74183022797 HTTP/2.0" 200 100299 "-" "Mozilla/5.0 AppleWebKit/537.36 (KHTML, like Gecko; compatible; GPTBot/1.2; +https://openai.com/gptbot)"
57.141.2.5 - - [24/Jun/2025:13:18:22 +0000] "GET /buy.php?pid=60371048812& HTTP/2.0" 404 - "-" "meta-externalagent/1.1 (+https://developers.facebook.com/docs/sharing/webmasters/crawler)"
20.171.207.14 - - [24/Jun/2025:13:18:23 +0000] "GET /?cate_id=6499&channel=tv-player&pid=64991377931 HTTP/2.0" 200 100299 "-" "Mozilla/5.0 AppleWebKit/537.36 (KHTML, like Gecko; compatible; GPTBot/1.2; +https://openai.com/gptbot)"
57.141.2.9 - - [24/Jun/2025:13:18:23 +0000] "GET /buy.php?pid=57771998250& HTTP/2.0" 404 - "-" "meta-externalagent/1.1 (+https://developers.facebook.com/docs/sharing/webmasters/crawler)"
20.171.207.14 - - [24/Jun/2025:13:18:24 +0000] "GET /?cate_id=6391&channel=games-ocg&pid=63911626194 HTTP/2.0" 200 100299 "-" "Mozilla/5.0 AppleWebKit/537.36 (KHTML, like Gecko; compatible; GPTBot/1.2; +https://openai.com/gptbot)"
57.141.2.14 - - [24/Jun/2025:13:18:25 +0000] "GET /buy.php?pid=54524484875& HTTP/2.0" 404 - "-" "meta-externalagent/1.1 (+https://developers.facebook.com/docs/sharing/webmasters/crawler)"
20.171.207.14 - - [24/Jun/2025:13:18:25 +0000] "GET /?cate_id=6490&channel=tv-radios&pid=64900770397 HTTP/2.0" 200 100299 "-" "Mozilla/5.0 AppleWebKit/537.36 (KHTML, like Gecko; compatible; GPTBot/1.2; +https://openai.com/gptbot)"
57.141.2.28 - - [24/Jun/2025:13:18:26 +0000] "GET /buy.php?pid=58110664140& HTTP/2.0" 404 - "-" "meta-externalagent/1.1 (+https://developers.facebook.com/docs/sharing/webmasters/crawler)"
20.171.207.14 - - [24/Jun/2025:13:18:26 +0000] "GET /?cate_id=6543&channel=cds-music&pid=65430924969 HTTP/2.0" 200 100299 "-" "Mozilla/5.0 AppleWebKit/537.36 (KHTML, like Gecko; compatible; GPTBot/1.2; +https://openai.com/gptbot)"
57.141.2.24 - - [24/Jun/2025:13:18:27 +0000] "GET /buy.php?pid=59680878098& HTTP/2.0" 404 - "-" "meta-externalagent/1.1 (+https://developers.facebook.com/docs/sharing/webmasters/crawler)"
57.141.2.13 - - [24/Jun/2025:13:18:28 +0000] "GET /buy.php?pid=73594402372& HTTP/2.0" 404 - "-" "meta-externalagent/1.1 (+https://developers.facebook.com/docs/sharing/webmasters/crawler)"
20.171.207.14 - - [24/Jun/2025:13:18:28 +0000] "GET /?cate_id=5958&channel=food-wine&pid=59583175360 HTTP/2.0" 200 100299 "-" "Mozilla/5.0 AppleWebKit/537.36 (KHTML, like Gecko; compatible; GPTBot/1.2; +https://openai.com/gptbot)"
20.171.207.14 - - [24/Jun/2025:13:18:29 +0000] "GET /?cate_id=7418&channel=cars-cars&pid=74181162908 HTTP/2.0" 200 100299 "-" "Mozilla/5.0 AppleWebKit/537.36 (KHTML, like Gecko; compatible; GPTBot/1.2; +https://openai.com/gptbot)"
57.141.2.9 - - [24/Jun/2025:13:18:29 +0000] "GET /buy.php?pid=60383299452& HTTP/2.0" 404 - "-" "meta-externalagent/1.1 (+https://developers.facebook.com/docs/sharing/webmasters/crawler)"
20.171.207.14 - - [24/Jun/2025:13:18:30 +0000] "GET /?cate_id=5976&channel=food-food&pid=59763114587 HTTP/2.0" 200 100299 "-" "Mozilla/5.0 AppleWebKit/537.36 (KHTML, like Gecko; compatible; GPTBot/1.2; +https://openai.com/gptbot)"
57.141.2.13 - - [24/Jun/2025:13:18:30 +0000] "GET /buy.php?pid=73603414685& HTTP/2.0" 404 - "-" "meta-externalagent/1.1 (+https://developers.facebook.com/docs/sharing/webmasters/crawler)"
20.171.207.14 - - [24/Jun/2025:13:18:31 +0000] "GET /?cate_id=7418&channel=cars-cars&pid=74183832966 HTTP/2.0" 200 100299 "-" "Mozilla/5.0 AppleWebKit/537.36 (KHTML, like Gecko; compatible; GPTBot/1.2; +https://openai.com/gptbot)"
57.141.2.22 - - [24/Jun/2025:13:18:32 +0000] "GET /buy.php?pid=65332203541& HTTP/2.0" 404 - "-" "meta-externalagent/1.1 (+https://developers.facebook.com/docs/sharing/webmasters/crawler)"
20.171.207.14 - - [24/Jun/2025:13:18:33 +0000] "GET /?cate_id=5958&channel=food-wine&pid=59583240244 HTTP/2.0" 200 100299 "-" "Mozilla/5.0 AppleWebKit/537.36 (KHTML, like Gecko; compatible; GPTBot/1.2; +https://openai.com/gptbot)"
57.141.2.19 - - [24/Jun/2025:13:18:33 +0000] "GET /buy.php?pid=60384390403& HTTP/2.0" 404 - "-" "meta-externalagent/1.1 (+https://developers.facebook.com/docs/sharing/webmasters/crawler)"
20.171.207.14 - - [24/Jun/2025:13:18:34 +0000] "GET /?cate_id=6502&channel=tv-lenses&pid=65023219585 HTTP/2.0" 200 100299 "-" "Mozilla/5.0 AppleWebKit/537.36 (KHTML, like Gecko; compatible; GPTBot/1.2; +https://openai.com/gptbot)"
57.141.2.21 - - [24/Jun/2025:13:18:34 +0000] "GET /buy.php?pid=73954286379& HTTP/2.0" 404 - "-" "meta-externalagent/1.1 (+https://developers.facebook.com/docs/sharing/webmasters/crawler)"
20.171.207.14 - - [24/Jun/2025:13:18:35 +0000] "GET /?cate_id=5958&channel=food-wine&pid=59582706276 HTTP/2.0" 200 100299 "-" "Mozilla/5.0 AppleWebKit/537.36 (KHTML, like Gecko; compatible; GPTBot/1.2; +https://openai.com/gptbot)"
57.141.2.24 - - [24/Jun/2025:13:18:35 +0000] "GET /buy.php?pid=60384372520& HTTP/2.0" 404 - "-" "meta-externalagent/1.1 (+https://developers.facebook.com/docs/sharing/webmasters/crawler)"
20.171.207.14 - - [24/Jun/2025:13:18:36 +0000] "GET /?cate_id=5965&channel=food-sake&pid=59653375548 HTTP/2.0" 200 100299 "-" "Mozilla/5.0 AppleWebKit/537.36 (KHTML, like Gecko; compatible; GPTBot/1.2; +https://openai.com/gptbot)"
20.171.207.14 - - [24/Jun/2025:13:18:38 +0000] "GET /?cate_id=7418&channel=cars-cars&pid=74184205119 HTTP/2.0" 200 100299 "-" "Mozilla/5.0 AppleWebKit/537.36 (KHTML, like Gecko; compatible; GPTBot/1.2; +https://openai.com/gptbot)"
57.141.2.13 - - [24/Jun/2025:13:18:38 +0000] "GET /?pid=60142610790& HTTP/2.0" 200 100299 "-" "meta-externalagent/1.1 (+https://developers.facebook.com/docs/sharing/webmasters/crawler)"
57.141.2.15 - - [24/Jun/2025:13:18:39 +0000] "GET /buy.php?pid=65623247645& HTTP/2.0" 404 - "-" "meta-externalagent/1.1 (+https://developers.facebook.com/docs/sharing/webmasters/crawler)"
57.141.2.11 - - [24/Jun/2025:13:18:40 +0000] "GET /buy.php?pid=68663336757& HTTP/2.0" 404 - "-" "meta-externalagent/1.1 (+https://developers.facebook.com/docs/sharing/webmasters/crawler)"
57.141.2.28 - - [24/Jun/2025:13:18:39 +0000] "GET /?pid=60164444738& HTTP/2.0" 200 100299 "-" "meta-externalagent/1.1 (+https://developers.facebook.com/docs/sharing/webmasters/crawler)"
20.171.207.14 - - [24/Jun/2025:13:18:40 +0000] "GET /?cate_id=7418&channel=cars-cars&pid=74182806605 HTTP/2.0" 200 100299 "-" "Mozilla/5.0 AppleWebKit/537.36 (KHTML, like Gecko; compatible; GPTBot/1.2; +https://openai.com/gptbot)"
57.141.2.6 - - [24/Jun/2025:13:18:42 +0000] "GET /buy.php?pid=68902328323& HTTP/2.0" 404 - "-" "meta-externalagent/1.1 (+https://developers.facebook.com/docs/sharing/webmasters/crawler)"
57.141.2.17 - - [24/Jun/2025:13:18:42 +0000] "GET /buy.php?pid=65561009425& HTTP/2.0" 404 - "-" "meta-externalagent/1.1 (+https://developers.facebook.com/docs/sharing/webmasters/crawler)"
20.171.207.14 - - [24/Jun/2025:13:18:42 +0000] "GET /?cate_id=5965&channel=food-sake&pid=59654062145 HTTP/2.0" 200 100299 "-" "Mozilla/5.0 AppleWebKit/537.36 (KHTML, like Gecko; compatible; GPTBot/1.2; +https://openai.com/gptbot)"
57.141.2.14 - - [24/Jun/2025:13:18:44 +0000] "GET /buy.php?pid=58964329738& HTTP/2.0" 404 - "-" "meta-externalagent/1.1 (+https://developers.facebook.com/docs/sharing/webmasters/crawler)"
20.171.207.14 - - [24/Jun/2025:13:18:44 +0000] "GET /?cate_id=5962&channel=food-rice&pid=59624396722 HTTP/2.0" 200 100299 "-" "Mozilla/5.0 AppleWebKit/537.36 (KHTML, like Gecko; compatible; GPTBot/1.2; +https://openai.com/gptbot)"
40.77.167.247 - - [24/Jun/2025:13:18:45 +0000] "GET /buy.php?pid=60373802142&channel=fashion-mens&cate_id=6037 HTTP/2.0" 404 - "-" "Mozilla/5.0 AppleWebKit/537.36 (KHTML, like Gecko; compatible; bingbot/2.0; +http://www.bing.com/bingbot.htm) Chrome/116.0.1938.76 Safari/537.36"
20.171.207.14 - - [24/Jun/2025:13:18:46 +0000] "GET /?cate_id=7418&channel=cars-cars&pid=74180882553 HTTP/2.0" 200 100299 "-" "Mozilla/5.0 AppleWebKit/537.36 (KHTML, like Gecko; compatible; GPTBot/1.2; +https://openai.com/gptbot)"
57.141.2.20 - - [24/Jun/2025:13:18:47 +0000] "GET /buy.php?pid=60372600909& HTTP/2.0" 404 - "-" "meta-externalagent/1.1 (+https://developers.facebook.com/docs/sharing/webmasters/crawler)"
57.141.2.22 - - [24/Jun/2025:13:18:46 +0000] "GET /?pid=74362752578& HTTP/2.0" 200 100299 "-" "meta-externalagent/1.1 (+https://developers.facebook.com/docs/sharing/webmasters/crawler)"
20.171.207.14 - - [24/Jun/2025:13:18:48 +0000] "GET /?cate_id=7418&channel=cars-cars&pid=74181652962 HTTP/2.0" 200 100299 "-" "Mozilla/5.0 AppleWebKit/537.36 (KHTML, like Gecko; compatible; GPTBot/1.2; +https://openai.com/gptbot)"
57.141.2.14 - - [24/Jun/2025:13:18:49 +0000] "GET /buy.php?pid=63753355513& HTTP/2.0" 404 - "-" "meta-externalagent/1.1 (+https://developers.facebook.com/docs/sharing/webmasters/crawler)"
57.141.2.10 - - [24/Jun/2025:13:18:48 +0000] "GET /?pid=73493864103& HTTP/2.0" 200 100299 "-" "meta-externalagent/1.1 (+https://developers.facebook.com/docs/sharing/webmasters/crawler)"
20.171.207.14 - - [24/Jun/2025:13:18:49 +0000] "GET /?cate_id=5958&channel=food-wine&pid=59583240244 HTTP/2.0" 200 100299 "-" "Mozilla/5.0 AppleWebKit/537.36 (KHTML, like Gecko; compatible; GPTBot/1.2; +https://openai.com/gptbot)"
57.141.2.8 - - [24/Jun/2025:13:18:50 +0000] "GET /buy.php?pid=51873383326& HTTP/2.0" 404 - "-" "meta-externalagent/1.1 (+https://developers.facebook.com/docs/sharing/webmasters/crawler)"
57.141.2.10 - - [24/Jun/2025:13:18:50 +0000] "GET /?pid=74422495244& HTTP/2.0" 200 100299 "-" "meta-externalagent/1.1 (+https://developers.facebook.com/docs/sharing/webmasters/crawler)"
57.141.2.8 - - [24/Jun/2025:13:18:52 +0000] "GET /buy.php?pid=60183813475& HTTP/2.0" 404 - "-" "meta-externalagent/1.1 (+https://developers.facebook.com/docs/sharing/webmasters/crawler)"
57.141.2.25 - - [24/Jun/2025:13:18:53 +0000] "GET /buy.php?pid=60383206716& HTTP/2.0" 404 - "-" "meta-externalagent/1.1 (+https://developers.facebook.com/docs/sharing/webmasters/crawler)"
20.171.207.14 - - [24/Jun/2025:13:18:53 +0000] "GET /?cate_id=7418&channel=cars-cars&pid=74183549252 HTTP/2.0" 200 100299 "-" "Mozilla/5.0 AppleWebKit/537.36 (KHTML, like Gecko; compatible; GPTBot/1.2; +https://openai.com/gptbot)"
57.141.2.7 - - [24/Jun/2025:13:18:54 +0000] "GET /buy.php?pid=51270912470& HTTP/2.0" 404 - "-" "meta-externalagent/1.1 (+https://developers.facebook.com/docs/sharing/webmasters/crawler)"
20.171.207.14 - - [24/Jun/2025:13:18:54 +0000] "GET /?cate_id=6543&channel=cds-music&pid=65432183638 HTTP/2.0" 200 100299 "-" "Mozilla/5.0 AppleWebKit/537.36 (KHTML, like Gecko; compatible; GPTBot/1.2; +https://openai.com/gptbot)"
57.141.2.25 - - [24/Jun/2025:13:18:55 +0000] "GET /buy.php?pid=74470868390& HTTP/2.0" 404 - "-" "meta-externalagent/1.1 (+https://developers.facebook.com/docs/sharing/webmasters/crawler)"
57.141.2.4 - - [24/Jun/2025:13:18:56 +0000] "GET /buy.php?pid=55413418916& HTTP/2.0" 404 - "-" "meta-externalagent/1.1 (+https://developers.facebook.com/docs/sharing/webmasters/crawler)"
20.171.207.14 - - [24/Jun/2025:13:18:56 +0000] "GET /?cate_id=7418&channel=cars-cars&pid=74181972058 HTTP/2.0" 200 100299 "-" "Mozilla/5.0 AppleWebKit/537.36 (KHTML, like Gecko; compatible; GPTBot/1.2; +https://openai.com/gptbot)"
20.171.207.14 - - [24/Jun/2025:13:18:58 +0000] "GET /?cate_id=5958&channel=food-wine&pid=59581960612 HTTP/2.0" 200 100299 "-" "Mozilla/5.0 AppleWebKit/537.36 (KHTML, like Gecko; compatible; GPTBot/1.2; +https://openai.com/gptbot)"
57.141.2.12 - - [24/Jun/2025:13:18:59 +0000] "GET /buy.php?pid=64984280498& HTTP/2.0" 404 - "-" "meta-externalagent/1.1 (+https://developers.facebook.com/docs/sharing/webmasters/crawler)"
20.171.207.14 - - [24/Jun/2025:13:18:59 +0000] "GET /?cate_id=7418&channel=cars-cars&pid=74183450146 HTTP/2.0" 200 100299 "-" "Mozilla/5.0 AppleWebKit/537.36 (KHTML, like Gecko; compatible; GPTBot/1.2; +https://openai.com/gptbot)"
57.141.2.4 - - [24/Jun/2025:13:18:59 +0000] "GET /?pid=73951137087& HTTP/2.0" 200 100299 "-" "meta-externalagent/1.1 (+https://developers.facebook.com/docs/sharing/webmasters/crawler)"
57.141.2.2 - - [24/Jun/2025:13:19:01 +0000] "GET /buy.php?pid=51173154893& HTTP/2.0" 404 - "-" "meta-externalagent/1.1 (+https://developers.facebook.com/docs/sharing/webmasters/crawler)"
20.171.207.14 - - [24/Jun/2025:13:19:01 +0000] "GET /?cate_id=7418&channel=cars-cars&pid=74184330896 HTTP/2.0" 200 100299 "-" "Mozilla/5.0 AppleWebKit/537.36 (KHTML, like Gecko; compatible; GPTBot/1.2; +https://openai.com/gptbot)"
57.141.2.17 - - [24/Jun/2025:13:19:02 +0000] "GET /?pid=52441749594& HTTP/2.0" 200 100299 "-" "meta-externalagent/1.1 (+https://developers.facebook.com/docs/sharing/webmasters/crawler)"
20.171.207.14 - - [24/Jun/2025:13:19:03 +0000] "GET /?cate_id=5965&channel=food-sake&pid=59652006903 HTTP/2.0" 200 100299 "-" "Mozilla/5.0 AppleWebKit/537.36 (KHTML, like Gecko; compatible; GPTBot/1.2; +https://openai.com/gptbot)"
57.141.2.24 - - [24/Jun/2025:13:19:04 +0000] "GET /buy.php?pid=59572982476& HTTP/2.0" 404 - "-" "meta-externalagent/1.1 (+https://developers.facebook.com/docs/sharing/webmasters/crawler)"
57.141.2.18 - - [24/Jun/2025:13:19:04 +0000] "GET /?pid=65623695141& HTTP/2.0" 200 100299 "-" "meta-externalagent/1.1 (+https://developers.facebook.com/docs/sharing/webmasters/crawler)"
57.141.2.18 - - [24/Jun/2025:13:19:05 +0000] "GET /buy.php?pid=60380864819& HTTP/2.0" 404 - "-" "meta-externalagent/1.1 (+https://developers.facebook.com/docs/sharing/webmasters/crawler)"
20.171.207.14 - - [24/Jun/2025:13:19:05 +0000] "GET /?cate_id=7418&channel=cars-cars&pid=74181760192 HTTP/2.0" 200 100299 "-" "Mozilla/5.0 AppleWebKit/537.36 (KHTML, like Gecko; compatible; GPTBot/1.2; +https://openai.com/gptbot)"
57.141.2.21 - - [24/Jun/2025:13:19:05 +0000] "GET /?pid=60384491115& HTTP/2.0" 200 100299 "-" "meta-externalagent/1.1 (+https://developers.facebook.com/docs/sharing/webmasters/crawler)"
20.171.207.14 - - [24/Jun/2025:13:19:07 +0000] "GET /?cate_id=7418&channel=cars-cars&pid=74182656981 HTTP/2.0" 200 100299 "-" "Mozilla/5.0 AppleWebKit/537.36 (KHTML, like Gecko; compatible; GPTBot/1.2; +https://openai.com/gptbot)"
57.141.2.2 - - [24/Jun/2025:13:19:08 +0000] "GET /buy.php?pid=73593109857& HTTP/2.0" 404 - "-" "meta-externalagent/1.1 (+https://developers.facebook.com/docs/sharing/webmasters/crawler)"
20.171.207.14 - - [24/Jun/2025:13:19:08 +0000] "GET /?cate_id=7418&channel=cars-cars&pid=74182795443 HTTP/2.0" 200 100299 "-" "Mozilla/5.0 AppleWebKit/537.36 (KHTML, like Gecko; compatible; GPTBot/1.2; +https://openai.com/gptbot)"
57.141.2.4 - - [24/Jun/2025:13:19:08 +0000] "GET /buy.php?pid=64050884677& HTTP/2.0" 404 - "-" "meta-externalagent/1.1 (+https://developers.facebook.com/docs/sharing/webmasters/crawler)"
20.171.207.14 - - [24/Jun/2025:13:19:09 +0000] "GET /?cate_id=7418&channel=cars-cars&pid=74180714523 HTTP/2.0" 200 100299 "-" "Mozilla/5.0 AppleWebKit/537.36 (KHTML, like Gecko; compatible; GPTBot/1.2; +https://openai.com/gptbot)"
57.141.2.18 - - [24/Jun/2025:13:19:09 +0000] "GET /buy.php?pid=60222109967& HTTP/2.0" 404 - "-" "meta-externalagent/1.1 (+https://developers.facebook.com/docs/sharing/webmasters/crawler)"
57.141.2.1 - - [24/Jun/2025:13:19:09 +0000] "GET /?pid=59871684635& HTTP/2.0" 200 100299 "-" "meta-externalagent/1.1 (+https://developers.facebook.com/docs/sharing/webmasters/crawler)"
20.171.207.14 - - [24/Jun/2025:13:19:11 +0000] "GET /?cate_id=6502&channel=tv-lenses&pid=65020940108 HTTP/2.0" 200 100299 "-" "Mozilla/5.0 AppleWebKit/537.36 (KHTML, like Gecko; compatible; GPTBot/1.2; +https://openai.com/gptbot)"
57.141.2.13 - - [24/Jun/2025:13:19:12 +0000] "GET /buy.php?pid=59201071907& HTTP/2.0" 404 - "-" "meta-externalagent/1.1 (+https://developers.facebook.com/docs/sharing/webmasters/crawler)"
20.171.207.14 - - [24/Jun/2025:13:19:13 +0000] "GET /?cate_id=5976&channel=food-food&pid=59764096158 HTTP/2.0" 200 100299 "-" "Mozilla/5.0 AppleWebKit/537.36 (KHTML, like Gecko; compatible; GPTBot/1.2; +https://openai.com/gptbot)"
57.141.2.13 - - [24/Jun/2025:13:19:13 +0000] "GET /?pid=58753604615& HTTP/2.0" 200 100299 "-" "meta-externalagent/1.1 (+https://developers.facebook.com/docs/sharing/webmasters/crawler)"
20.171.207.14 - - [24/Jun/2025:13:19:14 +0000] "GET /?cate_id=7418&channel=cars-cars&pid=74182146835 HTTP/2.0" 200 100299 "-" "Mozilla/5.0 AppleWebKit/537.36 (KHTML, like Gecko; compatible; GPTBot/1.2; +https://openai.com/gptbot)"
57.141.2.17 - - [24/Jun/2025:13:19:15 +0000] "GET /buy.php?pid=68101019878& HTTP/2.0" 404 - "-" "meta-externalagent/1.1 (+https://developers.facebook.com/docs/sharing/webmasters/crawler)"
57.141.2.17 - - [24/Jun/2025:13:19:16 +0000] "GET /buy.php?pid=60380838607& HTTP/2.0" 404 - "-" "meta-externalagent/1.1 (+https://developers.facebook.com/docs/sharing/webmasters/crawler)"
20.171.207.14 - - [24/Jun/2025:13:19:16 +0000] "GET /?cate_id=5958&channel=food-wine&pid=59582270540 HTTP/2.0" 200 100299 "-" "Mozilla/5.0 AppleWebKit/537.36 (KHTML, like Gecko; compatible; GPTBot/1.2; +https://openai.com/gptbot)"
57.141.2.20 - - [24/Jun/2025:13:19:16 +0000] "GET /?pid=59782481901& HTTP/2.0" 200 100299 "-" "meta-externalagent/1.1 (+https://developers.facebook.com/docs/sharing/webmasters/crawler)"
57.141.2.24 - - [24/Jun/2025:13:19:17 +0000] "GET /buy.php?pid=66690560051& HTTP/2.0" 404 - "-" "meta-externalagent/1.1 (+https://developers.facebook.com/docs/sharing/webmasters/crawler)"
20.171.207.14 - - [24/Jun/2025:13:19:18 +0000] "GET /?cate_id=5958&channel=food-wine&pid=59581632908 HTTP/2.0" 200 100299 "-" "Mozilla/5.0 AppleWebKit/537.36 (KHTML, like Gecko; compatible; GPTBot/1.2; +https://openai.com/gptbot)"
57.141.2.15 - - [24/Jun/2025:13:19:18 +0000] "GET /buy.php?pid=68632159752& HTTP/2.0" 404 - "-" "meta-externalagent/1.1 (+https://developers.facebook.com/docs/sharing/webmasters/crawler)"
20.171.207.14 - - [24/Jun/2025:13:19:20 +0000] "GET /?cate_id=7418&channel=cars-cars&pid=74182736151 HTTP/2.0" 200 100299 "-" "Mozilla/5.0 AppleWebKit/537.36 (KHTML, like Gecko; compatible; GPTBot/1.2; +https://openai.com/gptbot)"
57.141.2.17 - - [24/Jun/2025:13:19:21 +0000] "GET /?pid=65353344259& HTTP/2.0" 200 100299 "-" "meta-externalagent/1.1 (+https://developers.facebook.com/docs/sharing/webmasters/crawler)"
57.141.2.6 - - [24/Jun/2025:13:19:21 +0000] "GET /buy.php?pid=65021886159& HTTP/2.0" 404 - "-" "meta-externalagent/1.1 (+https://developers.facebook.com/docs/sharing/webmasters/crawler)"
20.171.207.14 - - [24/Jun/2025:13:19:21 +0000] "GET /?cate_id=7418&channel=cars-cars&pid=74181926293 HTTP/2.0" 200 100299 "-" "Mozilla/5.0 AppleWebKit/537.36 (KHTML, like Gecko; compatible; GPTBot/1.2; +https://openai.com/gptbot)"
57.141.2.20 - - [24/Jun/2025:13:19:22 +0000] "GET /?pid=60142913817& HTTP/2.0" 200 100299 "-" "meta-externalagent/1.1 (+https://developers.facebook.com/docs/sharing/webmasters/crawler)"
57.141.2.24 - - [24/Jun/2025:13:19:23 +0000] "GET /buy.php?pid=73522994859& HTTP/2.0" 404 - "-" "meta-externalagent/1.1 (+https://developers.facebook.com/docs/sharing/webmasters/crawler)"
20.171.207.14 - - [24/Jun/2025:13:19:23 +0000] "GET /?cate_id=7418&channel=cars-cars&pid=74181506974 HTTP/2.0" 200 100299 "-" "Mozilla/5.0 AppleWebKit/537.36 (KHTML, like Gecko; compatible; GPTBot/1.2; +https://openai.com/gptbot)"
57.141.2.24 - - [24/Jun/2025:13:19:24 +0000] "GET /buy.php?pid=73493189978& HTTP/2.0" 404 - "-" "meta-externalagent/1.1 (+https://developers.facebook.com/docs/sharing/webmasters/crawler)"
20.171.207.14 - - [24/Jun/2025:13:19:24 +0000] "GET /?cate_id=6543&channel=cds-music&pid=65433806747 HTTP/2.0" 200 100299 "-" "Mozilla/5.0 AppleWebKit/537.36 (KHTML, like Gecko; compatible; GPTBot/1.2; +https://openai.com/gptbot)"
57.141.2.19 - - [24/Jun/2025:13:19:26 +0000] "GET /buy.php?pid=60382424986& HTTP/2.0" 404 - "-" "meta-externalagent/1.1 (+https://developers.facebook.com/docs/sharing/webmasters/crawler)"
20.171.207.14 - - [24/Jun/2025:13:19:27 +0000] "GET /?cate_id=7418&channel=cars-cars&pid=74182386517 HTTP/2.0" 200 100299 "-" "Mozilla/5.0 AppleWebKit/537.36 (KHTML, like Gecko; compatible; GPTBot/1.2; +https://openai.com/gptbot)"
57.141.2.22 - - [24/Jun/2025:13:19:27 +0000] "GET /?pid=59312139422& HTTP/2.0" 200 100299 "-" "meta-externalagent/1.1 (+https://developers.facebook.com/docs/sharing/webmasters/crawler)"
20.171.207.14 - - [24/Jun/2025:13:19:28 +0000] "GET /?cate_id=5976&channel=food-food&pid=59763691026 HTTP/2.0" 200 100299 "-" "Mozilla/5.0 AppleWebKit/537.36 (KHTML, like Gecko; compatible; GPTBot/1.2; +https://openai.com/gptbot)"
57.141.2.11 - - [24/Jun/2025:13:19:28 +0000] "GET /buy.php?pid=57821971831& HTTP/2.0" 404 - "-" "meta-externalagent/1.1 (+https://developers.facebook.com/docs/sharing/webmasters/crawler)"
57.141.2.18 - - [24/Jun/2025:13:19:29 +0000] "GET /?pid=60210603198& HTTP/2.0" 200 100299 "-" "meta-externalagent/1.1 (+https://developers.facebook.com/docs/sharing/webmasters/crawler)"
57.141.2.15 - - [24/Jun/2025:13:19:30 +0000] "GET /buy.php?pid=65512571733& HTTP/2.0" 404 - "-" "meta-externalagent/1.1 (+https://developers.facebook.com/docs/sharing/webmasters/crawler)"
20.171.207.14 - - [24/Jun/2025:13:19:31 +0000] "GET /?cate_id=7418&channel=cars-cars&pid=74180920260 HTTP/2.0" 200 100299 "-" "Mozilla/5.0 AppleWebKit/537.36 (KHTML, like Gecko; compatible; GPTBot/1.2; +https://openai.com/gptbot)"
57.141.2.8 - - [24/Jun/2025:13:19:32 +0000] "GET /buy.php?pid=51973851366& HTTP/2.0" 404 - "-" "meta-externalagent/1.1 (+https://developers.facebook.com/docs/sharing/webmasters/crawler)"
20.171.207.14 - - [24/Jun/2025:13:19:33 +0000] "GET /?cate_id=5965&channel=food-sake&pid=59651030405 HTTP/2.0" 200 100299 "-" "Mozilla/5.0 AppleWebKit/537.36 (KHTML, like Gecko; compatible; GPTBot/1.2; +https://openai.com/gptbot)"
57.141.2.12 - - [24/Jun/2025:13:19:33 +0000] "GET /?pid=51272957392& HTTP/2.0" 200 100299 "-" "meta-externalagent/1.1 (+https://developers.facebook.com/docs/sharing/webmasters/crawler)"
20.171.207.14 - - [24/Jun/2025:13:19:34 +0000] "GET /?cate_id=7418&channel=cars-cars&pid=74181602773 HTTP/2.0" 200 100299 "-" "Mozilla/5.0 AppleWebKit/537.36 (KHTML, like Gecko; compatible; GPTBot/1.2; +https://openai.com/gptbot)"
57.141.2.24 - - [24/Jun/2025:13:19:34 +0000] "GET /?pid=52020955364& HTTP/2.0" 200 100299 "-" "meta-externalagent/1.1 (+https://developers.facebook.com/docs/sharing/webmasters/crawler)"
57.141.2.4 - - [24/Jun/2025:13:19:35 +0000] "GET /buy.php?pid=51714335616& HTTP/2.0" 404 - "-" "meta-externalagent/1.1 (+https://developers.facebook.com/docs/sharing/webmasters/crawler)"
57.141.2.25 - - [24/Jun/2025:13:19:36 +0000] "GET /?pid=60161960826& HTTP/2.0" 200 100299 "-" "meta-externalagent/1.1 (+https://developers.facebook.com/docs/sharing/webmasters/crawler)"
57.141.2.1 - - [24/Jun/2025:13:19:36 +0000] "GET /buy.php?pid=68661956078& HTTP/2.0" 404 - "-" "meta-externalagent/1.1 (+https://developers.facebook.com/docs/sharing/webmasters/crawler)"
20.171.207.14 - - [24/Jun/2025:13:19:36 +0000] "GET /?cate_id=7418&channel=cars-cars&pid=74183008752 HTTP/2.0" 200 100299 "-" "Mozilla/5.0 AppleWebKit/537.36 (KHTML, like Gecko; compatible; GPTBot/1.2; +https://openai.com/gptbot)"
20.171.207.14 - - [24/Jun/2025:13:19:38 +0000] "GET /?cate_id=7418&channel=cars-cars&pid=74182704931 HTTP/2.0" 200 100299 "-" "Mozilla/5.0 AppleWebKit/537.36 (KHTML, like Gecko; compatible; GPTBot/1.2; +https://openai.com/gptbot)"
20.171.207.14 - - [24/Jun/2025:13:19:40 +0000] "GET /?cate_id=7418&channel=cars-cars&pid=74183593929 HTTP/2.0" 200 100299 "-" "Mozilla/5.0 AppleWebKit/537.36 (KHTML, like Gecko; compatible; GPTBot/1.2; +https://openai.com/gptbot)"
57.141.2.10 - - [24/Jun/2025:13:19:40 +0000] "GET /buy.php?pid=60111977128& HTTP/2.0" 404 - "-" "meta-externalagent/1.1 (+https://developers.facebook.com/docs/sharing/webmasters/crawler)"
57.141.2.10 - - [24/Jun/2025:13:19:42 +0000] "GET /buy.php?pid=67512091937& HTTP/2.0" 404 - "-" "meta-externalagent/1.1 (+https://developers.facebook.com/docs/sharing/webmasters/crawler)"
20.171.207.14 - - [24/Jun/2025:13:19:42 +0000] "GET /?cate_id=5965&channel=food-sake&pid=59654315467 HTTP/2.0" 200 100299 "-" "Mozilla/5.0 AppleWebKit/537.36 (KHTML, like Gecko; compatible; GPTBot/1.2; +https://openai.com/gptbot)"
57.141.2.27 - - [24/Jun/2025:13:19:42 +0000] "GET /buy.php?pid=73683615467& HTTP/2.0" 404 - "-" "meta-externalagent/1.1 (+https://developers.facebook.com/docs/sharing/webmasters/crawler)"
52.167.144.137 - - [24/Jun/2025:13:19:43 +0000] "GET /buy.php?pid=64631828415&channel=toys-build-divide&cate_id=6463 HTTP/2.0" 404 - "-" "Mozilla/5.0 AppleWebKit/537.36 (KHTML, like Gecko; compatible; bingbot/2.0; +http://www.bing.com/bingbot.htm) Chrome/116.0.1938.76 Safari/537.36"
57.141.2.14 - - [24/Jun/2025:13:19:44 +0000] "GET /buy.php?pid=61551056997& HTTP/2.0" 404 - "-" "meta-externalagent/1.1 (+https://developers.facebook.com/docs/sharing/webmasters/crawler)"
57.141.2.6 - - [24/Jun/2025:13:19:45 +0000] "GET /buy.php?pid=65020572007& HTTP/2.0" 404 - "-" "meta-externalagent/1.1 (+https://developers.facebook.com/docs/sharing/webmasters/crawler)"
57.141.2.23 - - [24/Jun/2025:13:19:45 +0000] "GET /buy.php?pid=64860841962& HTTP/2.0" 404 - "-" "meta-externalagent/1.1 (+https://developers.facebook.com/docs/sharing/webmasters/crawler)"
20.171.207.14 - - [24/Jun/2025:13:19:44 +0000] "GET /?cate_id=7418&channel=cars-cars&pid=74181520979 HTTP/2.0" 200 100299 "-" "Mozilla/5.0 AppleWebKit/537.36 (KHTML, like Gecko; compatible; GPTBot/1.2; +https://openai.com/gptbot)"
20.171.207.14 - - [24/Jun/2025:13:19:46 +0000] "GET /?cate_id=6499&channel=tv-player&pid=64993426700 HTTP/2.0" 200 100299 "-" "Mozilla/5.0 AppleWebKit/537.36 (KHTML, like Gecko; compatible; GPTBot/1.2; +https://openai.com/gptbot)"
57.141.2.7 - - [24/Jun/2025:13:19:47 +0000] "GET /buy.php?pid=60371413512& HTTP/2.0" 404 - "-" "meta-externalagent/1.1 (+https://developers.facebook.com/docs/sharing/webmasters/crawler)"
