20.171.207.99 - - [25/Jun/2025:01:06:29 +0000] "GET /store.php?shopdetail/187756441 HTTP/2.0" 500 - "-" "Mozilla/5.0 AppleWebKit/537.36 (KHTML, like Gecko; compatible; GPTBot/1.2; +https://openai.com/gptbot)"
20.171.207.99 - - [25/Jun/2025:01:07:31 +0000] "GET /store.php?shopdetail/272621341 HTTP/2.0" 500 - "-" "Mozilla/5.0 AppleWebKit/537.36 (KHTML, like Gecko; compatible; GPTBot/1.2; +https://openai.com/gptbot)"
20.171.207.99 - - [25/Jun/2025:01:08:36 +0000] "GET /store.php?shopdetail/197391241 HTTP/2.0" 500 - "-" "Mozilla/5.0 AppleWebKit/537.36 (KHTML, like Gecko; compatible; GPTBot/1.2; +https://openai.com/gptbot)"
20.171.207.99 - - [25/Jun/2025:01:09:40 +0000] "GET /store.php?shopdetail/116437241 HTTP/2.0" 500 - "-" "Mozilla/5.0 AppleWebKit/537.36 (KHTML, like Gecko; compatible; GPTBot/1.2; +https://openai.com/gptbot)"
20.171.207.99 - - [25/Jun/2025:01:10:45 +0000] "GET /store.php?shopdetail/161833041 HTTP/2.0" 500 - "-" "Mozilla/5.0 AppleWebKit/537.36 (KHTML, like Gecko; compatible; GPTBot/1.2; +https://openai.com/gptbot)"
66.249.79.66 - - [25/Jun/2025:01:11:36 +0000] "GET /store.php/shopdetail/123694241 HTTP/1.1" 200 121625 "-" "Mozilla/5.0 (Linux; Android 6.0.1; Nexus 5X Build/MMB29P) AppleWebKit/537.36 (KHTML, like Gecko) Chrome/137.0.7151.103 Mobile Safari/537.36 (compatible; Googlebot/2.1; +http://www.google.com/bot.html)"
20.171.207.99 - - [25/Jun/2025:01:11:45 +0000] "GET /store.php?shopdetail/240923441 HTTP/2.0" 500 - "-" "Mozilla/5.0 AppleWebKit/537.36 (KHTML, like Gecko; compatible; GPTBot/1.2; +https://openai.com/gptbot)"
20.171.207.99 - - [25/Jun/2025:01:12:48 +0000] "GET /store.php?shopdetail/192301441 HTTP/2.0" 500 - "-" "Mozilla/5.0 AppleWebKit/537.36 (KHTML, like Gecko; compatible; GPTBot/1.2; +https://openai.com/gptbot)"
20.171.207.99 - - [25/Jun/2025:01:13:51 +0000] "GET /store.php?shopdetail/224077841 HTTP/2.0" 500 - "-" "Mozilla/5.0 AppleWebKit/537.36 (KHTML, like Gecko; compatible; GPTBot/1.2; +https://openai.com/gptbot)"
66.249.79.66 - - [25/Jun/2025:01:14:27 +0000] "GET /store.php?shopdetail/144062441 HTTP/1.1" 200 120148 "-" "Mozilla/5.0 (Linux; Android 6.0.1; Nexus 5X Build/MMB29P) AppleWebKit/537.36 (KHTML, like Gecko) Chrome/137.0.7151.103 Mobile Safari/537.36 (compatible; Googlebot/2.1; +http://www.google.com/bot.html)"
20.171.207.99 - - [25/Jun/2025:01:14:52 +0000] "GET /store.php?shopdetail/132491541 HTTP/2.0" 500 - "-" "Mozilla/5.0 AppleWebKit/537.36 (KHTML, like Gecko; compatible; GPTBot/1.2; +https://openai.com/gptbot)"
20.171.207.99 - - [25/Jun/2025:01:15:57 +0000] "GET /store.php?shopdetail/244901541 HTTP/2.0" 500 - "-" "Mozilla/5.0 AppleWebKit/537.36 (KHTML, like Gecko; compatible; GPTBot/1.2; +https://openai.com/gptbot)"
66.249.79.66 - - [25/Jun/2025:01:15:53 +0000] "GET /store.php?shopdetail/210432441 HTTP/1.1" 200 120850 "-" "Mozilla/5.0 (Linux; Android 6.0.1; Nexus 5X Build/MMB29P) AppleWebKit/537.36 (KHTML, like Gecko) Chrome/137.0.7151.103 Mobile Safari/537.36 (compatible; Googlebot/2.1; +http://www.google.com/bot.html)"
66.249.79.64 - - [25/Jun/2025:01:16:42 +0000] "GET /store.php?shopdetail/179437341 HTTP/1.1" 200 116701 "-" "Mozilla/5.0 (compatible; Googlebot/2.1; +http://www.google.com/bot.html)"
20.171.207.99 - - [25/Jun/2025:01:17:01 +0000] "GET /store.php?shopdetail/186178541 HTTP/2.0" 500 - "-" "Mozilla/5.0 AppleWebKit/537.36 (KHTML, like Gecko; compatible; GPTBot/1.2; +https://openai.com/gptbot)"
66.249.79.65 - - [25/Jun/2025:01:17:13 +0000] "GET /store.php?shopdetail/259916141 HTTP/1.1" 200 118762 "-" "Mozilla/5.0 (Linux; Android 6.0.1; Nexus 5X Build/MMB29P) AppleWebKit/537.36 (KHTML, like Gecko) Chrome/137.0.7151.103 Mobile Safari/537.36 (compatible; Googlebot/2.1; +http://www.google.com/bot.html)"
66.249.79.64 - - [25/Jun/2025:01:17:18 +0000] "GET /store.php?shopdetail/130605541 HTTP/1.1" 200 133061 "-" "Mozilla/5.0 (compatible; Googlebot/2.1; +http://www.google.com/bot.html)"
20.171.207.99 - - [25/Jun/2025:01:18:05 +0000] "GET /store.php?shopdetail/228372441 HTTP/2.0" 500 - "-" "Mozilla/5.0 AppleWebKit/537.36 (KHTML, like Gecko; compatible; GPTBot/1.2; +https://openai.com/gptbot)"
20.171.207.99 - - [25/Jun/2025:01:19:15 +0000] "GET /store.php?shopdetail/247652441 HTTP/2.0" 500 - "-" "Mozilla/5.0 AppleWebKit/537.36 (KHTML, like Gecko; compatible; GPTBot/1.2; +https://openai.com/gptbot)"
66.249.79.64 - - [25/Jun/2025:01:19:40 +0000] "GET /store.php?shopdetail/155002741 HTTP/1.1" 200 136131 "-" "Mozilla/5.0 (compatible; Googlebot/2.1; +http://www.google.com/bot.html)"
66.249.79.64 - - [25/Jun/2025:01:19:52 +0000] "GET /store.php?shopdetail/211870441 HTTP/1.1" 200 133189 "-" "Mozilla/5.0 (compatible; Googlebot/2.1; +http://www.google.com/bot.html)"
66.249.79.65 - - [25/Jun/2025:01:19:54 +0000] "GET /store.php/shopdetail/244248341 HTTP/1.1" 200 121428 "-" "Mozilla/5.0 (compatible; Googlebot/2.1; +http://www.google.com/bot.html)"
20.171.207.99 - - [25/Jun/2025:01:20:19 +0000] "GET /store.php?shopdetail/166871041 HTTP/2.0" 500 - "-" "Mozilla/5.0 AppleWebKit/537.36 (KHTML, like Gecko; compatible; GPTBot/1.2; +https://openai.com/gptbot)"
66.249.79.64 - - [25/Jun/2025:01:20:38 +0000] "GET /store.php?shopdetail/124443141 HTTP/1.1" 200 121483 "-" "Mozilla/5.0 (Linux; Android 6.0.1; Nexus 5X Build/MMB29P) AppleWebKit/537.36 (KHTML, like Gecko) Chrome/137.0.7151.103 Mobile Safari/537.36 (compatible; Googlebot/2.1; +http://www.google.com/bot.html)"
20.171.207.99 - - [25/Jun/2025:01:21:24 +0000] "GET /store.php?shopdetail/163917341 HTTP/2.0" 500 - "-" "Mozilla/5.0 AppleWebKit/537.36 (KHTML, like Gecko; compatible; GPTBot/1.2; +https://openai.com/gptbot)"
2.236.112.207 - - [25/Jun/2025:01:21:29 +0000] "GET / HTTP/1.1" 500 - "-" "Mozilla/5.0 (Windows NT 10.0; Win64; x64) AppleWebKit/537.36 (KHTML, like Gecko) Chrome/74.0.3729.169 Safari/537.36"
20.171.207.99 - - [25/Jun/2025:01:22:25 +0000] "GET /store.php?shopdetail/159689641 HTTP/2.0" 500 - "-" "Mozilla/5.0 AppleWebKit/537.36 (KHTML, like Gecko; compatible; GPTBot/1.2; +https://openai.com/gptbot)"
20.171.207.99 - - [25/Jun/2025:01:23:29 +0000] "GET /store.php?shopdetail/200523241 HTTP/2.0" 500 - "-" "Mozilla/5.0 AppleWebKit/537.36 (KHTML, like Gecko; compatible; GPTBot/1.2; +https://openai.com/gptbot)"
66.249.79.65 - - [25/Jun/2025:01:23:36 +0000] "GET /store.php?shopdetail/78018941 HTTP/1.1" 200 134403 "-" "Mozilla/5.0 (compatible; Googlebot/2.1; +http://www.google.com/bot.html)"
66.249.79.65 - - [25/Jun/2025:01:24:15 +0000] "GET /store.php?shopdetail/23681141 HTTP/1.1" 200 140659 "-" "Mozilla/5.0 (compatible; Googlebot/2.1; +http://www.google.com/bot.html)"
20.171.207.99 - - [25/Jun/2025:01:24:30 +0000] "GET /store.php?shopdetail/156697541 HTTP/2.0" 500 - "-" "Mozilla/5.0 AppleWebKit/537.36 (KHTML, like Gecko; compatible; GPTBot/1.2; +https://openai.com/gptbot)"
66.249.79.65 - - [25/Jun/2025:01:25:20 +0000] "GET /store.php?shopdetail/204482441 HTTP/1.1" 200 113030 "-" "Mozilla/5.0 (Linux; Android 6.0.1; Nexus 5X Build/MMB29P) AppleWebKit/537.36 (KHTML, like Gecko) Chrome/137.0.7151.103 Mobile Safari/537.36 (compatible; Googlebot/2.1; +http://www.google.com/bot.html)"
20.171.207.99 - - [25/Jun/2025:01:25:32 +0000] "GET /store.php?shopdetail/205135041 HTTP/2.0" 500 - "-" "Mozilla/5.0 AppleWebKit/537.36 (KHTML, like Gecko; compatible; GPTBot/1.2; +https://openai.com/gptbot)"
66.249.79.64 - - [25/Jun/2025:01:26:09 +0000] "GET /store.php?shopdetail/92132941 HTTP/1.1" 200 126145 "-" "Mozilla/5.0 (Linux; Android 6.0.1; Nexus 5X Build/MMB29P) AppleWebKit/537.36 (KHTML, like Gecko) Chrome/137.0.7151.103 Mobile Safari/537.36 (compatible; Googlebot/2.1; +http://www.google.com/bot.html)"
20.171.207.99 - - [25/Jun/2025:01:26:32 +0000] "GET /store.php?shopdetail/271268641 HTTP/2.0" 500 - "-" "Mozilla/5.0 AppleWebKit/537.36 (KHTML, like Gecko; compatible; GPTBot/1.2; +https://openai.com/gptbot)"
66.249.79.64 - - [25/Jun/2025:01:26:32 +0000] "GET /store.php?shopdetail/242487341 HTTP/1.1" 200 119801 "-" "Mozilla/5.0 (compatible; Googlebot/2.1; +http://www.google.com/bot.html)"
20.171.207.99 - - [25/Jun/2025:01:27:38 +0000] "GET /store.php?shopdetail/186178541 HTTP/2.0" 500 - "-" "Mozilla/5.0 AppleWebKit/537.36 (KHTML, like Gecko; compatible; GPTBot/1.2; +https://openai.com/gptbot)"
66.249.79.65 - - [25/Jun/2025:01:28:26 +0000] "GET /store.php?shopdetail/223298341 HTTP/1.1" 200 118669 "-" "Mozilla/5.0 (compatible; Googlebot/2.1; +http://www.google.com/bot.html)"
20.171.207.99 - - [25/Jun/2025:01:28:42 +0000] "GET /store.php?shopdetail/234260341 HTTP/2.0" 500 - "-" "Mozilla/5.0 AppleWebKit/537.36 (KHTML, like Gecko; compatible; GPTBot/1.2; +https://openai.com/gptbot)"
20.171.207.99 - - [25/Jun/2025:01:29:45 +0000] "GET /store.php?shopdetail/230150541 HTTP/2.0" 500 - "-" "Mozilla/5.0 AppleWebKit/537.36 (KHTML, like Gecko; compatible; GPTBot/1.2; +https://openai.com/gptbot)"
66.249.79.64 - - [25/Jun/2025:01:30:40 +0000] "GET /store.php/shopdetail/90386641 HTTP/1.1" 200 123596 "-" "Mozilla/5.0 (compatible; Googlebot/2.1; +http://www.google.com/bot.html)"
20.171.207.99 - - [25/Jun/2025:01:30:48 +0000] "GET /store.php?shopdetail/228969241 HTTP/2.0" 500 - "-" "Mozilla/5.0 AppleWebKit/537.36 (KHTML, like Gecko; compatible; GPTBot/1.2; +https://openai.com/gptbot)"
20.171.207.99 - - [25/Jun/2025:01:31:49 +0000] "GET /store.php?shopdetail/176944041 HTTP/2.0" 500 - "-" "Mozilla/5.0 AppleWebKit/537.36 (KHTML, like Gecko; compatible; GPTBot/1.2; +https://openai.com/gptbot)"
20.171.207.99 - - [25/Jun/2025:01:32:49 +0000] "GET /store.php?shopdetail/172173941 HTTP/2.0" 500 - "-" "Mozilla/5.0 AppleWebKit/537.36 (KHTML, like Gecko; compatible; GPTBot/1.2; +https://openai.com/gptbot)"
66.249.79.66 - - [25/Jun/2025:01:33:36 +0000] "GET /store.php?shopdetail/78018941 HTTP/1.1" 200 134403 "-" "Mozilla/5.0 (compatible; Googlebot/2.1; +http://www.google.com/bot.html)"
20.171.207.99 - - [25/Jun/2025:01:33:54 +0000] "GET /store.php?shopdetail/147689741 HTTP/2.0" 500 - "-" "Mozilla/5.0 AppleWebKit/537.36 (KHTML, like Gecko; compatible; GPTBot/1.2; +https://openai.com/gptbot)"
66.249.79.66 - - [25/Jun/2025:01:34:01 +0000] "GET /store.php?shopdetail/14730941 HTTP/1.1" 200 116598 "-" "Mozilla/5.0 (Linux; Android 6.0.1; Nexus 5X Build/MMB29P) AppleWebKit/537.36 (KHTML, like Gecko) Chrome/137.0.7151.103 Mobile Safari/537.36 (compatible; Googlebot/2.1; +http://www.google.com/bot.html)"
20.171.207.99 - - [25/Jun/2025:01:34:54 +0000] "GET /store.php?shopdetail/263356541 HTTP/2.0" 500 - "-" "Mozilla/5.0 AppleWebKit/537.36 (KHTML, like Gecko; compatible; GPTBot/1.2; +https://openai.com/gptbot)"
20.171.207.99 - - [25/Jun/2025:01:35:56 +0000] "GET /store.php?shopdetail/163307141 HTTP/2.0" 500 - "-" "Mozilla/5.0 AppleWebKit/537.36 (KHTML, like Gecko; compatible; GPTBot/1.2; +https://openai.com/gptbot)"
66.249.79.64 - - [25/Jun/2025:01:36:54 +0000] "GET /store.php/shopdetail/94732841 HTTP/1.1" 200 154972 "-" "Mozilla/5.0 (Linux; Android 6.0.1; Nexus 5X Build/MMB29P) AppleWebKit/537.36 (KHTML, like Gecko) Chrome/137.0.7151.103 Mobile Safari/537.36 (compatible; Googlebot/2.1; +http://www.google.com/bot.html)"
20.171.207.99 - - [25/Jun/2025:01:36:56 +0000] "GET /store.php?shopdetail/244700841 HTTP/2.0" 500 - "-" "Mozilla/5.0 AppleWebKit/537.36 (KHTML, like Gecko; compatible; GPTBot/1.2; +https://openai.com/gptbot)"
20.171.207.99 - - [25/Jun/2025:01:37:57 +0000] "GET /store.php?shopdetail/215848741 HTTP/2.0" 500 - "-" "Mozilla/5.0 AppleWebKit/537.36 (KHTML, like Gecko; compatible; GPTBot/1.2; +https://openai.com/gptbot)"
20.171.207.99 - - [25/Jun/2025:01:39:00 +0000] "GET /store.php?shopdetail/191042841 HTTP/2.0" 500 - "-" "Mozilla/5.0 AppleWebKit/537.36 (KHTML, like Gecko; compatible; GPTBot/1.2; +https://openai.com/gptbot)"
20.171.207.99 - - [25/Jun/2025:01:40:04 +0000] "GET /store.php?shopdetail/225439141 HTTP/2.0" 500 - "-" "Mozilla/5.0 AppleWebKit/537.36 (KHTML, like Gecko; compatible; GPTBot/1.2; +https://openai.com/gptbot)"
20.171.207.99 - - [25/Jun/2025:01:41:09 +0000] "GET /store.php?shopdetail/102432641 HTTP/2.0" 500 - "-" "Mozilla/5.0 AppleWebKit/537.36 (KHTML, like Gecko; compatible; GPTBot/1.2; +https://openai.com/gptbot)"
66.249.79.66 - - [25/Jun/2025:01:41:56 +0000] "GET /store.php?shopdetail/215061441 HTTP/1.1" 200 126440 "-" "Mozilla/5.0 (Linux; Android 6.0.1; Nexus 5X Build/MMB29P) AppleWebKit/537.36 (KHTML, like Gecko) Chrome/137.0.7151.103 Mobile Safari/537.36 (compatible; Googlebot/2.1; +http://www.google.com/bot.html)"
20.171.207.99 - - [25/Jun/2025:01:42:12 +0000] "GET /store.php?shopdetail/183566141 HTTP/2.0" 500 - "-" "Mozilla/5.0 AppleWebKit/537.36 (KHTML, like Gecko; compatible; GPTBot/1.2; +https://openai.com/gptbot)"
20.171.207.99 - - [25/Jun/2025:01:43:13 +0000] "GET /store.php?shopdetail/172173941 HTTP/2.0" 500 - "-" "Mozilla/5.0 AppleWebKit/537.36 (KHTML, like Gecko; compatible; GPTBot/1.2; +https://openai.com/gptbot)"
20.171.207.99 - - [25/Jun/2025:01:44:18 +0000] "GET /store.php?shopdetail/100816941 HTTP/2.0" 500 - "-" "Mozilla/5.0 AppleWebKit/537.36 (KHTML, like Gecko; compatible; GPTBot/1.2; +https://openai.com/gptbot)"
20.171.207.99 - - [25/Jun/2025:01:45:22 +0000] "GET /store.php?shopdetail/171493841 HTTP/2.0" 500 - "-" "Mozilla/5.0 AppleWebKit/537.36 (KHTML, like Gecko; compatible; GPTBot/1.2; +https://openai.com/gptbot)"
20.171.207.99 - - [25/Jun/2025:01:46:23 +0000] "GET /store.php?shopdetail/178257141 HTTP/2.0" 500 - "-" "Mozilla/5.0 AppleWebKit/537.36 (KHTML, like Gecko; compatible; GPTBot/1.2; +https://openai.com/gptbot)"
66.249.79.64 - - [25/Jun/2025:01:47:18 +0000] "GET /store.php?shopdetail/55617141 HTTP/1.1" 200 117075 "-" "Mozilla/5.0 (compatible; Googlebot/2.1; +http://www.google.com/bot.html)"
20.171.207.99 - - [25/Jun/2025:01:47:27 +0000] "GET /store.php?shopdetail/249965941 HTTP/2.0" 500 - "-" "Mozilla/5.0 AppleWebKit/537.36 (KHTML, like Gecko; compatible; GPTBot/1.2; +https://openai.com/gptbot)"
66.249.79.64 - - [25/Jun/2025:01:47:51 +0000] "GET /store.php?shopdetail/124872041 HTTP/1.1" 200 124777 "-" "Mozilla/5.0 (Linux; Android 6.0.1; Nexus 5X Build/MMB29P) AppleWebKit/537.36 (KHTML, like Gecko) Chrome/137.0.7151.103 Mobile Safari/537.36 (compatible; Googlebot/2.1; +http://www.google.com/bot.html)"
66.249.79.66 - - [25/Jun/2025:01:48:18 +0000] "GET /store.php?shopdetail/180177341 HTTP/1.1" 200 137461 "-" "Mozilla/5.0 (compatible; Googlebot/2.1; +http://www.google.com/bot.html)"
20.171.207.99 - - [25/Jun/2025:01:48:33 +0000] "GET /store.php?shopdetail/239140341 HTTP/2.0" 500 - "-" "Mozilla/5.0 AppleWebKit/537.36 (KHTML, like Gecko; compatible; GPTBot/1.2; +https://openai.com/gptbot)"
20.171.207.99 - - [25/Jun/2025:01:49:35 +0000] "GET /store.php?shopdetail/145284341 HTTP/2.0" 500 - "-" "Mozilla/5.0 AppleWebKit/537.36 (KHTML, like Gecko; compatible; GPTBot/1.2; +https://openai.com/gptbot)"
20.171.207.99 - - [25/Jun/2025:01:50:36 +0000] "GET /store.php?shopdetail/247278641 HTTP/2.0" 500 - "-" "Mozilla/5.0 AppleWebKit/537.36 (KHTML, like Gecko; compatible; GPTBot/1.2; +https://openai.com/gptbot)"
66.249.79.66 - - [25/Jun/2025:01:50:52 +0000] "GET /store.php?shopdetail/167394941 HTTP/1.1" 200 156620 "-" "Mozilla/5.0 (Linux; Android 6.0.1; Nexus 5X Build/MMB29P) AppleWebKit/537.36 (KHTML, like Gecko) Chrome/137.0.7151.103 Mobile Safari/537.36 (compatible; Googlebot/2.1; +http://www.google.com/bot.html)"
66.249.79.64 - - [25/Jun/2025:01:51:12 +0000] "GET /store.php?shopdetail/145483441 HTTP/1.1" 200 156558 "-" "Mozilla/5.0 (Linux; Android 6.0.1; Nexus 5X Build/MMB29P) AppleWebKit/537.36 (KHTML, like Gecko) Chrome/137.0.7151.103 Mobile Safari/537.36 (compatible; Googlebot/2.1; +http://www.google.com/bot.html)"
20.171.207.99 - - [25/Jun/2025:01:51:41 +0000] "GET /store.php?shopdetail/242863141 HTTP/2.0" 500 - "-" "Mozilla/5.0 AppleWebKit/537.36 (KHTML, like Gecko; compatible; GPTBot/1.2; +https://openai.com/gptbot)"
20.171.207.99 - - [25/Jun/2025:01:52:41 +0000] "GET /store.php?shopdetail/144327641 HTTP/2.0" 500 - "-" "Mozilla/5.0 AppleWebKit/537.36 (KHTML, like Gecko; compatible; GPTBot/1.2; +https://openai.com/gptbot)"
20.171.207.99 - - [25/Jun/2025:01:53:45 +0000] "GET /store.php?shopdetail/256233541 HTTP/2.0" 500 - "-" "Mozilla/5.0 AppleWebKit/537.36 (KHTML, like Gecko; compatible; GPTBot/1.2; +https://openai.com/gptbot)"
20.171.207.99 - - [25/Jun/2025:01:54:51 +0000] "GET /store.php?shopdetail/206767041 HTTP/2.0" 500 - "-" "Mozilla/5.0 AppleWebKit/537.36 (KHTML, like Gecko; compatible; GPTBot/1.2; +https://openai.com/gptbot)"
20.171.207.99 - - [25/Jun/2025:01:55:56 +0000] "GET /store.php?shopdetail/204237141 HTTP/2.0" 500 - "-" "Mozilla/5.0 AppleWebKit/537.36 (KHTML, like Gecko; compatible; GPTBot/1.2; +https://openai.com/gptbot)"
20.171.207.99 - - [25/Jun/2025:01:56:56 +0000] "GET /store.php?shopdetail/258924841 HTTP/2.0" 500 - "-" "Mozilla/5.0 AppleWebKit/537.36 (KHTML, like Gecko; compatible; GPTBot/1.2; +https://openai.com/gptbot)"
66.249.79.65 - - [25/Jun/2025:01:56:52 +0000] "GET /store.php?shopdetail/235479041 HTTP/1.1" 200 120254 "-" "Mozilla/5.0 (compatible; Googlebot/2.1; +http://www.google.com/bot.html)"
66.249.79.65 - - [25/Jun/2025:01:57:20 +0000] "GET /store.php?shopdetail/119208141 HTTP/1.1" 200 142469 "-" "Mozilla/5.0 (Linux; Android 6.0.1; Nexus 5X Build/MMB29P) AppleWebKit/537.36 (KHTML, like Gecko) Chrome/137.0.7151.103 Mobile Safari/537.36 (compatible; Googlebot/2.1; +http://www.google.com/bot.html)"
20.171.207.99 - - [25/Jun/2025:01:58:02 +0000] "GET /store.php?shopdetail/227950941 HTTP/2.0" 500 - "-" "Mozilla/5.0 AppleWebKit/537.36 (KHTML, like Gecko; compatible; GPTBot/1.2; +https://openai.com/gptbot)"
20.171.207.99 - - [25/Jun/2025:01:59:05 +0000] "GET /store.php?shopdetail/259838441 HTTP/2.0" 500 - "-" "Mozilla/5.0 AppleWebKit/537.36 (KHTML, like Gecko; compatible; GPTBot/1.2; +https://openai.com/gptbot)"
20.171.207.99 - - [25/Jun/2025:02:00:06 +0000] "GET /store.php?shopdetail/186975441 HTTP/2.0" 500 - "-" "Mozilla/5.0 AppleWebKit/537.36 (KHTML, like Gecko; compatible; GPTBot/1.2; +https://openai.com/gptbot)"
20.171.207.99 - - [25/Jun/2025:02:01:08 +0000] "GET /store.php?shopdetail/247278641 HTTP/2.0" 500 - "-" "Mozilla/5.0 AppleWebKit/537.36 (KHTML, like Gecko; compatible; GPTBot/1.2; +https://openai.com/gptbot)"
66.249.79.65 - - [25/Jun/2025:02:01:42 +0000] "GET /store.php?shopdetail/117484141 HTTP/1.1" 200 130927 "-" "Mozilla/5.0 (compatible; Googlebot/2.1; +http://www.google.com/bot.html)"
66.249.79.65 - - [25/Jun/2025:02:01:56 +0000] "GET /store.php?shopdetail/164687441 HTTP/1.1" 200 122396 "-" "Mozilla/5.0 (compatible; Googlebot/2.1; +http://www.google.com/bot.html)"
20.171.207.99 - - [25/Jun/2025:02:02:11 +0000] "GET /store.php?shopdetail/152935841 HTTP/2.0" 500 - "-" "Mozilla/5.0 AppleWebKit/537.36 (KHTML, like Gecko; compatible; GPTBot/1.2; +https://openai.com/gptbot)"
66.249.79.65 - - [25/Jun/2025:02:02:14 +0000] "GET /store.php?shopdetail/15788541 HTTP/1.1" 200 132512 "-" "Mozilla/5.0 (Linux; Android 6.0.1; Nexus 5X Build/MMB29P) AppleWebKit/537.36 (KHTML, like Gecko) Chrome/137.0.7151.103 Mobile Safari/537.36 (compatible; Googlebot/2.1; +http://www.google.com/bot.html)"
66.249.79.65 - - [25/Jun/2025:02:02:23 +0000] "GET /store.php?shopdetail/96558641 HTTP/1.1" 200 124914 "-" "Mozilla/5.0 (Linux; Android 6.0.1; Nexus 5X Build/MMB29P) AppleWebKit/537.36 (KHTML, like Gecko) Chrome/137.0.7151.103 Mobile Safari/537.36 (compatible; Googlebot/2.1; +http://www.google.com/bot.html)"
66.249.79.64 - - [25/Jun/2025:02:03:01 +0000] "POST /get-message-notify HTTP/1.1" 200 122084 "https://efssailonline.co.in/store.php?shopdetail/96558641" "Mozilla/5.0 (Linux; Android 6.0.1; Nexus 5X Build/MMB29P) AppleWebKit/537.36 (KHTML, like Gecko) Chrome/137.0.7151.68 Mobile Safari/537.36 (compatible; Googlebot/2.1; +http://www.google.com/bot.html)"
20.171.207.99 - - [25/Jun/2025:02:03:12 +0000] "GET /store.php?shopdetail/102825641 HTTP/2.0" 500 - "-" "Mozilla/5.0 AppleWebKit/537.36 (KHTML, like Gecko; compatible; GPTBot/1.2; +https://openai.com/gptbot)"
66.249.79.65 - - [25/Jun/2025:02:03:12 +0000] "GET /store.php?shopdetail/48116641 HTTP/1.1" 200 121253 "-" "Mozilla/5.0 (Linux; Android 6.0.1; Nexus 5X Build/MMB29P) AppleWebKit/537.36 (KHTML, like Gecko) Chrome/137.0.7151.103 Mobile Safari/537.36 (compatible; Googlebot/2.1; +http://www.google.com/bot.html)"
20.171.207.99 - - [25/Jun/2025:02:04:15 +0000] "GET /store.php?shopdetail/235237841 HTTP/2.0" 500 - "-" "Mozilla/5.0 AppleWebKit/537.36 (KHTML, like Gecko; compatible; GPTBot/1.2; +https://openai.com/gptbot)"
20.171.207.99 - - [25/Jun/2025:02:05:17 +0000] "GET /store.php?shopdetail/270682141 HTTP/2.0" 500 - "-" "Mozilla/5.0 AppleWebKit/537.36 (KHTML, like Gecko; compatible; GPTBot/1.2; +https://openai.com/gptbot)"
20.171.207.99 - - [25/Jun/2025:02:06:19 +0000] "GET /store.php?shopdetail/257933741 HTTP/2.0" 500 - "-" "Mozilla/5.0 AppleWebKit/537.36 (KHTML, like Gecko; compatible; GPTBot/1.2; +https://openai.com/gptbot)"
66.249.79.66 - - [25/Jun/2025:02:06:35 +0000] "GET /store.php?shopdetail/254484541 HTTP/1.1" 200 132407 "-" "Mozilla/5.0 (Linux; Android 6.0.1; Nexus 5X Build/MMB29P) AppleWebKit/537.36 (KHTML, like Gecko) Chrome/137.0.7151.103 Mobile Safari/537.36 (compatible; Googlebot/2.1; +http://www.google.com/bot.html)"
91.199.118.49 - - [25/Jun/2025:02:07:10 +0000] "GET / HTTP/1.1" 200 37767 "-" "Mozilla/5.0 (Windows NT 10.0; Win64; x64) AppleWebKit/537.36 (KHTML, like Gecko) Chrome/78.0.3904.108 Safari/537.36"
91.199.118.49 - - [25/Jun/2025:02:07:11 +0000] "GET //wp-includes/wlwmanifest.xml HTTP/1.1" 200 37767 "-" "Mozilla/5.0 (Windows NT 10.0; Win64; x64) AppleWebKit/537.36 (KHTML, like Gecko) Chrome/78.0.3904.108 Safari/537.36"
91.199.118.49 - - [25/Jun/2025:02:07:11 +0000] "GET //xmlrpc.php?rsd HTTP/1.1" 200 37767 "-" "Mozilla/5.0 (Windows NT 10.0; Win64; x64) AppleWebKit/537.36 (KHTML, like Gecko) Chrome/78.0.3904.108 Safari/537.36"
91.199.118.49 - - [25/Jun/2025:02:07:11 +0000] "GET / HTTP/1.1" 200 37767 "-" "Mozilla/5.0 (Windows NT 10.0; Win64; x64) AppleWebKit/537.36 (KHTML, like Gecko) Chrome/78.0.3904.108 Safari/537.36"
91.199.118.49 - - [25/Jun/2025:02:07:11 +0000] "GET //blog/wp-includes/wlwmanifest.xml HTTP/1.1" 200 37767 "-" "Mozilla/5.0 (Windows NT 10.0; Win64; x64) AppleWebKit/537.36 (KHTML, like Gecko) Chrome/78.0.3904.108 Safari/537.36"
91.199.118.49 - - [25/Jun/2025:02:07:11 +0000] "GET //web/wp-includes/wlwmanifest.xml HTTP/1.1" 200 37767 "-" "Mozilla/5.0 (Windows NT 10.0; Win64; x64) AppleWebKit/537.36 (KHTML, like Gecko) Chrome/78.0.3904.108 Safari/537.36"
91.199.118.49 - - [25/Jun/2025:02:07:11 +0000] "GET //wordpress/wp-includes/wlwmanifest.xml HTTP/1.1" 200 37767 "-" "Mozilla/5.0 (Windows NT 10.0; Win64; x64) AppleWebKit/537.36 (KHTML, like Gecko) Chrome/78.0.3904.108 Safari/537.36"
91.199.118.49 - - [25/Jun/2025:02:07:12 +0000] "GET //website/wp-includes/wlwmanifest.xml HTTP/1.1" 200 37767 "-" "Mozilla/5.0 (Windows NT 10.0; Win64; x64) AppleWebKit/537.36 (KHTML, like Gecko) Chrome/78.0.3904.108 Safari/537.36"
91.199.118.49 - - [25/Jun/2025:02:07:12 +0000] "GET //wp/wp-includes/wlwmanifest.xml HTTP/1.1" 200 37767 "-" "Mozilla/5.0 (Windows NT 10.0; Win64; x64) AppleWebKit/537.36 (KHTML, like Gecko) Chrome/78.0.3904.108 Safari/537.36"
91.199.118.49 - - [25/Jun/2025:02:07:12 +0000] "GET //news/wp-includes/wlwmanifest.xml HTTP/1.1" 200 37767 "-" "Mozilla/5.0 (Windows NT 10.0; Win64; x64) AppleWebKit/537.36 (KHTML, like Gecko) Chrome/78.0.3904.108 Safari/537.36"
91.199.118.49 - - [25/Jun/2025:02:07:12 +0000] "GET //2018/wp-includes/wlwmanifest.xml HTTP/1.1" 200 37767 "-" "Mozilla/5.0 (Windows NT 10.0; Win64; x64) AppleWebKit/537.36 (KHTML, like Gecko) Chrome/78.0.3904.108 Safari/537.36"
91.199.118.49 - - [25/Jun/2025:02:07:12 +0000] "GET //2019/wp-includes/wlwmanifest.xml HTTP/1.1" 200 37767 "-" "Mozilla/5.0 (Windows NT 10.0; Win64; x64) AppleWebKit/537.36 (KHTML, like Gecko) Chrome/78.0.3904.108 Safari/537.36"
91.199.118.49 - - [25/Jun/2025:02:07:13 +0000] "GET //shop/wp-includes/wlwmanifest.xml HTTP/1.1" 200 37767 "-" "Mozilla/5.0 (Windows NT 10.0; Win64; x64) AppleWebKit/537.36 (KHTML, like Gecko) Chrome/78.0.3904.108 Safari/537.36"
91.199.118.49 - - [25/Jun/2025:02:07:13 +0000] "GET //wp1/wp-includes/wlwmanifest.xml HTTP/1.1" 200 37767 "-" "Mozilla/5.0 (Windows NT 10.0; Win64; x64) AppleWebKit/537.36 (KHTML, like Gecko) Chrome/78.0.3904.108 Safari/537.36"
91.199.118.49 - - [25/Jun/2025:02:07:13 +0000] "GET //test/wp-includes/wlwmanifest.xml HTTP/1.1" 200 37767 "-" "Mozilla/5.0 (Windows NT 10.0; Win64; x64) AppleWebKit/537.36 (KHTML, like Gecko) Chrome/78.0.3904.108 Safari/537.36"
91.199.118.49 - - [25/Jun/2025:02:07:13 +0000] "GET //media/wp-includes/wlwmanifest.xml HTTP/1.1" 200 37767 "-" "Mozilla/5.0 (Windows NT 10.0; Win64; x64) AppleWebKit/537.36 (KHTML, like Gecko) Chrome/78.0.3904.108 Safari/537.36"
91.199.118.49 - - [25/Jun/2025:02:07:13 +0000] "GET //wp2/wp-includes/wlwmanifest.xml HTTP/1.1" 200 37767 "-" "Mozilla/5.0 (Windows NT 10.0; Win64; x64) AppleWebKit/537.36 (KHTML, like Gecko) Chrome/78.0.3904.108 Safari/537.36"
91.199.118.49 - - [25/Jun/2025:02:07:13 +0000] "GET //site/wp-includes/wlwmanifest.xml HTTP/1.1" 200 37767 "-" "Mozilla/5.0 (Windows NT 10.0; Win64; x64) AppleWebKit/537.36 (KHTML, like Gecko) Chrome/78.0.3904.108 Safari/537.36"
91.199.118.49 - - [25/Jun/2025:02:07:14 +0000] "GET //cms/wp-includes/wlwmanifest.xml HTTP/1.1" 200 37767 "-" "Mozilla/5.0 (Windows NT 10.0; Win64; x64) AppleWebKit/537.36 (KHTML, like Gecko) Chrome/78.0.3904.108 Safari/537.36"
91.199.118.49 - - [25/Jun/2025:02:07:14 +0000] "GET //sito/wp-includes/wlwmanifest.xml HTTP/1.1" 200 37767 "-" "Mozilla/5.0 (Windows NT 10.0; Win64; x64) AppleWebKit/537.36 (KHTML, like Gecko) Chrome/78.0.3904.108 Safari/537.36"
20.171.207.99 - - [25/Jun/2025:02:07:24 +0000] "GET /store.php?shopdetail/152084641 HTTP/2.0" 500 - "-" "Mozilla/5.0 AppleWebKit/537.36 (KHTML, like Gecko; compatible; GPTBot/1.2; +https://openai.com/gptbot)"
20.171.207.99 - - [25/Jun/2025:02:08:25 +0000] "GET /store.php?shopdetail/190863041 HTTP/2.0" 500 - "-" "Mozilla/5.0 AppleWebKit/537.36 (KHTML, like Gecko; compatible; GPTBot/1.2; +https://openai.com/gptbot)"
66.249.79.64 - - [25/Jun/2025:02:08:38 +0000] "GET /store.php?shopdetail/144829641 HTTP/1.1" 200 115216 "-" "Mozilla/5.0 (Linux; Android 6.0.1; Nexus 5X Build/MMB29P) AppleWebKit/537.36 (KHTML, like Gecko) Chrome/137.0.7151.103 Mobile Safari/537.36 (compatible; Googlebot/2.1; +http://www.google.com/bot.html)"
20.171.207.99 - - [25/Jun/2025:02:09:27 +0000] "GET /store.php?shopdetail/230780741 HTTP/2.0" 500 - "-" "Mozilla/5.0 AppleWebKit/537.36 (KHTML, like Gecko; compatible; GPTBot/1.2; +https://openai.com/gptbot)"
20.171.207.99 - - [25/Jun/2025:02:10:33 +0000] "GET /store.php?shopdetail/247196541 HTTP/2.0" 500 - "-" "Mozilla/5.0 AppleWebKit/537.36 (KHTML, like Gecko; compatible; GPTBot/1.2; +https://openai.com/gptbot)"
20.171.207.99 - - [25/Jun/2025:02:11:34 +0000] "GET /store.php?shopdetail/240036741 HTTP/2.0" 500 - "-" "Mozilla/5.0 AppleWebKit/537.36 (KHTML, like Gecko; compatible; GPTBot/1.2; +https://openai.com/gptbot)"
20.171.207.99 - - [25/Jun/2025:02:12:35 +0000] "GET /store.php?shopdetail/210353841 HTTP/2.0" 500 - "-" "Mozilla/5.0 AppleWebKit/537.36 (KHTML, like Gecko; compatible; GPTBot/1.2; +https://openai.com/gptbot)"
20.171.207.99 - - [25/Jun/2025:02:13:38 +0000] "GET /store.php?shopdetail/102825641 HTTP/2.0" 500 - "-" "Mozilla/5.0 AppleWebKit/537.36 (KHTML, like Gecko; compatible; GPTBot/1.2; +https://openai.com/gptbot)"
66.249.79.65 - - [25/Jun/2025:02:14:18 +0000] "GET /store.php/shopdetail/86326841 HTTP/1.1" 200 132544 "-" "Mozilla/5.0 (compatible; Googlebot/2.1; +http://www.google.com/bot.html)"
66.249.79.64 - - [25/Jun/2025:02:14:28 +0000] "GET /store.php?shopdetail/131790941 HTTP/1.1" 200 124677 "-" "Mozilla/5.0 (Linux; Android 6.0.1; Nexus 5X Build/MMB29P) AppleWebKit/537.36 (KHTML, like Gecko) Chrome/137.0.7151.103 Mobile Safari/537.36 (compatible; Googlebot/2.1; +http://www.google.com/bot.html)"
20.171.207.99 - - [25/Jun/2025:02:14:38 +0000] "GET /store.php?shopdetail/200186341 HTTP/2.0" 500 - "-" "Mozilla/5.0 AppleWebKit/537.36 (KHTML, like Gecko; compatible; GPTBot/1.2; +https://openai.com/gptbot)"
66.249.79.64 - - [25/Jun/2025:02:14:59 +0000] "GET /store.php/shopdetail/65387741 HTTP/1.1" 200 124945 "-" "Mozilla/5.0 (compatible; Googlebot/2.1; +http://www.google.com/bot.html)"
66.249.79.64 - - [25/Jun/2025:02:15:37 +0000] "GET /store.php?shopdetail/126652241 HTTP/1.1" 200 138892 "-" "Mozilla/5.0 (Linux; Android 6.0.1; Nexus 5X Build/MMB29P) AppleWebKit/537.36 (KHTML, like Gecko) Chrome/137.0.7151.103 Mobile Safari/537.36 (compatible; Googlebot/2.1; +http://www.google.com/bot.html)"
20.171.207.99 - - [25/Jun/2025:02:15:42 +0000] "GET /store.php?shopdetail/160293041 HTTP/2.0" 500 - "-" "Mozilla/5.0 AppleWebKit/537.36 (KHTML, like Gecko; compatible; GPTBot/1.2; +https://openai.com/gptbot)"
20.171.207.99 - - [25/Jun/2025:02:16:48 +0000] "GET /store.php?shopdetail/256402941 HTTP/2.0" 500 - "-" "Mozilla/5.0 AppleWebKit/537.36 (KHTML, like Gecko; compatible; GPTBot/1.2; +https://openai.com/gptbot)"
66.249.79.64 - - [25/Jun/2025:02:17:43 +0000] "GET /store.php?shopdetail/52028941 HTTP/1.1" 200 125599 "-" "Mozilla/5.0 (Linux; Android 6.0.1; Nexus 5X Build/MMB29P) AppleWebKit/537.36 (KHTML, like Gecko) Chrome/137.0.7151.103 Mobile Safari/537.36 (compatible; Googlebot/2.1; +http://www.google.com/bot.html)"
20.171.207.99 - - [25/Jun/2025:02:17:53 +0000] "GET /store.php?shopdetail/157043241 HTTP/2.0" 500 - "-" "Mozilla/5.0 AppleWebKit/537.36 (KHTML, like Gecko; compatible; GPTBot/1.2; +https://openai.com/gptbot)"
66.249.79.64 - - [25/Jun/2025:02:17:58 +0000] "GET /store.php?shopdetail/57704841 HTTP/1.1" 200 129209 "-" "Mozilla/5.0 (Linux; Android 6.0.1; Nexus 5X Build/MMB29P) AppleWebKit/537.36 (KHTML, like Gecko) Chrome/137.0.7151.103 Mobile Safari/537.36 (compatible; Googlebot/2.1; +http://www.google.com/bot.html)"
66.249.79.64 - - [25/Jun/2025:02:18:33 +0000] "GET /store.php?shopdetail/230835641 HTTP/1.1" 200 135811 "-" "Mozilla/5.0 (Linux; Android 6.0.1; Nexus 5X Build/MMB29P) AppleWebKit/537.36 (KHTML, like Gecko) Chrome/137.0.7151.103 Mobile Safari/537.36 (compatible; Googlebot/2.1; +http://www.google.com/bot.html)"
20.171.207.99 - - [25/Jun/2025:02:18:54 +0000] "GET /store.php?shopdetail/204861741 HTTP/2.0" 500 - "-" "Mozilla/5.0 AppleWebKit/537.36 (KHTML, like Gecko; compatible; GPTBot/1.2; +https://openai.com/gptbot)"
66.249.79.66 - - [25/Jun/2025:02:19:52 +0000] "GET /store.php?shopdetail/68816541 HTTP/1.1" 200 122117 "-" "Mozilla/5.0 (compatible; Googlebot/2.1; +http://www.google.com/bot.html)"
20.171.207.99 - - [25/Jun/2025:02:20:00 +0000] "GET /store.php?shopdetail/183527241 HTTP/2.0" 500 - "-" "Mozilla/5.0 AppleWebKit/537.36 (KHTML, like Gecko; compatible; GPTBot/1.2; +https://openai.com/gptbot)"
20.171.207.99 - - [25/Jun/2025:02:21:01 +0000] "GET /store.php?shopdetail/208723841 HTTP/2.0" 500 - "-" "Mozilla/5.0 AppleWebKit/537.36 (KHTML, like Gecko; compatible; GPTBot/1.2; +https://openai.com/gptbot)"
20.171.207.99 - - [25/Jun/2025:02:22:05 +0000] "GET /store.php?shopdetail/175899041 HTTP/2.0" 500 - "-" "Mozilla/5.0 AppleWebKit/537.36 (KHTML, like Gecko; compatible; GPTBot/1.2; +https://openai.com/gptbot)"
66.249.79.66 - - [25/Jun/2025:02:22:07 +0000] "GET /store.php?shopdetail/118250441 HTTP/1.1" 200 128086 "-" "Mozilla/5.0 (compatible; Googlebot/2.1; +http://www.google.com/bot.html)"
66.249.79.64 - - [25/Jun/2025:02:22:10 +0000] "GET /store.php?shopdetail/68824141 HTTP/1.1" 200 141426 "-" "Mozilla/5.0 (Linux; Android 6.0.1; Nexus 5X Build/MMB29P) AppleWebKit/537.36 (KHTML, like Gecko) Chrome/137.0.7151.103 Mobile Safari/537.36 (compatible; Googlebot/2.1; +http://www.google.com/bot.html)"
66.249.79.64 - - [25/Jun/2025:02:22:51 +0000] "GET /store.php?shopdetail/18903441 HTTP/1.1" 200 158886 "-" "Mozilla/5.0 (compatible; Googlebot/2.1; +http://www.google.com/bot.html)"
20.171.207.99 - - [25/Jun/2025:02:23:07 +0000] "GET /store.php?shopdetail/231094641 HTTP/2.0" 500 - "-" "Mozilla/5.0 AppleWebKit/537.36 (KHTML, like Gecko; compatible; GPTBot/1.2; +https://openai.com/gptbot)"
20.171.207.99 - - [25/Jun/2025:02:24:11 +0000] "GET /store.php?shopdetail/184739541 HTTP/2.0" 500 - "-" "Mozilla/5.0 AppleWebKit/537.36 (KHTML, like Gecko; compatible; GPTBot/1.2; +https://openai.com/gptbot)"
20.171.207.99 - - [25/Jun/2025:02:25:13 +0000] "GET /store.php?shopdetail/196843241 HTTP/2.0" 500 - "-" "Mozilla/5.0 AppleWebKit/537.36 (KHTML, like Gecko; compatible; GPTBot/1.2; +https://openai.com/gptbot)"
66.249.79.64 - - [25/Jun/2025:02:25:41 +0000] "GET /store.php?shopdetail/159062741 HTTP/1.1" 200 117446 "-" "Mozilla/5.0 (compatible; Googlebot/2.1; +http://www.google.com/bot.html)"
20.171.207.99 - - [25/Jun/2025:02:26:16 +0000] "GET /store.php?shopdetail/203590241 HTTP/2.0" 500 - "-" "Mozilla/5.0 AppleWebKit/537.36 (KHTML, like Gecko; compatible; GPTBot/1.2; +https://openai.com/gptbot)"
20.171.207.99 - - [25/Jun/2025:02:27:19 +0000] "GET /store.php?shopdetail/219886541 HTTP/2.0" 500 - "-" "Mozilla/5.0 AppleWebKit/537.36 (KHTML, like Gecko; compatible; GPTBot/1.2; +https://openai.com/gptbot)"
66.249.79.66 - - [25/Jun/2025:02:27:23 +0000] "GET /store.php?shopdetail/92769841 HTTP/1.1" 200 135044 "-" "Mozilla/5.0 (compatible; Googlebot/2.1; +http://www.google.com/bot.html)"
66.249.79.65 - - [25/Jun/2025:02:27:45 +0000] "GET /store.php?shopdetail/99382841 HTTP/1.1" 200 138257 "-" "Mozilla/5.0 (compatible; Googlebot/2.1; +http://www.google.com/bot.html)"
66.249.79.64 - - [25/Jun/2025:02:28:12 +0000] "GET /store.php?shopdetail/122433341 HTTP/1.1" 200 127401 "-" "Mozilla/5.0 (Linux; Android 6.0.1; Nexus 5X Build/MMB29P) AppleWebKit/537.36 (KHTML, like Gecko) Chrome/137.0.7151.103 Mobile Safari/537.36 (compatible; Googlebot/2.1; +http://www.google.com/bot.html)"
20.171.207.99 - - [25/Jun/2025:02:28:19 +0000] "GET /store.php?shopdetail/215962341 HTTP/2.0" 500 - "-" "Mozilla/5.0 AppleWebKit/537.36 (KHTML, like Gecko; compatible; GPTBot/1.2; +https://openai.com/gptbot)"
66.249.79.64 - - [25/Jun/2025:02:29:04 +0000] "GET /store.php?shopdetail/70873941 HTTP/1.1" 200 134112 "-" "Mozilla/5.0 (compatible; Googlebot/2.1; +http://www.google.com/bot.html)"
20.171.207.99 - - [25/Jun/2025:02:29:21 +0000] "GET /store.php?shopdetail/149827541 HTTP/2.0" 500 - "-" "Mozilla/5.0 AppleWebKit/537.36 (KHTML, like Gecko; compatible; GPTBot/1.2; +https://openai.com/gptbot)"
66.249.79.65 - - [25/Jun/2025:02:30:13 +0000] "GET /store.php?shopdetail/235730941 HTTP/1.1" 200 138292 "-" "Mozilla/5.0 (compatible; Googlebot/2.1; +http://www.google.com/bot.html)"
20.171.207.99 - - [25/Jun/2025:02:30:25 +0000] "GET /store.php?shopdetail/260341841 HTTP/2.0" 500 - "-" "Mozilla/5.0 AppleWebKit/537.36 (KHTML, like Gecko; compatible; GPTBot/1.2; +https://openai.com/gptbot)"
20.171.207.99 - - [25/Jun/2025:02:31:30 +0000] "GET /store.php?shopdetail/221570641 HTTP/2.0" 500 - "-" "Mozilla/5.0 AppleWebKit/537.36 (KHTML, like Gecko; compatible; GPTBot/1.2; +https://openai.com/gptbot)"
66.249.79.64 - - [25/Jun/2025:02:32:17 +0000] "GET /store.php?shopdetail/54280041 HTTP/1.1" 200 130014 "-" "Mozilla/5.0 (Linux; Android 6.0.1; Nexus 5X Build/MMB29P) AppleWebKit/537.36 (KHTML, like Gecko) Chrome/137.0.7151.103 Mobile Safari/537.36 (compatible; Googlebot/2.1; +http://www.google.com/bot.html)"
20.171.207.99 - - [25/Jun/2025:02:32:33 +0000] "GET /store.php?shopdetail/175899041 HTTP/2.0" 500 - "-" "Mozilla/5.0 AppleWebKit/537.36 (KHTML, like Gecko; compatible; GPTBot/1.2; +https://openai.com/gptbot)"
20.171.207.99 - - [25/Jun/2025:02:33:34 +0000] "GET /store.php?shopdetail/267639341 HTTP/2.0" 500 - "-" "Mozilla/5.0 AppleWebKit/537.36 (KHTML, like Gecko; compatible; GPTBot/1.2; +https://openai.com/gptbot)"
66.249.79.64 - - [25/Jun/2025:02:33:40 +0000] "GET /store.php?shopdetail/257487641 HTTP/1.1" 200 125945 "-" "Mozilla/5.0 (Linux; Android 6.0.1; Nexus 5X Build/MMB29P) AppleWebKit/537.36 (KHTML, like Gecko) Chrome/137.0.7151.103 Mobile Safari/537.36 (compatible; Googlebot/2.1; +http://www.google.com/bot.html)"
20.171.207.99 - - [25/Jun/2025:02:34:40 +0000] "GET /store.php?shopdetail/158294041 HTTP/2.0" 500 - "-" "Mozilla/5.0 AppleWebKit/537.36 (KHTML, like Gecko; compatible; GPTBot/1.2; +https://openai.com/gptbot)"
20.171.207.99 - - [25/Jun/2025:02:35:45 +0000] "GET /store.php?shopdetail/137892741 HTTP/2.0" 500 - "-" "Mozilla/5.0 AppleWebKit/537.36 (KHTML, like Gecko; compatible; GPTBot/1.2; +https://openai.com/gptbot)"
66.249.79.66 - - [25/Jun/2025:02:36:37 +0000] "GET /store.php?shopdetail/92664041 HTTP/1.1" 200 147520 "-" "Mozilla/5.0 (compatible; Googlebot/2.1; +http://www.google.com/bot.html)"
20.171.207.99 - - [25/Jun/2025:02:36:50 +0000] "GET /store.php?shopdetail/169923541 HTTP/2.0" 500 - "-" "Mozilla/5.0 AppleWebKit/537.36 (KHTML, like Gecko; compatible; GPTBot/1.2; +https://openai.com/gptbot)"
66.249.79.64 - - [25/Jun/2025:02:37:10 +0000] "GET /store.php?shopdetail/128539441 HTTP/1.1" 200 141716 "-" "Mozilla/5.0 (Linux; Android 6.0.1; Nexus 5X Build/MMB29P) AppleWebKit/537.36 (KHTML, like Gecko) Chrome/137.0.7151.103 Mobile Safari/537.36 (compatible; Googlebot/2.1; +http://www.google.com/bot.html)"
20.171.207.99 - - [25/Jun/2025:02:37:50 +0000] "GET /store.php?shopdetail/261849341 HTTP/2.0" 500 - "-" "Mozilla/5.0 AppleWebKit/537.36 (KHTML, like Gecko; compatible; GPTBot/1.2; +https://openai.com/gptbot)"
20.171.207.99 - - [25/Jun/2025:02:38:51 +0000] "GET /store.php?shopdetail/166709341 HTTP/2.0" 500 - "-" "Mozilla/5.0 AppleWebKit/537.36 (KHTML, like Gecko; compatible; GPTBot/1.2; +https://openai.com/gptbot)"
20.171.207.99 - - [25/Jun/2025:02:39:56 +0000] "GET /store.php?shopdetail/105622741 HTTP/2.0" 500 - "-" "Mozilla/5.0 AppleWebKit/537.36 (KHTML, like Gecko; compatible; GPTBot/1.2; +https://openai.com/gptbot)"
20.171.207.99 - - [25/Jun/2025:02:40:56 +0000] "GET /store.php?shopdetail/228655741 HTTP/2.0" 500 - "-" "Mozilla/5.0 AppleWebKit/537.36 (KHTML, like Gecko; compatible; GPTBot/1.2; +https://openai.com/gptbot)"
66.249.79.66 - - [25/Jun/2025:02:41:44 +0000] "GET /store.php?shopdetail/95677041 HTTP/1.1" 200 119209 "-" "Mozilla/5.0 (compatible; Googlebot/2.1; +http://www.google.com/bot.html)"
20.171.207.99 - - [25/Jun/2025:02:41:58 +0000] "GET /store.php?shopdetail/166598341 HTTP/2.0" 500 - "-" "Mozilla/5.0 AppleWebKit/537.36 (KHTML, like Gecko; compatible; GPTBot/1.2; +https://openai.com/gptbot)"
66.249.79.66 - - [25/Jun/2025:02:42:20 +0000] "GET /store.php?shopdetail/245951341 HTTP/1.1" 200 125237 "-" "Mozilla/5.0 (compatible; Googlebot/2.1; +http://www.google.com/bot.html)"
66.249.79.64 - - [25/Jun/2025:02:42:29 +0000] "GET /store.php?shopdetail/193902841 HTTP/1.1" 200 123774 "-" "Mozilla/5.0 (compatible; Googlebot/2.1; +http://www.google.com/bot.html)"
20.171.207.99 - - [25/Jun/2025:02:43:03 +0000] "GET /store.php?shopdetail/255908841 HTTP/2.0" 500 - "-" "Mozilla/5.0 AppleWebKit/537.36 (KHTML, like Gecko; compatible; GPTBot/1.2; +https://openai.com/gptbot)"
20.171.207.99 - - [25/Jun/2025:02:44:04 +0000] "GET /store.php?shopdetail/202373541 HTTP/2.0" 500 - "-" "Mozilla/5.0 AppleWebKit/537.36 (KHTML, like Gecko; compatible; GPTBot/1.2; +https://openai.com/gptbot)"
66.249.79.64 - - [25/Jun/2025:02:45:02 +0000] "GET /store.php?shopdetail/261874941 HTTP/1.1" 200 124696 "-" "Mozilla/5.0 (compatible; Googlebot/2.1; +http://www.google.com/bot.html)"
20.171.207.99 - - [25/Jun/2025:02:45:07 +0000] "GET /store.php?shopdetail/176022341 HTTP/2.0" 500 - "-" "Mozilla/5.0 AppleWebKit/537.36 (KHTML, like Gecko; compatible; GPTBot/1.2; +https://openai.com/gptbot)"
20.171.207.99 - - [25/Jun/2025:02:46:10 +0000] "GET /store.php?shopdetail/233965641 HTTP/2.0" 500 - "-" "Mozilla/5.0 AppleWebKit/537.36 (KHTML, like Gecko; compatible; GPTBot/1.2; +https://openai.com/gptbot)"
20.171.207.99 - - [25/Jun/2025:02:47:15 +0000] "GET /store.php?shopdetail/165920041 HTTP/2.0" 500 - "-" "Mozilla/5.0 AppleWebKit/537.36 (KHTML, like Gecko; compatible; GPTBot/1.2; +https://openai.com/gptbot)"
20.171.207.99 - - [25/Jun/2025:02:48:20 +0000] "GET /store.php?shopdetail/245617941 HTTP/2.0" 500 - "-" "Mozilla/5.0 AppleWebKit/537.36 (KHTML, like Gecko; compatible; GPTBot/1.2; +https://openai.com/gptbot)"
66.249.79.64 - - [25/Jun/2025:02:49:15 +0000] "GET /store.php?shopdetail/64776141 HTTP/1.1" 200 115990 "-" "Mozilla/5.0 (compatible; Googlebot/2.1; +http://www.google.com/bot.html)"
20.171.207.99 - - [25/Jun/2025:02:49:23 +0000] "GET /store.php?shopdetail/265236941 HTTP/2.0" 500 - "-" "Mozilla/5.0 AppleWebKit/537.36 (KHTML, like Gecko; compatible; GPTBot/1.2; +https://openai.com/gptbot)"
20.171.207.99 - - [25/Jun/2025:02:50:28 +0000] "GET /store.php?shopdetail/273299841 HTTP/2.0" 500 - "-" "Mozilla/5.0 AppleWebKit/537.36 (KHTML, like Gecko; compatible; GPTBot/1.2; +https://openai.com/gptbot)"
66.249.79.65 - - [25/Jun/2025:02:50:49 +0000] "GET /store.php?shopdetail/98566841 HTTP/1.1" 200 126388 "-" "Mozilla/5.0 (Linux; Android 6.0.1; Nexus 5X Build/MMB29P) AppleWebKit/537.36 (KHTML, like Gecko) Chrome/137.0.7151.103 Mobile Safari/537.36 (compatible; Googlebot/2.1; +http://www.google.com/bot.html)"
20.171.207.99 - - [25/Jun/2025:02:51:32 +0000] "GET /store.php?shopdetail/266081541 HTTP/2.0" 500 - "-" "Mozilla/5.0 AppleWebKit/537.36 (KHTML, like Gecko; compatible; GPTBot/1.2; +https://openai.com/gptbot)"
20.171.207.99 - - [25/Jun/2025:02:52:33 +0000] "GET /store.php?shopdetail/170203541 HTTP/2.0" 500 - "-" "Mozilla/5.0 AppleWebKit/537.36 (KHTML, like Gecko; compatible; GPTBot/1.2; +https://openai.com/gptbot)"
20.171.207.99 - - [25/Jun/2025:02:53:39 +0000] "GET /store.php?shopdetail/166290841 HTTP/2.0" 500 - "-" "Mozilla/5.0 AppleWebKit/537.36 (KHTML, like Gecko; compatible; GPTBot/1.2; +https://openai.com/gptbot)"
20.171.207.99 - - [25/Jun/2025:02:54:42 +0000] "GET /store.php?shopdetail/259316541 HTTP/2.0" 500 - "-" "Mozilla/5.0 AppleWebKit/537.36 (KHTML, like Gecko; compatible; GPTBot/1.2; +https://openai.com/gptbot)"
66.249.79.65 - - [25/Jun/2025:02:54:49 +0000] "GET /store.php?shopdetail/194680441 HTTP/1.1" 200 140275 "-" "Mozilla/5.0 (Linux; Android 6.0.1; Nexus 5X Build/MMB29P) AppleWebKit/537.36 (KHTML, like Gecko) Chrome/137.0.7151.103 Mobile Safari/537.36 (compatible; Googlebot/2.1; +http://www.google.com/bot.html)"
66.249.79.64 - - [25/Jun/2025:02:54:59 +0000] "GET /store.php?shopdetail/51459341 HTTP/1.1" 200 116247 "-" "Mozilla/5.0 (Linux; Android 6.0.1; Nexus 5X Build/MMB29P) AppleWebKit/537.36 (KHTML, like Gecko) Chrome/137.0.7151.103 Mobile Safari/537.36 (compatible; Googlebot/2.1; +http://www.google.com/bot.html)"
66.249.79.64 - - [25/Jun/2025:02:55:09 +0000] "GET /store.php?shopdetail/37177141 HTTP/1.1" 200 124510 "-" "Mozilla/5.0 (compatible; Googlebot/2.1; +http://www.google.com/bot.html)"
20.171.207.99 - - [25/Jun/2025:02:55:46 +0000] "GET /store.php?shopdetail/238715241 HTTP/2.0" 500 - "-" "Mozilla/5.0 AppleWebKit/537.36 (KHTML, like Gecko; compatible; GPTBot/1.2; +https://openai.com/gptbot)"
20.171.207.99 - - [25/Jun/2025:02:56:47 +0000] "GET /store.php?shopdetail/235509341 HTTP/2.0" 500 - "-" "Mozilla/5.0 AppleWebKit/537.36 (KHTML, like Gecko; compatible; GPTBot/1.2; +https://openai.com/gptbot)"
20.171.207.99 - - [25/Jun/2025:02:57:49 +0000] "GET /store.php?shopdetail/127998641 HTTP/2.0" 500 - "-" "Mozilla/5.0 AppleWebKit/537.36 (KHTML, like Gecko; compatible; GPTBot/1.2; +https://openai.com/gptbot)"
66.249.79.65 - - [25/Jun/2025:02:58:25 +0000] "GET /store.php?shopdetail/157232241 HTTP/1.1" 200 129701 "-" "Mozilla/5.0 (Linux; Android 6.0.1; Nexus 5X Build/MMB29P) AppleWebKit/537.36 (KHTML, like Gecko) Chrome/137.0.7151.103 Mobile Safari/537.36 (compatible; Googlebot/2.1; +http://www.google.com/bot.html)"
20.171.207.99 - - [25/Jun/2025:02:58:52 +0000] "GET /store.php?shopdetail/245617941 HTTP/2.0" 500 - "-" "Mozilla/5.0 AppleWebKit/537.36 (KHTML, like Gecko; compatible; GPTBot/1.2; +https://openai.com/gptbot)"
66.249.79.76 - - [25/Jun/2025:02:59:43 +0000] "GET /store.php?shopdetail/146721541 HTTP/1.1" 200 123209 "-" "Mozilla/5.0 (Linux; Android 6.0.1; Nexus 5X Build/MMB29P) AppleWebKit/537.36 (KHTML, like Gecko) Chrome/137.0.7151.103 Mobile Safari/537.36 (compatible; Googlebot/2.1; +http://www.google.com/bot.html)"
20.171.207.99 - - [25/Jun/2025:02:59:57 +0000] "GET /store.php?shopdetail/269518841 HTTP/2.0" 500 - "-" "Mozilla/5.0 AppleWebKit/537.36 (KHTML, like Gecko; compatible; GPTBot/1.2; +https://openai.com/gptbot)"
66.249.79.66 - - [25/Jun/2025:03:00:45 +0000] "GET /store.php?shopdetail/267435041 HTTP/1.1" 200 132609 "-" "Mozilla/5.0 (Linux; Android 6.0.1; Nexus 5X Build/MMB29P) AppleWebKit/537.36 (KHTML, like Gecko) Chrome/137.0.7151.103 Mobile Safari/537.36 (compatible; Googlebot/2.1; +http://www.google.com/bot.html)"
20.171.207.99 - - [25/Jun/2025:03:00:59 +0000] "GET /store.php?shopdetail/154372841 HTTP/2.0" 500 - "-" "Mozilla/5.0 AppleWebKit/537.36 (KHTML, like Gecko; compatible; GPTBot/1.2; +https://openai.com/gptbot)"
20.171.207.99 - - [25/Jun/2025:03:02:05 +0000] "GET /store.php?shopdetail/108693041 HTTP/2.0" 500 - "-" "Mozilla/5.0 AppleWebKit/537.36 (KHTML, like Gecko; compatible; GPTBot/1.2; +https://openai.com/gptbot)"
66.249.79.65 - - [25/Jun/2025:03:02:05 +0000] "GET /store.php?shopdetail/244939541 HTTP/1.1" 200 142080 "-" "Mozilla/5.0 (compatible; Googlebot/2.1; +http://www.google.com/bot.html)"
20.171.207.99 - - [25/Jun/2025:03:03:10 +0000] "GET /store.php?shopdetail/132583941 HTTP/2.0" 500 - "-" "Mozilla/5.0 AppleWebKit/537.36 (KHTML, like Gecko; compatible; GPTBot/1.2; +https://openai.com/gptbot)"
72.14.199.130 - - [25/Jun/2025:03:03:45 +0000] "GET /store.php?shopdetail/138215141 HTTP/1.1" 500 - "-" "Mozilla/5.0 AppleWebKit/537.36 (KHTML, like Gecko) Chrome/137.0.7151.68 Safari/537.36"
20.171.207.99 - - [25/Jun/2025:03:04:11 +0000] "GET /store.php?shopdetail/138367941 HTTP/2.0" 500 - "-" "Mozilla/5.0 AppleWebKit/537.36 (KHTML, like Gecko; compatible; GPTBot/1.2; +https://openai.com/gptbot)"
66.249.79.64 - - [25/Jun/2025:03:04:51 +0000] "GET /store.php?shopdetail/126596841 HTTP/1.1" 200 124506 "-" "Mozilla/5.0 (Linux; Android 6.0.1; Nexus 5X Build/MMB29P) AppleWebKit/537.36 (KHTML, like Gecko) Chrome/137.0.7151.103 Mobile Safari/537.36 (compatible; Googlebot/2.1; +http://www.google.com/bot.html)"
20.171.207.99 - - [25/Jun/2025:03:05:11 +0000] "GET /store.php?shopdetail/247880641 HTTP/2.0" 500 - "-" "Mozilla/5.0 AppleWebKit/537.36 (KHTML, like Gecko; compatible; GPTBot/1.2; +https://openai.com/gptbot)"
66.249.79.64 - - [25/Jun/2025:03:05:41 +0000] "GET /store.php?shopdetail/165161041 HTTP/1.1" 200 119884 "-" "Mozilla/5.0 (Linux; Android 6.0.1; Nexus 5X Build/MMB29P) AppleWebKit/537.36 (KHTML, like Gecko) Chrome/137.0.7151.103 Mobile Safari/537.36 (compatible; Googlebot/2.1; +http://www.google.com/bot.html)"
20.171.207.99 - - [25/Jun/2025:03:06:12 +0000] "GET /store.php?shopdetail/137570941 HTTP/2.0" 500 - "-" "Mozilla/5.0 AppleWebKit/537.36 (KHTML, like Gecko; compatible; GPTBot/1.2; +https://openai.com/gptbot)"
20.171.207.99 - - [25/Jun/2025:03:07:18 +0000] "GET /store.php?shopdetail/178368041 HTTP/2.0" 500 - "-" "Mozilla/5.0 AppleWebKit/537.36 (KHTML, like Gecko; compatible; GPTBot/1.2; +https://openai.com/gptbot)"
66.249.79.66 - - [25/Jun/2025:03:07:42 +0000] "GET /store.php?shopdetail/112194241 HTTP/1.1" 200 118395 "-" "Mozilla/5.0 (Linux; Android 6.0.1; Nexus 5X Build/MMB29P) AppleWebKit/537.36 (KHTML, like Gecko) Chrome/137.0.7151.103 Mobile Safari/537.36 (compatible; Googlebot/2.1; +http://www.google.com/bot.html)"
20.171.207.99 - - [25/Jun/2025:03:08:21 +0000] "GET /store.php?shopdetail/235509341 HTTP/2.0" 500 - "-" "Mozilla/5.0 AppleWebKit/537.36 (KHTML, like Gecko; compatible; GPTBot/1.2; +https://openai.com/gptbot)"
66.249.79.66 - - [25/Jun/2025:03:08:59 +0000] "GET /store.php?shopdetail/206864041 HTTP/1.1" 200 153241 "-" "Mozilla/5.0 (compatible; Googlebot/2.1; +http://www.google.com/bot.html)"
20.171.207.99 - - [25/Jun/2025:03:09:25 +0000] "GET /store.php?shopdetail/235293041 HTTP/2.0" 500 - "-" "Mozilla/5.0 AppleWebKit/537.36 (KHTML, like Gecko; compatible; GPTBot/1.2; +https://openai.com/gptbot)"
20.171.207.99 - - [25/Jun/2025:03:10:30 +0000] "GET /store.php?shopdetail/182063041 HTTP/2.0" 500 - "-" "Mozilla/5.0 AppleWebKit/537.36 (KHTML, like Gecko; compatible; GPTBot/1.2; +https://openai.com/gptbot)"
66.249.79.66 - - [25/Jun/2025:03:11:15 +0000] "GET /store.php?shopdetail/182649441 HTTP/1.1" 200 153848 "-" "Mozilla/5.0 (Linux; Android 6.0.1; Nexus 5X Build/MMB29P) AppleWebKit/537.36 (KHTML, like Gecko) Chrome/137.0.7151.103 Mobile Safari/537.36 (compatible; Googlebot/2.1; +http://www.google.com/bot.html)"
20.171.207.99 - - [25/Jun/2025:03:11:33 +0000] "GET /store.php?shopdetail/269518841 HTTP/2.0" 500 - "-" "Mozilla/5.0 AppleWebKit/537.36 (KHTML, like Gecko; compatible; GPTBot/1.2; +https://openai.com/gptbot)"
20.171.207.99 - - [25/Jun/2025:03:12:38 +0000] "GET /store.php?shopdetail/195897641 HTTP/2.0" 500 - "-" "Mozilla/5.0 AppleWebKit/537.36 (KHTML, like Gecko; compatible; GPTBot/1.2; +https://openai.com/gptbot)"
66.249.79.64 - - [25/Jun/2025:03:13:04 +0000] "GET /store.php?shopdetail/116688141 HTTP/1.1" 200 125894 "-" "Mozilla/5.0 (Linux; Android 6.0.1; Nexus 5X Build/MMB29P) AppleWebKit/537.36 (KHTML, like Gecko) Chrome/137.0.7151.103 Mobile Safari/537.36 (compatible; Googlebot/2.1; +http://www.google.com/bot.html)"
20.171.207.99 - - [25/Jun/2025:03:13:43 +0000] "GET /store.php?shopdetail/257851341 HTTP/2.0" 500 - "-" "Mozilla/5.0 AppleWebKit/537.36 (KHTML, like Gecko; compatible; GPTBot/1.2; +https://openai.com/gptbot)"
66.249.79.66 - - [25/Jun/2025:03:14:25 +0000] "GET /store.php?shopdetail/48277041 HTTP/1.1" 200 123379 "-" "Mozilla/5.0 (Linux; Android 6.0.1; Nexus 5X Build/MMB29P) AppleWebKit/537.36 (KHTML, like Gecko) Chrome/137.0.7151.103 Mobile Safari/537.36 (compatible; Googlebot/2.1; +http://www.google.com/bot.html)"
