Файловый менеджер - Редактировать - /var/log/apache2/domlogs/d46091/efssailonline.co.in.msmeregistrar.net-ssl_log
Назад
66.249.79.64 - - [24/Jun/2025:12:31:44 +0000] "GET /store.php?shopdetail/243705741 HTTP/1.1" 200 130507 "-" "Mozilla/5.0 (Linux; Android 6.0.1; Nexus 5X Build/MMB29P) AppleWebKit/537.36 (KHTML, like Gecko) Chrome/137.0.7151.103 Mobile Safari/537.36 (compatible; Googlebot/2.1; +http://www.google.com/bot.html)"
66.249.79.64 - - [24/Jun/2025:12:31:53 +0000] "POST /get-message-notify HTTP/1.1" 200 122084 "https://efssailonline.co.in/store.php?shopdetail/243705741" "Mozilla/5.0 AppleWebKit/537.36 (KHTML, like Gecko; compatible; Googlebot/2.1; +http://www.google.com/bot.html) Chrome/137.0.7151.68 Safari/537.36"
66.249.79.65 - - [24/Jun/2025:12:31:55 +0000] "POST /get-message-notify HTTP/1.1" 200 122084 "https://efssailonline.co.in/store.php?shopdetail/243705741" "Mozilla/5.0 (Linux; Android 6.0.1; Nexus 5X Build/MMB29P) AppleWebKit/537.36 (KHTML, like Gecko) Chrome/137.0.7151.68 Mobile Safari/537.36 (compatible; Googlebot/2.1; +http://www.google.com/bot.html)"
205.169.39.0 - - [24/Jun/2025:12:57:38 +0000] "GET / HTTP/2.0" 401 53 "-" "Mozilla/5.0 (Windows NT 10.0; Win64; x64) AppleWebKit/537.36 (KHTML, like Gecko) Chrome/117.0.5938.132 Safari/537.36"
66.249.79.65 - - [24/Jun/2025:12:59:43 +0000] "GET /store.php?shopdetail/101729841 HTTP/1.1" 200 130811 "-" "Mozilla/5.0 (Linux; Android 6.0.1; Nexus 5X Build/MMB29P) AppleWebKit/537.36 (KHTML, like Gecko) Chrome/137.0.7151.103 Mobile Safari/537.36 (compatible; Googlebot/2.1; +http://www.google.com/bot.html)"
66.249.79.66 - - [24/Jun/2025:13:13:50 +0000] "GET /store.php?shopdetail/67471641 HTTP/1.1" 200 121278 "-" "Mozilla/5.0 (Linux; Android 6.0.1; Nexus 5X Build/MMB29P) AppleWebKit/537.36 (KHTML, like Gecko) Chrome/137.0.7151.103 Mobile Safari/537.36 (compatible; Googlebot/2.1; +http://www.google.com/bot.html)"
66.249.79.64 - - [24/Jun/2025:13:13:50 +0000] "GET /store.php?shopdetail/241309041 HTTP/1.1" 200 125669 "-" "Mozilla/5.0 (Linux; Android 6.0.1; Nexus 5X Build/MMB29P) AppleWebKit/537.36 (KHTML, like Gecko) Chrome/137.0.7151.103 Mobile Safari/537.36 (compatible; Googlebot/2.1; +http://www.google.com/bot.html)"
66.249.79.65 - - [24/Jun/2025:13:15:59 +0000] "POST /get-message-notify HTTP/1.1" 200 122084 "https://efssailonline.co.in/store.php?shopdetail/241309041" "Mozilla/5.0 (Linux; Android 6.0.1; Nexus 5X Build/MMB29P) AppleWebKit/537.36 (KHTML, like Gecko) Chrome/137.0.7151.68 Mobile Safari/537.36 (compatible; Googlebot/2.1; +http://www.google.com/bot.html)"
45.148.10.248 - - [24/Jun/2025:13:22:53 +0000] "GET / HTTP/1.1" 200 12449 "-" "Mozilla/5.0 (Macintosh; Intel Mac OS X 10_14_0) AppleWebKit/537.36 (KHTML, like Gecko) Chrome/77.0.3864.0 Safari/537.36"
45.148.10.248 - - [24/Jun/2025:13:23:09 +0000] "GET /jstz.min.js HTTP/1.1" 200 12449 "-" "Mozilla/5.0 (Macintosh; U; Intel Mac OS X 10_5_7;en-us) AppleWebKit/530.17 (KHTML, like Gecko) Version/4.0 Safari/530.17"
45.148.10.248 - - [24/Jun/2025:13:23:09 +0000] "GET //submit_post.js HTTP/1.1" 200 12449 "-" "Mozilla/5.0 (Macintosh; Intel Mac OS X 10_14_6) AppleWebKit/537.36 (KHTML, like Gecko) Chrome/78.0.3880.4 Safari/537.36"
45.148.10.248 - - [24/Jun/2025:13:23:09 +0000] "GET /unprotected/json-minified.js HTTP/1.1" 200 843 "-" "HTC-ST7377/1.59.502.3 (67150) Opera/9.50 (Windows NT 5.1; U; en) UP.Link/6.3.1.17.0"
45.148.10.248 - - [24/Jun/2025:13:23:09 +0000] "GET //login.js HTTP/1.1" 200 12450 "-" "Mozilla/5.0 (Macintosh; Intel Mac OS X 10_14_4) AppleWebKit/537.36 (KHTML, like Gecko) Chrome/76.0.3809.80 Safari/537.36"
45.148.10.248 - - [24/Jun/2025:13:23:09 +0000] "GET //cptimezone_optimized.js HTTP/1.1" 200 12453 "-" "Mozilla/5.0 (X11; U; Linux i686; it; rv:1.9.2.3) Gecko/20100406 Firefox/3.6.3 (Swiftfox)"
45.148.10.248 - - [24/Jun/2025:13:23:09 +0000] "GET //jstz.min.js HTTP/1.1" 200 12453 "-" "Mozilla/5.0 (Windows NT 6.1; Win64; x64) AppleWebKit/537.36 (KHTML, like Gecko) Chrome/73.0.3683.86 Safari/537.36"
45.148.10.248 - - [24/Jun/2025:13:23:34 +0000] "GET /unprotected/json-minified.js HTTP/1.1" 200 843 "-" "Mozilla/5.0 (Linux; Android 9; Pixel 3a) AppleWebKit/537.36 (KHTML, like Gecko) Chrome/76.0.3809.89 Mobile Safari/537.36"
45.148.10.248 - - [24/Jun/2025:13:23:34 +0000] "GET //jstz.min.js HTTP/1.1" 200 12451 "-" "Mozilla/5.0 (Windows NT 10.0; Win64; x64) AppleWebKit/537.36 (KHTML, like Gecko) Chrome/76.0.3809.87 Safari/537.36"
45.148.10.248 - - [24/Jun/2025:13:23:34 +0000] "GET //login.js HTTP/1.1" 200 12450 "-" "Mozilla/5.0 (Macintosh; Intel Mac OS X 10.9; rv:35.0) Gecko/20100101 Firefox/35.0"
45.148.10.248 - - [24/Jun/2025:13:23:34 +0000] "GET //submit_post.js HTTP/1.1" 200 12448 "-" "Mozilla/5.0 (Linux; Android 8.0.0; SM-N950F) AppleWebKit/537.36 (KHTML, like Gecko) Chrome/76.0.3809.89 Mobile Safari/537.36"
45.148.10.248 - - [24/Jun/2025:13:23:35 +0000] "GET //cptimezone_optimized.js HTTP/1.1" 200 12450 "-" "Mozilla/5.0 (X11; Linux i686 on x86_64; rv:2.0.1) Gecko/20100101 Firefox/4.0.1 Fennec/2.0.1"
45.148.10.248 - - [24/Jun/2025:13:23:37 +0000] "GET /jstz.min.js HTTP/1.1" 200 12449 "-" "Mozilla/5.0 (Linux; U; Android 8.1.0; en-US; Infinix X624B Build/O11019) AppleWebKit/537.36 (KHTML, like Gecko) Version/4.0 Chrome/57.0.2987.108 UCBrowser/12.13.0.1207 Mobile Safari/537.36"
66.249.79.66 - - [24/Jun/2025:13:27:44 +0000] "GET /store.php?shopdetail/223161241 HTTP/1.1" 200 149399 "-" "Mozilla/5.0 (Linux; Android 6.0.1; Nexus 5X Build/MMB29P) AppleWebKit/537.36 (KHTML, like Gecko) Chrome/137.0.7151.103 Mobile Safari/537.36 (compatible; Googlebot/2.1; +http://www.google.com/bot.html)"
66.249.79.66 - - [24/Jun/2025:13:38:30 +0000] "GET /store.php?shopdetail/54107141 HTTP/1.1" 200 140411 "-" "Mozilla/5.0 (Linux; Android 6.0.1; Nexus 5X Build/MMB29P) AppleWebKit/537.36 (KHTML, like Gecko) Chrome/137.0.7151.103 Mobile Safari/537.36 (compatible; Googlebot/2.1; +http://www.google.com/bot.html)"
66.249.79.64 - - [24/Jun/2025:13:52:41 +0000] "GET /store.php?shopdetail/151441441 HTTP/1.1" 200 157601 "-" "Mozilla/5.0 (Linux; Android 6.0.1; Nexus 5X Build/MMB29P) AppleWebKit/537.36 (KHTML, like Gecko) Chrome/137.0.7151.103 Mobile Safari/537.36 (compatible; Googlebot/2.1; +http://www.google.com/bot.html)"
66.249.79.65 - - [24/Jun/2025:13:52:52 +0000] "POST /get-message-notify HTTP/1.1" 200 122084 "https://efssailonline.co.in/store.php?shopdetail/151441441" "Mozilla/5.0 (Linux; Android 6.0.1; Nexus 5X Build/MMB29P) AppleWebKit/537.36 (KHTML, like Gecko) Chrome/137.0.7151.68 Mobile Safari/537.36 (compatible; Googlebot/2.1; +http://www.google.com/bot.html)"
66.249.79.66 - - [24/Jun/2025:13:54:05 +0000] "GET /store.php?shopdetail/38353341 HTTP/1.1" 200 122921 "-" "Mozilla/5.0 (Linux; Android 6.0.1; Nexus 5X Build/MMB29P) AppleWebKit/537.36 (KHTML, like Gecko) Chrome/137.0.7151.103 Mobile Safari/537.36 (compatible; Googlebot/2.1; +http://www.google.com/bot.html)"
66.249.79.64 - - [24/Jun/2025:14:08:15 +0000] "GET /store.php?shopdetail/120618741 HTTP/1.1" 200 141419 "-" "Mozilla/5.0 (Linux; Android 6.0.1; Nexus 5X Build/MMB29P) AppleWebKit/537.36 (KHTML, like Gecko) Chrome/137.0.7151.103 Mobile Safari/537.36 (compatible; Googlebot/2.1; +http://www.google.com/bot.html)"
66.249.79.66 - - [24/Jun/2025:14:09:31 +0000] "GET /store.php?shopdetail/273939141 HTTP/1.1" 200 124274 "-" "Mozilla/5.0 (Linux; Android 6.0.1; Nexus 5X Build/MMB29P) AppleWebKit/537.36 (KHTML, like Gecko) Chrome/137.0.7151.103 Mobile Safari/537.36 (compatible; Googlebot/2.1; +http://www.google.com/bot.html)"
66.249.79.65 - - [24/Jun/2025:14:19:55 +0000] "GET /store.php?shopdetail/99928441 HTTP/1.1" 200 121011 "-" "Mozilla/5.0 (Linux; Android 6.0.1; Nexus 5X Build/MMB29P) AppleWebKit/537.36 (KHTML, like Gecko) Chrome/137.0.7151.103 Mobile Safari/537.36 (compatible; Googlebot/2.1; +http://www.google.com/bot.html)"
66.249.79.65 - - [24/Jun/2025:14:20:32 +0000] "POST /get-message-notify HTTP/1.1" 200 122084 "https://efssailonline.co.in/store.php?shopdetail/99928441" "Mozilla/5.0 (Linux; Android 6.0.1; Nexus 5X Build/MMB29P) AppleWebKit/537.36 (KHTML, like Gecko) Chrome/137.0.7151.68 Mobile Safari/537.36 (compatible; Googlebot/2.1; +http://www.google.com/bot.html)"
206.168.34.127 - - [24/Jun/2025:14:31:24 +0000] "GET / HTTP/1.1" 500 - "-" "Mozilla/5.0 (compatible; CensysInspect/1.1; +https://about.censys.io/)"
206.168.34.127 - - [24/Jun/2025:14:32:10 +0000] "GET /favicon.ico HTTP/1.1" 500 - "-" "Mozilla/5.0 (compatible; CensysInspect/1.1; +https://about.censys.io/)"
91.84.87.137 - - [24/Jun/2025:14:32:42 +0000] "GET / HTTP/2.0" 500 - "-" "Mozilla/5.0 (Linux; Android 6.0; Nexus 5 Build/MRA58N) AppleWebKit/537.36 (KHTML, like Gecko) Chrome/130.0.0.0 Mobile Safari/537.36"
206.168.34.127 - - [24/Jun/2025:14:32:46 +0000] "GET /.well-known/security.txt HTTP/1.1" 500 - "-" "Mozilla/5.0 (compatible; CensysInspect/1.1; +https://about.censys.io/)"
91.84.87.137 - - [24/Jun/2025:14:32:48 +0000] "GET /js/twint_ch.js HTTP/2.0" 500 - "-" "Mozilla/5.0 (Linux; Android 6.0; Nexus 5 Build/MRA58N) AppleWebKit/537.36 (KHTML, like Gecko) Chrome/130.0.0.0 Mobile Safari/537.36"
45.148.10.248 - - [24/Jun/2025:14:37:39 +0000] "GET / HTTP/1.1" 200 12455 "-" "Mozilla/5.0 (Linux; Android 9; Nokia 7.1) AppleWebKit/537.36 (KHTML, like Gecko) Chrome/72.0.3626.121 Mobile Safari/537.36"
45.148.10.248 - - [24/Jun/2025:14:37:54 +0000] "GET //cptimezone_optimized.js HTTP/1.1" 200 12459 "-" "Mozilla/5.0 (X11; Linux i686 on x86_64; rv:2.0.1) Gecko/20100101 Firefox/4.0.1"
45.148.10.248 - - [24/Jun/2025:14:37:54 +0000] "GET //submit_post.js HTTP/1.1" 200 12454 "-" "Mozilla/5.0 (Macintosh; Intel Mac OS X 10_14_5) AppleWebKit/537.36 (KHTML, like Gecko) Chrome/75.0.3770.142 Safari/537.36"
45.148.10.248 - - [24/Jun/2025:14:37:54 +0000] "GET //login.js HTTP/1.1" 200 12445 "-" "Mozilla/5.0 (Windows NT 10.0) AppleWebKit/537.36 (KHTML, like Gecko) Chrome/52.0.2743.116 Safari/537.36 Edge/15.15063"
45.148.10.248 - - [24/Jun/2025:14:37:54 +0000] "GET //jstz.min.js HTTP/1.1" 200 12448 "-" "Mozilla/5.0 (X11; Linux x86_64) AppleWebKit/537.36 (KHTML, like Gecko) snap Chromium/76.0.3809.87 Chrome/76.0.3809.87 Safari/537.36"
45.148.10.248 - - [24/Jun/2025:14:37:54 +0000] "GET /jstz.min.js HTTP/1.1" 200 12454 "-" "Microsoft URL Control - 6.00.8862"
45.148.10.248 - - [24/Jun/2025:14:37:54 +0000] "GET /unprotected/json-minified.js HTTP/1.1" 200 843 "-" "Mozilla/5.0 (Macintosh; Intel Mac OS X 10_13_2) AppleWebKit/537.36 (KHTML, like Gecko) Chrome/75.0.3770.142 Safari/537.36"
45.148.10.248 - - [24/Jun/2025:14:38:05 +0000] "GET /unprotected/json-minified.js HTTP/1.1" 200 843 "-" "Mozilla/5.0 (Macintosh; Intel Mac OS X 10_7_2) AppleWebKit/535.1 (KHTML, like Gecko) Chrome/14.0.835.186 Safari/535.1"
45.148.10.248 - - [24/Jun/2025:14:38:05 +0000] "GET /jstz.min.js HTTP/1.1" 200 12450 "-" "Mozilla/5.0 (Macintosh; Intel Mac OS X 10_12_6) AppleWebKit/537.36 (KHTML, like Gecko) Chrome/75.0.3770.100 Safari/537.36 OPR/62.0.3331.101"
45.148.10.248 - - [24/Jun/2025:14:38:05 +0000] "GET //submit_post.js HTTP/1.1" 200 12445 "-" "Mozilla/5.0 (Linux; Android 7.1.2; Pixel Build/NHG47N) AppleWebKit/537.36 (KHTML, like Gecko) Chrome/58.0.3029.83 Mobile Safari/537.36"
45.148.10.248 - - [24/Jun/2025:14:38:05 +0000] "GET //cptimezone_optimized.js HTTP/1.1" 200 12455 "-" "Mozilla/5.0 (Linux; Android 9; Redmi Note 5) AppleWebKit/537.36 (KHTML, like Gecko) Chrome/76.0.3809.89 Mobile Safari/537.36"
45.148.10.248 - - [24/Jun/2025:14:38:05 +0000] "GET //login.js HTTP/1.1" 200 12449 "-" "Mozilla/5.0 (Macintosh; Intel Mac OS X 10_14_4) AppleWebKit/537.36 (KHTML, like Gecko) Chrome/76.0.3809.87 Safari/537.36"
45.148.10.248 - - [24/Jun/2025:14:38:07 +0000] "GET //jstz.min.js HTTP/1.1" 200 12452 "-" "Mozilla/5.0 (Windows NT 6.3; WOW64) AppleWebKit/537.36 (KHTML, like Gecko) Chrome/31.0.1650.57 Safari/537.36 OPR/18.0.1284.49"
91.199.118.49 - - [24/Jun/2025:14:50:48 +0000] "GET / HTTP/1.1" 200 37767 "-" "Mozilla/5.0 (Windows NT 10.0; Win64; x64) AppleWebKit/537.36 (KHTML, like Gecko) Chrome/78.0.3904.108 Safari/537.36"
91.199.118.49 - - [24/Jun/2025:14:50:48 +0000] "GET //wp-includes/wlwmanifest.xml HTTP/1.1" 200 37767 "-" "Mozilla/5.0 (Windows NT 10.0; Win64; x64) AppleWebKit/537.36 (KHTML, like Gecko) Chrome/78.0.3904.108 Safari/537.36"
91.199.118.49 - - [24/Jun/2025:14:50:48 +0000] "GET //xmlrpc.php?rsd HTTP/1.1" 200 37767 "-" "Mozilla/5.0 (Windows NT 10.0; Win64; x64) AppleWebKit/537.36 (KHTML, like Gecko) Chrome/78.0.3904.108 Safari/537.36"
91.199.118.49 - - [24/Jun/2025:14:50:49 +0000] "GET / HTTP/1.1" 200 37767 "-" "Mozilla/5.0 (Windows NT 10.0; Win64; x64) AppleWebKit/537.36 (KHTML, like Gecko) Chrome/78.0.3904.108 Safari/537.36"
91.199.118.49 - - [24/Jun/2025:14:50:49 +0000] "GET //blog/wp-includes/wlwmanifest.xml HTTP/1.1" 200 37767 "-" "Mozilla/5.0 (Windows NT 10.0; Win64; x64) AppleWebKit/537.36 (KHTML, like Gecko) Chrome/78.0.3904.108 Safari/537.36"
91.199.118.49 - - [24/Jun/2025:14:50:49 +0000] "GET //web/wp-includes/wlwmanifest.xml HTTP/1.1" 200 37767 "-" "Mozilla/5.0 (Windows NT 10.0; Win64; x64) AppleWebKit/537.36 (KHTML, like Gecko) Chrome/78.0.3904.108 Safari/537.36"
91.199.118.49 - - [24/Jun/2025:14:50:49 +0000] "GET //wordpress/wp-includes/wlwmanifest.xml HTTP/1.1" 200 37767 "-" "Mozilla/5.0 (Windows NT 10.0; Win64; x64) AppleWebKit/537.36 (KHTML, like Gecko) Chrome/78.0.3904.108 Safari/537.36"
91.199.118.49 - - [24/Jun/2025:14:50:49 +0000] "GET //website/wp-includes/wlwmanifest.xml HTTP/1.1" 200 37767 "-" "Mozilla/5.0 (Windows NT 10.0; Win64; x64) AppleWebKit/537.36 (KHTML, like Gecko) Chrome/78.0.3904.108 Safari/537.36"
91.199.118.49 - - [24/Jun/2025:14:50:50 +0000] "GET //wp/wp-includes/wlwmanifest.xml HTTP/1.1" 200 37767 "-" "Mozilla/5.0 (Windows NT 10.0; Win64; x64) AppleWebKit/537.36 (KHTML, like Gecko) Chrome/78.0.3904.108 Safari/537.36"
91.199.118.49 - - [24/Jun/2025:14:50:50 +0000] "GET //news/wp-includes/wlwmanifest.xml HTTP/1.1" 200 37767 "-" "Mozilla/5.0 (Windows NT 10.0; Win64; x64) AppleWebKit/537.36 (KHTML, like Gecko) Chrome/78.0.3904.108 Safari/537.36"
91.199.118.49 - - [24/Jun/2025:14:50:50 +0000] "GET //2018/wp-includes/wlwmanifest.xml HTTP/1.1" 200 37767 "-" "Mozilla/5.0 (Windows NT 10.0; Win64; x64) AppleWebKit/537.36 (KHTML, like Gecko) Chrome/78.0.3904.108 Safari/537.36"
91.199.118.49 - - [24/Jun/2025:14:50:50 +0000] "GET //2019/wp-includes/wlwmanifest.xml HTTP/1.1" 200 37767 "-" "Mozilla/5.0 (Windows NT 10.0; Win64; x64) AppleWebKit/537.36 (KHTML, like Gecko) Chrome/78.0.3904.108 Safari/537.36"
91.199.118.49 - - [24/Jun/2025:14:50:51 +0000] "GET //shop/wp-includes/wlwmanifest.xml HTTP/1.1" 200 37767 "-" "Mozilla/5.0 (Windows NT 10.0; Win64; x64) AppleWebKit/537.36 (KHTML, like Gecko) Chrome/78.0.3904.108 Safari/537.36"
91.199.118.49 - - [24/Jun/2025:14:50:51 +0000] "GET //wp1/wp-includes/wlwmanifest.xml HTTP/1.1" 200 37767 "-" "Mozilla/5.0 (Windows NT 10.0; Win64; x64) AppleWebKit/537.36 (KHTML, like Gecko) Chrome/78.0.3904.108 Safari/537.36"
91.199.118.49 - - [24/Jun/2025:14:50:51 +0000] "GET //test/wp-includes/wlwmanifest.xml HTTP/1.1" 200 37767 "-" "Mozilla/5.0 (Windows NT 10.0; Win64; x64) AppleWebKit/537.36 (KHTML, like Gecko) Chrome/78.0.3904.108 Safari/537.36"
91.199.118.49 - - [24/Jun/2025:14:50:51 +0000] "GET //media/wp-includes/wlwmanifest.xml HTTP/1.1" 200 37767 "-" "Mozilla/5.0 (Windows NT 10.0; Win64; x64) AppleWebKit/537.36 (KHTML, like Gecko) Chrome/78.0.3904.108 Safari/537.36"
91.199.118.49 - - [24/Jun/2025:14:50:51 +0000] "GET //wp2/wp-includes/wlwmanifest.xml HTTP/1.1" 200 37767 "-" "Mozilla/5.0 (Windows NT 10.0; Win64; x64) AppleWebKit/537.36 (KHTML, like Gecko) Chrome/78.0.3904.108 Safari/537.36"
91.199.118.49 - - [24/Jun/2025:14:50:52 +0000] "GET //site/wp-includes/wlwmanifest.xml HTTP/1.1" 200 37767 "-" "Mozilla/5.0 (Windows NT 10.0; Win64; x64) AppleWebKit/537.36 (KHTML, like Gecko) Chrome/78.0.3904.108 Safari/537.36"
91.199.118.49 - - [24/Jun/2025:14:50:52 +0000] "GET //cms/wp-includes/wlwmanifest.xml HTTP/1.1" 200 37767 "-" "Mozilla/5.0 (Windows NT 10.0; Win64; x64) AppleWebKit/537.36 (KHTML, like Gecko) Chrome/78.0.3904.108 Safari/537.36"
91.199.118.49 - - [24/Jun/2025:14:50:52 +0000] "GET //sito/wp-includes/wlwmanifest.xml HTTP/1.1" 200 37767 "-" "Mozilla/5.0 (Windows NT 10.0; Win64; x64) AppleWebKit/537.36 (KHTML, like Gecko) Chrome/78.0.3904.108 Safari/537.36"
66.249.79.66 - - [24/Jun/2025:14:53:10 +0000] "GET /store.php?shopdetail/233652841 HTTP/1.1" 200 125132 "-" "Mozilla/5.0 (Linux; Android 6.0.1; Nexus 5X Build/MMB29P) AppleWebKit/537.36 (KHTML, like Gecko) Chrome/137.0.7151.103 Mobile Safari/537.36 (compatible; Googlebot/2.1; +http://www.google.com/bot.html)"
2.236.112.207 - - [24/Jun/2025:15:20:32 +0000] "GET / HTTP/1.1" 500 - "-" "Mozilla/5.0 (Windows NT 10.0; Win64; x64) AppleWebKit/537.36 (KHTML, like Gecko) Chrome/74.0.3729.169 Safari/537.36"
66.249.79.65 - - [24/Jun/2025:15:22:09 +0000] "GET /store.php?shopdetail/69700041 HTTP/1.1" 200 124180 "-" "Mozilla/5.0 (Linux; Android 6.0.1; Nexus 5X Build/MMB29P) AppleWebKit/537.36 (KHTML, like Gecko) Chrome/137.0.7151.103 Mobile Safari/537.36 (compatible; Googlebot/2.1; +http://www.google.com/bot.html)"
66.249.79.66 - - [24/Jun/2025:15:26:40 +0000] "GET /store.php?shopdetail/84548641 HTTP/1.1" 200 123043 "-" "Mozilla/5.0 (Linux; Android 6.0.1; Nexus 5X Build/MMB29P) AppleWebKit/537.36 (KHTML, like Gecko) Chrome/137.0.7151.103 Mobile Safari/537.36 (compatible; Googlebot/2.1; +http://www.google.com/bot.html)"
66.249.79.65 - - [24/Jun/2025:15:28:43 +0000] "GET /store.php?shopdetail/90971041 HTTP/1.1" 200 118657 "-" "Mozilla/5.0 (Linux; Android 6.0.1; Nexus 5X Build/MMB29P) AppleWebKit/537.36 (KHTML, like Gecko) Chrome/137.0.7151.103 Mobile Safari/537.36 (compatible; Googlebot/2.1; +http://www.google.com/bot.html)"
66.249.79.65 - - [24/Jun/2025:15:37:25 +0000] "GET /store.php?shopdetail/216787241 HTTP/1.1" 200 120344 "-" "Mozilla/5.0 (Linux; Android 6.0.1; Nexus 5X Build/MMB29P) AppleWebKit/537.36 (KHTML, like Gecko) Chrome/137.0.7151.103 Mobile Safari/537.36 (compatible; Googlebot/2.1; +http://www.google.com/bot.html)"
66.249.79.64 - - [24/Jun/2025:15:37:45 +0000] "POST /get-message-notify HTTP/1.1" 200 122084 "https://efssailonline.co.in/store.php?shopdetail/216787241" "Mozilla/5.0 (Linux; Android 6.0.1; Nexus 5X Build/MMB29P) AppleWebKit/537.36 (KHTML, like Gecko) Chrome/137.0.7151.68 Mobile Safari/537.36 (compatible; Googlebot/2.1; +http://www.google.com/bot.html)"
66.249.79.66 - - [24/Jun/2025:15:45:47 +0000] "GET /store.php?shopdetail/85226641 HTTP/1.1" 200 124780 "-" "Mozilla/5.0 (Linux; Android 6.0.1; Nexus 5X Build/MMB29P) AppleWebKit/537.36 (KHTML, like Gecko) Chrome/137.0.7151.103 Mobile Safari/537.36 (compatible; Googlebot/2.1; +http://www.google.com/bot.html)"
66.249.79.64 - - [24/Jun/2025:15:45:54 +0000] "POST /get-message-notify HTTP/1.1" 200 122084 "https://efssailonline.co.in/store.php?shopdetail/85226641" "Mozilla/5.0 (Linux; Android 6.0.1; Nexus 5X Build/MMB29P) AppleWebKit/537.36 (KHTML, like Gecko) Chrome/137.0.7151.68 Mobile Safari/537.36 (compatible; Googlebot/2.1; +http://www.google.com/bot.html)"
66.249.79.66 - - [24/Jun/2025:15:51:43 +0000] "GET /store.php?shopdetail/189338941 HTTP/1.1" 200 143135 "-" "Mozilla/5.0 (Linux; Android 6.0.1; Nexus 5X Build/MMB29P) AppleWebKit/537.36 (KHTML, like Gecko) Chrome/137.0.7151.103 Mobile Safari/537.36 (compatible; Googlebot/2.1; +http://www.google.com/bot.html)"
66.249.79.65 - - [24/Jun/2025:15:51:50 +0000] "POST /get-message-notify HTTP/1.1" 200 122084 "https://efssailonline.co.in/store.php?shopdetail/189338941" "Mozilla/5.0 (Linux; Android 6.0.1; Nexus 5X Build/MMB29P) AppleWebKit/537.36 (KHTML, like Gecko) Chrome/137.0.7151.68 Mobile Safari/537.36 (compatible; Googlebot/2.1; +http://www.google.com/bot.html)"
66.249.79.64 - - [24/Jun/2025:15:54:01 +0000] "GET /store.php?shopdetail/220440141 HTTP/1.1" 200 123434 "-" "Mozilla/5.0 (Linux; Android 6.0.1; Nexus 5X Build/MMB29P) AppleWebKit/537.36 (KHTML, like Gecko) Chrome/137.0.7151.103 Mobile Safari/537.36 (compatible; Googlebot/2.1; +http://www.google.com/bot.html)"
66.249.79.64 - - [24/Jun/2025:15:54:09 +0000] "POST /get-message-notify HTTP/1.1" 200 122084 "https://efssailonline.co.in/store.php?shopdetail/220440141" "Mozilla/5.0 (Linux; Android 6.0.1; Nexus 5X Build/MMB29P) AppleWebKit/537.36 (KHTML, like Gecko) Chrome/137.0.7151.68 Mobile Safari/537.36 (compatible; Googlebot/2.1; +http://www.google.com/bot.html)"
66.249.79.65 - - [24/Jun/2025:15:57:54 +0000] "GET /store.php?shopdetail/1420341 HTTP/1.1" 200 142908 "-" "Mozilla/5.0 (Linux; Android 6.0.1; Nexus 5X Build/MMB29P) AppleWebKit/537.36 (KHTML, like Gecko) Chrome/137.0.7151.103 Mobile Safari/537.36 (compatible; Googlebot/2.1; +http://www.google.com/bot.html)"
66.249.79.65 - - [24/Jun/2025:15:58:03 +0000] "POST /get-message-notify HTTP/1.1" 200 122084 "https://efssailonline.co.in/store.php?shopdetail/1420341" "Mozilla/5.0 (Linux; Android 6.0.1; Nexus 5X Build/MMB29P) AppleWebKit/537.36 (KHTML, like Gecko) Chrome/137.0.7151.68 Mobile Safari/537.36 (compatible; Googlebot/2.1; +http://www.google.com/bot.html)"
72.14.199.130 - - [24/Jun/2025:16:05:32 +0000] "GET /store.php?shopdetail/226928941 HTTP/1.1" 500 - "-" "Mozilla/5.0 AppleWebKit/537.36 (KHTML, like Gecko) Chrome/137.0.7151.68 Safari/537.36"
66.249.79.64 - - [24/Jun/2025:16:07:09 +0000] "GET /store.php?shopdetail/240705141 HTTP/1.1" 200 135627 "-" "Mozilla/5.0 (Linux; Android 6.0.1; Nexus 5X Build/MMB29P) AppleWebKit/537.36 (KHTML, like Gecko) Chrome/137.0.7151.103 Mobile Safari/537.36 (compatible; Googlebot/2.1; +http://www.google.com/bot.html)"
66.249.79.64 - - [24/Jun/2025:16:07:44 +0000] "GET /store.php?shopdetail/10774841 HTTP/1.1" 200 116617 "-" "Mozilla/5.0 (Linux; Android 6.0.1; Nexus 5X Build/MMB29P) AppleWebKit/537.36 (KHTML, like Gecko) Chrome/137.0.7151.103 Mobile Safari/537.36 (compatible; Googlebot/2.1; +http://www.google.com/bot.html)"
72.14.199.130 - - [24/Jun/2025:16:12:16 +0000] "GET /store.php?shopdetail/12138441 HTTP/1.1" 500 - "-" "Mozilla/5.0 AppleWebKit/537.36 (KHTML, like Gecko) Chrome/137.0.7151.68 Safari/537.36"
66.249.79.65 - - [24/Jun/2025:16:16:57 +0000] "GET /store.php?shopdetail/32847441 HTTP/1.1" 200 158501 "-" "Mozilla/5.0 (Linux; Android 6.0.1; Nexus 5X Build/MMB29P) AppleWebKit/537.36 (KHTML, like Gecko) Chrome/137.0.7151.103 Mobile Safari/537.36 (compatible; Googlebot/2.1; +http://www.google.com/bot.html)"
66.249.79.66 - - [24/Jun/2025:16:20:59 +0000] "GET /store.php?shopdetail/246546141 HTTP/1.1" 200 119580 "-" "Mozilla/5.0 (Linux; Android 6.0.1; Nexus 5X Build/MMB29P) AppleWebKit/537.36 (KHTML, like Gecko) Chrome/137.0.7151.103 Mobile Safari/537.36 (compatible; Googlebot/2.1; +http://www.google.com/bot.html)"
66.249.79.65 - - [24/Jun/2025:16:21:05 +0000] "POST /get-message-notify HTTP/1.1" 200 122084 "https://efssailonline.co.in/store.php?shopdetail/246546141" "Mozilla/5.0 (Linux; Android 6.0.1; Nexus 5X Build/MMB29P) AppleWebKit/537.36 (KHTML, like Gecko) Chrome/137.0.7151.68 Mobile Safari/537.36 (compatible; Googlebot/2.1; +http://www.google.com/bot.html)"
66.249.79.66 - - [24/Jun/2025:16:29:36 +0000] "GET /store.php?shopdetail/12745841 HTTP/1.1" 200 155703 "-" "Mozilla/5.0 (Linux; Android 6.0.1; Nexus 5X Build/MMB29P) AppleWebKit/537.36 (KHTML, like Gecko) Chrome/137.0.7151.103 Mobile Safari/537.36 (compatible; Googlebot/2.1; +http://www.google.com/bot.html)"
66.249.79.66 - - [24/Jun/2025:17:09:18 +0000] "GET /store.php?shopdetail/100777241 HTTP/1.1" 200 141482 "-" "Mozilla/5.0 (Linux; Android 6.0.1; Nexus 5X Build/MMB29P) AppleWebKit/537.36 (KHTML, like Gecko) Chrome/137.0.7151.103 Mobile Safari/537.36 (compatible; Googlebot/2.1; +http://www.google.com/bot.html)"
185.247.137.153 - - [24/Jun/2025:17:16:18 +0000] "GET / HTTP/1.1" 500 - "-" "Mozilla/5.0 (compatible; InternetMeasurement/1.0; +https://internet-measurement.com/)"
66.249.79.65 - - [24/Jun/2025:17:16:57 +0000] "GET /store.php?shopdetail/169642741 HTTP/1.1" 200 131157 "-" "Mozilla/5.0 (Linux; Android 6.0.1; Nexus 5X Build/MMB29P) AppleWebKit/537.36 (KHTML, like Gecko) Chrome/137.0.7151.103 Mobile Safari/537.36 (compatible; Googlebot/2.1; +http://www.google.com/bot.html)"
66.249.79.65 - - [24/Jun/2025:17:21:13 +0000] "GET /store.php?shopdetail/43880341 HTTP/1.1" 200 154212 "-" "Mozilla/5.0 (Linux; Android 6.0.1; Nexus 5X Build/MMB29P) AppleWebKit/537.36 (KHTML, like Gecko) Chrome/137.0.7151.103 Mobile Safari/537.36 (compatible; Googlebot/2.1; +http://www.google.com/bot.html)"
66.249.79.65 - - [24/Jun/2025:17:21:20 +0000] "POST /get-message-notify HTTP/1.1" 200 122084 "https://efssailonline.co.in/store.php?shopdetail/43880341" "Mozilla/5.0 (Linux; Android 6.0.1; Nexus 5X Build/MMB29P) AppleWebKit/537.36 (KHTML, like Gecko) Chrome/137.0.7151.68 Mobile Safari/537.36 (compatible; Googlebot/2.1; +http://www.google.com/bot.html)"
66.249.79.66 - - [24/Jun/2025:17:26:40 +0000] "GET /store.php?shopdetail/230266741 HTTP/1.1" 200 124709 "-" "Mozilla/5.0 (Linux; Android 6.0.1; Nexus 5X Build/MMB29P) AppleWebKit/537.36 (KHTML, like Gecko) Chrome/137.0.7151.103 Mobile Safari/537.36 (compatible; Googlebot/2.1; +http://www.google.com/bot.html)"
66.249.79.66 - - [24/Jun/2025:17:50:59 +0000] "GET /store.php?shopdetail/16866241 HTTP/1.1" 200 122349 "-" "Mozilla/5.0 (Linux; Android 6.0.1; Nexus 5X Build/MMB29P) AppleWebKit/537.36 (KHTML, like Gecko) Chrome/137.0.7151.103 Mobile Safari/537.36 (compatible; Googlebot/2.1; +http://www.google.com/bot.html)"
66.249.79.65 - - [24/Jun/2025:17:51:06 +0000] "POST /get-message-notify HTTP/1.1" 200 122084 "https://efssailonline.co.in/store.php?shopdetail/16866241" "Mozilla/5.0 (Linux; Android 6.0.1; Nexus 5X Build/MMB29P) AppleWebKit/537.36 (KHTML, like Gecko) Chrome/137.0.7151.68 Mobile Safari/537.36 (compatible; Googlebot/2.1; +http://www.google.com/bot.html)"
66.249.79.64 - - [24/Jun/2025:17:51:35 +0000] "POST /get-message-notify HTTP/1.1" 200 122084 "https://efssailonline.co.in/store.php?shopdetail/16866241" "Mozilla/5.0 (Linux; Android 6.0.1; Nexus 5X Build/MMB29P) AppleWebKit/537.36 (KHTML, like Gecko) Chrome/137.0.7151.68 Mobile Safari/537.36 (compatible; Googlebot/2.1; +http://www.google.com/bot.html)"
66.249.79.66 - - [24/Jun/2025:17:53:15 +0000] "GET /store.php?shopdetail/162663441 HTTP/1.1" 200 142418 "-" "Mozilla/5.0 (Linux; Android 6.0.1; Nexus 5X Build/MMB29P) AppleWebKit/537.36 (KHTML, like Gecko) Chrome/137.0.7151.103 Mobile Safari/537.36 (compatible; Googlebot/2.1; +http://www.google.com/bot.html)"
66.249.79.65 - - [24/Jun/2025:17:53:28 +0000] "POST /get-message-notify HTTP/1.1" 200 122084 "https://efssailonline.co.in/store.php?shopdetail/162663441" "Mozilla/5.0 (Linux; Android 6.0.1; Nexus 5X Build/MMB29P) AppleWebKit/537.36 (KHTML, like Gecko) Chrome/137.0.7151.68 Mobile Safari/537.36 (compatible; Googlebot/2.1; +http://www.google.com/bot.html)"
66.249.79.65 - - [24/Jun/2025:17:56:40 +0000] "GET /store.php?shopdetail/76969041 HTTP/1.1" 200 122248 "-" "Mozilla/5.0 (Linux; Android 6.0.1; Nexus 5X Build/MMB29P) AppleWebKit/537.36 (KHTML, like Gecko) Chrome/137.0.7151.103 Mobile Safari/537.36 (compatible; Googlebot/2.1; +http://www.google.com/bot.html)"
66.249.79.64 - - [24/Jun/2025:17:56:57 +0000] "GET /store.php?shopdetail/131679441 HTTP/1.1" 200 116064 "-" "Mozilla/5.0 (Linux; Android 6.0.1; Nexus 5X Build/MMB29P) AppleWebKit/537.36 (KHTML, like Gecko) Chrome/137.0.7151.103 Mobile Safari/537.36 (compatible; Googlebot/2.1; +http://www.google.com/bot.html)"
66.249.79.64 - - [24/Jun/2025:18:04:40 +0000] "GET /store.php?shopdetail/142591741 HTTP/1.1" 200 129626 "-" "Mozilla/5.0 (Linux; Android 6.0.1; Nexus 5X Build/MMB29P) AppleWebKit/537.36 (KHTML, like Gecko) Chrome/137.0.7151.103 Mobile Safari/537.36 (compatible; Googlebot/2.1; +http://www.google.com/bot.html)"
66.249.79.64 - - [24/Jun/2025:18:10:34 +0000] "GET /store.php?shopdetail/7388841 HTTP/1.1" 200 131508 "-" "Mozilla/5.0 (Linux; Android 6.0.1; Nexus 5X Build/MMB29P) AppleWebKit/537.36 (KHTML, like Gecko) Chrome/137.0.7151.103 Mobile Safari/537.36 (compatible; Googlebot/2.1; +http://www.google.com/bot.html)"
66.249.79.65 - - [24/Jun/2025:18:10:39 +0000] "POST /get-message-notify HTTP/1.1" 200 122084 "https://efssailonline.co.in/store.php?shopdetail/7388841" "Mozilla/5.0 (Linux; Android 6.0.1; Nexus 5X Build/MMB29P) AppleWebKit/537.36 (KHTML, like Gecko) Chrome/137.0.7151.68 Mobile Safari/537.36 (compatible; Googlebot/2.1; +http://www.google.com/bot.html)"
66.249.79.64 - - [24/Jun/2025:18:11:18 +0000] "GET /store.php?shopdetail/259627841 HTTP/1.1" 200 125624 "-" "Mozilla/5.0 (Linux; Android 6.0.1; Nexus 5X Build/MMB29P) AppleWebKit/537.36 (KHTML, like Gecko) Chrome/137.0.7151.103 Mobile Safari/537.36 (compatible; Googlebot/2.1; +http://www.google.com/bot.html)"
66.249.79.66 - - [24/Jun/2025:18:16:57 +0000] "GET /store.php?shopdetail/126020141 HTTP/1.1" 200 137548 "-" "Mozilla/5.0 (Linux; Android 6.0.1; Nexus 5X Build/MMB29P) AppleWebKit/537.36 (KHTML, like Gecko) Chrome/137.0.7151.103 Mobile Safari/537.36 (compatible; Googlebot/2.1; +http://www.google.com/bot.html)"
66.249.79.64 - - [24/Jun/2025:18:17:02 +0000] "POST /get-message-notify HTTP/1.1" 200 122084 "https://efssailonline.co.in/store.php?shopdetail/126020141" "Mozilla/5.0 (Linux; Android 6.0.1; Nexus 5X Build/MMB29P) AppleWebKit/537.36 (KHTML, like Gecko) Chrome/137.0.7151.68 Mobile Safari/537.36 (compatible; Googlebot/2.1; +http://www.google.com/bot.html)"
66.249.79.65 - - [24/Jun/2025:18:38:33 +0000] "GET /store.php?shopdetail/131780341 HTTP/1.1" 200 118292 "-" "Mozilla/5.0 (Linux; Android 6.0.1; Nexus 5X Build/MMB29P) AppleWebKit/537.36 (KHTML, like Gecko) Chrome/137.0.7151.103 Mobile Safari/537.36 (compatible; Googlebot/2.1; +http://www.google.com/bot.html)"
66.249.79.64 - - [24/Jun/2025:18:38:38 +0000] "POST /get-message-notify HTTP/1.1" 200 122084 "https://efssailonline.co.in/store.php?shopdetail/131780341" "Mozilla/5.0 (Linux; Android 6.0.1; Nexus 5X Build/MMB29P) AppleWebKit/537.36 (KHTML, like Gecko) Chrome/137.0.7151.68 Mobile Safari/537.36 (compatible; Googlebot/2.1; +http://www.google.com/bot.html)"
66.249.79.65 - - [24/Jun/2025:18:41:25 +0000] "GET /store.php?shopdetail/180923241 HTTP/1.1" 200 122031 "-" "Mozilla/5.0 (Linux; Android 6.0.1; Nexus 5X Build/MMB29P) AppleWebKit/537.36 (KHTML, like Gecko) Chrome/137.0.7151.103 Mobile Safari/537.36 (compatible; Googlebot/2.1; +http://www.google.com/bot.html)"
66.249.79.65 - - [24/Jun/2025:18:43:55 +0000] "GET /store.php?shopdetail/270642541 HTTP/1.1" 200 117682 "-" "Mozilla/5.0 (Linux; Android 6.0.1; Nexus 5X Build/MMB29P) AppleWebKit/537.36 (KHTML, like Gecko) Chrome/137.0.7151.103 Mobile Safari/537.36 (compatible; Googlebot/2.1; +http://www.google.com/bot.html)"
82.102.18.116 - - [24/Jun/2025:18:46:51 +0000] "GET / HTTP/1.1" 401 36 "-" "Mozilla/5.0 (Windows NT 10.0; Win64; x64) AppleWebKit/537.36 (KHTML, like Gecko) Chrome/78.0.3904.108 Safari/537.36"
82.102.18.116 - - [24/Jun/2025:18:46:51 +0000] "GET //wp-includes/wlwmanifest.xml HTTP/1.1" 401 36 "-" "Mozilla/5.0 (Windows NT 10.0; Win64; x64) AppleWebKit/537.36 (KHTML, like Gecko) Chrome/78.0.3904.108 Safari/537.36"
82.102.18.116 - - [24/Jun/2025:18:46:51 +0000] "GET //xmlrpc.php?rsd HTTP/1.1" 401 36 "-" "Mozilla/5.0 (Windows NT 10.0; Win64; x64) AppleWebKit/537.36 (KHTML, like Gecko) Chrome/78.0.3904.108 Safari/537.36"
82.102.18.116 - - [24/Jun/2025:18:46:51 +0000] "GET / HTTP/1.1" 401 36 "-" "Mozilla/5.0 (Windows NT 10.0; Win64; x64) AppleWebKit/537.36 (KHTML, like Gecko) Chrome/78.0.3904.108 Safari/537.36"
82.102.18.116 - - [24/Jun/2025:18:46:51 +0000] "GET //blog/wp-includes/wlwmanifest.xml HTTP/1.1" 401 36 "-" "Mozilla/5.0 (Windows NT 10.0; Win64; x64) AppleWebKit/537.36 (KHTML, like Gecko) Chrome/78.0.3904.108 Safari/537.36"
82.102.18.116 - - [24/Jun/2025:18:46:52 +0000] "GET //web/wp-includes/wlwmanifest.xml HTTP/1.1" 401 36 "-" "Mozilla/5.0 (Windows NT 10.0; Win64; x64) AppleWebKit/537.36 (KHTML, like Gecko) Chrome/78.0.3904.108 Safari/537.36"
82.102.18.116 - - [24/Jun/2025:18:46:52 +0000] "GET //wordpress/wp-includes/wlwmanifest.xml HTTP/1.1" 401 36 "-" "Mozilla/5.0 (Windows NT 10.0; Win64; x64) AppleWebKit/537.36 (KHTML, like Gecko) Chrome/78.0.3904.108 Safari/537.36"
82.102.18.116 - - [24/Jun/2025:18:46:52 +0000] "GET //website/wp-includes/wlwmanifest.xml HTTP/1.1" 401 36 "-" "Mozilla/5.0 (Windows NT 10.0; Win64; x64) AppleWebKit/537.36 (KHTML, like Gecko) Chrome/78.0.3904.108 Safari/537.36"
82.102.18.116 - - [24/Jun/2025:18:46:52 +0000] "GET //wp/wp-includes/wlwmanifest.xml HTTP/1.1" 401 36 "-" "Mozilla/5.0 (Windows NT 10.0; Win64; x64) AppleWebKit/537.36 (KHTML, like Gecko) Chrome/78.0.3904.108 Safari/537.36"
82.102.18.116 - - [24/Jun/2025:18:46:52 +0000] "GET //news/wp-includes/wlwmanifest.xml HTTP/1.1" 401 36 "-" "Mozilla/5.0 (Windows NT 10.0; Win64; x64) AppleWebKit/537.36 (KHTML, like Gecko) Chrome/78.0.3904.108 Safari/537.36"
82.102.18.116 - - [24/Jun/2025:18:46:53 +0000] "GET //2018/wp-includes/wlwmanifest.xml HTTP/1.1" 401 36 "-" "Mozilla/5.0 (Windows NT 10.0; Win64; x64) AppleWebKit/537.36 (KHTML, like Gecko) Chrome/78.0.3904.108 Safari/537.36"
82.102.18.116 - - [24/Jun/2025:18:46:53 +0000] "GET //2019/wp-includes/wlwmanifest.xml HTTP/1.1" 401 36 "-" "Mozilla/5.0 (Windows NT 10.0; Win64; x64) AppleWebKit/537.36 (KHTML, like Gecko) Chrome/78.0.3904.108 Safari/537.36"
82.102.18.116 - - [24/Jun/2025:18:46:53 +0000] "GET //shop/wp-includes/wlwmanifest.xml HTTP/1.1" 401 36 "-" "Mozilla/5.0 (Windows NT 10.0; Win64; x64) AppleWebKit/537.36 (KHTML, like Gecko) Chrome/78.0.3904.108 Safari/537.36"
82.102.18.116 - - [24/Jun/2025:18:46:53 +0000] "GET //wp1/wp-includes/wlwmanifest.xml HTTP/1.1" 401 36 "-" "Mozilla/5.0 (Windows NT 10.0; Win64; x64) AppleWebKit/537.36 (KHTML, like Gecko) Chrome/78.0.3904.108 Safari/537.36"
82.102.18.116 - - [24/Jun/2025:18:46:53 +0000] "GET //test/wp-includes/wlwmanifest.xml HTTP/1.1" 401 36 "-" "Mozilla/5.0 (Windows NT 10.0; Win64; x64) AppleWebKit/537.36 (KHTML, like Gecko) Chrome/78.0.3904.108 Safari/537.36"
82.102.18.116 - - [24/Jun/2025:18:46:53 +0000] "GET //media/wp-includes/wlwmanifest.xml HTTP/1.1" 401 36 "-" "Mozilla/5.0 (Windows NT 10.0; Win64; x64) AppleWebKit/537.36 (KHTML, like Gecko) Chrome/78.0.3904.108 Safari/537.36"
82.102.18.116 - - [24/Jun/2025:18:46:54 +0000] "GET //wp2/wp-includes/wlwmanifest.xml HTTP/1.1" 401 36 "-" "Mozilla/5.0 (Windows NT 10.0; Win64; x64) AppleWebKit/537.36 (KHTML, like Gecko) Chrome/78.0.3904.108 Safari/537.36"
82.102.18.116 - - [24/Jun/2025:18:46:54 +0000] "GET //site/wp-includes/wlwmanifest.xml HTTP/1.1" 401 36 "-" "Mozilla/5.0 (Windows NT 10.0; Win64; x64) AppleWebKit/537.36 (KHTML, like Gecko) Chrome/78.0.3904.108 Safari/537.36"
82.102.18.116 - - [24/Jun/2025:18:46:54 +0000] "GET //cms/wp-includes/wlwmanifest.xml HTTP/1.1" 401 36 "-" "Mozilla/5.0 (Windows NT 10.0; Win64; x64) AppleWebKit/537.36 (KHTML, like Gecko) Chrome/78.0.3904.108 Safari/537.36"
82.102.18.116 - - [24/Jun/2025:18:46:54 +0000] "GET //sito/wp-includes/wlwmanifest.xml HTTP/1.1" 401 36 "-" "Mozilla/5.0 (Windows NT 10.0; Win64; x64) AppleWebKit/537.36 (KHTML, like Gecko) Chrome/78.0.3904.108 Safari/537.36"
66.249.79.65 - - [24/Jun/2025:18:48:35 +0000] "GET /store.php?shopdetail/181891241 HTTP/1.1" 200 129363 "-" "Mozilla/5.0 (Linux; Android 6.0.1; Nexus 5X Build/MMB29P) AppleWebKit/537.36 (KHTML, like Gecko) Chrome/137.0.7151.103 Mobile Safari/537.36 (compatible; Googlebot/2.1; +http://www.google.com/bot.html)"
66.249.79.64 - - [24/Jun/2025:18:48:53 +0000] "GET /store.php?shopdetail/135763041 HTTP/1.1" 200 141950 "-" "Mozilla/5.0 (Linux; Android 6.0.1; Nexus 5X Build/MMB29P) AppleWebKit/537.36 (KHTML, like Gecko) Chrome/137.0.7151.103 Mobile Safari/537.36 (compatible; Googlebot/2.1; +http://www.google.com/bot.html)"
66.249.79.64 - - [24/Jun/2025:18:51:25 +0000] "GET /store.php?shopdetail/61457541 HTTP/1.1" 200 127941 "-" "Mozilla/5.0 (Linux; Android 6.0.1; Nexus 5X Build/MMB29P) AppleWebKit/537.36 (KHTML, like Gecko) Chrome/137.0.7151.103 Mobile Safari/537.36 (compatible; Googlebot/2.1; +http://www.google.com/bot.html)"
66.249.79.66 - - [24/Jun/2025:18:57:14 +0000] "GET /store.php?shopdetail/75095741 HTTP/1.1" 200 125043 "-" "Mozilla/5.0 (Linux; Android 6.0.1; Nexus 5X Build/MMB29P) AppleWebKit/537.36 (KHTML, like Gecko) Chrome/137.0.7151.103 Mobile Safari/537.36 (compatible; Googlebot/2.1; +http://www.google.com/bot.html)"
66.249.79.66 - - [24/Jun/2025:18:57:14 +0000] "GET /store.php?shopdetail/272422441 HTTP/1.1" 200 124159 "-" "Mozilla/5.0 (Linux; Android 6.0.1; Nexus 5X Build/MMB29P) AppleWebKit/537.36 (KHTML, like Gecko) Chrome/137.0.7151.103 Mobile Safari/537.36 (compatible; Googlebot/2.1; +http://www.google.com/bot.html)"
66.249.79.65 - - [24/Jun/2025:18:57:24 +0000] "POST /get-message-notify HTTP/1.1" 200 122084 "https://efssailonline.co.in/store.php?shopdetail/272422441" "Mozilla/5.0 (Linux; Android 6.0.1; Nexus 5X Build/MMB29P) AppleWebKit/537.36 (KHTML, like Gecko) Chrome/137.0.7151.68 Mobile Safari/537.36 (compatible; Googlebot/2.1; +http://www.google.com/bot.html)"
72.14.199.128 - - [24/Jun/2025:19:03:28 +0000] "GET /store.php?shopdetail/12138441 HTTP/1.1" 500 - "-" "Mozilla/5.0 AppleWebKit/537.36 (KHTML, like Gecko) Chrome/137.0.7151.68 Safari/537.36"
66.249.79.65 - - [24/Jun/2025:19:03:43 +0000] "GET /store.php?shopdetail/64715941 HTTP/1.1" 200 122944 "-" "Mozilla/5.0 (Linux; Android 6.0.1; Nexus 5X Build/MMB29P) AppleWebKit/537.36 (KHTML, like Gecko) Chrome/137.0.7151.103 Mobile Safari/537.36 (compatible; Googlebot/2.1; +http://www.google.com/bot.html)"
66.249.79.64 - - [24/Jun/2025:19:03:57 +0000] "POST /get-message-notify HTTP/1.1" 200 122084 "https://efssailonline.co.in/store.php?shopdetail/64715941" "Mozilla/5.0 (Linux; Android 6.0.1; Nexus 5X Build/MMB29P) AppleWebKit/537.36 (KHTML, like Gecko) Chrome/137.0.7151.68 Mobile Safari/537.36 (compatible; Googlebot/2.1; +http://www.google.com/bot.html)"
66.249.79.64 - - [24/Jun/2025:19:06:14 +0000] "GET /store.php?shopdetail/94156841 HTTP/1.1" 200 147399 "-" "Mozilla/5.0 (Linux; Android 6.0.1; Nexus 5X Build/MMB29P) AppleWebKit/537.36 (KHTML, like Gecko) Chrome/137.0.7151.103 Mobile Safari/537.36 (compatible; Googlebot/2.1; +http://www.google.com/bot.html)"
66.249.79.65 - - [24/Jun/2025:19:06:25 +0000] "GET /store.php?shopdetail/176439341 HTTP/1.1" 200 122785 "-" "Mozilla/5.0 (Linux; Android 6.0.1; Nexus 5X Build/MMB29P) AppleWebKit/537.36 (KHTML, like Gecko) Chrome/137.0.7151.103 Mobile Safari/537.36 (compatible; Googlebot/2.1; +http://www.google.com/bot.html)"
66.249.79.64 - - [24/Jun/2025:19:13:34 +0000] "GET /store.php?shopdetail/180043741 HTTP/1.1" 200 117386 "-" "Mozilla/5.0 (Linux; Android 6.0.1; Nexus 5X Build/MMB29P) AppleWebKit/537.36 (KHTML, like Gecko) Chrome/137.0.7151.103 Mobile Safari/537.36 (compatible; Googlebot/2.1; +http://www.google.com/bot.html)"
66.249.79.64 - - [24/Jun/2025:19:13:41 +0000] "POST /get-message-notify HTTP/1.1" 200 122084 "https://efssailonline.co.in/store.php?shopdetail/180043741" "Mozilla/5.0 (Linux; Android 6.0.1; Nexus 5X Build/MMB29P) AppleWebKit/537.36 (KHTML, like Gecko) Chrome/137.0.7151.68 Mobile Safari/537.36 (compatible; Googlebot/2.1; +http://www.google.com/bot.html)"
66.249.79.66 - - [24/Jun/2025:19:23:38 +0000] "GET /store.php?shopdetail/50376641 HTTP/1.1" 200 115206 "-" "Mozilla/5.0 (Linux; Android 6.0.1; Nexus 5X Build/MMB29P) AppleWebKit/537.36 (KHTML, like Gecko) Chrome/137.0.7151.103 Mobile Safari/537.36 (compatible; Googlebot/2.1; +http://www.google.com/bot.html)"
66.249.79.66 - - [24/Jun/2025:19:26:06 +0000] "GET /store.php?shopdetail/246602641 HTTP/1.1" 200 137559 "-" "Mozilla/5.0 (Linux; Android 6.0.1; Nexus 5X Build/MMB29P) AppleWebKit/537.36 (KHTML, like Gecko) Chrome/137.0.7151.103 Mobile Safari/537.36 (compatible; Googlebot/2.1; +http://www.google.com/bot.html)"
66.249.79.66 - - [24/Jun/2025:19:28:55 +0000] "GET /store.php?shopdetail/270146341 HTTP/1.1" 200 130669 "-" "Mozilla/5.0 (Linux; Android 6.0.1; Nexus 5X Build/MMB29P) AppleWebKit/537.36 (KHTML, like Gecko) Chrome/137.0.7151.103 Mobile Safari/537.36 (compatible; Googlebot/2.1; +http://www.google.com/bot.html)"
66.249.79.66 - - [24/Jun/2025:19:29:02 +0000] "POST /get-message-notify HTTP/1.1" 200 122084 "https://efssailonline.co.in/store.php?shopdetail/270146341" "Mozilla/5.0 (Linux; Android 6.0.1; Nexus 5X Build/MMB29P) AppleWebKit/537.36 (KHTML, like Gecko) Chrome/137.0.7151.68 Mobile Safari/537.36 (compatible; Googlebot/2.1; +http://www.google.com/bot.html)"
66.249.79.66 - - [24/Jun/2025:19:35:13 +0000] "GET /store.php?shopdetail/259510841 HTTP/1.1" 200 125837 "-" "Mozilla/5.0 (Linux; Android 6.0.1; Nexus 5X Build/MMB29P) AppleWebKit/537.36 (KHTML, like Gecko) Chrome/137.0.7151.103 Mobile Safari/537.36 (compatible; Googlebot/2.1; +http://www.google.com/bot.html)"
141.51.110.126 - - [24/Jun/2025:19:42:00 +0000] "GET / HTTP/1.1" 500 - "-" "Mozilla/5.0 zgrab/0.x"
66.249.79.64 - - [24/Jun/2025:19:42:14 +0000] "GET /store.php?shopdetail/92621641 HTTP/1.1" 200 126309 "-" "Mozilla/5.0 (Linux; Android 6.0.1; Nexus 5X Build/MMB29P) AppleWebKit/537.36 (KHTML, like Gecko) Chrome/137.0.7151.103 Mobile Safari/537.36 (compatible; Googlebot/2.1; +http://www.google.com/bot.html)"
66.249.79.65 - - [24/Jun/2025:19:42:23 +0000] "POST /get-message-notify HTTP/1.1" 200 122084 "https://efssailonline.co.in/store.php?shopdetail/92621641" "Mozilla/5.0 (Linux; Android 6.0.1; Nexus 5X Build/MMB29P) AppleWebKit/537.36 (KHTML, like Gecko) Chrome/137.0.7151.68 Mobile Safari/537.36 (compatible; Googlebot/2.1; +http://www.google.com/bot.html)"
66.249.79.65 - - [24/Jun/2025:19:51:25 +0000] "GET /store.php?shopdetail/139480641 HTTP/1.1" 200 123035 "-" "Mozilla/5.0 (Linux; Android 6.0.1; Nexus 5X Build/MMB29P) AppleWebKit/537.36 (KHTML, like Gecko) Chrome/137.0.7151.103 Mobile Safari/537.36 (compatible; Googlebot/2.1; +http://www.google.com/bot.html)"
66.249.79.64 - - [24/Jun/2025:19:51:28 +0000] "POST /get-message-notify HTTP/1.1" 200 122084 "https://efssailonline.co.in/store.php?shopdetail/139480641" "Mozilla/5.0 (Linux; Android 6.0.1; Nexus 5X Build/MMB29P) AppleWebKit/537.36 (KHTML, like Gecko) Chrome/137.0.7151.68 Mobile Safari/537.36 (compatible; Googlebot/2.1; +http://www.google.com/bot.html)"
66.249.79.65 - - [24/Jun/2025:19:58:33 +0000] "GET /store.php?shopdetail/134339441 HTTP/1.1" 200 127012 "-" "Mozilla/5.0 (Linux; Android 6.0.1; Nexus 5X Build/MMB29P) AppleWebKit/537.36 (KHTML, like Gecko) Chrome/137.0.7151.103 Mobile Safari/537.36 (compatible; Googlebot/2.1; +http://www.google.com/bot.html)"
66.249.79.64 - - [24/Jun/2025:19:58:38 +0000] "POST /get-message-notify HTTP/1.1" 200 122084 "https://efssailonline.co.in/store.php?shopdetail/134339441" "Mozilla/5.0 (Linux; Android 6.0.1; Nexus 5X Build/MMB29P) AppleWebKit/537.36 (KHTML, like Gecko) Chrome/137.0.7151.68 Mobile Safari/537.36 (compatible; Googlebot/2.1; +http://www.google.com/bot.html)"
66.249.79.64 - - [24/Jun/2025:20:04:44 +0000] "GET /store.php?shopdetail/61531941 HTTP/1.1" 200 138308 "-" "Mozilla/5.0 (Linux; Android 6.0.1; Nexus 5X Build/MMB29P) AppleWebKit/537.36 (KHTML, like Gecko) Chrome/137.0.7151.103 Mobile Safari/537.36 (compatible; Googlebot/2.1; +http://www.google.com/bot.html)"
66.249.79.65 - - [24/Jun/2025:20:16:02 +0000] "GET /store.php?shopdetail/157781441 HTTP/1.1" 200 138103 "-" "Mozilla/5.0 (Linux; Android 6.0.1; Nexus 5X Build/MMB29P) AppleWebKit/537.36 (KHTML, like Gecko) Chrome/137.0.7151.103 Mobile Safari/537.36 (compatible; Googlebot/2.1; +http://www.google.com/bot.html)"
47.236.16.40 - - [24/Jun/2025:20:16:27 +0000] "GET / HTTP/1.1" 400 52 "-" "Mozilla/5.0 (Macintosh; Intel Mac OS X 10_14_6) AppleWebKit/537.36 (KHTML, like Gecko) Chrome/76.0.3809.132 Safari/537.36"
47.236.16.40 - - [24/Jun/2025:20:16:27 +0000] "GET /favicon.ico HTTP/1.1" 400 52 "-" "fasthttp"
47.236.16.40 - - [24/Jun/2025:20:16:27 +0000] "GET /robots.txt HTTP/1.1" 400 52 "-" "fasthttp"
47.236.16.40 - - [24/Jun/2025:20:16:27 +0000] "GET /sitemap.xml HTTP/1.1" 400 52 "-" "fasthttp"
66.249.79.64 - - [24/Jun/2025:20:20:07 +0000] "GET /store.php?shopdetail/225288341 HTTP/1.1" 200 160606 "-" "Mozilla/5.0 (Linux; Android 6.0.1; Nexus 5X Build/MMB29P) AppleWebKit/537.36 (KHTML, like Gecko) Chrome/137.0.7151.103 Mobile Safari/537.36 (compatible; Googlebot/2.1; +http://www.google.com/bot.html)"
66.249.79.64 - - [24/Jun/2025:20:23:40 +0000] "GET /store.php?shopdetail/85375741 HTTP/1.1" 200 124172 "-" "Mozilla/5.0 (Linux; Android 6.0.1; Nexus 5X Build/MMB29P) AppleWebKit/537.36 (KHTML, like Gecko) Chrome/137.0.7151.103 Mobile Safari/537.36 (compatible; Googlebot/2.1; +http://www.google.com/bot.html)"
66.249.79.64 - - [24/Jun/2025:20:24:01 +0000] "POST /get-message-notify HTTP/1.1" 200 122084 "https://efssailonline.co.in/store.php?shopdetail/85375741" "Mozilla/5.0 (Linux; Android 6.0.1; Nexus 5X Build/MMB29P) AppleWebKit/537.36 (KHTML, like Gecko) Chrome/137.0.7151.68 Mobile Safari/537.36 (compatible; Googlebot/2.1; +http://www.google.com/bot.html)"
66.249.79.65 - - [24/Jun/2025:20:25:02 +0000] "GET /store.php?shopdetail/33992641 HTTP/1.1" 200 144224 "-" "Mozilla/5.0 (Linux; Android 6.0.1; Nexus 5X Build/MMB29P) AppleWebKit/537.36 (KHTML, like Gecko) Chrome/137.0.7151.103 Mobile Safari/537.36 (compatible; Googlebot/2.1; +http://www.google.com/bot.html)"
66.249.79.64 - - [24/Jun/2025:20:25:10 +0000] "POST /get-message-notify HTTP/1.1" 200 122084 "https://efssailonline.co.in/store.php?shopdetail/33992641" "Mozilla/5.0 AppleWebKit/537.36 (KHTML, like Gecko; compatible; Googlebot/2.1; +http://www.google.com/bot.html) Chrome/137.0.7151.68 Safari/537.36"
66.249.79.64 - - [24/Jun/2025:20:25:11 +0000] "POST /get-message-notify HTTP/1.1" 200 122084 "https://efssailonline.co.in/store.php?shopdetail/33992641" "Mozilla/5.0 AppleWebKit/537.36 (KHTML, like Gecko; compatible; Googlebot/2.1; +http://www.google.com/bot.html) Chrome/137.0.7151.68 Safari/537.36"
66.249.79.66 - - [24/Jun/2025:20:26:04 +0000] "GET /store.php?shopdetail/251351741 HTTP/1.1" 200 128166 "-" "Mozilla/5.0 (Linux; Android 6.0.1; Nexus 5X Build/MMB29P) AppleWebKit/537.36 (KHTML, like Gecko) Chrome/137.0.7151.103 Mobile Safari/537.36 (compatible; Googlebot/2.1; +http://www.google.com/bot.html)"
66.249.79.64 - - [24/Jun/2025:20:26:13 +0000] "POST /get-message-notify HTTP/1.1" 200 122084 "https://efssailonline.co.in/store.php?shopdetail/33992641" "Mozilla/5.0 (Linux; Android 6.0.1; Nexus 5X Build/MMB29P) AppleWebKit/537.36 (KHTML, like Gecko) Chrome/137.0.7151.68 Mobile Safari/537.36 (compatible; Googlebot/2.1; +http://www.google.com/bot.html)"
66.249.79.64 - - [24/Jun/2025:20:26:25 +0000] "GET /store.php?shopdetail/33111941 HTTP/1.1" 200 121307 "-" "Mozilla/5.0 (Linux; Android 6.0.1; Nexus 5X Build/MMB29P) AppleWebKit/537.36 (KHTML, like Gecko) Chrome/137.0.7151.103 Mobile Safari/537.36 (compatible; Googlebot/2.1; +http://www.google.com/bot.html)"
66.249.79.66 - - [24/Jun/2025:20:27:14 +0000] "GET /store.php?shopdetail/144308341 HTTP/1.1" 200 118946 "-" "Mozilla/5.0 (Linux; Android 6.0.1; Nexus 5X Build/MMB29P) AppleWebKit/537.36 (KHTML, like Gecko) Chrome/137.0.7151.103 Mobile Safari/537.36 (compatible; Googlebot/2.1; +http://www.google.com/bot.html)"
66.249.79.64 - - [24/Jun/2025:20:27:47 +0000] "GET /store.php?shopdetail/160658141 HTTP/1.1" 200 125455 "-" "Mozilla/5.0 (Linux; Android 6.0.1; Nexus 5X Build/MMB29P) AppleWebKit/537.36 (KHTML, like Gecko) Chrome/137.0.7151.103 Mobile Safari/537.36 (compatible; Googlebot/2.1; +http://www.google.com/bot.html)"
66.249.79.64 - - [24/Jun/2025:20:29:09 +0000] "GET /store.php?shopdetail/157563841 HTTP/1.1" 200 140524 "-" "Mozilla/5.0 (Linux; Android 6.0.1; Nexus 5X Build/MMB29P) AppleWebKit/537.36 (KHTML, like Gecko) Chrome/137.0.7151.103 Mobile Safari/537.36 (compatible; Googlebot/2.1; +http://www.google.com/bot.html)"
66.249.79.64 - - [24/Jun/2025:20:30:32 +0000] "GET /store.php?shopdetail/223091241 HTTP/1.1" 200 126492 "-" "Mozilla/5.0 (Linux; Android 6.0.1; Nexus 5X Build/MMB29P) AppleWebKit/537.36 (KHTML, like Gecko) Chrome/137.0.7151.103 Mobile Safari/537.36 (compatible; Googlebot/2.1; +http://www.google.com/bot.html)"
66.249.79.65 - - [24/Jun/2025:20:31:13 +0000] "GET /store.php?shopdetail/175260241 HTTP/1.1" 200 137151 "-" "Mozilla/5.0 (Linux; Android 6.0.1; Nexus 5X Build/MMB29P) AppleWebKit/537.36 (KHTML, like Gecko) Chrome/137.0.7151.103 Mobile Safari/537.36 (compatible; Googlebot/2.1; +http://www.google.com/bot.html)"
66.249.79.66 - - [24/Jun/2025:20:32:35 +0000] "GET /store.php?shopdetail/148099641 HTTP/1.1" 200 127887 "-" "Mozilla/5.0 (Linux; Android 6.0.1; Nexus 5X Build/MMB29P) AppleWebKit/537.36 (KHTML, like Gecko) Chrome/137.0.7151.103 Mobile Safari/537.36 (compatible; Googlebot/2.1; +http://www.google.com/bot.html)"
66.249.79.66 - - [24/Jun/2025:20:33:33 +0000] "GET /store.php?shopdetail/64346641 HTTP/1.1" 200 116309 "-" "Mozilla/5.0 (Linux; Android 6.0.1; Nexus 5X Build/MMB29P) AppleWebKit/537.36 (KHTML, like Gecko) Chrome/137.0.7151.103 Mobile Safari/537.36 (compatible; Googlebot/2.1; +http://www.google.com/bot.html)"
66.249.79.65 - - [24/Jun/2025:20:33:57 +0000] "GET /store.php?shopdetail/45009141 HTTP/1.1" 200 142715 "-" "Mozilla/5.0 (Linux; Android 6.0.1; Nexus 5X Build/MMB29P) AppleWebKit/537.36 (KHTML, like Gecko) Chrome/137.0.7151.103 Mobile Safari/537.36 (compatible; Googlebot/2.1; +http://www.google.com/bot.html)"
66.249.79.65 - - [24/Jun/2025:20:34:38 +0000] "GET /store.php?shopdetail/98902341 HTTP/1.1" 200 120089 "-" "Mozilla/5.0 (Linux; Android 6.0.1; Nexus 5X Build/MMB29P) AppleWebKit/537.36 (KHTML, like Gecko) Chrome/137.0.7151.103 Mobile Safari/537.36 (compatible; Googlebot/2.1; +http://www.google.com/bot.html)"
66.249.79.64 - - [24/Jun/2025:20:34:45 +0000] "POST /get-message-notify HTTP/1.1" 200 122084 "https://efssailonline.co.in/store.php?shopdetail/45009141" "Mozilla/5.0 (Linux; Android 6.0.1; Nexus 5X Build/MMB29P) AppleWebKit/537.36 (KHTML, like Gecko) Chrome/137.0.7151.68 Mobile Safari/537.36 (compatible; Googlebot/2.1; +http://www.google.com/bot.html)"
