Файловый менеджер - Редактировать - /var/log/apache2/domlogs/d46091/e-udyogaadhaar.com.msmeregistrar.net-ssl_log
Назад
66.249.84.104 - - [24/Jun/2025:12:11:13 +0000] "GET /assets/img/log.webp HTTP/1.1" 200 15344 "-" "Mozilla/5.0 (Windows NT 5.1; rv:11.0) Gecko Firefox/11.0 (via ggpht.com GoogleImageProxy)"
182.42.110.255 - - [24/Jun/2025:12:14:20 +0000] "GET / HTTP/1.1" 200 64108 "http://www.e-udyogaadhaar.com" "Mozilla/5.0 (iPhone; CPU iPhone OS 13_2_3 like Mac OS X) AppleWebKit/605.1.15 (KHTML, like Gecko) Version/13.0.3 Mobile/15E148 Safari/604.1"
66.249.84.105 - - [24/Jun/2025:12:14:33 +0000] "GET /assets/img/log.webp HTTP/1.1" 200 15344 "-" "Mozilla/5.0 (Windows NT 5.1; rv:11.0) Gecko Firefox/11.0 (via ggpht.com GoogleImageProxy)"
66.249.84.103 - - [24/Jun/2025:12:14:39 +0000] "GET /assets/img/log.webp HTTP/1.1" 200 15344 "-" "Mozilla/5.0 (Windows NT 5.1; rv:11.0) Gecko Firefox/11.0 (via ggpht.com GoogleImageProxy)"
66.249.84.105 - - [24/Jun/2025:12:14:40 +0000] "GET /assets/img/log.webp HTTP/1.1" 200 15344 "-" "Mozilla/5.0 (Windows NT 5.1; rv:11.0) Gecko Firefox/11.0 (via ggpht.com GoogleImageProxy)"
74.125.213.43 - - [24/Jun/2025:12:14:44 +0000] "GET /assets/img/log.webp HTTP/1.1" 200 15344 "-" "Mozilla/5.0 (Windows NT 5.1; rv:11.0) Gecko Firefox/11.0 (via ggpht.com GoogleImageProxy)"
66.249.84.103 - - [24/Jun/2025:12:14:52 +0000] "GET /assets/img/log.webp HTTP/1.1" 200 15344 "-" "Mozilla/5.0 (Windows NT 5.1; rv:11.0) Gecko Firefox/11.0 (via ggpht.com GoogleImageProxy)"
74.125.213.44 - - [24/Jun/2025:12:15:41 +0000] "GET /assets/img/log.webp HTTP/1.1" 200 15344 "-" "Mozilla/5.0 (Windows NT 5.1; rv:11.0) Gecko Firefox/11.0 (via ggpht.com GoogleImageProxy)"
66.249.79.164 - - [24/Jun/2025:12:15:55 +0000] "GET /robots.txt HTTP/1.1" 404 - "-" "Mozilla/5.0 (compatible; Googlebot/2.1; +http://www.google.com/bot.html)"
66.249.79.165 - - [24/Jun/2025:12:15:56 +0000] "GET /discount.php?sitemap.xml HTTP/1.1" 404 - "-" "Mozilla/5.0 (compatible; Googlebot/2.1; +http://www.google.com/bot.html)"
72.14.199.36 - - [24/Jun/2025:12:16:50 +0000] "HEAD /assets/img/log.webp HTTP/1.1" 200 - "-" "Mozilla/5.0 (Windows NT 10.0; Win64; x64) AppleWebKit/537.36 (KHTML, like Gecko) Chrome/42.0.2311.135 Safari/537.36 Edge/12.246 Gmail-content-sampling"
72.14.199.35 - - [24/Jun/2025:12:17:03 +0000] "GET /assets/img/log.webp HTTP/1.1" 200 15344 "-" "Mozilla/5.0 (Windows NT 10.0; Win64; x64) AppleWebKit/537.36 (KHTML, like Gecko) Chrome/42.0.2311.135 Safari/537.36 Edge/12.246 Gmail-content-sampling"
170.106.110.146 - - [24/Jun/2025:12:18:20 +0000] "GET /re-registration-for-public-limited.php?ln=en HTTP/1.1" 200 58032 "-" "Mozilla/5.0 (iPhone; CPU iPhone OS 13_2_3 like Mac OS X) AppleWebKit/605.1.15 (KHTML, like Gecko) Version/13.0.3 Mobile/15E148 Safari/604.1"
66.249.84.103 - - [24/Jun/2025:12:18:42 +0000] "GET /assets/img/log.webp HTTP/1.1" 200 15344 "-" "Mozilla/5.0 (Windows NT 5.1; rv:11.0) Gecko Firefox/11.0 (via ggpht.com GoogleImageProxy)"
66.249.84.103 - - [24/Jun/2025:12:20:36 +0000] "GET /assets/img/log.webp HTTP/1.1" 200 15344 "-" "Mozilla/5.0 (Windows NT 5.1; rv:11.0) Gecko Firefox/11.0 (via ggpht.com GoogleImageProxy)"
106.219.186.193 - - [24/Jun/2025:12:20:52 +0000] "GET /fontawesome/css/all.css HTTP/2.0" 200 58178 "-" "Mozilla/5.0 (Linux; Android 10; K) AppleWebKit/537.36 (KHTML, like Gecko) Chrome/136.0.0.0 Mobile Safari/537.36"
106.219.186.193 - - [24/Jun/2025:12:20:52 +0000] "GET /main.css?v=1747471887 HTTP/2.0" 200 17587 "-" "Mozilla/5.0 (Linux; Android 10; K) AppleWebKit/537.36 (KHTML, like Gecko) Chrome/136.0.0.0 Mobile Safari/537.36"
106.219.186.193 - - [24/Jun/2025:12:20:52 +0000] "GET /state.js HTTP/2.0" 200 32501 "-" "Mozilla/5.0 (Linux; Android 10; K) AppleWebKit/537.36 (KHTML, like Gecko) Chrome/136.0.0.0 Mobile Safari/537.36"
106.219.186.193 - - [24/Jun/2025:12:20:53 +0000] "GET /fontawesome/css/all.css HTTP/2.0" 200 58178 "https://e-udyogaadhaar.com/" "Mozilla/5.0 (Linux; Android 10; K) AppleWebKit/537.36 (KHTML, like Gecko) Chrome/136.0.0.0 Mobile Safari/537.36"
106.219.186.193 - - [24/Jun/2025:12:20:53 +0000] "GET /state.js HTTP/2.0" 200 32501 "https://e-udyogaadhaar.com/" "Mozilla/5.0 (Linux; Android 10; K) AppleWebKit/537.36 (KHTML, like Gecko) Chrome/136.0.0.0 Mobile Safari/537.36"
106.219.186.193 - - [24/Jun/2025:12:20:53 +0000] "GET /main.css?v=1750767653 HTTP/2.0" 200 17587 "https://e-udyogaadhaar.com/" "Mozilla/5.0 (Linux; Android 10; K) AppleWebKit/537.36 (KHTML, like Gecko) Chrome/136.0.0.0 Mobile Safari/537.36"
106.219.186.193 - - [24/Jun/2025:12:20:53 +0000] "GET /assets/img/log.webp HTTP/2.0" 200 15344 "https://e-udyogaadhaar.com/" "Mozilla/5.0 (Linux; Android 10; K) AppleWebKit/537.36 (KHTML, like Gecko) Chrome/136.0.0.0 Mobile Safari/537.36"
106.219.186.193 - - [24/Jun/2025:12:20:52 +0000] "GET / HTTP/2.0" 200 64115 "android-app://com.google.android.gm/" "Mozilla/5.0 (Linux; Android 10; K) AppleWebKit/537.36 (KHTML, like Gecko) Chrome/136.0.0.0 Mobile Safari/537.36"
106.219.186.193 - - [24/Jun/2025:12:20:53 +0000] "GET /fontawesome/webfonts/fa-solid-900.woff2 HTTP/2.0" 200 79444 "https://e-udyogaadhaar.com/fontawesome/css/all.css" "Mozilla/5.0 (Linux; Android 10; K) AppleWebKit/537.36 (KHTML, like Gecko) Chrome/136.0.0.0 Mobile Safari/537.36"
106.219.186.193 - - [24/Jun/2025:12:20:53 +0000] "GET /fontawesome/webfonts/fa-brands-400.woff2 HTTP/2.0" 200 76612 "https://e-udyogaadhaar.com/fontawesome/css/all.css" "Mozilla/5.0 (Linux; Android 10; K) AppleWebKit/537.36 (KHTML, like Gecko) Chrome/136.0.0.0 Mobile Safari/537.36"
106.219.186.193 - - [24/Jun/2025:12:20:53 +0000] "GET /udyam.webp HTTP/2.0" 200 115910 "https://e-udyogaadhaar.com/" "Mozilla/5.0 (Linux; Android 10; K) AppleWebKit/537.36 (KHTML, like Gecko) Chrome/136.0.0.0 Mobile Safari/537.36"
106.219.186.193 - - [24/Jun/2025:12:20:53 +0000] "GET /assets/img/engs.svg HTTP/2.0" 200 430 "https://e-udyogaadhaar.com/" "Mozilla/5.0 (Linux; Android 10; K) AppleWebKit/537.36 (KHTML, like Gecko) Chrome/136.0.0.0 Mobile Safari/537.36"
106.219.186.193 - - [24/Jun/2025:12:20:53 +0000] "GET /captcha.php HTTP/2.0" 200 1291 "https://e-udyogaadhaar.com/" "Mozilla/5.0 (Linux; Android 10; K) AppleWebKit/537.36 (KHTML, like Gecko) Chrome/136.0.0.0 Mobile Safari/537.36"
106.219.186.193 - - [24/Jun/2025:12:20:53 +0000] "GET /sam.jpg HTTP/2.0" 200 5276 "https://e-udyogaadhaar.com/" "Mozilla/5.0 (Linux; Android 10; K) AppleWebKit/537.36 (KHTML, like Gecko) Chrome/136.0.0.0 Mobile Safari/537.36"
106.219.186.193 - - [24/Jun/2025:12:20:53 +0000] "GET /client.js HTTP/2.0" 200 2915 "https://e-udyogaadhaar.com/" "Mozilla/5.0 (Linux; Android 10; K) AppleWebKit/537.36 (KHTML, like Gecko) Chrome/136.0.0.0 Mobile Safari/537.36"
106.219.186.193 - - [24/Jun/2025:12:20:53 +0000] "GET /state.js HTTP/2.0" 200 32501 "https://e-udyogaadhaar.com/" "Mozilla/5.0 (Linux; Android 10; K) AppleWebKit/537.36 (KHTML, like Gecko) Chrome/136.0.0.0 Mobile Safari/537.36"
106.219.186.193 - - [24/Jun/2025:12:20:53 +0000] "GET /assets/img/payment-mode.png HTTP/2.0" 200 35473 "https://e-udyogaadhaar.com/" "Mozilla/5.0 (Linux; Android 10; K) AppleWebKit/537.36 (KHTML, like Gecko) Chrome/136.0.0.0 Mobile Safari/537.36"
106.219.186.193 - - [24/Jun/2025:12:20:54 +0000] "GET /fontawesome/webfonts/fa-regular-400.woff2 HTTP/2.0" 200 13584 "https://e-udyogaadhaar.com/fontawesome/css/all.css" "Mozilla/5.0 (Linux; Android 10; K) AppleWebKit/537.36 (KHTML, like Gecko) Chrome/136.0.0.0 Mobile Safari/537.36"
106.219.186.193 - - [24/Jun/2025:12:20:55 +0000] "GET / HTTP/2.0" 200 64106 "https://e-udyogaadhaar.com/" "Mozilla/5.0 (Linux; Android 10; K) AppleWebKit/537.36 (KHTML, like Gecko) Chrome/136.0.0.0 Mobile Safari/537.36"
66.249.84.105 - - [24/Jun/2025:12:21:00 +0000] "GET /assets/img/log.webp HTTP/1.1" 200 15344 "-" "Mozilla/5.0 (Windows NT 5.1; rv:11.0) Gecko Firefox/11.0 (via ggpht.com GoogleImageProxy)"
66.249.84.103 - - [24/Jun/2025:12:21:07 +0000] "GET /assets/img/log.webp HTTP/1.1" 200 15344 "-" "Mozilla/5.0 (Windows NT 5.1; rv:11.0) Gecko Firefox/11.0 (via ggpht.com GoogleImageProxy)"
66.249.84.103 - - [24/Jun/2025:12:22:29 +0000] "GET /assets/img/log.webp HTTP/1.1" 200 15344 "-" "Mozilla/5.0 (Windows NT 5.1; rv:11.0) Gecko Firefox/11.0 (via ggpht.com GoogleImageProxy)"
66.249.84.105 - - [24/Jun/2025:12:22:31 +0000] "GET /assets/img/log.webp HTTP/1.1" 200 15344 "-" "Mozilla/5.0 (Windows NT 5.1; rv:11.0) Gecko Firefox/11.0 (via ggpht.com GoogleImageProxy)"
66.249.84.103 - - [24/Jun/2025:12:22:36 +0000] "GET /assets/img/log.webp HTTP/1.1" 200 15344 "-" "Mozilla/5.0 (Windows NT 5.1; rv:11.0) Gecko Firefox/11.0 (via ggpht.com GoogleImageProxy)"
66.249.84.104 - - [24/Jun/2025:12:22:45 +0000] "GET /assets/img/log.webp HTTP/1.1" 200 15344 "-" "Mozilla/5.0 (Windows NT 5.1; rv:11.0) Gecko Firefox/11.0 (via ggpht.com GoogleImageProxy)"
66.249.84.105 - - [24/Jun/2025:12:22:47 +0000] "GET /assets/img/log.webp HTTP/1.1" 200 15344 "-" "Mozilla/5.0 (Windows NT 5.1; rv:11.0) Gecko Firefox/11.0 (via ggpht.com GoogleImageProxy)"
66.249.84.103 - - [24/Jun/2025:12:23:00 +0000] "GET /assets/img/log.webp HTTP/1.1" 200 15344 "-" "Mozilla/5.0 (Windows NT 5.1; rv:11.0) Gecko Firefox/11.0 (via ggpht.com GoogleImageProxy)"
66.249.84.104 - - [24/Jun/2025:12:23:02 +0000] "GET /assets/img/log.webp HTTP/1.1" 200 15344 "-" "Mozilla/5.0 (Windows NT 5.1; rv:11.0) Gecko Firefox/11.0 (via ggpht.com GoogleImageProxy)"
66.249.84.104 - - [24/Jun/2025:12:23:41 +0000] "GET /assets/img/log.webp HTTP/1.1" 200 15344 "-" "Mozilla/5.0 (Windows NT 5.1; rv:11.0) Gecko Firefox/11.0 (via ggpht.com GoogleImageProxy)"
66.249.84.105 - - [24/Jun/2025:12:23:54 +0000] "GET /assets/img/log.webp HTTP/1.1" 200 15344 "-" "Mozilla/5.0 (Windows NT 5.1; rv:11.0) Gecko Firefox/11.0 (via ggpht.com GoogleImageProxy)"
66.249.84.104 - - [24/Jun/2025:12:23:58 +0000] "GET /assets/img/log.webp HTTP/1.1" 200 15344 "-" "Mozilla/5.0 (Windows NT 5.1; rv:11.0) Gecko Firefox/11.0 (via ggpht.com GoogleImageProxy)"
66.249.84.103 - - [24/Jun/2025:12:24:11 +0000] "GET /assets/img/log.webp HTTP/1.1" 200 15344 "-" "Mozilla/5.0 (Windows NT 5.1; rv:11.0) Gecko Firefox/11.0 (via ggpht.com GoogleImageProxy)"
66.249.84.105 - - [24/Jun/2025:12:24:12 +0000] "GET /assets/img/log.webp HTTP/1.1" 200 15344 "-" "Mozilla/5.0 (Windows NT 5.1; rv:11.0) Gecko Firefox/11.0 (via ggpht.com GoogleImageProxy)"
66.249.84.104 - - [24/Jun/2025:12:24:28 +0000] "GET /assets/img/log.webp HTTP/1.1" 200 15344 "-" "Mozilla/5.0 (Windows NT 5.1; rv:11.0) Gecko Firefox/11.0 (via ggpht.com GoogleImageProxy)"
66.249.84.104 - - [24/Jun/2025:12:24:36 +0000] "GET /assets/img/log.webp HTTP/1.1" 200 15344 "-" "Mozilla/5.0 (Windows NT 5.1; rv:11.0) Gecko Firefox/11.0 (via ggpht.com GoogleImageProxy)"
66.249.84.104 - - [24/Jun/2025:12:24:45 +0000] "GET /assets/img/log.webp HTTP/1.1" 200 15344 "-" "Mozilla/5.0 (Windows NT 5.1; rv:11.0) Gecko Firefox/11.0 (via ggpht.com GoogleImageProxy)"
66.249.84.104 - - [24/Jun/2025:12:24:58 +0000] "GET /assets/img/log.webp HTTP/1.1" 200 15344 "-" "Mozilla/5.0 (Windows NT 5.1; rv:11.0) Gecko Firefox/11.0 (via ggpht.com GoogleImageProxy)"
66.249.84.105 - - [24/Jun/2025:12:28:27 +0000] "GET /assets/img/log.webp HTTP/1.1" 200 15344 "-" "Mozilla/5.0 (Windows NT 5.1; rv:11.0) Gecko Firefox/11.0 (via ggpht.com GoogleImageProxy)"
66.249.84.103 - - [24/Jun/2025:12:29:23 +0000] "GET /assets/img/log.webp HTTP/1.1" 200 15344 "-" "Mozilla/5.0 (Windows NT 5.1; rv:11.0) Gecko Firefox/11.0 (via ggpht.com GoogleImageProxy)"
185.191.171.12 - - [24/Jun/2025:12:29:25 +0000] "GET /blog/print-udyam-certificate.php HTTP/1.1" 200 24382 "-" "Mozilla/5.0 (compatible; SemrushBot/7~bl; +http://www.semrush.com/bot.html)"
66.249.84.104 - - [24/Jun/2025:12:29:28 +0000] "GET /assets/img/log.webp HTTP/1.1" 200 15344 "-" "Mozilla/5.0 (Windows NT 5.1; rv:11.0) Gecko Firefox/11.0 (via ggpht.com GoogleImageProxy)"
66.249.84.105 - - [24/Jun/2025:12:29:43 +0000] "GET /assets/img/log.webp HTTP/1.1" 200 15344 "-" "Mozilla/5.0 (Windows NT 5.1; rv:11.0) Gecko Firefox/11.0 (via ggpht.com GoogleImageProxy)"
66.249.84.104 - - [24/Jun/2025:12:29:46 +0000] "GET /assets/img/log.webp HTTP/1.1" 200 15344 "-" "Mozilla/5.0 (Windows NT 5.1; rv:11.0) Gecko Firefox/11.0 (via ggpht.com GoogleImageProxy)"
66.249.84.105 - - [24/Jun/2025:12:30:34 +0000] "GET /assets/img/log.webp HTTP/1.1" 200 15344 "-" "Mozilla/5.0 (Windows NT 5.1; rv:11.0) Gecko Firefox/11.0 (via ggpht.com GoogleImageProxy)"
66.249.84.104 - - [24/Jun/2025:12:30:47 +0000] "GET /assets/img/log.webp HTTP/1.1" 200 15344 "-" "Mozilla/5.0 (Windows NT 5.1; rv:11.0) Gecko Firefox/11.0 (via ggpht.com GoogleImageProxy)"
66.249.84.105 - - [24/Jun/2025:12:31:02 +0000] "GET /assets/img/log.webp HTTP/1.1" 200 15344 "-" "Mozilla/5.0 (Windows NT 5.1; rv:11.0) Gecko Firefox/11.0 (via ggpht.com GoogleImageProxy)"
66.249.84.104 - - [24/Jun/2025:12:31:12 +0000] "GET /assets/img/log.webp HTTP/1.1" 200 15344 "-" "Mozilla/5.0 (Windows NT 5.1; rv:11.0) Gecko Firefox/11.0 (via ggpht.com GoogleImageProxy)"
72.14.199.35 - - [24/Jun/2025:12:31:35 +0000] "GET /?_gl=1*rgknbr*_ga*MzY3MjE1MDcwLjE3MzcwOTUyMjA.*_ga_0VKVKKN4NV*MTczNzEwMjM4NC4yLjEuMTczNzEwMjQ1My42MC4wLjA.&_bd_prev_page=https://e-udyogaadhaar.com/detail.php HTTP/1.1" 200 64079 "-" "Mozilla/5.0 AppleWebKit/537.36 (KHTML, like Gecko) Chrome/137.0.7151.68 Safari/537.36"
72.14.199.35 - - [24/Jun/2025:12:31:36 +0000] "GET /assets/img/log.webp HTTP/1.1" 200 15344 "https://e-udyogaadhaar.com/?_gl=1*rgknbr*_ga*MzY3MjE1MDcwLjE3MzcwOTUyMjA.*_ga_0VKVKKN4NV*MTczNzEwMjM4NC4yLjEuMTczNzEwMjQ1My42MC4wLjA.&_bd_prev_page=https://e-udyogaadhaar.com/detail.php" "Mozilla/5.0 AppleWebKit/537.36 (KHTML, like Gecko) Chrome/137.0.7151.68 Safari/537.36"
72.14.199.36 - - [24/Jun/2025:12:31:37 +0000] "GET /fontawesome/css/all.css HTTP/1.1" 200 58178 "https://e-udyogaadhaar.com/?_gl=1*rgknbr*_ga*MzY3MjE1MDcwLjE3MzcwOTUyMjA.*_ga_0VKVKKN4NV*MTczNzEwMjM4NC4yLjEuMTczNzEwMjQ1My42MC4wLjA.&_bd_prev_page=https://e-udyogaadhaar.com/detail.php" "Mozilla/5.0 AppleWebKit/537.36 (KHTML, like Gecko) Chrome/137.0.7151.68 Safari/537.36"
72.14.199.35 - - [24/Jun/2025:12:31:37 +0000] "GET /main.css?v=1750768295 HTTP/1.1" 200 17587 "https://e-udyogaadhaar.com/?_gl=1*rgknbr*_ga*MzY3MjE1MDcwLjE3MzcwOTUyMjA.*_ga_0VKVKKN4NV*MTczNzEwMjM4NC4yLjEuMTczNzEwMjQ1My42MC4wLjA.&_bd_prev_page=https://e-udyogaadhaar.com/detail.php" "Mozilla/5.0 AppleWebKit/537.36 (KHTML, like Gecko) Chrome/137.0.7151.68 Safari/537.36"
72.14.199.36 - - [24/Jun/2025:12:31:37 +0000] "GET /assets/img/engs.svg HTTP/1.1" 200 430 "https://e-udyogaadhaar.com/?_gl=1*rgknbr*_ga*MzY3MjE1MDcwLjE3MzcwOTUyMjA.*_ga_0VKVKKN4NV*MTczNzEwMjM4NC4yLjEuMTczNzEwMjQ1My42MC4wLjA.&_bd_prev_page=https://e-udyogaadhaar.com/detail.php" "Mozilla/5.0 AppleWebKit/537.36 (KHTML, like Gecko) Chrome/137.0.7151.68 Safari/537.36"
72.14.199.35 - - [24/Jun/2025:12:31:37 +0000] "GET /state.js HTTP/1.1" 200 32501 "https://e-udyogaadhaar.com/?_gl=1*rgknbr*_ga*MzY3MjE1MDcwLjE3MzcwOTUyMjA.*_ga_0VKVKKN4NV*MTczNzEwMjM4NC4yLjEuMTczNzEwMjQ1My42MC4wLjA.&_bd_prev_page=https://e-udyogaadhaar.com/detail.php" "Mozilla/5.0 AppleWebKit/537.36 (KHTML, like Gecko) Chrome/137.0.7151.68 Safari/537.36"
72.14.199.35 - - [24/Jun/2025:12:31:38 +0000] "GET /captcha.php HTTP/1.1" 200 1250 "https://e-udyogaadhaar.com/?_gl=1*rgknbr*_ga*MzY3MjE1MDcwLjE3MzcwOTUyMjA.*_ga_0VKVKKN4NV*MTczNzEwMjM4NC4yLjEuMTczNzEwMjQ1My42MC4wLjA.&_bd_prev_page=https://e-udyogaadhaar.com/detail.php" "Mozilla/5.0 AppleWebKit/537.36 (KHTML, like Gecko) Chrome/137.0.7151.68 Safari/537.36"
72.14.199.37 - - [24/Jun/2025:12:31:38 +0000] "GET /udyam.webp HTTP/1.1" 200 115910 "https://e-udyogaadhaar.com/?_gl=1*rgknbr*_ga*MzY3MjE1MDcwLjE3MzcwOTUyMjA.*_ga_0VKVKKN4NV*MTczNzEwMjM4NC4yLjEuMTczNzEwMjQ1My42MC4wLjA.&_bd_prev_page=https://e-udyogaadhaar.com/detail.php" "Mozilla/5.0 AppleWebKit/537.36 (KHTML, like Gecko) Chrome/137.0.7151.68 Safari/537.36"
72.14.199.36 - - [24/Jun/2025:12:31:38 +0000] "GET /sam.jpg HTTP/1.1" 200 5276 "https://e-udyogaadhaar.com/?_gl=1*rgknbr*_ga*MzY3MjE1MDcwLjE3MzcwOTUyMjA.*_ga_0VKVKKN4NV*MTczNzEwMjM4NC4yLjEuMTczNzEwMjQ1My42MC4wLjA.&_bd_prev_page=https://e-udyogaadhaar.com/detail.php" "Mozilla/5.0 AppleWebKit/537.36 (KHTML, like Gecko) Chrome/137.0.7151.68 Safari/537.36"
72.14.199.35 - - [24/Jun/2025:12:31:38 +0000] "GET /client.js HTTP/1.1" 200 2915 "https://e-udyogaadhaar.com/?_gl=1*rgknbr*_ga*MzY3MjE1MDcwLjE3MzcwOTUyMjA.*_ga_0VKVKKN4NV*MTczNzEwMjM4NC4yLjEuMTczNzEwMjQ1My42MC4wLjA.&_bd_prev_page=https://e-udyogaadhaar.com/detail.php" "Mozilla/5.0 AppleWebKit/537.36 (KHTML, like Gecko) Chrome/137.0.7151.68 Safari/537.36"
72.14.199.35 - - [24/Jun/2025:12:31:39 +0000] "GET /assets/img/payment-mode.png HTTP/1.1" 200 35473 "https://e-udyogaadhaar.com/?_gl=1*rgknbr*_ga*MzY3MjE1MDcwLjE3MzcwOTUyMjA.*_ga_0VKVKKN4NV*MTczNzEwMjM4NC4yLjEuMTczNzEwMjQ1My42MC4wLjA.&_bd_prev_page=https://e-udyogaadhaar.com/detail.php" "Mozilla/5.0 AppleWebKit/537.36 (KHTML, like Gecko) Chrome/137.0.7151.68 Safari/537.36"
72.14.199.36 - - [24/Jun/2025:12:31:40 +0000] "GET /state.js HTTP/1.1" 200 32501 "https://e-udyogaadhaar.com/?_gl=1*rgknbr*_ga*MzY3MjE1MDcwLjE3MzcwOTUyMjA.*_ga_0VKVKKN4NV*MTczNzEwMjM4NC4yLjEuMTczNzEwMjQ1My42MC4wLjA.&_bd_prev_page=https://e-udyogaadhaar.com/detail.php" "Mozilla/5.0 AppleWebKit/537.36 (KHTML, like Gecko) Chrome/137.0.7151.68 Safari/537.36"
72.14.199.35 - - [24/Jun/2025:12:31:40 +0000] "GET /fontawesome/webfonts/fa-solid-900.woff2 HTTP/1.1" 200 79444 "https://e-udyogaadhaar.com/fontawesome/css/all.css" "Mozilla/5.0 AppleWebKit/537.36 (KHTML, like Gecko) Chrome/137.0.7151.68 Safari/537.36"
72.14.199.36 - - [24/Jun/2025:12:31:41 +0000] "GET /fontawesome/webfonts/fa-regular-400.woff2 HTTP/1.1" 200 13584 "https://e-udyogaadhaar.com/fontawesome/css/all.css" "Mozilla/5.0 AppleWebKit/537.36 (KHTML, like Gecko) Chrome/137.0.7151.68 Safari/537.36"
72.14.199.36 - - [24/Jun/2025:12:31:41 +0000] "GET /fontawesome/webfonts/fa-brands-400.woff2 HTTP/1.1" 200 76612 "https://e-udyogaadhaar.com/fontawesome/css/all.css" "Mozilla/5.0 AppleWebKit/537.36 (KHTML, like Gecko) Chrome/137.0.7151.68 Safari/537.36"
66.249.84.105 - - [24/Jun/2025:12:31:52 +0000] "GET /assets/img/log.webp HTTP/1.1" 200 15344 "-" "Mozilla/5.0 (Windows NT 5.1; rv:11.0) Gecko Firefox/11.0 (via ggpht.com GoogleImageProxy)"
66.249.84.105 - - [24/Jun/2025:12:31:54 +0000] "GET /assets/img/log.webp HTTP/1.1" 200 15344 "-" "Mozilla/5.0 (Windows NT 5.1; rv:11.0) Gecko Firefox/11.0 (via ggpht.com GoogleImageProxy)"
66.249.84.105 - - [24/Jun/2025:12:32:01 +0000] "GET /assets/img/log.webp HTTP/1.1" 200 15344 "-" "Mozilla/5.0 (Windows NT 5.1; rv:11.0) Gecko Firefox/11.0 (via ggpht.com GoogleImageProxy)"
66.249.84.105 - - [24/Jun/2025:12:32:02 +0000] "GET /assets/img/log.webp HTTP/1.1" 200 15344 "-" "Mozilla/5.0 (Windows NT 5.1; rv:11.0) Gecko Firefox/11.0 (via ggpht.com GoogleImageProxy)"
66.249.84.104 - - [24/Jun/2025:12:32:03 +0000] "GET /assets/img/log.webp HTTP/1.1" 200 15344 "-" "Mozilla/5.0 (Windows NT 5.1; rv:11.0) Gecko Firefox/11.0 (via ggpht.com GoogleImageProxy)"
72.14.199.35 - - [24/Jun/2025:12:32:11 +0000] "GET /?_gl=1*rgknbr*_ga*MzY3MjE1MDcwLjE3MzcwOTUyMjA.*_ga_0VKVKKN4NV*MTczNzEwMjM4NC4yLjEuMTczNzEwMjQ1My42MC4wLjA.&_bd_prev_page=https://e-udyogaadhaar.com/detail.php HTTP/1.1" 200 64264 "https://e-udyogaadhaar.com/?_gl=1*rgknbr*_ga*MzY3MjE1MDcwLjE3MzcwOTUyMjA.*_ga_0VKVKKN4NV*MTczNzEwMjM4NC4yLjEuMTczNzEwMjQ1My42MC4wLjA.&_bd_prev_page=https://e-udyogaadhaar.com/detail.php" "Mozilla/5.0 AppleWebKit/537.36 (KHTML, like Gecko) Chrome/137.0.7151.68 Safari/537.36"
72.14.199.37 - - [24/Jun/2025:12:32:14 +0000] "GET /assets/img/log.webp HTTP/1.1" 200 15344 "http://mail.google.com/" "Mozilla/5.0 (Windows NT 10.0; Win64; x64) AppleWebKit/537.36 (KHTML, like Gecko) Chrome/42.0.2311.135 Safari/537.36 Edge/12.246 Mozilla/5.0"
66.249.84.103 - - [24/Jun/2025:12:32:15 +0000] "GET /assets/img/log.webp HTTP/1.1" 200 15344 "-" "Mozilla/5.0 (Windows NT 5.1; rv:11.0) Gecko Firefox/11.0 (via ggpht.com GoogleImageProxy)"
66.249.84.103 - - [24/Jun/2025:12:32:24 +0000] "GET /assets/img/log.webp HTTP/1.1" 200 15344 "-" "Mozilla/5.0 (Windows NT 5.1; rv:11.0) Gecko Firefox/11.0 (via ggpht.com GoogleImageProxy)"
66.249.84.103 - - [24/Jun/2025:12:32:26 +0000] "GET /assets/img/log.webp HTTP/1.1" 200 15344 "-" "Mozilla/5.0 (Windows NT 5.1; rv:11.0) Gecko Firefox/11.0 (via ggpht.com GoogleImageProxy)"
66.249.84.103 - - [24/Jun/2025:12:32:42 +0000] "GET /assets/img/log.webp HTTP/1.1" 200 15344 "-" "Mozilla/5.0 (Windows NT 5.1; rv:11.0) Gecko Firefox/11.0 (via ggpht.com GoogleImageProxy)"
64.233.173.13 - - [24/Jun/2025:12:35:37 +0000] "GET /.well-known/traffic-advice HTTP/1.1" 404 - "-" "Chrome Privacy Preserving Prefetch Proxy"
162.120.184.52 - - [24/Jun/2025:12:35:37 +0000] "GET /?ln=hi HTTP/2.0" 200 64102 "https://www.google.com/" "Mozilla/5.0 (Windows NT 10.0; Win64; x64) AppleWebKit/537.36 (KHTML, like Gecko) Chrome/137.0.0.0 Safari/537.36"
146.75.214.1 - - [24/Jun/2025:12:37:52 +0000] "GET /assets/img/log.webp HTTP/2.0" 200 15344 "-" "Mozilla/5.0"
66.249.84.105 - - [24/Jun/2025:12:38:10 +0000] "GET /assets/img/log.webp HTTP/1.1" 200 15344 "-" "Mozilla/5.0 (Windows NT 5.1; rv:11.0) Gecko Firefox/11.0 (via ggpht.com GoogleImageProxy)"
66.249.84.105 - - [24/Jun/2025:12:38:35 +0000] "GET /assets/img/log.webp HTTP/1.1" 200 15344 "-" "Mozilla/5.0 (Windows NT 5.1; rv:11.0) Gecko Firefox/11.0 (via ggpht.com GoogleImageProxy)"
66.249.84.103 - - [24/Jun/2025:12:40:06 +0000] "GET /assets/img/log.webp HTTP/1.1" 200 15344 "-" "Mozilla/5.0 (Windows NT 5.1; rv:11.0) Gecko Firefox/11.0 (via ggpht.com GoogleImageProxy)"
66.249.84.103 - - [24/Jun/2025:12:40:20 +0000] "GET /assets/img/log.webp HTTP/1.1" 200 15344 "-" "Mozilla/5.0 (Windows NT 5.1; rv:11.0) Gecko Firefox/11.0 (via ggpht.com GoogleImageProxy)"
66.249.84.104 - - [24/Jun/2025:12:40:50 +0000] "GET /assets/img/log.webp HTTP/1.1" 200 15344 "-" "Mozilla/5.0 (Windows NT 5.1; rv:11.0) Gecko Firefox/11.0 (via ggpht.com GoogleImageProxy)"
66.249.84.104 - - [24/Jun/2025:12:50:55 +0000] "GET /assets/img/log.webp HTTP/1.1" 200 15344 "-" "Mozilla/5.0 (Windows NT 5.1; rv:11.0) Gecko Firefox/11.0 (via ggpht.com GoogleImageProxy)"
104.28.37.208 - - [24/Jun/2025:12:52:11 +0000] "GET /assets/img/log.webp HTTP/2.0" 200 15344 "-" "Mozilla/5.0"
66.249.84.105 - - [24/Jun/2025:12:54:23 +0000] "GET /assets/img/log.webp HTTP/1.1" 200 15344 "-" "Mozilla/5.0 (Windows NT 5.1; rv:11.0) Gecko Firefox/11.0 (via ggpht.com GoogleImageProxy)"
66.249.84.103 - - [24/Jun/2025:12:54:29 +0000] "GET /assets/img/log.webp HTTP/1.1" 200 15344 "-" "Mozilla/5.0 (Windows NT 5.1; rv:11.0) Gecko Firefox/11.0 (via ggpht.com GoogleImageProxy)"
66.249.84.103 - - [24/Jun/2025:12:54:45 +0000] "GET /assets/img/log.webp HTTP/1.1" 200 15344 "-" "Mozilla/5.0 (Windows NT 5.1; rv:11.0) Gecko Firefox/11.0 (via ggpht.com GoogleImageProxy)"
66.249.84.103 - - [24/Jun/2025:12:55:31 +0000] "GET /assets/img/log.webp HTTP/1.1" 200 15344 "-" "Mozilla/5.0 (Windows NT 5.1; rv:11.0) Gecko Firefox/11.0 (via ggpht.com GoogleImageProxy)"
66.249.84.104 - - [24/Jun/2025:12:56:36 +0000] "GET /assets/img/log.webp HTTP/1.1" 200 15344 "-" "Mozilla/5.0 (Windows NT 5.1; rv:11.0) Gecko Firefox/11.0 (via ggpht.com GoogleImageProxy)"
66.249.84.105 - - [24/Jun/2025:13:02:03 +0000] "GET /assets/img/log.webp HTTP/1.1" 200 15344 "-" "Mozilla/5.0 (Windows NT 5.1; rv:11.0) Gecko Firefox/11.0 (via ggpht.com GoogleImageProxy)"
66.249.84.105 - - [24/Jun/2025:13:03:09 +0000] "GET /assets/img/log.webp HTTP/1.1" 200 15344 "-" "Mozilla/5.0 (Windows NT 5.1; rv:11.0) Gecko Firefox/11.0 (via ggpht.com GoogleImageProxy)"
66.249.84.104 - - [24/Jun/2025:13:03:38 +0000] "GET /assets/img/log.webp HTTP/1.1" 200 15344 "-" "Mozilla/5.0 (Windows NT 5.1; rv:11.0) Gecko Firefox/11.0 (via ggpht.com GoogleImageProxy)"
66.249.84.103 - - [24/Jun/2025:13:04:19 +0000] "GET /assets/img/log.webp HTTP/1.1" 200 15344 "-" "Mozilla/5.0 (Windows NT 5.1; rv:11.0) Gecko Firefox/11.0 (via ggpht.com GoogleImageProxy)"
66.249.84.103 - - [24/Jun/2025:13:05:43 +0000] "GET /assets/img/log.webp HTTP/1.1" 200 15344 "-" "Mozilla/5.0 (Windows NT 5.1; rv:11.0) Gecko Firefox/11.0 (via ggpht.com GoogleImageProxy)"
66.249.84.104 - - [24/Jun/2025:13:06:15 +0000] "GET /assets/img/log.webp HTTP/1.1" 200 15344 "-" "Mozilla/5.0 (Windows NT 5.1; rv:11.0) Gecko Firefox/11.0 (via ggpht.com GoogleImageProxy)"
66.249.84.103 - - [24/Jun/2025:13:06:19 +0000] "GET /assets/img/log.webp HTTP/1.1" 200 15344 "-" "Mozilla/5.0 (Windows NT 5.1; rv:11.0) Gecko Firefox/11.0 (via ggpht.com GoogleImageProxy)"
66.249.84.103 - - [24/Jun/2025:13:06:36 +0000] "GET /assets/img/log.webp HTTP/1.1" 200 15344 "-" "Mozilla/5.0 (Windows NT 5.1; rv:11.0) Gecko Firefox/11.0 (via ggpht.com GoogleImageProxy)"
66.249.84.103 - - [24/Jun/2025:13:13:18 +0000] "GET /assets/img/log.webp HTTP/1.1" 200 15344 "-" "Mozilla/5.0 (Windows NT 5.1; rv:11.0) Gecko Firefox/11.0 (via ggpht.com GoogleImageProxy)"
66.249.84.103 - - [24/Jun/2025:13:13:32 +0000] "GET /assets/img/log.webp HTTP/1.1" 200 15344 "-" "Mozilla/5.0 (Windows NT 5.1; rv:11.0) Gecko Firefox/11.0 (via ggpht.com GoogleImageProxy)"
104.28.37.212 - - [24/Jun/2025:13:13:36 +0000] "GET /assets/img/log.webp HTTP/2.0" 200 15344 "-" "Mozilla/5.0"
66.249.84.104 - - [24/Jun/2025:13:15:24 +0000] "GET /assets/img/log.webp HTTP/1.1" 200 15344 "-" "Mozilla/5.0 (Windows NT 5.1; rv:11.0) Gecko Firefox/11.0 (via ggpht.com GoogleImageProxy)"
66.249.84.104 - - [24/Jun/2025:13:15:28 +0000] "GET /assets/img/log.webp HTTP/1.1" 200 15344 "-" "Mozilla/5.0 (Windows NT 5.1; rv:11.0) Gecko Firefox/11.0 (via ggpht.com GoogleImageProxy)"
66.249.84.103 - - [24/Jun/2025:13:17:44 +0000] "GET /assets/img/log.webp HTTP/1.1" 200 15344 "-" "Mozilla/5.0 (Windows NT 5.1; rv:11.0) Gecko Firefox/11.0 (via ggpht.com GoogleImageProxy)"
20.42.13.7 - - [24/Jun/2025:13:18:09 +0000] "GET / HTTP/1.1" 200 64079 "-" "Python/3.9 aiohttp/3.10.6"
66.249.84.103 - - [24/Jun/2025:13:18:13 +0000] "GET /assets/img/log.webp HTTP/1.1" 200 15344 "-" "Mozilla/5.0 (Windows NT 5.1; rv:11.0) Gecko Firefox/11.0 (via ggpht.com GoogleImageProxy)"
66.249.84.104 - - [24/Jun/2025:13:19:15 +0000] "GET /assets/img/log.webp HTTP/1.1" 200 15344 "-" "Mozilla/5.0 (Windows NT 5.1; rv:11.0) Gecko Firefox/11.0 (via ggpht.com GoogleImageProxy)"
72.14.199.37 - - [24/Jun/2025:13:19:30 +0000] "HEAD /assets/img/log.webp HTTP/1.1" 200 - "-" "Mozilla/5.0 (Windows NT 10.0; Win64; x64) AppleWebKit/537.36 (KHTML, like Gecko) Chrome/42.0.2311.135 Safari/537.36 Edge/12.246 Gmail-content-sampling"
106.219.89.38 - - [24/Jun/2025:13:20:14 +0000] "GET /assets/img/log.webp HTTP/2.0" 200 15344 "-" "Mozilla/5.0 (Linux; Android 13; CPH2213 Build/TP1A.220905.001; wv) AppleWebKit/537.36 (KHTML, like Gecko) Version/4.0 Chrome/137.0.7151.89 Mobile Safari/537.36"
66.249.84.103 - - [24/Jun/2025:13:20:16 +0000] "GET /assets/img/log.webp HTTP/1.1" 200 15344 "-" "Mozilla/5.0 (Windows NT 5.1; rv:11.0) Gecko Firefox/11.0 (via ggpht.com GoogleImageProxy)"
72.14.199.35 - - [24/Jun/2025:13:20:46 +0000] "GET /assets/img/log.webp HTTP/1.1" 200 15344 "-" "Mozilla/5.0 (Windows NT 10.0; Win64; x64) AppleWebKit/537.36 (KHTML, like Gecko) Chrome/42.0.2311.135 Safari/537.36 Edge/12.246 Gmail-content-sampling"
104.28.37.213 - - [24/Jun/2025:13:21:47 +0000] "GET /assets/img/log.webp HTTP/2.0" 200 15344 "-" "Mozilla/5.0"
66.249.84.103 - - [24/Jun/2025:13:21:56 +0000] "GET /assets/img/log.webp HTTP/1.1" 200 15344 "-" "Mozilla/5.0 (Windows NT 5.1; rv:11.0) Gecko Firefox/11.0 (via ggpht.com GoogleImageProxy)"
66.249.84.103 - - [24/Jun/2025:13:22:04 +0000] "GET /assets/img/log.webp HTTP/1.1" 200 15344 "-" "Mozilla/5.0 (Windows NT 5.1; rv:11.0) Gecko Firefox/11.0 (via ggpht.com GoogleImageProxy)"
66.249.84.104 - - [24/Jun/2025:13:22:22 +0000] "GET /assets/img/log.webp HTTP/1.1" 200 15344 "-" "Mozilla/5.0 (Windows NT 5.1; rv:11.0) Gecko Firefox/11.0 (via ggpht.com GoogleImageProxy)"
66.249.84.105 - - [24/Jun/2025:13:23:32 +0000] "GET /assets/img/log.webp HTTP/1.1" 200 15344 "-" "Mozilla/5.0 (Windows NT 5.1; rv:11.0) Gecko Firefox/11.0 (via ggpht.com GoogleImageProxy)"
66.249.84.104 - - [24/Jun/2025:13:23:56 +0000] "GET /assets/img/log.webp HTTP/1.1" 200 15344 "-" "Mozilla/5.0 (Windows NT 5.1; rv:11.0) Gecko Firefox/11.0 (via ggpht.com GoogleImageProxy)"
66.249.84.105 - - [24/Jun/2025:13:24:14 +0000] "GET /assets/img/log.webp HTTP/1.1" 200 15344 "-" "Mozilla/5.0 (Windows NT 5.1; rv:11.0) Gecko Firefox/11.0 (via ggpht.com GoogleImageProxy)"
66.249.84.104 - - [24/Jun/2025:13:24:19 +0000] "GET /assets/img/log.webp HTTP/1.1" 200 15344 "-" "Mozilla/5.0 (Windows NT 5.1; rv:11.0) Gecko Firefox/11.0 (via ggpht.com GoogleImageProxy)"
213.180.203.238 - - [24/Jun/2025:13:29:22 +0000] "GET /robots.txt HTTP/1.1" 404 - "-" "Mozilla/5.0 (compatible; YandexBot/3.0; +http://yandex.com/bots)"
77.88.9.130 - - [24/Jun/2025:13:29:23 +0000] "GET / HTTP/1.1" 200 64079 "-" "Mozilla/5.0 (compatible; YandexBot/3.0; +http://yandex.com/bots)"
66.249.84.105 - - [24/Jun/2025:13:30:25 +0000] "GET /assets/img/log.webp HTTP/1.1" 200 15344 "-" "Mozilla/5.0 (Windows NT 5.1; rv:11.0) Gecko Firefox/11.0 (via ggpht.com GoogleImageProxy)"
66.249.84.103 - - [24/Jun/2025:13:30:28 +0000] "GET /assets/img/log.webp HTTP/1.1" 200 15344 "-" "Mozilla/5.0 (Windows NT 5.1; rv:11.0) Gecko Firefox/11.0 (via ggpht.com GoogleImageProxy)"
66.249.84.105 - - [24/Jun/2025:13:30:34 +0000] "GET /assets/img/log.webp HTTP/1.1" 200 15344 "-" "Mozilla/5.0 (Windows NT 5.1; rv:11.0) Gecko Firefox/11.0 (via ggpht.com GoogleImageProxy)"
52.70.209.13 - - [24/Jun/2025:13:30:36 +0000] "GET /blog/how-to-register-udyam-registration-in-the-msme-portal.php HTTP/1.1" 200 25608 "-" "Mozilla/5.0 AppleWebKit/537.36 (KHTML, like Gecko; compatible; Amazonbot/0.1; +https://developer.amazon.com/support/amazonbot) Chrome/119.0.6045.214 Safari/537.36"
54.166.104.83 - - [24/Jun/2025:13:30:38 +0000] "GET /blog/how-to-update-udyam-registration-certificate.php HTTP/1.1" 200 25390 "-" "Mozilla/5.0 AppleWebKit/537.36 (KHTML, like Gecko; compatible; Amazonbot/0.1; +https://developer.amazon.com/support/amazonbot) Chrome/119.0.6045.214 Safari/537.36"
66.249.84.104 - - [24/Jun/2025:13:31:55 +0000] "GET /assets/img/log.webp HTTP/1.1" 200 15344 "-" "Mozilla/5.0 (Windows NT 5.1; rv:11.0) Gecko Firefox/11.0 (via ggpht.com GoogleImageProxy)"
172.225.200.105 - - [24/Jun/2025:13:36:07 +0000] "GET /assets/img/log.webp HTTP/2.0" 200 15344 "-" "Mozilla/5.0"
185.191.171.19 - - [24/Jun/2025:13:48:57 +0000] "GET /robots.txt HTTP/1.1" 404 - "-" "Mozilla/5.0 (compatible; SemrushBot/7~bl; +http://www.semrush.com/bot.html)"
85.208.96.205 - - [24/Jun/2025:13:48:58 +0000] "GET /enquiry.php?ln=or HTTP/1.1" 200 34117 "-" "Mozilla/5.0 (compatible; SemrushBot/7~bl; +http://www.semrush.com/bot.html)"
213.180.203.147 - - [24/Jun/2025:13:52:01 +0000] "GET /robots.txt HTTP/1.1" 404 - "-" "Mozilla/5.0 (compatible; YandexBot/3.0; +http://yandex.com/bots)"
77.88.9.136 - - [24/Jun/2025:13:52:02 +0000] "GET /track/?ln=gu HTTP/1.1" 200 30144 "-" "Mozilla/5.0 (compatible; YandexBot/3.0; +http://yandex.com/bots)"
66.249.84.103 - - [24/Jun/2025:13:52:10 +0000] "GET /assets/img/log.webp HTTP/1.1" 200 15344 "-" "Mozilla/5.0 (Windows NT 5.1; rv:11.0) Gecko Firefox/11.0 (via ggpht.com GoogleImageProxy)"
66.249.84.105 - - [24/Jun/2025:13:52:18 +0000] "GET /assets/img/log.webp HTTP/1.1" 200 15344 "-" "Mozilla/5.0 (Windows NT 5.1; rv:11.0) Gecko Firefox/11.0 (via ggpht.com GoogleImageProxy)"
66.249.84.104 - - [24/Jun/2025:13:54:09 +0000] "GET /assets/img/log.webp HTTP/1.1" 200 15344 "-" "Mozilla/5.0 (Windows NT 5.1; rv:11.0) Gecko Firefox/11.0 (via ggpht.com GoogleImageProxy)"
66.249.84.105 - - [24/Jun/2025:13:54:10 +0000] "GET /assets/img/log.webp HTTP/1.1" 200 15344 "-" "Mozilla/5.0 (Windows NT 5.1; rv:11.0) Gecko Firefox/11.0 (via ggpht.com GoogleImageProxy)"
66.249.84.105 - - [24/Jun/2025:13:54:18 +0000] "GET /assets/img/log.webp HTTP/1.1" 200 15344 "-" "Mozilla/5.0 (Windows NT 5.1; rv:11.0) Gecko Firefox/11.0 (via ggpht.com GoogleImageProxy)"
66.249.84.105 - - [24/Jun/2025:13:54:21 +0000] "GET /assets/img/log.webp HTTP/1.1" 200 15344 "-" "Mozilla/5.0 (Windows NT 5.1; rv:11.0) Gecko Firefox/11.0 (via ggpht.com GoogleImageProxy)"
66.249.84.105 - - [24/Jun/2025:13:54:24 +0000] "GET /assets/img/log.webp HTTP/1.1" 200 15344 "-" "Mozilla/5.0 (Windows NT 5.1; rv:11.0) Gecko Firefox/11.0 (via ggpht.com GoogleImageProxy)"
66.249.84.105 - - [24/Jun/2025:13:54:26 +0000] "GET /assets/img/log.webp HTTP/1.1" 200 15344 "-" "Mozilla/5.0 (Windows NT 5.1; rv:11.0) Gecko Firefox/11.0 (via ggpht.com GoogleImageProxy)"
66.249.84.105 - - [24/Jun/2025:13:54:30 +0000] "GET /assets/img/log.webp HTTP/1.1" 200 15344 "-" "Mozilla/5.0 (Windows NT 5.1; rv:11.0) Gecko Firefox/11.0 (via ggpht.com GoogleImageProxy)"
66.249.84.104 - - [24/Jun/2025:13:54:31 +0000] "GET /assets/img/log.webp HTTP/1.1" 200 15344 "-" "Mozilla/5.0 (Windows NT 5.1; rv:11.0) Gecko Firefox/11.0 (via ggpht.com GoogleImageProxy)"
66.249.84.105 - - [24/Jun/2025:13:54:31 +0000] "GET /assets/img/log.webp HTTP/1.1" 200 15344 "-" "Mozilla/5.0 (Windows NT 5.1; rv:11.0) Gecko Firefox/11.0 (via ggpht.com GoogleImageProxy)"
66.249.84.105 - - [24/Jun/2025:13:54:56 +0000] "GET /assets/img/log.webp HTTP/1.1" 200 15344 "-" "Mozilla/5.0 (Windows NT 5.1; rv:11.0) Gecko Firefox/11.0 (via ggpht.com GoogleImageProxy)"
66.249.84.105 - - [24/Jun/2025:13:56:15 +0000] "GET /assets/img/log.webp HTTP/1.1" 200 15344 "-" "Mozilla/5.0 (Windows NT 5.1; rv:11.0) Gecko Firefox/11.0 (via ggpht.com GoogleImageProxy)"
66.249.84.103 - - [24/Jun/2025:13:59:47 +0000] "GET /assets/img/log.webp HTTP/1.1" 200 15344 "-" "Mozilla/5.0 (Windows NT 5.1; rv:11.0) Gecko Firefox/11.0 (via ggpht.com GoogleImageProxy)"
66.249.84.105 - - [24/Jun/2025:13:59:48 +0000] "GET /assets/img/log.webp HTTP/1.1" 200 15344 "-" "Mozilla/5.0 (Windows NT 5.1; rv:11.0) Gecko Firefox/11.0 (via ggpht.com GoogleImageProxy)"
66.249.84.105 - - [24/Jun/2025:14:00:06 +0000] "GET /assets/img/log.webp HTTP/1.1" 200 15344 "-" "Mozilla/5.0 (Windows NT 5.1; rv:11.0) Gecko Firefox/11.0 (via ggpht.com GoogleImageProxy)"
66.249.84.105 - - [24/Jun/2025:14:00:07 +0000] "GET /assets/img/log.webp HTTP/1.1" 200 15344 "-" "Mozilla/5.0 (Windows NT 5.1; rv:11.0) Gecko Firefox/11.0 (via ggpht.com GoogleImageProxy)"
66.249.84.104 - - [24/Jun/2025:14:01:43 +0000] "GET /assets/img/log.webp HTTP/1.1" 200 15344 "-" "Mozilla/5.0 (Windows NT 5.1; rv:11.0) Gecko Firefox/11.0 (via ggpht.com GoogleImageProxy)"
66.249.84.104 - - [24/Jun/2025:14:05:49 +0000] "GET /assets/img/log.webp HTTP/1.1" 200 15344 "-" "Mozilla/5.0 (Windows NT 5.1; rv:11.0) Gecko Firefox/11.0 (via ggpht.com GoogleImageProxy)"
66.249.84.104 - - [24/Jun/2025:14:08:09 +0000] "GET /assets/img/log.webp HTTP/1.1" 200 15344 "-" "Mozilla/5.0 (Windows NT 5.1; rv:11.0) Gecko Firefox/11.0 (via ggpht.com GoogleImageProxy)"
51.68.236.59 - - [24/Jun/2025:14:08:56 +0000] "GET /robots.txt HTTP/1.1" 404 - "-" "Mozilla/5.0 (compatible; MJ12bot/v2.0.2; http://mj12bot.com/)"
51.68.236.59 - - [24/Jun/2025:14:08:56 +0000] "GET / HTTP/1.1" 200 64079 "-" "Mozilla/5.0 (compatible; MJ12bot/v2.0.2; http://mj12bot.com/)"
173.252.83.13 - - [24/Jun/2025:14:09:30 +0000] "GET /robots.txt HTTP/2.0" 404 - "-" "facebookexternalhit/1.1 (+http://www.facebook.com/externalhit_uatext.php)"
66.249.84.103 - - [24/Jun/2025:14:11:15 +0000] "GET /assets/img/log.webp HTTP/1.1" 200 15344 "-" "Mozilla/5.0 (Windows NT 5.1; rv:11.0) Gecko Firefox/11.0 (via ggpht.com GoogleImageProxy)"
52.167.144.234 - - [24/Jun/2025:14:12:15 +0000] "GET /events HTTP/2.0" 404 - "-" "Mozilla/5.0 AppleWebKit/537.36 (KHTML, like Gecko; compatible; bingbot/2.0; +http://www.bing.com/bingbot.htm) Chrome/116.0.1938.76 Safari/537.36"
66.249.84.104 - - [24/Jun/2025:14:12:28 +0000] "GET /assets/img/log.webp HTTP/1.1" 200 15344 "-" "Mozilla/5.0 (Windows NT 5.1; rv:11.0) Gecko Firefox/11.0 (via ggpht.com GoogleImageProxy)"
66.249.84.104 - - [24/Jun/2025:14:13:17 +0000] "GET /assets/img/log.webp HTTP/1.1" 200 15344 "-" "Mozilla/5.0 (Windows NT 5.1; rv:11.0) Gecko Firefox/11.0 (via ggpht.com GoogleImageProxy)"
66.249.84.105 - - [24/Jun/2025:14:13:27 +0000] "GET /assets/img/log.webp HTTP/1.1" 200 15344 "-" "Mozilla/5.0 (Windows NT 5.1; rv:11.0) Gecko Firefox/11.0 (via ggpht.com GoogleImageProxy)"
66.249.84.104 - - [24/Jun/2025:14:15:32 +0000] "GET /assets/img/log.webp HTTP/1.1" 200 15344 "-" "Mozilla/5.0 (Windows NT 5.1; rv:11.0) Gecko Firefox/11.0 (via ggpht.com GoogleImageProxy)"
66.249.84.103 - - [24/Jun/2025:14:18:20 +0000] "GET /assets/img/log.webp HTTP/1.1" 200 15344 "-" "Mozilla/5.0 (Windows NT 5.1; rv:11.0) Gecko Firefox/11.0 (via ggpht.com GoogleImageProxy)"
66.249.84.103 - - [24/Jun/2025:14:18:21 +0000] "GET /assets/img/log.webp HTTP/1.1" 200 15344 "-" "Mozilla/5.0 (Windows NT 5.1; rv:11.0) Gecko Firefox/11.0 (via ggpht.com GoogleImageProxy)"
72.14.199.35 - - [24/Jun/2025:14:18:34 +0000] "HEAD /assets/img/log.webp HTTP/1.1" 200 - "-" "Mozilla/5.0 (Windows NT 10.0; Win64; x64) AppleWebKit/537.36 (KHTML, like Gecko) Chrome/42.0.2311.135 Safari/537.36 Edge/12.246 Gmail-content-sampling"
66.249.84.104 - - [24/Jun/2025:14:18:38 +0000] "GET /assets/img/log.webp HTTP/1.1" 200 15344 "-" "Mozilla/5.0 (Windows NT 5.1; rv:11.0) Gecko Firefox/11.0 (via ggpht.com GoogleImageProxy)"
66.249.84.103 - - [24/Jun/2025:14:19:06 +0000] "GET /assets/img/log.webp HTTP/1.1" 200 15344 "-" "Mozilla/5.0 (Windows NT 5.1; rv:11.0) Gecko Firefox/11.0 (via ggpht.com GoogleImageProxy)"
77.75.76.170 - - [24/Jun/2025:14:25:01 +0000] "GET /?ln=bn HTTP/1.1" 200 64079 "-" "Mozilla/5.0 (compatible; SeznamBot/4.0; +https://o-seznam.cz/napoveda/vyhledavani/en/seznambot-crawler/)"
104.28.37.202 - - [24/Jun/2025:14:26:18 +0000] "GET /assets/img/log.webp HTTP/2.0" 200 15344 "-" "Mozilla/5.0"
45.148.10.248 - - [24/Jun/2025:14:28:46 +0000] "GET / HTTP/1.1" 200 12451 "-" "Mozilla/5.0 (Linux; Android 7.0; YS900) AppleWebKit/537.36 (KHTML, like Gecko) Chrome/74.0.3729.136 Iron Safari/537.36"
66.249.84.103 - - [24/Jun/2025:14:28:47 +0000] "GET /assets/img/log.webp HTTP/1.1" 200 15344 "-" "Mozilla/5.0 (Windows NT 5.1; rv:11.0) Gecko Firefox/11.0 (via ggpht.com GoogleImageProxy)"
66.249.84.104 - - [24/Jun/2025:14:28:51 +0000] "GET /assets/img/log.webp HTTP/1.1" 200 15344 "-" "Mozilla/5.0 (Windows NT 5.1; rv:11.0) Gecko Firefox/11.0 (via ggpht.com GoogleImageProxy)"
47.128.18.132 - - [24/Jun/2025:14:28:54 +0000] "GET /privacy-policy.php?ln=ml HTTP/2.0" 200 33593 "-" "Mozilla/5.0 (compatible; Bytespider; spider-feedback@bytedance.com) AppleWebKit/537.36 (KHTML, like Gecko) Chrome/70.0.0.0 Safari/537.36"
45.148.10.248 - - [24/Jun/2025:14:29:00 +0000] "GET //submit_post.js HTTP/1.1" 200 12450 "-" "Mozilla/5.0 (Linux; Android 9; G8341) AppleWebKit/537.36 (KHTML, like Gecko) Chrome/76.0.3809.111 Mobile Safari/537.36"
45.148.10.248 - - [24/Jun/2025:14:29:00 +0000] "GET //login.js HTTP/1.1" 200 12450 "-" "Mozilla/5.0 (Linux; Android 9; ONEPLUS A5000) AppleWebKit/537.36 (KHTML, like Gecko) Chrome/76.0.3809.89 Mobile Safari/537.36"
45.148.10.248 - - [24/Jun/2025:14:29:00 +0000] "GET /unprotected/json-minified.js HTTP/1.1" 200 843 "-" "Mozilla/5.0 (Linux; Android 8.1.0; Moto G (5S) Plus) AppleWebKit/537.36 (KHTML, like Gecko) Chrome/75.0.3770.143 Mobile Safari/537.36"
45.148.10.248 - - [24/Jun/2025:14:29:00 +0000] "GET /jstz.min.js HTTP/1.1" 200 12452 "-" "Mozilla/5.0 (Macintosh; Intel Mac OS X 10_14_0) AppleWebKit/537.36 (KHTML, like Gecko) Chrome/75.0.3770.100 Safari/537.36"
45.148.10.248 - - [24/Jun/2025:14:29:00 +0000] "GET //jstz.min.js HTTP/1.1" 200 12452 "-" "Mozilla/5.0 (compatible; Konqueror/3.5; NetBSD 4.0_RC3; X11) KHTML/3.5.7 (like Gecko)"
45.148.10.248 - - [24/Jun/2025:14:29:00 +0000] "GET //cptimezone_optimized.js HTTP/1.1" 200 12450 "-" "Mozilla/5.0 (compatible; MSIE 9.0; Windows NT 6.1; WOW64; Trident/5.0; SLCC2; Media Center PC 6.0; InfoPath.3; MS-RTC LM 8; Zune 4.7)"
45.148.10.248 - - [24/Jun/2025:14:29:20 +0000] "GET //login.js HTTP/1.1" 200 12445 "-" "Mozilla/5.0 (Windows NT 6.1; Win64; x64) AppleWebKit/537.36 (KHTML, like Gecko) Chrome/70.0.3538.110 Safari/537.36"
45.148.10.248 - - [24/Jun/2025:14:29:20 +0000] "GET //cptimezone_optimized.js HTTP/1.1" 200 12448 "-" "Mozilla/5.0 (SymbianOS/9.1; U; en-us) AppleWebKit/413 (KHTML, like Gecko) Safari/413"
45.148.10.248 - - [24/Jun/2025:14:29:20 +0000] "GET /jstz.min.js HTTP/1.1" 200 12458 "-" "Mozilla/5.0 (Linux; Android 7.0; PIC-AL00) AppleWebKit/537.36 (KHTML, like Gecko) Chrome/76.0.3809.111 Mobile Safari/537.36"
45.148.10.248 - - [24/Jun/2025:14:29:20 +0000] "GET /unprotected/json-minified.js HTTP/1.1" 200 843 "-" "Mozilla/5.0 (X11; Linux x86_64) AppleWebKit/537.36 (KHTML, like Gecko) Chrome/75.0.3770.145 Safari/537.36 Vivaldi/2.6.1566.51"
45.148.10.248 - - [24/Jun/2025:14:29:20 +0000] "GET //submit_post.js HTTP/1.1" 200 12450 "-" "Mozilla/5.0 (X11; Linux i686; rv:10.0.1) Gecko/20100101 Firefox/10.0.1 SeaMonkey/2.7.1"
45.148.10.248 - - [24/Jun/2025:14:29:20 +0000] "GET //jstz.min.js HTTP/1.1" 200 12445 "-" "Mozilla/5.0 (Linux; U; Android 4.0.3; de-de; Galaxy S II Build/GRJ22) AppleWebKit/534.30 (KHTML, like Gecko) Version/4.0 Mobile Safari/534.30"
72.14.199.35 - - [24/Jun/2025:14:31:15 +0000] "GET /assets/img/log.webp HTTP/1.1" 200 15344 "-" "Mozilla/5.0 (Windows NT 10.0; Win64; x64) AppleWebKit/537.36 (KHTML, like Gecko) Chrome/42.0.2311.135 Safari/537.36 Edge/12.246 Gmail-content-sampling"
66.249.84.105 - - [24/Jun/2025:14:32:04 +0000] "GET /assets/img/log.webp HTTP/1.1" 200 15344 "-" "Mozilla/5.0 (Windows NT 5.1; rv:11.0) Gecko Firefox/11.0 (via ggpht.com GoogleImageProxy)"
52.230.164.179 - - [24/Jun/2025:14:33:26 +0000] "GET / HTTP/2.0" 200 64079 "-" "Mozilla/5.0 AppleWebKit/537.36 (KHTML, like Gecko); compatible; ChatGPT-User/1.0; +https://openai.com/bot"
104.28.37.205 - - [24/Jun/2025:14:34:31 +0000] "GET /assets/img/log.webp HTTP/2.0" 200 15344 "-" "Mozilla/5.0"
66.249.84.103 - - [24/Jun/2025:14:35:11 +0000] "GET /assets/img/log.webp HTTP/1.1" 200 15344 "-" "Mozilla/5.0 (Windows NT 5.1; rv:11.0) Gecko Firefox/11.0 (via ggpht.com GoogleImageProxy)"
66.249.84.105 - - [24/Jun/2025:14:35:20 +0000] "GET /assets/img/log.webp HTTP/1.1" 200 15344 "-" "Mozilla/5.0 (Windows NT 5.1; rv:11.0) Gecko Firefox/11.0 (via ggpht.com GoogleImageProxy)"
66.249.84.105 - - [24/Jun/2025:14:35:38 +0000] "GET /assets/img/log.webp HTTP/1.1" 200 15344 "-" "Mozilla/5.0 (Windows NT 5.1; rv:11.0) Gecko Firefox/11.0 (via ggpht.com GoogleImageProxy)"
91.199.118.49 - - [24/Jun/2025:14:38:30 +0000] "GET / HTTP/1.1" 200 37767 "-" "Mozilla/5.0 (Windows NT 10.0; Win64; x64) AppleWebKit/537.36 (KHTML, like Gecko) Chrome/78.0.3904.108 Safari/537.36"
91.199.118.49 - - [24/Jun/2025:14:38:30 +0000] "GET //wp-includes/wlwmanifest.xml HTTP/1.1" 200 37767 "-" "Mozilla/5.0 (Windows NT 10.0; Win64; x64) AppleWebKit/537.36 (KHTML, like Gecko) Chrome/78.0.3904.108 Safari/537.36"
91.199.118.49 - - [24/Jun/2025:14:38:30 +0000] "GET //xmlrpc.php?rsd HTTP/1.1" 200 37767 "-" "Mozilla/5.0 (Windows NT 10.0; Win64; x64) AppleWebKit/537.36 (KHTML, like Gecko) Chrome/78.0.3904.108 Safari/537.36"
91.199.118.49 - - [24/Jun/2025:14:38:31 +0000] "GET / HTTP/1.1" 200 37767 "-" "Mozilla/5.0 (Windows NT 10.0; Win64; x64) AppleWebKit/537.36 (KHTML, like Gecko) Chrome/78.0.3904.108 Safari/537.36"
91.199.118.49 - - [24/Jun/2025:14:38:31 +0000] "GET //blog/wp-includes/wlwmanifest.xml HTTP/1.1" 200 37767 "-" "Mozilla/5.0 (Windows NT 10.0; Win64; x64) AppleWebKit/537.36 (KHTML, like Gecko) Chrome/78.0.3904.108 Safari/537.36"
91.199.118.49 - - [24/Jun/2025:14:38:31 +0000] "GET //web/wp-includes/wlwmanifest.xml HTTP/1.1" 200 37767 "-" "Mozilla/5.0 (Windows NT 10.0; Win64; x64) AppleWebKit/537.36 (KHTML, like Gecko) Chrome/78.0.3904.108 Safari/537.36"
91.199.118.49 - - [24/Jun/2025:14:38:31 +0000] "GET //wordpress/wp-includes/wlwmanifest.xml HTTP/1.1" 200 37767 "-" "Mozilla/5.0 (Windows NT 10.0; Win64; x64) AppleWebKit/537.36 (KHTML, like Gecko) Chrome/78.0.3904.108 Safari/537.36"
91.199.118.49 - - [24/Jun/2025:14:38:31 +0000] "GET //website/wp-includes/wlwmanifest.xml HTTP/1.1" 200 37767 "-" "Mozilla/5.0 (Windows NT 10.0; Win64; x64) AppleWebKit/537.36 (KHTML, like Gecko) Chrome/78.0.3904.108 Safari/537.36"
91.199.118.49 - - [24/Jun/2025:14:38:32 +0000] "GET //wp/wp-includes/wlwmanifest.xml HTTP/1.1" 200 37767 "-" "Mozilla/5.0 (Windows NT 10.0; Win64; x64) AppleWebKit/537.36 (KHTML, like Gecko) Chrome/78.0.3904.108 Safari/537.36"
91.199.118.49 - - [24/Jun/2025:14:38:32 +0000] "GET //news/wp-includes/wlwmanifest.xml HTTP/1.1" 200 37767 "-" "Mozilla/5.0 (Windows NT 10.0; Win64; x64) AppleWebKit/537.36 (KHTML, like Gecko) Chrome/78.0.3904.108 Safari/537.36"
91.199.118.49 - - [24/Jun/2025:14:38:32 +0000] "GET //2018/wp-includes/wlwmanifest.xml HTTP/1.1" 200 37767 "-" "Mozilla/5.0 (Windows NT 10.0; Win64; x64) AppleWebKit/537.36 (KHTML, like Gecko) Chrome/78.0.3904.108 Safari/537.36"
91.199.118.49 - - [24/Jun/2025:14:38:32 +0000] "GET //2019/wp-includes/wlwmanifest.xml HTTP/1.1" 200 37767 "-" "Mozilla/5.0 (Windows NT 10.0; Win64; x64) AppleWebKit/537.36 (KHTML, like Gecko) Chrome/78.0.3904.108 Safari/537.36"
91.199.118.49 - - [24/Jun/2025:14:38:32 +0000] "GET //shop/wp-includes/wlwmanifest.xml HTTP/1.1" 200 37767 "-" "Mozilla/5.0 (Windows NT 10.0; Win64; x64) AppleWebKit/537.36 (KHTML, like Gecko) Chrome/78.0.3904.108 Safari/537.36"
91.199.118.49 - - [24/Jun/2025:14:38:33 +0000] "GET //wp1/wp-includes/wlwmanifest.xml HTTP/1.1" 200 37767 "-" "Mozilla/5.0 (Windows NT 10.0; Win64; x64) AppleWebKit/537.36 (KHTML, like Gecko) Chrome/78.0.3904.108 Safari/537.36"
91.199.118.49 - - [24/Jun/2025:14:38:33 +0000] "GET //test/wp-includes/wlwmanifest.xml HTTP/1.1" 200 37767 "-" "Mozilla/5.0 (Windows NT 10.0; Win64; x64) AppleWebKit/537.36 (KHTML, like Gecko) Chrome/78.0.3904.108 Safari/537.36"
91.199.118.49 - - [24/Jun/2025:14:38:33 +0000] "GET //media/wp-includes/wlwmanifest.xml HTTP/1.1" 200 37767 "-" "Mozilla/5.0 (Windows NT 10.0; Win64; x64) AppleWebKit/537.36 (KHTML, like Gecko) Chrome/78.0.3904.108 Safari/537.36"
91.199.118.49 - - [24/Jun/2025:14:38:33 +0000] "GET //wp2/wp-includes/wlwmanifest.xml HTTP/1.1" 200 37767 "-" "Mozilla/5.0 (Windows NT 10.0; Win64; x64) AppleWebKit/537.36 (KHTML, like Gecko) Chrome/78.0.3904.108 Safari/537.36"
91.199.118.49 - - [24/Jun/2025:14:38:34 +0000] "GET //site/wp-includes/wlwmanifest.xml HTTP/1.1" 200 37767 "-" "Mozilla/5.0 (Windows NT 10.0; Win64; x64) AppleWebKit/537.36 (KHTML, like Gecko) Chrome/78.0.3904.108 Safari/537.36"
91.199.118.49 - - [24/Jun/2025:14:38:34 +0000] "GET //cms/wp-includes/wlwmanifest.xml HTTP/1.1" 200 37767 "-" "Mozilla/5.0 (Windows NT 10.0; Win64; x64) AppleWebKit/537.36 (KHTML, like Gecko) Chrome/78.0.3904.108 Safari/537.36"
91.199.118.49 - - [24/Jun/2025:14:38:34 +0000] "GET //sito/wp-includes/wlwmanifest.xml HTTP/1.1" 200 37767 "-" "Mozilla/5.0 (Windows NT 10.0; Win64; x64) AppleWebKit/537.36 (KHTML, like Gecko) Chrome/78.0.3904.108 Safari/537.36"
66.249.93.8 - - [24/Jun/2025:14:40:40 +0000] "GET /assets/img/log.webp HTTP/1.1" 200 15344 "-" "Mozilla/5.0 (Windows NT 5.1; rv:11.0) Gecko Firefox/11.0 (via ggpht.com GoogleImageProxy)"
66.249.84.105 - - [24/Jun/2025:14:42:01 +0000] "GET /assets/img/log.webp HTTP/1.1" 200 15344 "-" "Mozilla/5.0 (Windows NT 5.1; rv:11.0) Gecko Firefox/11.0 (via ggpht.com GoogleImageProxy)"
66.249.84.104 - - [24/Jun/2025:14:43:55 +0000] "GET /assets/img/log.webp HTTP/1.1" 200 15344 "-" "Mozilla/5.0 (Windows NT 5.1; rv:11.0) Gecko Firefox/11.0 (via ggpht.com GoogleImageProxy)"
66.249.84.103 - - [24/Jun/2025:14:44:50 +0000] "GET /assets/img/log.webp HTTP/1.1" 200 15344 "-" "Mozilla/5.0 (Windows NT 5.1; rv:11.0) Gecko Firefox/11.0 (via ggpht.com GoogleImageProxy)"
66.249.84.104 - - [24/Jun/2025:14:45:28 +0000] "GET /assets/img/log.webp HTTP/1.1" 200 15344 "-" "Mozilla/5.0 (Windows NT 5.1; rv:11.0) Gecko Firefox/11.0 (via ggpht.com GoogleImageProxy)"
80.85.246.74 - - [24/Jun/2025:14:46:32 +0000] "GET / HTTP/1.1" 200 64079 "-" "Mozilla/5.0 (Macintosh; Intel Mac OS X 10_15_7) AppleWebKit/537.36 (KHTML, like Gecko) Chrome/133.0.0.0 Safari/537.36"
116.212.155.208 - - [24/Jun/2025:14:46:35 +0000] "POST /submit.php HTTP/1.1" 200 68 "-" "Mozilla/5.0 (Macintosh; Intel Mac OS X 10_15_7) AppleWebKit/537.36 (KHTML, like Gecko) Chrome/133.0.0.0 Safari/537.36"
116.212.155.208 - - [24/Jun/2025:14:46:37 +0000] "POST /submit.php HTTP/1.1" 200 77 "-" "Mozilla/5.0 (Windows NT 10.0; Win64; x64) AppleWebKit/537.36 (KHTML, like Gecko) Chrome/120.0.0.0 Safari/537.36"
80.85.246.74 - - [24/Jun/2025:14:46:38 +0000] "GET /re-registration.php HTTP/1.1" 200 52023 "-" "Mozilla/5.0 (Macintosh; Intel Mac OS X 10_15_7) AppleWebKit/537.36 (KHTML, like Gecko) Chrome/133.0.0.0 Safari/537.36"
116.212.155.208 - - [24/Jun/2025:14:46:40 +0000] "POST /submit.php HTTP/1.1" 200 68 "-" "Mozilla/5.0 (Macintosh; Intel Mac OS X 10_15_7) AppleWebKit/537.36 (KHTML, like Gecko) Chrome/133.0.0.0 Safari/537.36"
116.212.155.208 - - [24/Jun/2025:14:46:42 +0000] "POST /submit.php HTTP/1.1" 200 77 "-" "Mozilla/5.0 (Windows NT 10.0; Win64; x64) AppleWebKit/537.36 (KHTML, like Gecko) Chrome/120.0.0.0 Safari/537.36"
80.85.246.74 - - [24/Jun/2025:14:46:43 +0000] "GET /cancel-registration.php HTTP/1.1" 200 42855 "-" "Mozilla/5.0 (Macintosh; Intel Mac OS X 10_15_7) AppleWebKit/537.36 (KHTML, like Gecko) Chrome/133.0.0.0 Safari/537.36"
116.212.155.208 - - [24/Jun/2025:14:46:45 +0000] "POST / HTTP/1.1" 200 64079 "-" "Mozilla/5.0 (Macintosh; Intel Mac OS X 10_15_7) AppleWebKit/537.36 (KHTML, like Gecko) Chrome/133.0.0.0 Safari/537.36"
116.212.155.208 - - [24/Jun/2025:14:46:55 +0000] "POST / HTTP/1.1" 200 64079 "-" "Mozilla/5.0 (Windows NT 10.0; Win64; x64) AppleWebKit/537.36 (KHTML, like Gecko) Chrome/120.0.0.0 Safari/537.36"
80.85.246.74 - - [24/Jun/2025:14:46:57 +0000] "GET /udyam-registration-certificate-sample.php HTTP/1.1" 200 30164 "-" "Mozilla/5.0 (Macintosh; Intel Mac OS X 10_15_7) AppleWebKit/537.36 (KHTML, like Gecko) Chrome/133.0.0.0 Safari/537.36"
