80.85.246.74 - - [24/Jun/2025:14:46:59 +0000] "GET /contact-us.php HTTP/1.1" 200 31760 "-" "Mozilla/5.0 (Macintosh; Intel Mac OS X 10_15_7) AppleWebKit/537.36 (KHTML, like Gecko) Chrome/133.0.0.0 Safari/537.36"
116.212.155.208 - - [24/Jun/2025:14:47:01 +0000] "POST /contact-us.php HTTP/1.1" 200 31826 "-" "Mozilla/5.0 (Macintosh; Intel Mac OS X 10_15_7) AppleWebKit/537.36 (KHTML, like Gecko) Chrome/133.0.0.0 Safari/537.36"
116.212.155.208 - - [24/Jun/2025:14:47:05 +0000] "POST /contact-us.php HTTP/1.1" 200 31760 "-" "Mozilla/5.0 (Windows NT 10.0; Win64; x64) AppleWebKit/537.36 (KHTML, like Gecko) Chrome/120.0.0.0 Safari/537.36"
80.85.246.74 - - [24/Jun/2025:14:47:06 +0000] "GET /contact-us.php HTTP/1.1" 200 31760 "-" "Mozilla/5.0 (Macintosh; Intel Mac OS X 10_15_7) AppleWebKit/537.36 (KHTML, like Gecko) Chrome/133.0.0.0 Safari/537.36"
116.212.155.208 - - [24/Jun/2025:14:47:08 +0000] "POST /contact-us.php HTTP/1.1" 200 31826 "-" "Mozilla/5.0 (Macintosh; Intel Mac OS X 10_15_7) AppleWebKit/537.36 (KHTML, like Gecko) Chrome/133.0.0.0 Safari/537.36"
116.212.155.208 - - [24/Jun/2025:14:47:10 +0000] "POST /contact-us.php HTTP/1.1" 200 31760 "-" "Mozilla/5.0 (Windows NT 10.0; Win64; x64) AppleWebKit/537.36 (KHTML, like Gecko) Chrome/120.0.0.0 Safari/537.36"
80.85.246.74 - - [24/Jun/2025:14:47:11 +0000] "GET /re-registration-for-proprietor.php HTTP/1.1" 200 57985 "-" "Mozilla/5.0 (Macintosh; Intel Mac OS X 10_15_7) AppleWebKit/537.36 (KHTML, like Gecko) Chrome/133.0.0.0 Safari/537.36"
80.85.246.74 - - [24/Jun/2025:14:47:14 +0000] "GET /re-registration-for-partnership-firm.php HTTP/1.1" 200 58004 "-" "Mozilla/5.0 (Macintosh; Intel Mac OS X 10_15_7) AppleWebKit/537.36 (KHTML, like Gecko) Chrome/133.0.0.0 Safari/537.36"
80.85.246.74 - - [24/Jun/2025:14:47:15 +0000] "GET /re-registration-for-public-limited.php HTTP/1.1" 200 58032 "-" "Mozilla/5.0 (Macintosh; Intel Mac OS X 10_15_7) AppleWebKit/537.36 (KHTML, like Gecko) Chrome/133.0.0.0 Safari/537.36"
80.85.246.74 - - [24/Jun/2025:14:47:16 +0000] "GET /re-registration-for-others.php HTTP/1.1" 200 57746 "-" "Mozilla/5.0 (Macintosh; Intel Mac OS X 10_15_7) AppleWebKit/537.36 (KHTML, like Gecko) Chrome/133.0.0.0 Safari/537.36"
80.85.246.74 - - [24/Jun/2025:14:47:18 +0000] "GET /blog HTTP/1.1" 301 240 "-" "Mozilla/5.0 (Macintosh; Intel Mac OS X 10_15_7) AppleWebKit/537.36 (KHTML, like Gecko) Chrome/133.0.0.0 Safari/537.36"
80.85.246.74 - - [24/Jun/2025:14:47:18 +0000] "GET /blog/ HTTP/1.1" 200 27946 "https://E-UDYOGAADHAAR.COM/blog" "Mozilla/5.0 (Macintosh; Intel Mac OS X 10_15_7) AppleWebKit/537.36 (KHTML, like Gecko) Chrome/133.0.0.0 Safari/537.36"
80.85.246.74 - - [24/Jun/2025:14:47:20 +0000] "GET /blog/ HTTP/1.1" 200 27915 "-" "Mozilla/5.0 (Macintosh; Intel Mac OS X 10_15_7) AppleWebKit/537.36 (KHTML, like Gecko) Chrome/133.0.0.0 Safari/537.36"
66.249.84.103 - - [24/Jun/2025:14:47:20 +0000] "GET /assets/img/log.webp HTTP/1.1" 200 15344 "-" "Mozilla/5.0 (Windows NT 5.1; rv:11.0) Gecko Firefox/11.0 (via ggpht.com GoogleImageProxy)"
80.85.246.74 - - [24/Jun/2025:14:47:21 +0000] "GET /blog?ln=en HTTP/1.1" 301 246 "-" "Mozilla/5.0 (Macintosh; Intel Mac OS X 10_15_7) AppleWebKit/537.36 (KHTML, like Gecko) Chrome/133.0.0.0 Safari/537.36"
80.85.246.74 - - [24/Jun/2025:14:47:22 +0000] "GET /blog/?ln=en HTTP/1.1" 200 27952 "https://E-UDYOGAADHAAR.COM/blog?ln=en" "Mozilla/5.0 (Macintosh; Intel Mac OS X 10_15_7) AppleWebKit/537.36 (KHTML, like Gecko) Chrome/133.0.0.0 Safari/537.36"
80.85.246.74 - - [24/Jun/2025:14:47:23 +0000] "GET /how-to-register-udyam-registration-in-the-msme-portal.php HTTP/1.1" 404 - "-" "Mozilla/5.0 (Macintosh; Intel Mac OS X 10_15_7) AppleWebKit/537.36 (KHTML, like Gecko) Chrome/133.0.0.0 Safari/537.36"
80.85.246.74 - - [24/Jun/2025:14:47:24 +0000] "GET /how-to-update-udyam-registration-certificate.php HTTP/1.1" 404 - "-" "Mozilla/5.0 (Macintosh; Intel Mac OS X 10_15_7) AppleWebKit/537.36 (KHTML, like Gecko) Chrome/133.0.0.0 Safari/537.36"
80.85.246.74 - - [24/Jun/2025:14:47:25 +0000] "GET /enquiry.php HTTP/1.1" 200 34117 "-" "Mozilla/5.0 (Macintosh; Intel Mac OS X 10_15_7) AppleWebKit/537.36 (KHTML, like Gecko) Chrome/133.0.0.0 Safari/537.36"
116.212.155.208 - - [24/Jun/2025:14:47:27 +0000] "POST /mail.php HTTP/1.1" 200 68 "-" "Mozilla/5.0 (Macintosh; Intel Mac OS X 10_15_7) AppleWebKit/537.36 (KHTML, like Gecko) Chrome/133.0.0.0 Safari/537.36"
116.212.155.208 - - [24/Jun/2025:14:47:28 +0000] "POST /mail.php HTTP/1.1" 200 - "-" "Mozilla/5.0 (Windows NT 10.0; Win64; x64) AppleWebKit/537.36 (KHTML, like Gecko) Chrome/120.0.0.0 Safari/537.36"
80.85.246.74 - - [24/Jun/2025:14:47:30 +0000] "GET /udyam-registration-faqs.php HTTP/1.1" 200 53943 "-" "Mozilla/5.0 (Macintosh; Intel Mac OS X 10_15_7) AppleWebKit/537.36 (KHTML, like Gecko) Chrome/133.0.0.0 Safari/537.36"
66.249.84.103 - - [24/Jun/2025:14:49:18 +0000] "GET /assets/img/log.webp HTTP/1.1" 200 15344 "-" "Mozilla/5.0 (Windows NT 5.1; rv:11.0) Gecko Firefox/11.0 (via ggpht.com GoogleImageProxy)"
185.191.171.17 - - [24/Jun/2025:14:52:19 +0000] "GET /robots.txt HTTP/1.1" 404 - "-" "Mozilla/5.0 (compatible; SemrushBot/7~bl; +http://www.semrush.com/bot.html)"
85.208.96.199 - - [24/Jun/2025:14:52:21 +0000] "GET /udyam-online-for-proprietor.php?ln=ml HTTP/1.1" 200 58762 "-" "Mozilla/5.0 (compatible; SemrushBot/7~bl; +http://www.semrush.com/bot.html)"
66.249.84.103 - - [24/Jun/2025:14:58:16 +0000] "GET /assets/img/log.webp HTTP/1.1" 200 15344 "-" "Mozilla/5.0 (Windows NT 5.1; rv:11.0) Gecko Firefox/11.0 (via ggpht.com GoogleImageProxy)"
66.249.84.103 - - [24/Jun/2025:14:58:42 +0000] "GET /assets/img/log.webp HTTP/1.1" 200 15344 "-" "Mozilla/5.0 (Windows NT 5.1; rv:11.0) Gecko Firefox/11.0 (via ggpht.com GoogleImageProxy)"
66.249.84.105 - - [24/Jun/2025:14:59:28 +0000] "GET /assets/img/log.webp HTTP/1.1" 200 15344 "-" "Mozilla/5.0 (Windows NT 5.1; rv:11.0) Gecko Firefox/11.0 (via ggpht.com GoogleImageProxy)"
52.169.1.243 - - [24/Jun/2025:15:02:36 +0000] "GET /info.php HTTP/1.1" 404 - "-" "-"
52.169.1.243 - - [24/Jun/2025:15:02:37 +0000] "GET /admin.php HTTP/1.1" 404 - "-" "-"
52.169.1.243 - - [24/Jun/2025:15:02:37 +0000] "GET /flower.php HTTP/1.1" 404 - "-" "-"
52.169.1.243 - - [24/Jun/2025:15:02:37 +0000] "GET /file.php HTTP/1.1" 404 - "-" "-"
52.169.1.243 - - [24/Jun/2025:15:02:37 +0000] "GET /1.php HTTP/1.1" 404 - "-" "-"
52.169.1.243 - - [24/Jun/2025:15:02:38 +0000] "GET /lv.php HTTP/1.1" 404 - "-" "-"
52.169.1.243 - - [24/Jun/2025:15:02:38 +0000] "GET /gecko.php HTTP/1.1" 404 - "-" "-"
52.169.1.243 - - [24/Jun/2025:15:02:38 +0000] "GET /lock360.php HTTP/1.1" 404 - "-" "-"
52.169.1.243 - - [24/Jun/2025:15:02:38 +0000] "GET /xmlrpc.php HTTP/1.1" 404 - "-" "-"
52.169.1.243 - - [24/Jun/2025:15:02:39 +0000] "GET /NewFile.php HTTP/1.1" 404 - "-" "-"
52.169.1.243 - - [24/Jun/2025:15:02:39 +0000] "GET /xx.php HTTP/1.1" 404 - "-" "-"
52.169.1.243 - - [24/Jun/2025:15:02:39 +0000] "GET /plugins.php HTTP/1.1" 404 - "-" "-"
52.169.1.243 - - [24/Jun/2025:15:02:39 +0000] "GET /alfa.php HTTP/1.1" 404 - "-" "-"
52.169.1.243 - - [24/Jun/2025:15:02:40 +0000] "GET /autoload_classmap.php HTTP/1.1" 404 - "-" "-"
52.169.1.243 - - [24/Jun/2025:15:02:40 +0000] "GET /xxx.php HTTP/1.1" 404 - "-" "-"
52.169.1.243 - - [24/Jun/2025:15:02:40 +0000] "GET /css.php HTTP/1.1" 404 - "-" "-"
52.169.1.243 - - [24/Jun/2025:15:02:40 +0000] "GET /admin/controller/extension/extension/ultra.php HTTP/1.1" 404 - "-" "-"
52.169.1.243 - - [24/Jun/2025:15:02:41 +0000] "GET /classwithtostring.php HTTP/1.1" 404 - "-" "-"
52.169.1.243 - - [24/Jun/2025:15:02:41 +0000] "GET /chosen HTTP/1.1" 404 - "-" "-"
52.169.1.243 - - [24/Jun/2025:15:02:41 +0000] "GET /cong.php HTTP/1.1" 404 - "-" "-"
52.169.1.243 - - [24/Jun/2025:15:02:41 +0000] "GET /item.php HTTP/1.1" 404 - "-" "-"
52.169.1.243 - - [24/Jun/2025:15:02:42 +0000] "GET /x.php HTTP/1.1" 404 - "-" "-"
52.169.1.243 - - [24/Jun/2025:15:02:42 +0000] "GET /k.php HTTP/1.1" 404 - "-" "-"
52.169.1.243 - - [24/Jun/2025:15:02:42 +0000] "GET /wp-fmfile.php HTTP/1.1" 404 - "-" "-"
52.169.1.243 - - [24/Jun/2025:15:02:42 +0000] "GET /wp-content.php.php HTTP/1.1" 404 - "-" "-"
52.169.1.243 - - [24/Jun/2025:15:02:43 +0000] "GET /f35.php HTTP/1.1" 404 - "-" "-"
52.169.1.243 - - [24/Jun/2025:15:02:43 +0000] "GET /cux.php HTTP/1.1" 404 - "-" "-"
52.169.1.243 - - [24/Jun/2025:15:02:43 +0000] "GET /php8.php HTTP/1.1" 404 - "-" "-"
52.169.1.243 - - [24/Jun/2025:15:02:44 +0000] "GET /fix.php HTTP/1.1" 404 - "-" "-"
52.169.1.243 - - [24/Jun/2025:15:02:44 +0000] "GET /tes.php HTTP/1.1" 404 - "-" "-"
52.169.1.243 - - [24/Jun/2025:15:02:44 +0000] "GET /headers.php HTTP/1.1" 404 - "-" "-"
52.169.1.243 - - [24/Jun/2025:15:02:44 +0000] "GET /xpw.php HTTP/1.1" 404 - "-" "-"
52.169.1.243 - - [24/Jun/2025:15:02:45 +0000] "GET /array.php HTTP/1.1" 404 - "-" "-"
66.249.84.104 - - [24/Jun/2025:15:03:09 +0000] "GET /assets/img/log.webp HTTP/1.1" 200 15344 "-" "Mozilla/5.0 (Windows NT 5.1; rv:11.0) Gecko Firefox/11.0 (via ggpht.com GoogleImageProxy)"
57.141.2.5 - - [24/Jun/2025:15:06:03 +0000] "GET /blog/how-to-register-udyam-registration-in-the-msme-portal.php?ln=en HTTP/2.0" 200 25608 "-" "meta-externalagent/1.1 (+https://developers.facebook.com/docs/sharing/webmasters/crawler)"
66.249.84.105 - - [24/Jun/2025:15:09:45 +0000] "GET /assets/img/log.webp HTTP/1.1" 200 15344 "-" "Mozilla/5.0 (Windows NT 5.1; rv:11.0) Gecko Firefox/11.0 (via ggpht.com GoogleImageProxy)"
185.191.171.3 - - [24/Jun/2025:15:18:05 +0000] "GET /complaint-form.php?ln=or HTTP/1.1" 200 30542 "-" "Mozilla/5.0 (compatible; SemrushBot/7~bl; +http://www.semrush.com/bot.html)"
45.148.10.248 - - [24/Jun/2025:15:20:00 +0000] "GET / HTTP/1.1" 200 12455 "-" "Mozilla/5.0 (Windows NT 10.0; WOW64) AppleWebKit/537.36 (KHTML, like Gecko) Chrome/73.0.3683.103 Safari/537.36"
45.148.10.248 - - [24/Jun/2025:15:20:14 +0000] "GET /unprotected/json-minified.js HTTP/1.1" 200 843 "-" "Mozilla/5.0 (Windows NT 10.0; WOW64) AppleWebKit/537.36 (KHTML, like Gecko) Chrome/53.0.2785.90 Safari/537.36 Vivaldi/1.4.589.11"
45.148.10.248 - - [24/Jun/2025:15:20:14 +0000] "GET //cptimezone_optimized.js HTTP/1.1" 200 12453 "-" "Mozilla/5.0 (Windows NT 6.3; Win64; x64) AppleWebKit/537.36 (KHTML, like Gecko) Chrome/67.0.3396.87 Safari/537.36"
45.148.10.248 - - [24/Jun/2025:15:20:14 +0000] "GET /jstz.min.js HTTP/1.1" 200 12449 "-" "Mozilla/5.0 (SymbianOS/9.2; U; Series60/3.1 Nokia6120c/3.70; Profile/MIDP-2.0 Configuration/CLDC-1.1) AppleWebKit/413 (KHTML, like Gecko) Safari/413"
45.148.10.248 - - [24/Jun/2025:15:20:14 +0000] "GET //jstz.min.js HTTP/1.1" 200 12450 "-" "Mozilla/5.0 (X11; Linux x86_64) AppleWebKit/537.36 (KHTML, like Gecko) Ubuntu Chromium/75.0.3770.90 Chrome/75.0.3770.90 Safari/537.36"
45.148.10.248 - - [24/Jun/2025:15:20:14 +0000] "GET //login.js HTTP/1.1" 200 12454 "-" "Mozilla/5.0 (compatible; alexa site audit/1.0; +http://www.alexa.com/help/webmasters; )"
45.148.10.248 - - [24/Jun/2025:15:20:14 +0000] "GET //submit_post.js HTTP/1.1" 200 12450 "-" "Mozilla/5.0 (Linux; Android 9; Pixel 2 XL) AppleWebKit/537.36 (KHTML, like Gecko) Chrome/77.0.3865.18 Mobile Safari/537.36"
45.148.10.248 - - [24/Jun/2025:15:20:23 +0000] "GET //cptimezone_optimized.js HTTP/1.1" 200 12445 "-" "Mozilla/5.0 (Linux; U; Android 2.2; en-us; SCH-I800 Build/FROYO) AppleWebKit/533.1 (KHTML, like Gecko) Version/4.0 Mobile Safari/533.1"
45.148.10.248 - - [24/Jun/2025:15:20:23 +0000] "GET //login.js HTTP/1.1" 200 12452 "-" "Mozilla/5.0 (Linux; Android 6.0.1; SM-N910C) AppleWebKit/537.36 (KHTML, like Gecko) Chrome/73.0.3683.90 Mobile Safari/537.36"
45.148.10.248 - - [24/Jun/2025:15:20:23 +0000] "GET //jstz.min.js HTTP/1.1" 200 12450 "-" "Mozilla/5.0 (Macintosh; Intel Mac OS X 10_13_2) AppleWebKit/537.36 (KHTML, like Gecko) Chrome/76.0.3809.100 Safari/537.36"
45.148.10.248 - - [24/Jun/2025:15:20:23 +0000] "GET //submit_post.js HTTP/1.1" 200 12453 "-" "Mozilla/5.0 (Linux; Android 8.1.0; Phone 2) AppleWebKit/537.36 (KHTML, like Gecko) Chrome/76.0.3809.111 Mobile Safari/537.36"
45.148.10.248 - - [24/Jun/2025:15:20:23 +0000] "GET /unprotected/json-minified.js HTTP/1.1" 200 843 "-" "Mozilla/5.0 (Linux; Android 9; LYA-L29 Build/HUAWEILYA-L29; wv) AppleWebKit/537.36 (KHTML, like Gecko) Version/4.0 Chrome/76.0.3809.111 Mobile Safari/537.36"
45.148.10.248 - - [24/Jun/2025:15:20:23 +0000] "GET /jstz.min.js HTTP/1.1" 200 12448 "-" "Mozilla/5.0 (PLAYSTATION 3; 2.00)"
185.191.171.9 - - [24/Jun/2025:15:21:02 +0000] "GET /blog/print-udyam-certificate.php?ln=mr HTTP/1.1" 200 24382 "-" "Mozilla/5.0 (compatible; SemrushBot/7~bl; +http://www.semrush.com/bot.html)"
103.176.133.91 - - [24/Jun/2025:15:25:58 +0000] "GET /assets/img/log.webp HTTP/1.1" 200 15344 "-" "Mozilla/5.0 (compatible; MSIE 10.0; Windows NT 10.0; Win64; x64; Trident/7.0; Microsoft Outlook 16.0.10417; ms-office; MSOffice 16)"
129.28.14.231 - - [24/Jun/2025:15:26:37 +0000] "GET / HTTP/1.1" 200 64104 "http://e-udyogaadhaar.com" "Mozilla/5.0 (iPhone; CPU iPhone OS 13_2_3 like Mac OS X) AppleWebKit/605.1.15 (KHTML, like Gecko) Version/13.0.3 Mobile/15E148 Safari/604.1"
103.176.133.91 - - [24/Jun/2025:15:26:58 +0000] "GET /assets/img/log.webp HTTP/1.1" 200 15344 "-" "Mozilla/5.0 (compatible; MSIE 10.0; Windows NT 10.0; Win64; x64; Trident/7.0; Microsoft Outlook 16.0.10417; ms-office; MSOffice 16)"
103.176.133.91 - - [24/Jun/2025:15:27:00 +0000] "GET /assets/img/log.webp HTTP/1.1" 200 15344 "-" "Mozilla/5.0 (compatible; MSIE 10.0; Windows NT 10.0; Win64; x64; Trident/7.0; Microsoft Outlook 16.0.10417; ms-office; MSOffice 16)"
103.176.133.91 - - [24/Jun/2025:15:27:17 +0000] "GET /assets/img/log.webp HTTP/1.1" 200 15344 "-" "Mozilla/5.0 (compatible; MSIE 10.0; Windows NT 10.0; Win64; x64; Trident/7.0; Microsoft Outlook 16.0.10417; ms-office; MSOffice 16)"
66.249.84.105 - - [24/Jun/2025:15:37:40 +0000] "GET /assets/img/log.webp HTTP/1.1" 200 15344 "-" "Mozilla/5.0 (Windows NT 5.1; rv:11.0) Gecko Firefox/11.0 (via ggpht.com GoogleImageProxy)"
66.249.84.104 - - [24/Jun/2025:15:38:50 +0000] "GET /assets/img/log.webp HTTP/1.1" 200 15344 "-" "Mozilla/5.0 (Windows NT 5.1; rv:11.0) Gecko Firefox/11.0 (via ggpht.com GoogleImageProxy)"
66.249.84.104 - - [24/Jun/2025:15:39:02 +0000] "GET /assets/img/log.webp HTTP/1.1" 200 15344 "-" "Mozilla/5.0 (Windows NT 5.1; rv:11.0) Gecko Firefox/11.0 (via ggpht.com GoogleImageProxy)"
66.249.84.103 - - [24/Jun/2025:15:39:05 +0000] "GET /assets/img/log.webp HTTP/1.1" 200 15344 "-" "Mozilla/5.0 (Windows NT 5.1; rv:11.0) Gecko Firefox/11.0 (via ggpht.com GoogleImageProxy)"
66.249.84.105 - - [24/Jun/2025:15:39:06 +0000] "GET /assets/img/log.webp HTTP/1.1" 200 15344 "-" "Mozilla/5.0 (Windows NT 5.1; rv:11.0) Gecko Firefox/11.0 (via ggpht.com GoogleImageProxy)"
103.176.133.91 - - [24/Jun/2025:15:39:16 +0000] "GET /assets/img/log.webp HTTP/1.1" 200 15344 "-" "Mozilla/5.0 (compatible; MSIE 10.0; Windows NT 10.0; Win64; x64; Trident/7.0; Microsoft Outlook 16.0.10417; ms-office; MSOffice 16)"
66.249.84.104 - - [24/Jun/2025:15:39:23 +0000] "GET /assets/img/log.webp HTTP/1.1" 200 15344 "-" "Mozilla/5.0 (Windows NT 5.1; rv:11.0) Gecko Firefox/11.0 (via ggpht.com GoogleImageProxy)"
66.249.84.104 - - [24/Jun/2025:15:39:24 +0000] "GET /assets/img/log.webp HTTP/1.1" 200 15344 "-" "Mozilla/5.0 (Windows NT 5.1; rv:11.0) Gecko Firefox/11.0 (via ggpht.com GoogleImageProxy)"
66.249.84.105 - - [24/Jun/2025:15:39:33 +0000] "GET /assets/img/log.webp HTTP/1.1" 200 15344 "-" "Mozilla/5.0 (Windows NT 5.1; rv:11.0) Gecko Firefox/11.0 (via ggpht.com GoogleImageProxy)"
103.176.133.91 - - [24/Jun/2025:15:39:43 +0000] "GET /assets/img/log.webp HTTP/1.1" 200 15344 "-" "Mozilla/5.0 (compatible; MSIE 10.0; Windows NT 10.0; Win64; x64; Trident/7.0; Microsoft Outlook 16.0.10417; ms-office; MSOffice 16)"
77.75.78.170 - - [24/Jun/2025:15:46:57 +0000] "GET /re-registration-for-partnership-firm.php HTTP/1.1" 200 58004 "-" "Mozilla/5.0 (compatible; SeznamBot/4.0; +https://o-seznam.cz/napoveda/vyhledavani/en/seznambot-crawler/)"
216.173.80.4 - - [24/Jun/2025:15:47:36 +0000] "GET /udyam-registration-faqs.php?ln=kn HTTP/1.1" 200 53943 "-" "Mozilla/5.0 (X11; Linux x86_64) AppleWebKit/537.36 (KHTML, like Gecko) Chrome/124.0.0.0 Safari/537.36"
191.96.69.88 - - [24/Jun/2025:15:48:25 +0000] "GET /udyam-registration-faqs.php?ln=kn HTTP/1.1" 200 53943 "-" "Mozilla/5.0 (Macintosh; Intel Mac OS X 10_15_7) AppleWebKit/537.36 (KHTML, like Gecko) Chrome/131.0.0.0 Safari/537.36"
66.249.84.104 - - [24/Jun/2025:15:49:51 +0000] "GET /assets/img/log.webp HTTP/1.1" 200 15344 "-" "Mozilla/5.0 (Windows NT 5.1; rv:11.0) Gecko Firefox/11.0 (via ggpht.com GoogleImageProxy)"
66.249.84.104 - - [24/Jun/2025:15:49:57 +0000] "GET /assets/img/log.webp HTTP/1.1" 200 15344 "-" "Mozilla/5.0 (Windows NT 5.1; rv:11.0) Gecko Firefox/11.0 (via ggpht.com GoogleImageProxy)"
43.157.53.115 - - [24/Jun/2025:15:55:14 +0000] "GET / HTTP/1.1" 200 64104 "http://e-udyogaadhaar.com" "Mozilla/5.0 (iPhone; CPU iPhone OS 13_2_3 like Mac OS X) AppleWebKit/605.1.15 (KHTML, like Gecko) Version/13.0.3 Mobile/15E148 Safari/604.1"
66.249.84.103 - - [24/Jun/2025:15:57:30 +0000] "GET /assets/img/log.webp HTTP/1.1" 200 15344 "-" "Mozilla/5.0 (Windows NT 5.1; rv:11.0) Gecko Firefox/11.0 (via ggpht.com GoogleImageProxy)"
66.249.84.103 - - [24/Jun/2025:15:58:31 +0000] "GET /assets/img/log.webp HTTP/1.1" 200 15344 "-" "Mozilla/5.0 (Windows NT 5.1; rv:11.0) Gecko Firefox/11.0 (via ggpht.com GoogleImageProxy)"
66.249.84.105 - - [24/Jun/2025:15:58:42 +0000] "GET /assets/img/log.webp HTTP/1.1" 200 15344 "-" "Mozilla/5.0 (Windows NT 5.1; rv:11.0) Gecko Firefox/11.0 (via ggpht.com GoogleImageProxy)"
66.249.84.103 - - [24/Jun/2025:15:59:15 +0000] "GET /assets/img/log.webp HTTP/1.1" 200 15344 "-" "Mozilla/5.0 (Windows NT 5.1; rv:11.0) Gecko Firefox/11.0 (via ggpht.com GoogleImageProxy)"
66.249.84.105 - - [24/Jun/2025:15:59:32 +0000] "GET /assets/img/log.webp HTTP/1.1" 200 15344 "-" "Mozilla/5.0 (Windows NT 5.1; rv:11.0) Gecko Firefox/11.0 (via ggpht.com GoogleImageProxy)"
47.128.118.78 - - [24/Jun/2025:16:09:34 +0000] "GET /privacy-policy.php?ln=gu HTTP/2.0" 200 33593 "-" "Mozilla/5.0 (compatible; Bytespider; spider-feedback@bytedance.com) AppleWebKit/537.36 (KHTML, like Gecko) Chrome/70.0.0.0 Safari/537.36"
66.249.79.164 - - [24/Jun/2025:16:11:17 +0000] "GET /udyam-online-for-partnership-firm.php?ln=en HTTP/1.1" 200 58914 "-" "Mozilla/5.0 (Linux; Android 6.0.1; Nexus 5X Build/MMB29P) AppleWebKit/537.36 (KHTML, like Gecko) Chrome/137.0.7151.103 Mobile Safari/537.36 (compatible; Googlebot/2.1; +http://www.google.com/bot.html)"
66.249.84.105 - - [24/Jun/2025:16:13:50 +0000] "GET /assets/img/log.webp HTTP/1.1" 200 15344 "-" "Mozilla/5.0 (Windows NT 5.1; rv:11.0) Gecko Firefox/11.0 (via ggpht.com GoogleImageProxy)"
43.166.134.47 - - [24/Jun/2025:16:14:15 +0000] "GET / HTTP/1.1" 200 64108 "http://www.e-udyogaadhaar.com" "Mozilla/5.0 (iPhone; CPU iPhone OS 13_2_3 like Mac OS X) AppleWebKit/605.1.15 (KHTML, like Gecko) Version/13.0.3 Mobile/15E148 Safari/604.1"
40.77.167.254 - - [24/Jun/2025:16:15:21 +0000] "GET /udyam-registration-certificate-sample.php HTTP/2.0" 200 30164 "-" "Mozilla/5.0 AppleWebKit/537.36 (KHTML, like Gecko; compatible; bingbot/2.0; +http://www.bing.com/bingbot.htm) Chrome/116.0.1938.76 Safari/537.36"
52.167.144.21 - - [24/Jun/2025:16:15:44 +0000] "GET /assets/img/log.webp HTTP/2.0" 200 15344 "-" "Mozilla/5.0 AppleWebKit/537.36 (KHTML, like Gecko; compatible; bingbot/2.0; +http://www.bing.com/bingbot.htm) Chrome/116.0.1938.76 Safari/537.36"
52.167.144.21 - - [24/Jun/2025:16:15:45 +0000] "GET /state.js HTTP/2.0" 200 32501 "-" "Mozilla/5.0 AppleWebKit/537.36 (KHTML, like Gecko; compatible; bingbot/2.0; +http://www.bing.com/bingbot.htm) Chrome/116.0.1938.76 Safari/537.36"
40.77.167.60 - - [24/Jun/2025:16:15:49 +0000] "GET /assets/img/engs.svg HTTP/2.0" 200 430 "-" "Mozilla/5.0 AppleWebKit/537.36 (KHTML, like Gecko; compatible; bingbot/2.0; +http://www.bing.com/bingbot.htm) Chrome/116.0.1938.76 Safari/537.36"
40.77.167.60 - - [24/Jun/2025:16:15:49 +0000] "GET /fontawesome/css/all.css HTTP/2.0" 200 58178 "-" "Mozilla/5.0 AppleWebKit/537.36 (KHTML, like Gecko; compatible; bingbot/2.0; +http://www.bing.com/bingbot.htm) Chrome/116.0.1938.76 Safari/537.36"
40.77.167.60 - - [24/Jun/2025:16:15:50 +0000] "GET /client.js HTTP/2.0" 200 2915 "-" "Mozilla/5.0 AppleWebKit/537.36 (KHTML, like Gecko; compatible; bingbot/2.0; +http://www.bing.com/bingbot.htm) Chrome/116.0.1938.76 Safari/537.36"
40.77.167.60 - - [24/Jun/2025:16:15:51 +0000] "GET /main.css?v=1750781721 HTTP/2.0" 200 17587 "-" "Mozilla/5.0 AppleWebKit/537.36 (KHTML, like Gecko; compatible; bingbot/2.0; +http://www.bing.com/bingbot.htm) Chrome/116.0.1938.76 Safari/537.36"
47.128.57.216 - - [24/Jun/2025:16:22:34 +0000] "GET /robots.txt HTTP/1.1" 301 245 "-" "Mozilla/5.0 (Linux; Android 5.0) AppleWebKit/537.36 (KHTML, like Gecko) Mobile Safari/537.36 (compatible; Bytespider; spider-feedback@bytedance.com)"
47.128.57.216 - - [24/Jun/2025:16:22:36 +0000] "GET /robots.txt HTTP/1.1" 404 - "-" "Mozilla/5.0 (Linux; Android 5.0) AppleWebKit/537.36 (KHTML, like Gecko) Mobile Safari/537.36 (compatible; Bytespider; spider-feedback@bytedance.com)"
85.208.98.18 - - [24/Jun/2025:16:22:57 +0000] "GET /robots.txt HTTP/1.1" 404 - "http://e-udyogaadhaar.com/robots.txt" "Mozilla/5.0 (compatible; SemrushBot; +http://www.semrush.com/bot.html)"
66.249.84.103 - - [24/Jun/2025:16:25:39 +0000] "GET /assets/img/log.webp HTTP/1.1" 200 15344 "-" "Mozilla/5.0 (Windows NT 5.1; rv:11.0) Gecko Firefox/11.0 (via ggpht.com GoogleImageProxy)"
47.128.17.186 - - [24/Jun/2025:16:26:33 +0000] "GET /main.css HTTP/2.0" 301 243 "https://www.e-udyogaadhaar.com/blog/print-udyam-certificate.php" "Mozilla/5.0 (compatible; Bytespider; spider-feedback@bytedance.com) AppleWebKit/537.36 (KHTML, like Gecko) Chrome/70.0.0.0 Safari/537.36"
47.128.17.186 - - [24/Jun/2025:16:26:33 +0000] "GET /assets/img/log.webp HTTP/2.0" 301 254 "https://www.e-udyogaadhaar.com/blog/print-udyam-certificate.php" "Mozilla/5.0 (compatible; Bytespider; spider-feedback@bytedance.com) AppleWebKit/537.36 (KHTML, like Gecko) Chrome/70.0.0.0 Safari/537.36"
47.128.17.186 - - [24/Jun/2025:16:26:33 +0000] "GET /blog/print-udyam-certificate.php HTTP/2.0" 200 24382 "-" "Mozilla/5.0 (compatible; Bytespider; spider-feedback@bytedance.com) AppleWebKit/537.36 (KHTML, like Gecko) Chrome/70.0.0.0 Safari/537.36"
47.128.17.186 - - [24/Jun/2025:16:26:34 +0000] "GET /assets/img/engs.svg HTTP/2.0" 301 254 "https://www.e-udyogaadhaar.com/blog/print-udyam-certificate.php" "Mozilla/5.0 (compatible; Bytespider; spider-feedback@bytedance.com) AppleWebKit/537.36 (KHTML, like Gecko) Chrome/70.0.0.0 Safari/537.36"
47.128.17.186 - - [24/Jun/2025:16:26:34 +0000] "GET /blog/Images/print-udyam-certificate.png HTTP/2.0" 206 500 "https://www.e-udyogaadhaar.com/" "Mozilla/5.0 (compatible; Bytespider; spider-feedback@bytedance.com) AppleWebKit/537.36 (KHTML, like Gecko) Chrome/70.0.0.0 Safari/537.36"
43.131.253.14 - - [24/Jun/2025:16:27:46 +0000] "GET /?ln=en HTTP/1.1" 200 64079 "-" "Mozilla/5.0 (iPhone; CPU iPhone OS 13_2_3 like Mac OS X) AppleWebKit/605.1.15 (KHTML, like Gecko) Version/13.0.3 Mobile/15E148 Safari/604.1"
72.14.199.36 - - [24/Jun/2025:16:29:44 +0000] "GET /?_gl=1*rgknbr*_ga*MzY3MjE1MDcwLjE3MzcwOTUyMjA.*_ga_0VKVKKN4NV*MTczNzEwMjM4NC4yLjEuMTczNzEwMjQ1My42MC4wLjA.&_bd_prev_page=https://e-udyogaadhaar.com/detail.php HTTP/1.1" 200 64079 "-" "Mozilla/5.0 AppleWebKit/537.36 (KHTML, like Gecko) Chrome/137.0.7151.68 Safari/537.36"
72.14.199.37 - - [24/Jun/2025:16:29:46 +0000] "GET /assets/img/log.webp HTTP/1.1" 200 15344 "https://e-udyogaadhaar.com/?_gl=1*rgknbr*_ga*MzY3MjE1MDcwLjE3MzcwOTUyMjA.*_ga_0VKVKKN4NV*MTczNzEwMjM4NC4yLjEuMTczNzEwMjQ1My42MC4wLjA.&_bd_prev_page=https://e-udyogaadhaar.com/detail.php" "Mozilla/5.0 AppleWebKit/537.36 (KHTML, like Gecko) Chrome/137.0.7151.68 Safari/537.36"
72.14.199.35 - - [24/Jun/2025:16:29:46 +0000] "GET /state.js HTTP/1.1" 200 32501 "https://e-udyogaadhaar.com/?_gl=1*rgknbr*_ga*MzY3MjE1MDcwLjE3MzcwOTUyMjA.*_ga_0VKVKKN4NV*MTczNzEwMjM4NC4yLjEuMTczNzEwMjQ1My42MC4wLjA.&_bd_prev_page=https://e-udyogaadhaar.com/detail.php" "Mozilla/5.0 AppleWebKit/537.36 (KHTML, like Gecko) Chrome/137.0.7151.68 Safari/537.36"
72.14.199.37 - - [24/Jun/2025:16:29:47 +0000] "GET /assets/img/engs.svg HTTP/1.1" 200 430 "https://e-udyogaadhaar.com/?_gl=1*rgknbr*_ga*MzY3MjE1MDcwLjE3MzcwOTUyMjA.*_ga_0VKVKKN4NV*MTczNzEwMjM4NC4yLjEuMTczNzEwMjQ1My42MC4wLjA.&_bd_prev_page=https://e-udyogaadhaar.com/detail.php" "Mozilla/5.0 AppleWebKit/537.36 (KHTML, like Gecko) Chrome/137.0.7151.68 Safari/537.36"
72.14.199.37 - - [24/Jun/2025:16:29:47 +0000] "GET /udyam.webp HTTP/1.1" 200 115910 "https://e-udyogaadhaar.com/?_gl=1*rgknbr*_ga*MzY3MjE1MDcwLjE3MzcwOTUyMjA.*_ga_0VKVKKN4NV*MTczNzEwMjM4NC4yLjEuMTczNzEwMjQ1My42MC4wLjA.&_bd_prev_page=https://e-udyogaadhaar.com/detail.php" "Mozilla/5.0 AppleWebKit/537.36 (KHTML, like Gecko) Chrome/137.0.7151.68 Safari/537.36"
72.14.199.35 - - [24/Jun/2025:16:29:47 +0000] "GET /main.css?v=1750782585 HTTP/1.1" 200 17587 "https://e-udyogaadhaar.com/?_gl=1*rgknbr*_ga*MzY3MjE1MDcwLjE3MzcwOTUyMjA.*_ga_0VKVKKN4NV*MTczNzEwMjM4NC4yLjEuMTczNzEwMjQ1My42MC4wLjA.&_bd_prev_page=https://e-udyogaadhaar.com/detail.php" "Mozilla/5.0 AppleWebKit/537.36 (KHTML, like Gecko) Chrome/137.0.7151.68 Safari/537.36"
72.14.199.35 - - [24/Jun/2025:16:29:47 +0000] "GET /fontawesome/css/all.css HTTP/1.1" 200 58178 "https://e-udyogaadhaar.com/?_gl=1*rgknbr*_ga*MzY3MjE1MDcwLjE3MzcwOTUyMjA.*_ga_0VKVKKN4NV*MTczNzEwMjM4NC4yLjEuMTczNzEwMjQ1My42MC4wLjA.&_bd_prev_page=https://e-udyogaadhaar.com/detail.php" "Mozilla/5.0 AppleWebKit/537.36 (KHTML, like Gecko) Chrome/137.0.7151.68 Safari/537.36"
72.14.199.36 - - [24/Jun/2025:16:29:47 +0000] "GET /captcha.php HTTP/1.1" 200 1242 "https://e-udyogaadhaar.com/?_gl=1*rgknbr*_ga*MzY3MjE1MDcwLjE3MzcwOTUyMjA.*_ga_0VKVKKN4NV*MTczNzEwMjM4NC4yLjEuMTczNzEwMjQ1My42MC4wLjA.&_bd_prev_page=https://e-udyogaadhaar.com/detail.php" "Mozilla/5.0 AppleWebKit/537.36 (KHTML, like Gecko) Chrome/137.0.7151.68 Safari/537.36"
72.14.199.36 - - [24/Jun/2025:16:29:48 +0000] "GET /client.js HTTP/1.1" 200 2915 "https://e-udyogaadhaar.com/?_gl=1*rgknbr*_ga*MzY3MjE1MDcwLjE3MzcwOTUyMjA.*_ga_0VKVKKN4NV*MTczNzEwMjM4NC4yLjEuMTczNzEwMjQ1My42MC4wLjA.&_bd_prev_page=https://e-udyogaadhaar.com/detail.php" "Mozilla/5.0 AppleWebKit/537.36 (KHTML, like Gecko) Chrome/137.0.7151.68 Safari/537.36"
72.14.199.36 - - [24/Jun/2025:16:29:48 +0000] "GET /sam.jpg HTTP/1.1" 200 5276 "https://e-udyogaadhaar.com/?_gl=1*rgknbr*_ga*MzY3MjE1MDcwLjE3MzcwOTUyMjA.*_ga_0VKVKKN4NV*MTczNzEwMjM4NC4yLjEuMTczNzEwMjQ1My42MC4wLjA.&_bd_prev_page=https://e-udyogaadhaar.com/detail.php" "Mozilla/5.0 AppleWebKit/537.36 (KHTML, like Gecko) Chrome/137.0.7151.68 Safari/537.36"
72.14.199.36 - - [24/Jun/2025:16:29:50 +0000] "GET /assets/img/payment-mode.png HTTP/1.1" 200 35473 "https://e-udyogaadhaar.com/?_gl=1*rgknbr*_ga*MzY3MjE1MDcwLjE3MzcwOTUyMjA.*_ga_0VKVKKN4NV*MTczNzEwMjM4NC4yLjEuMTczNzEwMjQ1My42MC4wLjA.&_bd_prev_page=https://e-udyogaadhaar.com/detail.php" "Mozilla/5.0 AppleWebKit/537.36 (KHTML, like Gecko) Chrome/137.0.7151.68 Safari/537.36"
72.14.199.35 - - [24/Jun/2025:16:29:50 +0000] "GET /fontawesome/webfonts/fa-solid-900.woff2 HTTP/1.1" 200 79444 "https://e-udyogaadhaar.com/fontawesome/css/all.css" "Mozilla/5.0 AppleWebKit/537.36 (KHTML, like Gecko) Chrome/137.0.7151.68 Safari/537.36"
72.14.199.35 - - [24/Jun/2025:16:29:52 +0000] "GET /fontawesome/webfonts/fa-regular-400.woff2 HTTP/1.1" 200 13584 "https://e-udyogaadhaar.com/fontawesome/css/all.css" "Mozilla/5.0 AppleWebKit/537.36 (KHTML, like Gecko) Chrome/137.0.7151.68 Safari/537.36"
72.14.199.35 - - [24/Jun/2025:16:29:52 +0000] "GET /fontawesome/webfonts/fa-brands-400.woff2 HTTP/1.1" 200 76612 "https://e-udyogaadhaar.com/fontawesome/css/all.css" "Mozilla/5.0 AppleWebKit/537.36 (KHTML, like Gecko) Chrome/137.0.7151.68 Safari/537.36"
72.14.199.35 - - [24/Jun/2025:16:29:53 +0000] "GET /state.js HTTP/1.1" 200 32501 "https://e-udyogaadhaar.com/?_gl=1*rgknbr*_ga*MzY3MjE1MDcwLjE3MzcwOTUyMjA.*_ga_0VKVKKN4NV*MTczNzEwMjM4NC4yLjEuMTczNzEwMjQ1My42MC4wLjA.&_bd_prev_page=https://e-udyogaadhaar.com/detail.php" "Mozilla/5.0 AppleWebKit/537.36 (KHTML, like Gecko) Chrome/137.0.7151.68 Safari/537.36"
72.14.199.37 - - [24/Jun/2025:16:30:24 +0000] "GET /?_gl=1*rgknbr*_ga*MzY3MjE1MDcwLjE3MzcwOTUyMjA.*_ga_0VKVKKN4NV*MTczNzEwMjM4NC4yLjEuMTczNzEwMjQ1My42MC4wLjA.&_bd_prev_page=https://e-udyogaadhaar.com/detail.php HTTP/1.1" 200 64264 "https://e-udyogaadhaar.com/?_gl=1*rgknbr*_ga*MzY3MjE1MDcwLjE3MzcwOTUyMjA.*_ga_0VKVKKN4NV*MTczNzEwMjM4NC4yLjEuMTczNzEwMjQ1My42MC4wLjA.&_bd_prev_page=https://e-udyogaadhaar.com/detail.php" "Mozilla/5.0 AppleWebKit/537.36 (KHTML, like Gecko) Chrome/137.0.7151.68 Safari/537.36"
47.128.62.108 - - [24/Jun/2025:16:30:36 +0000] "GET /robots.txt HTTP/1.1" 301 245 "-" "Mozilla/5.0 (Linux; Android 5.0) AppleWebKit/537.36 (KHTML, like Gecko) Mobile Safari/537.36 (compatible; Bytespider; spider-feedback@bytedance.com)"
47.128.62.108 - - [24/Jun/2025:16:30:39 +0000] "GET /robots.txt HTTP/1.1" 404 - "-" "Mozilla/5.0 (Linux; Android 5.0) AppleWebKit/537.36 (KHTML, like Gecko) Mobile Safari/537.36 (compatible; Bytespider; spider-feedback@bytedance.com)"
40.77.188.73 - - [24/Jun/2025:16:31:35 +0000] "GET /fontawesome/webfonts/fa-solid-900.woff2 HTTP/2.0" 200 79444 "-" "Mozilla/5.0 AppleWebKit/537.36 (KHTML, like Gecko; compatible; bingbot/2.0; +http://www.bing.com/bingbot.htm) Chrome/100.0.4896.127 Safari/537.36"
40.77.189.4 - - [24/Jun/2025:16:31:35 +0000] "GET /fontawesome/webfonts/fa-brands-400.woff2 HTTP/2.0" 200 76612 "-" "Mozilla/5.0 AppleWebKit/537.36 (KHTML, like Gecko; compatible; bingbot/2.0; +http://www.bing.com/bingbot.htm) Chrome/100.0.4896.127 Safari/537.36"
40.77.188.103 - - [24/Jun/2025:16:31:35 +0000] "GET /fontawesome/webfonts/fa-regular-400.woff2 HTTP/2.0" 200 13584 "-" "Mozilla/5.0 AppleWebKit/537.36 (KHTML, like Gecko; compatible; bingbot/2.0; +http://www.bing.com/bingbot.htm) Chrome/100.0.4896.127 Safari/537.36"
47.128.28.164 - - [24/Jun/2025:16:34:37 +0000] "GET /robots.txt HTTP/1.1" 301 245 "-" "Mozilla/5.0 (Linux; Android 5.0) AppleWebKit/537.36 (KHTML, like Gecko) Mobile Safari/537.36 (compatible; Bytespider; spider-feedback@bytedance.com)"
47.128.28.164 - - [24/Jun/2025:16:34:39 +0000] "GET /robots.txt HTTP/1.1" 404 - "-" "Mozilla/5.0 (Linux; Android 5.0) AppleWebKit/537.36 (KHTML, like Gecko) Mobile Safari/537.36 (compatible; Bytespider; spider-feedback@bytedance.com)"
66.249.84.105 - - [24/Jun/2025:16:37:59 +0000] "GET /assets/img/log.webp HTTP/1.1" 200 15344 "-" "Mozilla/5.0 (Windows NT 5.1; rv:11.0) Gecko Firefox/11.0 (via ggpht.com GoogleImageProxy)"
66.249.84.104 - - [24/Jun/2025:16:38:22 +0000] "GET /assets/img/log.webp HTTP/1.1" 200 15344 "-" "Mozilla/5.0 (Windows NT 5.1; rv:11.0) Gecko Firefox/11.0 (via ggpht.com GoogleImageProxy)"
47.128.55.128 - - [24/Jun/2025:16:38:37 +0000] "GET /robots.txt HTTP/1.1" 301 245 "-" "Mozilla/5.0 (Linux; Android 5.0) AppleWebKit/537.36 (KHTML, like Gecko) Mobile Safari/537.36 (compatible; Bytespider; spider-feedback@bytedance.com)"
47.128.55.128 - - [24/Jun/2025:16:38:41 +0000] "GET /robots.txt HTTP/1.1" 404 - "-" "Mozilla/5.0 (Linux; Android 5.0) AppleWebKit/537.36 (KHTML, like Gecko) Mobile Safari/537.36 (compatible; Bytespider; spider-feedback@bytedance.com)"
49.51.47.100 - - [24/Jun/2025:16:39:25 +0000] "GET /udyam-online-for-partnership-firm.php HTTP/1.1" 200 58914 "-" "Mozilla/5.0 (iPhone; CPU iPhone OS 13_2_3 like Mac OS X) AppleWebKit/605.1.15 (KHTML, like Gecko) Version/13.0.3 Mobile/15E148 Safari/604.1"
66.249.84.105 - - [24/Jun/2025:16:45:00 +0000] "GET /assets/img/log.webp HTTP/1.1" 200 15344 "-" "Mozilla/5.0 (Windows NT 5.1; rv:11.0) Gecko Firefox/11.0 (via ggpht.com GoogleImageProxy)"
152.59.146.99 - - [24/Jun/2025:16:45:25 +0000] "GET /state.js HTTP/2.0" 200 32501 "https://e-udyogaadhaar.com/" "Mozilla/5.0 (Linux; U; Android 15; en-gb; RMX3771 Build/AP3A.240617.008) AppleWebKit/537.36 (KHTML, like Gecko) Chrome/125.0.6422.72 Mobile Safari/537.36 HeyTapBrowser/45.12.6.1"
152.59.146.99 - - [24/Jun/2025:16:45:25 +0000] "GET /fontawesome/css/all.css HTTP/2.0" 200 58178 "https://e-udyogaadhaar.com/" "Mozilla/5.0 (Linux; U; Android 15; en-gb; RMX3771 Build/AP3A.240617.008) AppleWebKit/537.36 (KHTML, like Gecko) Chrome/125.0.6422.72 Mobile Safari/537.36 HeyTapBrowser/45.12.6.1"
152.59.146.99 - - [24/Jun/2025:16:45:25 +0000] "GET /main.css?v=1750783525 HTTP/2.0" 200 17587 "https://e-udyogaadhaar.com/" "Mozilla/5.0 (Linux; U; Android 15; en-gb; RMX3771 Build/AP3A.240617.008) AppleWebKit/537.36 (KHTML, like Gecko) Chrome/125.0.6422.72 Mobile Safari/537.36 HeyTapBrowser/45.12.6.1"
152.59.146.99 - - [24/Jun/2025:16:45:25 +0000] "GET / HTTP/2.0" 200 64079 "-" "Mozilla/5.0 (Linux; U; Android 15; en-gb; RMX3771 Build/AP3A.240617.008) AppleWebKit/537.36 (KHTML, like Gecko) Chrome/125.0.6422.72 Mobile Safari/537.36 HeyTapBrowser/45.12.6.1"
152.59.146.99 - - [24/Jun/2025:16:45:26 +0000] "GET /assets/img/log.webp HTTP/2.0" 200 15344 "https://e-udyogaadhaar.com/" "Mozilla/5.0 (Linux; U; Android 15; en-gb; RMX3771 Build/AP3A.240617.008) AppleWebKit/537.36 (KHTML, like Gecko) Chrome/125.0.6422.72 Mobile Safari/537.36 HeyTapBrowser/45.12.6.1"
152.59.146.99 - - [24/Jun/2025:16:45:28 +0000] "GET /udyam.webp HTTP/2.0" 200 115910 "https://e-udyogaadhaar.com/" "Mozilla/5.0 (Linux; U; Android 15; en-gb; RMX3771 Build/AP3A.240617.008) AppleWebKit/537.36 (KHTML, like Gecko) Chrome/125.0.6422.72 Mobile Safari/537.36 HeyTapBrowser/45.12.6.1"
152.59.146.99 - - [24/Jun/2025:16:45:28 +0000] "GET /sam.jpg HTTP/2.0" 200 5276 "https://e-udyogaadhaar.com/" "Mozilla/5.0 (Linux; U; Android 15; en-gb; RMX3771 Build/AP3A.240617.008) AppleWebKit/537.36 (KHTML, like Gecko) Chrome/125.0.6422.72 Mobile Safari/537.36 HeyTapBrowser/45.12.6.1"
152.59.146.99 - - [24/Jun/2025:16:45:28 +0000] "GET /assets/img/engs.svg HTTP/2.0" 200 430 "https://e-udyogaadhaar.com/" "Mozilla/5.0 (Linux; U; Android 15; en-gb; RMX3771 Build/AP3A.240617.008) AppleWebKit/537.36 (KHTML, like Gecko) Chrome/125.0.6422.72 Mobile Safari/537.36 HeyTapBrowser/45.12.6.1"
152.59.146.99 - - [24/Jun/2025:16:45:28 +0000] "GET /client.js HTTP/2.0" 200 2915 "https://e-udyogaadhaar.com/" "Mozilla/5.0 (Linux; U; Android 15; en-gb; RMX3771 Build/AP3A.240617.008) AppleWebKit/537.36 (KHTML, like Gecko) Chrome/125.0.6422.72 Mobile Safari/537.36 HeyTapBrowser/45.12.6.1"
152.59.146.99 - - [24/Jun/2025:16:45:28 +0000] "GET /captcha.php HTTP/2.0" 200 1193 "https://e-udyogaadhaar.com/" "Mozilla/5.0 (Linux; U; Android 15; en-gb; RMX3771 Build/AP3A.240617.008) AppleWebKit/537.36 (KHTML, like Gecko) Chrome/125.0.6422.72 Mobile Safari/537.36 HeyTapBrowser/45.12.6.1"
152.59.146.99 - - [24/Jun/2025:16:45:28 +0000] "GET /fontawesome/webfonts/fa-brands-400.woff2 HTTP/2.0" 200 76612 "https://e-udyogaadhaar.com/fontawesome/css/all.css" "Mozilla/5.0 (Linux; U; Android 15; en-gb; RMX3771 Build/AP3A.240617.008) AppleWebKit/537.36 (KHTML, like Gecko) Chrome/125.0.6422.72 Mobile Safari/537.36 HeyTapBrowser/45.12.6.1"
152.59.146.99 - - [24/Jun/2025:16:45:28 +0000] "GET /fontawesome/webfonts/fa-solid-900.woff2 HTTP/2.0" 200 79444 "https://e-udyogaadhaar.com/fontawesome/css/all.css" "Mozilla/5.0 (Linux; U; Android 15; en-gb; RMX3771 Build/AP3A.240617.008) AppleWebKit/537.36 (KHTML, like Gecko) Chrome/125.0.6422.72 Mobile Safari/537.36 HeyTapBrowser/45.12.6.1"
152.59.146.99 - - [24/Jun/2025:16:45:29 +0000] "GET /fontawesome/webfonts/fa-regular-400.woff2 HTTP/2.0" 200 13584 "https://e-udyogaadhaar.com/fontawesome/css/all.css" "Mozilla/5.0 (Linux; U; Android 15; en-gb; RMX3771 Build/AP3A.240617.008) AppleWebKit/537.36 (KHTML, like Gecko) Chrome/125.0.6422.72 Mobile Safari/537.36 HeyTapBrowser/45.12.6.1"
152.59.146.99 - - [24/Jun/2025:16:45:29 +0000] "GET /state.js HTTP/2.0" 200 32501 "https://e-udyogaadhaar.com/" "Mozilla/5.0 (Linux; U; Android 15; en-gb; RMX3771 Build/AP3A.240617.008) AppleWebKit/537.36 (KHTML, like Gecko) Chrome/125.0.6422.72 Mobile Safari/537.36 HeyTapBrowser/45.12.6.1"
152.59.146.99 - - [24/Jun/2025:16:45:30 +0000] "GET /assets/img/payment-mode.png HTTP/2.0" 200 35473 "https://e-udyogaadhaar.com/" "Mozilla/5.0 (Linux; U; Android 15; en-gb; RMX3771 Build/AP3A.240617.008) AppleWebKit/537.36 (KHTML, like Gecko) Chrome/125.0.6422.72 Mobile Safari/537.36 HeyTapBrowser/45.12.6.1"
152.59.146.99 - - [24/Jun/2025:16:45:33 +0000] "GET /assets/img/favicon.ico HTTP/2.0" 200 15406 "https://e-udyogaadhaar.com/" "Mozilla/5.0 (Linux; U; Android 15; en-gb; RMX3771 Build/AP3A.240617.008) AppleWebKit/537.36 (KHTML, like Gecko) Chrome/125.0.6422.72 Mobile Safari/537.36 HeyTapBrowser/45.12.6.1"
124.108.16.134 - - [24/Jun/2025:16:45:38 +0000] "GET / HTTP/2.0" 200 64079 "-" "Mozilla/5.0 (Windows NT 10.0; Win64; x64) AppleWebKit/537.36 (KHTML, like Gecko) Chrome/137.0.0.0 Safari/537.36"
124.108.16.134 - - [24/Jun/2025:16:45:39 +0000] "GET /fontawesome/css/all.css HTTP/2.0" 200 58178 "https://e-udyogaadhaar.com/" "Mozilla/5.0 (Windows NT 10.0; Win64; x64) AppleWebKit/537.36 (KHTML, like Gecko) Chrome/137.0.0.0 Safari/537.36"
124.108.16.134 - - [24/Jun/2025:16:45:39 +0000] "GET /main.css?v=1750783538 HTTP/2.0" 200 17587 "https://e-udyogaadhaar.com/" "Mozilla/5.0 (Windows NT 10.0; Win64; x64) AppleWebKit/537.36 (KHTML, like Gecko) Chrome/137.0.0.0 Safari/537.36"
124.108.16.134 - - [24/Jun/2025:16:45:39 +0000] "GET /state.js HTTP/2.0" 200 32501 "https://e-udyogaadhaar.com/" "Mozilla/5.0 (Windows NT 10.0; Win64; x64) AppleWebKit/537.36 (KHTML, like Gecko) Chrome/137.0.0.0 Safari/537.36"
124.108.16.134 - - [24/Jun/2025:16:45:39 +0000] "GET /assets/img/log.webp HTTP/2.0" 200 15344 "https://e-udyogaadhaar.com/" "Mozilla/5.0 (Windows NT 10.0; Win64; x64) AppleWebKit/537.36 (KHTML, like Gecko) Chrome/137.0.0.0 Safari/537.36"
124.108.16.134 - - [24/Jun/2025:16:45:41 +0000] "GET /assets/img/engs.svg HTTP/2.0" 200 430 "https://e-udyogaadhaar.com/" "Mozilla/5.0 (Windows NT 10.0; Win64; x64) AppleWebKit/537.36 (KHTML, like Gecko) Chrome/137.0.0.0 Safari/537.36"
124.108.16.134 - - [24/Jun/2025:16:45:41 +0000] "GET /udyam.webp HTTP/2.0" 200 115910 "https://e-udyogaadhaar.com/" "Mozilla/5.0 (Windows NT 10.0; Win64; x64) AppleWebKit/537.36 (KHTML, like Gecko) Chrome/137.0.0.0 Safari/537.36"
124.108.16.134 - - [24/Jun/2025:16:45:42 +0000] "GET /captcha.php HTTP/2.0" 200 1245 "https://e-udyogaadhaar.com/" "Mozilla/5.0 (Windows NT 10.0; Win64; x64) AppleWebKit/537.36 (KHTML, like Gecko) Chrome/137.0.0.0 Safari/537.36"
124.108.16.134 - - [24/Jun/2025:16:45:42 +0000] "GET /sam.jpg HTTP/2.0" 200 5276 "https://e-udyogaadhaar.com/" "Mozilla/5.0 (Windows NT 10.0; Win64; x64) AppleWebKit/537.36 (KHTML, like Gecko) Chrome/137.0.0.0 Safari/537.36"
124.108.16.134 - - [24/Jun/2025:16:45:42 +0000] "GET /client.js HTTP/2.0" 200 2915 "https://e-udyogaadhaar.com/" "Mozilla/5.0 (Windows NT 10.0; Win64; x64) AppleWebKit/537.36 (KHTML, like Gecko) Chrome/137.0.0.0 Safari/537.36"
124.108.16.134 - - [24/Jun/2025:16:45:50 +0000] "GET /state.js HTTP/2.0" 200 32501 "https://e-udyogaadhaar.com/" "Mozilla/5.0 (Windows NT 10.0; Win64; x64) AppleWebKit/537.36 (KHTML, like Gecko) Chrome/137.0.0.0 Safari/537.36"
124.108.16.134 - - [24/Jun/2025:16:45:50 +0000] "GET /assets/img/payment-mode.png HTTP/2.0" 200 35473 "https://e-udyogaadhaar.com/" "Mozilla/5.0 (Windows NT 10.0; Win64; x64) AppleWebKit/537.36 (KHTML, like Gecko) Chrome/137.0.0.0 Safari/537.36"
124.108.16.134 - - [24/Jun/2025:16:45:53 +0000] "GET /fontawesome/webfonts/fa-brands-400.woff2 HTTP/2.0" 200 76612 "https://e-udyogaadhaar.com/fontawesome/css/all.css" "Mozilla/5.0 (Windows NT 10.0; Win64; x64) AppleWebKit/537.36 (KHTML, like Gecko) Chrome/137.0.0.0 Safari/537.36"
124.108.16.134 - - [24/Jun/2025:16:45:53 +0000] "GET /fontawesome/webfonts/fa-solid-900.woff2 HTTP/2.0" 200 79444 "https://e-udyogaadhaar.com/fontawesome/css/all.css" "Mozilla/5.0 (Windows NT 10.0; Win64; x64) AppleWebKit/537.36 (KHTML, like Gecko) Chrome/137.0.0.0 Safari/537.36"
124.108.16.134 - - [24/Jun/2025:16:45:53 +0000] "GET /fontawesome/webfonts/fa-regular-400.woff2 HTTP/2.0" 200 13584 "https://e-udyogaadhaar.com/fontawesome/css/all.css" "Mozilla/5.0 (Windows NT 10.0; Win64; x64) AppleWebKit/537.36 (KHTML, like Gecko) Chrome/137.0.0.0 Safari/537.36"
124.108.16.134 - - [24/Jun/2025:16:46:16 +0000] "GET /update-udyam-certificate.php HTTP/2.0" 200 43270 "https://e-udyogaadhaar.com/" "Mozilla/5.0 (Windows NT 10.0; Win64; x64) AppleWebKit/537.36 (KHTML, like Gecko) Chrome/137.0.0.0 Safari/537.36"
124.108.16.134 - - [24/Jun/2025:16:46:17 +0000] "GET /main.css?v=1750783576 HTTP/2.0" 200 17587 "https://e-udyogaadhaar.com/update-udyam-certificate.php" "Mozilla/5.0 (Windows NT 10.0; Win64; x64) AppleWebKit/537.36 (KHTML, like Gecko) Chrome/137.0.0.0 Safari/537.36"
124.108.16.134 - - [24/Jun/2025:16:46:17 +0000] "GET /state.js HTTP/2.0" 200 32501 "https://e-udyogaadhaar.com/update-udyam-certificate.php" "Mozilla/5.0 (Windows NT 10.0; Win64; x64) AppleWebKit/537.36 (KHTML, like Gecko) Chrome/137.0.0.0 Safari/537.36"
124.108.16.134 - - [24/Jun/2025:16:46:17 +0000] "GET /assets/img/log.webp HTTP/2.0" 200 15344 "https://e-udyogaadhaar.com/update-udyam-certificate.php" "Mozilla/5.0 (Windows NT 10.0; Win64; x64) AppleWebKit/537.36 (KHTML, like Gecko) Chrome/137.0.0.0 Safari/537.36"
124.108.16.134 - - [24/Jun/2025:16:46:17 +0000] "GET /assets/img/engs.svg HTTP/2.0" 200 430 "https://e-udyogaadhaar.com/update-udyam-certificate.php" "Mozilla/5.0 (Windows NT 10.0; Win64; x64) AppleWebKit/537.36 (KHTML, like Gecko) Chrome/137.0.0.0 Safari/537.36"
124.108.16.134 - - [24/Jun/2025:16:46:18 +0000] "GET /captcha.php HTTP/2.0" 200 1217 "https://e-udyogaadhaar.com/update-udyam-certificate.php" "Mozilla/5.0 (Windows NT 10.0; Win64; x64) AppleWebKit/537.36 (KHTML, like Gecko) Chrome/137.0.0.0 Safari/537.36"
124.108.16.134 - - [24/Jun/2025:16:46:18 +0000] "GET /sam.jpg HTTP/2.0" 200 5276 "https://e-udyogaadhaar.com/update-udyam-certificate.php" "Mozilla/5.0 (Windows NT 10.0; Win64; x64) AppleWebKit/537.36 (KHTML, like Gecko) Chrome/137.0.0.0 Safari/537.36"
124.108.16.134 - - [24/Jun/2025:16:46:18 +0000] "GET /assets/img/payment-mode.png HTTP/2.0" 200 35473 "https://e-udyogaadhaar.com/update-udyam-certificate.php" "Mozilla/5.0 (Windows NT 10.0; Win64; x64) AppleWebKit/537.36 (KHTML, like Gecko) Chrome/137.0.0.0 Safari/537.36"
124.108.16.134 - - [24/Jun/2025:16:46:18 +0000] "GET /client.js HTTP/2.0" 200 2915 "https://e-udyogaadhaar.com/update-udyam-certificate.php" "Mozilla/5.0 (Windows NT 10.0; Win64; x64) AppleWebKit/537.36 (KHTML, like Gecko) Chrome/137.0.0.0 Safari/537.36"
124.108.16.134 - - [24/Jun/2025:16:46:18 +0000] "GET /assets/js/nav.js HTTP/2.0" 200 180 "https://e-udyogaadhaar.com/update-udyam-certificate.php" "Mozilla/5.0 (Windows NT 10.0; Win64; x64) AppleWebKit/537.36 (KHTML, like Gecko) Chrome/137.0.0.0 Safari/537.36"
124.108.16.134 - - [24/Jun/2025:16:46:18 +0000] "GET /assets/js/util.js HTTP/2.0" 200 4646 "https://e-udyogaadhaar.com/update-udyam-certificate.php" "Mozilla/5.0 (Windows NT 10.0; Win64; x64) AppleWebKit/537.36 (KHTML, like Gecko) Chrome/137.0.0.0 Safari/537.36"
124.108.16.134 - - [24/Jun/2025:16:46:18 +0000] "GET /assets/js/main.js HTTP/2.0" 200 1223 "https://e-udyogaadhaar.com/update-udyam-certificate.php" "Mozilla/5.0 (Windows NT 10.0; Win64; x64) AppleWebKit/537.36 (KHTML, like Gecko) Chrome/137.0.0.0 Safari/537.36"
124.108.16.134 - - [24/Jun/2025:16:46:21 +0000] "GET /update-udyam-certificate.php HTTP/2.0" 200 43298 "https://e-udyogaadhaar.com/update-udyam-certificate.php" "Mozilla/5.0 (Windows NT 10.0; Win64; x64) AppleWebKit/537.36 (KHTML, like Gecko) Chrome/137.0.0.0 Safari/537.36"
57.141.2.8 - - [24/Jun/2025:16:46:39 +0000] "GET /complaint-form.php?ln=ml HTTP/2.0" 200 30542 "-" "meta-externalagent/1.1 (+https://developers.facebook.com/docs/sharing/webmasters/crawler)"
43.157.53.115 - - [24/Jun/2025:16:47:03 +0000] "GET /complaint-track-form.php HTTP/1.1" 200 30140 "-" "Mozilla/5.0 (iPhone; CPU iPhone OS 13_2_3 like Mac OS X) AppleWebKit/605.1.15 (KHTML, like Gecko) Version/13.0.3 Mobile/15E148 Safari/604.1"
66.249.93.9 - - [24/Jun/2025:16:47:35 +0000] "GET /assets/img/log.webp HTTP/1.1" 200 15344 "-" "Mozilla/5.0 (Windows NT 5.1; rv:11.0) Gecko Firefox/11.0 (via ggpht.com GoogleImageProxy)"
185.191.171.13 - - [24/Jun/2025:16:52:14 +0000] "GET /robots.txt HTTP/1.1" 404 - "-" "Mozilla/5.0 (compatible; SemrushBot/7~bl; +http://www.semrush.com/bot.html)"
85.208.96.209 - - [24/Jun/2025:16:52:15 +0000] "GET /complaint-track-form.php?ln=or HTTP/1.1" 200 30140 "-" "Mozilla/5.0 (compatible; SemrushBot/7~bl; +http://www.semrush.com/bot.html)"
104.28.37.212 - - [24/Jun/2025:16:53:49 +0000] "GET /assets/img/log.webp HTTP/2.0" 200 15344 "-" "Mozilla/5.0"
185.191.171.14 - - [24/Jun/2025:16:54:49 +0000] "GET /udyam-online-for-proprietor.php?ln=ta HTTP/1.1" 200 58762 "-" "Mozilla/5.0 (compatible; SemrushBot/7~bl; +http://www.semrush.com/bot.html)"
66.249.84.103 - - [24/Jun/2025:16:57:04 +0000] "GET /assets/img/log.webp HTTP/1.1" 200 15344 "-" "Mozilla/5.0 (Windows NT 5.1; rv:11.0) Gecko Firefox/11.0 (via ggpht.com GoogleImageProxy)"
101.32.208.70 - - [24/Jun/2025:16:58:10 +0000] "GET /blog HTTP/1.1" 301 240 "-" "Mozilla/5.0 (iPhone; CPU iPhone OS 13_2_3 like Mac OS X) AppleWebKit/605.1.15 (KHTML, like Gecko) Version/13.0.3 Mobile/15E148 Safari/604.1"
101.32.208.70 - - [24/Jun/2025:16:58:12 +0000] "GET /blog/ HTTP/1.1" 200 27946 "https://e-udyogaadhaar.com/blog" "Mozilla/5.0 (iPhone; CPU iPhone OS 13_2_3 like Mac OS X) AppleWebKit/605.1.15 (KHTML, like Gecko) Version/13.0.3 Mobile/15E148 Safari/604.1"
66.249.93.8 - - [24/Jun/2025:16:58:52 +0000] "GET /assets/img/log.webp HTTP/1.1" 200 15344 "-" "Mozilla/5.0 (Windows NT 5.1; rv:11.0) Gecko Firefox/11.0 (via ggpht.com GoogleImageProxy)"
66.249.93.10 - - [24/Jun/2025:16:58:58 +0000] "GET /assets/img/log.webp HTTP/1.1" 200 15344 "-" "Mozilla/5.0 (Windows NT 5.1; rv:11.0) Gecko Firefox/11.0 (via ggpht.com GoogleImageProxy)"
85.208.98.18 - - [24/Jun/2025:16:58:59 +0000] "GET /robots.txt HTTP/1.1" 404 - "http://e-udyogaadhaar.com/robots.txt" "Mozilla/5.0 (compatible; SemrushBot; +http://www.semrush.com/bot.html)"
4.227.36.108 - - [24/Jun/2025:17:00:03 +0000] "GET /robots.txt HTTP/2.0" 404 - "-" "Mozilla/5.0 AppleWebKit/537.36 (KHTML, like Gecko; compatible; GPTBot/1.2; +https://openai.com/gptbot)"
66.249.84.105 - - [24/Jun/2025:17:00:41 +0000] "GET /assets/img/log.webp HTTP/1.1" 200 15344 "-" "Mozilla/5.0 (Windows NT 5.1; rv:11.0) Gecko Firefox/11.0 (via ggpht.com GoogleImageProxy)"
172.182.194.152 - - [24/Jun/2025:17:01:09 +0000] "GET /blog/how-to-update-udyam-registration-certificate.php?ln=ml HTTP/2.0" 200 25390 "-" "Mozilla/5.0 (Macintosh; Intel Mac OS X 10_15_7) AppleWebKit/537.36 (KHTML, like Gecko) Chrome/131.0.0.0 Safari/537.36; compatible; OAI-SearchBot/1.0; +https://openai.com/searchbot"
66.249.93.9 - - [24/Jun/2025:17:03:15 +0000] "GET /assets/img/log.webp HTTP/1.1" 200 15344 "-" "Mozilla/5.0 (Windows NT 5.1; rv:11.0) Gecko Firefox/11.0 (via ggpht.com GoogleImageProxy)"
66.249.84.104 - - [24/Jun/2025:17:05:30 +0000] "GET /assets/img/log.webp HTTP/1.1" 200 15344 "-" "Mozilla/5.0 (Windows NT 5.1; rv:11.0) Gecko Firefox/11.0 (via ggpht.com GoogleImageProxy)"
66.249.84.105 - - [24/Jun/2025:17:05:33 +0000] "GET /assets/img/log.webp HTTP/1.1" 200 15344 "-" "Mozilla/5.0 (Windows NT 5.1; rv:11.0) Gecko Firefox/11.0 (via ggpht.com GoogleImageProxy)"
27.61.156.93 - - [24/Jun/2025:17:07:07 +0000] "GET / HTTP/2.0" 200 64079 "-" "Mozilla/5.0 (Windows; U; Windows NT 5.2; en-US) AppleWebKit/537.36 (KHTML, like Gecko) VivoBrowser/14.2.0.0 Chrome/123.0.6312.118 Safari/537.36"
27.61.156.93 - - [24/Jun/2025:17:07:25 +0000] "GET / HTTP/2.0" 200 64079 "-" "Mozilla/5.0 (Windows; U; Windows NT 5.2; en-US) AppleWebKit/537.36 (KHTML, like Gecko) VivoBrowser/14.2.0.0 Chrome/123.0.6312.118 Safari/537.36"
27.61.156.93 - - [24/Jun/2025:17:07:39 +0000] "GET /fontawesome/css/all.css HTTP/2.0" 200 58178 "https://e-udyogaadhaar.com/" "Mozilla/5.0 (Windows; U; Windows NT 5.2; en-US) AppleWebKit/537.36 (KHTML, like Gecko) VivoBrowser/14.2.0.0 Chrome/123.0.6312.118 Safari/537.36"
27.61.156.93 - - [24/Jun/2025:17:07:39 +0000] "GET /main.css?v=1750784845 HTTP/2.0" 200 17587 "https://e-udyogaadhaar.com/" "Mozilla/5.0 (Windows; U; Windows NT 5.2; en-US) AppleWebKit/537.36 (KHTML, like Gecko) VivoBrowser/14.2.0.0 Chrome/123.0.6312.118 Safari/537.36"
27.61.156.93 - - [24/Jun/2025:17:07:39 +0000] "GET /state.js HTTP/2.0" 200 32501 "https://e-udyogaadhaar.com/" "Mozilla/5.0 (Windows; U; Windows NT 5.2; en-US) AppleWebKit/537.36 (KHTML, like Gecko) VivoBrowser/14.2.0.0 Chrome/123.0.6312.118 Safari/537.36"
27.61.156.93 - - [24/Jun/2025:17:07:39 +0000] "GET /assets/img/log.webp HTTP/2.0" 200 15344 "https://e-udyogaadhaar.com/" "Mozilla/5.0 (Windows; U; Windows NT 5.2; en-US) AppleWebKit/537.36 (KHTML, like Gecko) VivoBrowser/14.2.0.0 Chrome/123.0.6312.118 Safari/537.36"
27.61.156.93 - - [24/Jun/2025:17:07:40 +0000] "GET /assets/img/engs.svg HTTP/2.0" 200 430 "https://e-udyogaadhaar.com/" "Mozilla/5.0 (Windows; U; Windows NT 5.2; en-US) AppleWebKit/537.36 (KHTML, like Gecko) VivoBrowser/14.2.0.0 Chrome/123.0.6312.118 Safari/537.36"
27.61.156.93 - - [24/Jun/2025:17:07:40 +0000] "GET /udyam.webp HTTP/2.0" 200 115910 "https://e-udyogaadhaar.com/" "Mozilla/5.0 (Windows; U; Windows NT 5.2; en-US) AppleWebKit/537.36 (KHTML, like Gecko) VivoBrowser/14.2.0.0 Chrome/123.0.6312.118 Safari/537.36"
27.61.156.93 - - [24/Jun/2025:17:07:41 +0000] "GET /captcha.php HTTP/2.0" 200 1242 "https://e-udyogaadhaar.com/" "Mozilla/5.0 (Windows; U; Windows NT 5.2; en-US) AppleWebKit/537.36 (KHTML, like Gecko) VivoBrowser/14.2.0.0 Chrome/123.0.6312.118 Safari/537.36"
27.61.156.93 - - [24/Jun/2025:17:07:41 +0000] "GET /sam.jpg HTTP/2.0" 200 5276 "https://e-udyogaadhaar.com/" "Mozilla/5.0 (Windows; U; Windows NT 5.2; en-US) AppleWebKit/537.36 (KHTML, like Gecko) VivoBrowser/14.2.0.0 Chrome/123.0.6312.118 Safari/537.36"
