57.141.2.4 - - [24/Jun/2025:18:29:00 +0000] "GET /buy.php/shopdetail/3272464 HTTP/1.1" 301 265 "-" "meta-externalagent/1.1 (+https://developers.facebook.com/docs/sharing/webmasters/crawler)"
57.141.2.3 - - [24/Jun/2025:18:29:09 +0000] "GET /buy.php/shopdetail/1478504 HTTP/1.1" 301 265 "-" "meta-externalagent/1.1 (+https://developers.facebook.com/docs/sharing/webmasters/crawler)"
54.36.149.9 - - [24/Jun/2025:18:29:11 +0000] "GET /shopdetail/2092512 HTTP/1.1" 301 257 "-" "Mozilla/5.0 (compatible; AhrefsBot/7.0; +http://ahrefs.com/robot/)"
57.141.2.13 - - [24/Jun/2025:18:29:13 +0000] "GET /buy.php/shopdetail/0969326 HTTP/1.1" 301 265 "-" "meta-externalagent/1.1 (+https://developers.facebook.com/docs/sharing/webmasters/crawler)"
57.141.2.3 - - [24/Jun/2025:18:29:25 +0000] "GET /buy.php/shopdetail/1765242 HTTP/1.1" 301 265 "-" "meta-externalagent/1.1 (+https://developers.facebook.com/docs/sharing/webmasters/crawler)"
57.141.2.22 - - [24/Jun/2025:18:29:25 +0000] "GET /shopdetail/3810060 HTTP/1.1" 301 257 "-" "meta-externalagent/1.1 (+https://developers.facebook.com/docs/sharing/webmasters/crawler)"
57.141.2.3 - - [24/Jun/2025:18:30:06 +0000] "GET /shopdetail/3595212 HTTP/1.1" 301 257 "-" "meta-externalagent/1.1 (+https://developers.facebook.com/docs/sharing/webmasters/crawler)"
57.141.2.9 - - [24/Jun/2025:18:30:09 +0000] "GET /buy.php/shopdetail/3127156 HTTP/1.1" 301 265 "-" "meta-externalagent/1.1 (+https://developers.facebook.com/docs/sharing/webmasters/crawler)"
57.141.2.14 - - [24/Jun/2025:18:30:22 +0000] "GET /buy.php/shopdetail/2204662 HTTP/1.1" 301 265 "-" "meta-externalagent/1.1 (+https://developers.facebook.com/docs/sharing/webmasters/crawler)"
54.36.148.37 - - [24/Jun/2025:18:30:22 +0000] "GET /shopdetail/2117852 HTTP/1.1" 301 257 "-" "Mozilla/5.0 (compatible; AhrefsBot/7.0; +http://ahrefs.com/robot/)"
57.141.2.11 - - [24/Jun/2025:18:30:26 +0000] "GET /buy.php/shopdetail/2166108 HTTP/1.1" 301 265 "-" "meta-externalagent/1.1 (+https://developers.facebook.com/docs/sharing/webmasters/crawler)"
57.141.2.30 - - [24/Jun/2025:18:30:44 +0000] "GET /buy.php/shopdetail/2991302 HTTP/1.1" 301 265 "-" "meta-externalagent/1.1 (+https://developers.facebook.com/docs/sharing/webmasters/crawler)"
57.141.2.18 - - [24/Jun/2025:18:30:50 +0000] "GET /buy.php/shopdetail/3018533 HTTP/1.1" 301 265 "-" "meta-externalagent/1.1 (+https://developers.facebook.com/docs/sharing/webmasters/crawler)"
54.36.148.33 - - [24/Jun/2025:18:31:01 +0000] "GET /shopdetail/2212747 HTTP/1.1" 301 257 "-" "Mozilla/5.0 (compatible; AhrefsBot/7.0; +http://ahrefs.com/robot/)"
57.141.2.17 - - [24/Jun/2025:18:31:25 +0000] "GET /buy.php/shopdetail/1698040 HTTP/1.1" 301 265 "-" "meta-externalagent/1.1 (+https://developers.facebook.com/docs/sharing/webmasters/crawler)"
57.141.2.22 - - [24/Jun/2025:18:31:30 +0000] "GET /shopdetail/2094152 HTTP/1.1" 301 257 "-" "meta-externalagent/1.1 (+https://developers.facebook.com/docs/sharing/webmasters/crawler)"
54.36.148.68 - - [24/Jun/2025:18:31:31 +0000] "GET /shopdetail/2221041 HTTP/1.1" 301 257 "-" "Mozilla/5.0 (compatible; AhrefsBot/7.0; +http://ahrefs.com/robot/)"
57.141.2.5 - - [24/Jun/2025:18:31:33 +0000] "GET /shopdetail/3033706 HTTP/1.1" 301 257 "-" "meta-externalagent/1.1 (+https://developers.facebook.com/docs/sharing/webmasters/crawler)"
57.141.2.30 - - [24/Jun/2025:18:31:35 +0000] "GET /buy.php/shopdetail/0553173 HTTP/1.1" 301 265 "-" "meta-externalagent/1.1 (+https://developers.facebook.com/docs/sharing/webmasters/crawler)"
57.141.2.10 - - [24/Jun/2025:18:31:42 +0000] "GET /shopdetail/1471520 HTTP/1.1" 301 257 "-" "meta-externalagent/1.1 (+https://developers.facebook.com/docs/sharing/webmasters/crawler)"
57.141.2.7 - - [24/Jun/2025:18:31:46 +0000] "GET /buy.php/shopdetail/2272052 HTTP/1.1" 301 265 "-" "meta-externalagent/1.1 (+https://developers.facebook.com/docs/sharing/webmasters/crawler)"
57.141.2.6 - - [24/Jun/2025:18:31:48 +0000] "GET /buy.php/shopdetail/3860642 HTTP/1.1" 301 265 "-" "meta-externalagent/1.1 (+https://developers.facebook.com/docs/sharing/webmasters/crawler)"
57.141.2.30 - - [24/Jun/2025:18:31:48 +0000] "GET /buy.php/shopdetail/0748451 HTTP/1.1" 301 265 "-" "meta-externalagent/1.1 (+https://developers.facebook.com/docs/sharing/webmasters/crawler)"
57.141.2.5 - - [24/Jun/2025:18:31:50 +0000] "GET /buy.php/shopdetail/2861056 HTTP/1.1" 301 265 "-" "meta-externalagent/1.1 (+https://developers.facebook.com/docs/sharing/webmasters/crawler)"
57.141.2.22 - - [24/Jun/2025:18:31:51 +0000] "GET /shopdetail/3418939 HTTP/1.1" 301 257 "-" "meta-externalagent/1.1 (+https://developers.facebook.com/docs/sharing/webmasters/crawler)"
54.36.149.17 - - [24/Jun/2025:18:32:05 +0000] "GET /shopdetail/2226549 HTTP/1.1" 301 257 "-" "Mozilla/5.0 (compatible; AhrefsBot/7.0; +http://ahrefs.com/robot/)"
57.141.2.25 - - [24/Jun/2025:18:32:18 +0000] "GET /shopdetail/2709782 HTTP/1.1" 301 257 "-" "meta-externalagent/1.1 (+https://developers.facebook.com/docs/sharing/webmasters/crawler)"
57.141.2.18 - - [24/Jun/2025:18:32:21 +0000] "GET /shopdetail/3558912 HTTP/1.1" 301 257 "-" "meta-externalagent/1.1 (+https://developers.facebook.com/docs/sharing/webmasters/crawler)"
66.249.79.131 - - [24/Jun/2025:18:32:55 +0000] "GET /shopdetail/3939569 HTTP/1.1" 301 257 "-" "Mozilla/5.0 (compatible; Googlebot/2.1; +http://www.google.com/bot.html)"
66.249.79.131 - - [24/Jun/2025:18:33:02 +0000] "GET /shopdetail/2538328 HTTP/1.1" 301 257 "-" "Mozilla/5.0 (compatible; Googlebot/2.1; +http://www.google.com/bot.html)"
57.141.2.3 - - [24/Jun/2025:18:33:03 +0000] "GET /buy.php/shopdetail/1001790 HTTP/1.1" 301 265 "-" "meta-externalagent/1.1 (+https://developers.facebook.com/docs/sharing/webmasters/crawler)"
54.36.148.41 - - [24/Jun/2025:18:33:03 +0000] "GET /shopdetail/2233922 HTTP/1.1" 301 257 "-" "Mozilla/5.0 (compatible; AhrefsBot/7.0; +http://ahrefs.com/robot/)"
57.141.2.13 - - [24/Jun/2025:18:33:20 +0000] "GET /buy.php/shopdetail/1723640 HTTP/1.1" 301 265 "-" "meta-externalagent/1.1 (+https://developers.facebook.com/docs/sharing/webmasters/crawler)"
66.249.79.131 - - [24/Jun/2025:18:33:26 +0000] "GET /shopdetail/2208953/oreka/plamodel_menu.html HTTP/1.1" 301 282 "-" "Mozilla/5.0 (Linux; Android 6.0.1; Nexus 5X Build/MMB29P) AppleWebKit/537.36 (KHTML, like Gecko) Chrome/137.0.7151.103 Mobile Safari/537.36 (compatible; Googlebot/2.1; +http://www.google.com/bot.html)"
57.141.2.6 - - [24/Jun/2025:18:33:32 +0000] "GET /buy.php/shopdetail/0574428 HTTP/1.1" 301 265 "-" "meta-externalagent/1.1 (+https://developers.facebook.com/docs/sharing/webmasters/crawler)"
54.36.149.5 - - [24/Jun/2025:18:33:38 +0000] "GET /shopdetail/2242029 HTTP/1.1" 301 257 "-" "Mozilla/5.0 (compatible; AhrefsBot/7.0; +http://ahrefs.com/robot/)"
57.141.2.30 - - [24/Jun/2025:18:33:48 +0000] "GET /buy.php/shopdetail/1871124 HTTP/1.1" 301 265 "-" "meta-externalagent/1.1 (+https://developers.facebook.com/docs/sharing/webmasters/crawler)"
57.141.2.8 - - [24/Jun/2025:18:34:11 +0000] "GET /shopdetail/4273966 HTTP/1.1" 301 257 "-" "meta-externalagent/1.1 (+https://developers.facebook.com/docs/sharing/webmasters/crawler)"
57.141.2.13 - - [24/Jun/2025:18:34:13 +0000] "GET /shopdetail/2615694 HTTP/1.1" 301 257 "-" "meta-externalagent/1.1 (+https://developers.facebook.com/docs/sharing/webmasters/crawler)"
57.141.2.19 - - [24/Jun/2025:18:34:18 +0000] "GET /shopdetail/4002974 HTTP/1.1" 301 257 "-" "meta-externalagent/1.1 (+https://developers.facebook.com/docs/sharing/webmasters/crawler)"
54.36.148.2 - - [24/Jun/2025:18:34:18 +0000] "GET /shopdetail/2244414 HTTP/1.1" 301 257 "-" "Mozilla/5.0 (compatible; AhrefsBot/7.0; +http://ahrefs.com/robot/)"
57.141.2.17 - - [24/Jun/2025:18:34:31 +0000] "GET /buy.php/shopdetail/0587077 HTTP/1.1" 301 265 "-" "meta-externalagent/1.1 (+https://developers.facebook.com/docs/sharing/webmasters/crawler)"
57.141.2.13 - - [24/Jun/2025:18:34:35 +0000] "GET /buy.php/shopdetail/2401455 HTTP/1.1" 301 265 "-" "meta-externalagent/1.1 (+https://developers.facebook.com/docs/sharing/webmasters/crawler)"
57.141.2.30 - - [24/Jun/2025:18:34:39 +0000] "GET /buy.php/shopdetail/0648144 HTTP/1.1" 301 265 "-" "meta-externalagent/1.1 (+https://developers.facebook.com/docs/sharing/webmasters/crawler)"
54.36.149.57 - - [24/Jun/2025:18:34:55 +0000] "GET /shopdetail/2246457 HTTP/1.1" 301 257 "-" "Mozilla/5.0 (compatible; AhrefsBot/7.0; +http://ahrefs.com/robot/)"
57.141.2.17 - - [24/Jun/2025:18:35:14 +0000] "GET /buy.php/shopdetail/3101489 HTTP/1.1" 301 265 "-" "meta-externalagent/1.1 (+https://developers.facebook.com/docs/sharing/webmasters/crawler)"
216.73.217.3 - - [24/Jun/2025:18:35:14 +0000] "GET /sitemap-13.xml HTTP/1.1" 301 253 "-" "Mozilla/5.0 AppleWebKit/537.36 (KHTML, like Gecko; compatible; ClaudeBot/1.0; +claudebot@anthropic.com)"
57.141.2.18 - - [24/Jun/2025:18:35:15 +0000] "GET /shopdetail/3360243 HTTP/1.1" 301 257 "-" "meta-externalagent/1.1 (+https://developers.facebook.com/docs/sharing/webmasters/crawler)"
57.141.2.21 - - [24/Jun/2025:18:35:18 +0000] "GET /buy.php/shopdetail/4334158 HTTP/1.1" 301 265 "-" "meta-externalagent/1.1 (+https://developers.facebook.com/docs/sharing/webmasters/crawler)"
57.141.2.12 - - [24/Jun/2025:18:35:33 +0000] "GET /buy.php/shopdetail/2800311 HTTP/1.1" 301 265 "-" "meta-externalagent/1.1 (+https://developers.facebook.com/docs/sharing/webmasters/crawler)"
54.36.148.98 - - [24/Jun/2025:18:35:33 +0000] "GET /shopdetail/2275824 HTTP/1.1" 301 257 "-" "Mozilla/5.0 (compatible; AhrefsBot/7.0; +http://ahrefs.com/robot/)"
216.73.217.3 - - [24/Jun/2025:18:36:10 +0000] "GET /sitemap-1.xml HTTP/1.1" 301 252 "-" "Mozilla/5.0 AppleWebKit/537.36 (KHTML, like Gecko; compatible; ClaudeBot/1.0; +claudebot@anthropic.com)"
57.141.2.26 - - [24/Jun/2025:18:36:11 +0000] "GET /buy.php/shopdetail/4231896 HTTP/1.1" 301 265 "-" "meta-externalagent/1.1 (+https://developers.facebook.com/docs/sharing/webmasters/crawler)"
54.36.148.169 - - [24/Jun/2025:18:36:14 +0000] "GET /shopdetail/2296708 HTTP/1.1" 301 257 "-" "Mozilla/5.0 (compatible; AhrefsBot/7.0; +http://ahrefs.com/robot/)"
57.141.2.30 - - [24/Jun/2025:18:36:17 +0000] "GET /buy.php/shopdetail/2803392 HTTP/1.1" 301 265 "-" "meta-externalagent/1.1 (+https://developers.facebook.com/docs/sharing/webmasters/crawler)"
57.141.2.26 - - [24/Jun/2025:18:36:18 +0000] "GET /buy.php/shopdetail/1715237 HTTP/1.1" 301 265 "-" "meta-externalagent/1.1 (+https://developers.facebook.com/docs/sharing/webmasters/crawler)"
57.141.2.30 - - [24/Jun/2025:18:36:18 +0000] "GET /shopdetail/1749217 HTTP/1.1" 301 257 "-" "meta-externalagent/1.1 (+https://developers.facebook.com/docs/sharing/webmasters/crawler)"
57.141.2.18 - - [24/Jun/2025:18:36:23 +0000] "GET /shopdetail/0655248 HTTP/1.1" 301 257 "-" "meta-externalagent/1.1 (+https://developers.facebook.com/docs/sharing/webmasters/crawler)"
57.141.2.2 - - [24/Jun/2025:18:36:32 +0000] "GET /buy.php/shopdetail/3457099 HTTP/1.1" 301 265 "-" "meta-externalagent/1.1 (+https://developers.facebook.com/docs/sharing/webmasters/crawler)"
57.141.2.27 - - [24/Jun/2025:18:36:38 +0000] "GET /buy.php/shopdetail/3057538 HTTP/1.1" 301 265 "-" "meta-externalagent/1.1 (+https://developers.facebook.com/docs/sharing/webmasters/crawler)"
66.249.79.130 - - [24/Jun/2025:18:36:53 +0000] "GET /shopdetail/3720604 HTTP/1.1" 301 257 "-" "Mozilla/5.0 (Linux; Android 6.0.1; Nexus 5X Build/MMB29P) AppleWebKit/537.36 (KHTML, like Gecko) Chrome/137.0.7151.103 Mobile Safari/537.36 (compatible; Googlebot/2.1; +http://www.google.com/bot.html)"
57.141.2.1 - - [24/Jun/2025:18:37:09 +0000] "GET /buy.php/shopdetail/4432353 HTTP/1.1" 301 265 "-" "meta-externalagent/1.1 (+https://developers.facebook.com/docs/sharing/webmasters/crawler)"
216.73.217.3 - - [24/Jun/2025:18:37:12 +0000] "GET /sitemap-17.xml HTTP/1.1" 301 253 "-" "Mozilla/5.0 AppleWebKit/537.36 (KHTML, like Gecko; compatible; ClaudeBot/1.0; +claudebot@anthropic.com)"
54.36.149.5 - - [24/Jun/2025:18:37:14 +0000] "GET /shopdetail/2308633 HTTP/1.1" 301 257 "-" "Mozilla/5.0 (compatible; AhrefsBot/7.0; +http://ahrefs.com/robot/)"
57.141.2.14 - - [24/Jun/2025:18:37:26 +0000] "GET /buy.php/shopdetail/4248639 HTTP/1.1" 301 265 "-" "meta-externalagent/1.1 (+https://developers.facebook.com/docs/sharing/webmasters/crawler)"
57.141.2.28 - - [24/Jun/2025:18:37:40 +0000] "GET /buy.php/shopdetail/1085813 HTTP/1.1" 301 265 "-" "meta-externalagent/1.1 (+https://developers.facebook.com/docs/sharing/webmasters/crawler)"
57.141.2.20 - - [24/Jun/2025:18:37:40 +0000] "GET /buy.php/shopdetail/2538160 HTTP/1.1" 301 265 "-" "meta-externalagent/1.1 (+https://developers.facebook.com/docs/sharing/webmasters/crawler)"
57.141.2.9 - - [24/Jun/2025:18:37:54 +0000] "GET /buy.php/shopdetail/1434521 HTTP/1.1" 301 265 "-" "meta-externalagent/1.1 (+https://developers.facebook.com/docs/sharing/webmasters/crawler)"
54.36.149.46 - - [24/Jun/2025:18:38:15 +0000] "GET /shopdetail/2335196 HTTP/1.1" 301 257 "-" "Mozilla/5.0 (compatible; AhrefsBot/7.0; +http://ahrefs.com/robot/)"
57.141.2.17 - - [24/Jun/2025:18:38:25 +0000] "GET /shopdetail/1988051 HTTP/1.1" 301 257 "-" "meta-externalagent/1.1 (+https://developers.facebook.com/docs/sharing/webmasters/crawler)"
54.36.148.147 - - [24/Jun/2025:18:38:41 +0000] "GET /shopdetail/2346122 HTTP/1.1" 301 257 "-" "Mozilla/5.0 (compatible; AhrefsBot/7.0; +http://ahrefs.com/robot/)"
57.141.2.18 - - [24/Jun/2025:18:38:44 +0000] "GET /buy.php/shopdetail/1237249 HTTP/1.1" 301 265 "-" "meta-externalagent/1.1 (+https://developers.facebook.com/docs/sharing/webmasters/crawler)"
57.141.2.10 - - [24/Jun/2025:18:38:54 +0000] "GET /shopdetail/1390444 HTTP/1.1" 301 257 "-" "meta-externalagent/1.1 (+https://developers.facebook.com/docs/sharing/webmasters/crawler)"
57.141.2.3 - - [24/Jun/2025:18:38:55 +0000] "GET /buy.php/shopdetail/0775896 HTTP/1.1" 301 265 "-" "meta-externalagent/1.1 (+https://developers.facebook.com/docs/sharing/webmasters/crawler)"
57.141.2.20 - - [24/Jun/2025:18:39:05 +0000] "GET /buy.php/shopdetail/1073341 HTTP/1.1" 301 265 "-" "meta-externalagent/1.1 (+https://developers.facebook.com/docs/sharing/webmasters/crawler)"
57.141.2.16 - - [24/Jun/2025:18:39:06 +0000] "GET /shopdetail/2233455 HTTP/1.1" 301 257 "-" "meta-externalagent/1.1 (+https://developers.facebook.com/docs/sharing/webmasters/crawler)"
54.36.148.103 - - [24/Jun/2025:18:39:08 +0000] "GET /shopdetail/2357531 HTTP/1.1" 301 257 "-" "Mozilla/5.0 (compatible; AhrefsBot/7.0; +http://ahrefs.com/robot/)"
57.141.2.30 - - [24/Jun/2025:18:39:18 +0000] "GET /buy.php/shopdetail/2904662 HTTP/1.1" 301 265 "-" "meta-externalagent/1.1 (+https://developers.facebook.com/docs/sharing/webmasters/crawler)"
57.141.2.14 - - [24/Jun/2025:18:39:25 +0000] "GET /buy.php/shopdetail/3346411 HTTP/1.1" 301 265 "-" "meta-externalagent/1.1 (+https://developers.facebook.com/docs/sharing/webmasters/crawler)"
57.141.2.6 - - [24/Jun/2025:18:39:35 +0000] "GET /buy.php/shopdetail/3649352 HTTP/1.1" 301 265 "-" "meta-externalagent/1.1 (+https://developers.facebook.com/docs/sharing/webmasters/crawler)"
54.36.149.58 - - [24/Jun/2025:18:39:35 +0000] "GET /shopdetail/2401420 HTTP/1.1" 301 257 "-" "Mozilla/5.0 (compatible; AhrefsBot/7.0; +http://ahrefs.com/robot/)"
216.73.217.3 - - [24/Jun/2025:18:39:37 +0000] "GET /sitemap-3.xml HTTP/1.1" 301 252 "-" "Mozilla/5.0 AppleWebKit/537.36 (KHTML, like Gecko; compatible; ClaudeBot/1.0; +claudebot@anthropic.com)"
57.141.2.15 - - [24/Jun/2025:18:39:37 +0000] "GET /buy.php/shopdetail/2861959 HTTP/1.1" 301 265 "-" "meta-externalagent/1.1 (+https://developers.facebook.com/docs/sharing/webmasters/crawler)"
57.141.2.11 - - [24/Jun/2025:18:39:38 +0000] "GET /buy.php/shopdetail/3407487 HTTP/1.1" 301 265 "-" "meta-externalagent/1.1 (+https://developers.facebook.com/docs/sharing/webmasters/crawler)"
57.141.2.30 - - [24/Jun/2025:18:39:48 +0000] "GET /buy.php/shopdetail/2936389 HTTP/1.1" 301 265 "-" "meta-externalagent/1.1 (+https://developers.facebook.com/docs/sharing/webmasters/crawler)"
57.141.2.8 - - [24/Jun/2025:18:39:54 +0000] "GET /shopdetail/3503477 HTTP/1.1" 301 257 "-" "meta-externalagent/1.1 (+https://developers.facebook.com/docs/sharing/webmasters/crawler)"
57.141.2.4 - - [24/Jun/2025:18:39:57 +0000] "GET /shopdetail/0540805 HTTP/1.1" 301 257 "-" "meta-externalagent/1.1 (+https://developers.facebook.com/docs/sharing/webmasters/crawler)"
57.141.2.16 - - [24/Jun/2025:18:40:04 +0000] "GET /buy.php/shopdetail/2346096 HTTP/1.1" 301 265 "-" "meta-externalagent/1.1 (+https://developers.facebook.com/docs/sharing/webmasters/crawler)"
54.36.149.105 - - [24/Jun/2025:18:40:07 +0000] "GET /shopdetail/2428985 HTTP/1.1" 301 257 "-" "Mozilla/5.0 (compatible; AhrefsBot/7.0; +http://ahrefs.com/robot/)"
57.141.2.18 - - [24/Jun/2025:18:40:09 +0000] "GET /shopdetail/3786797 HTTP/1.1" 301 257 "-" "meta-externalagent/1.1 (+https://developers.facebook.com/docs/sharing/webmasters/crawler)"
57.141.2.14 - - [24/Jun/2025:18:40:14 +0000] "GET /buy.php/shopdetail/4185893 HTTP/1.1" 301 265 "-" "meta-externalagent/1.1 (+https://developers.facebook.com/docs/sharing/webmasters/crawler)"
66.249.79.130 - - [24/Jun/2025:18:40:23 +0000] "GET /shopdetail/2343932 HTTP/1.1" 301 257 "-" "Mozilla/5.0 (Linux; Android 6.0.1; Nexus 5X Build/MMB29P) AppleWebKit/537.36 (KHTML, like Gecko) Chrome/137.0.7151.103 Mobile Safari/537.36 (compatible; Googlebot/2.1; +http://www.google.com/bot.html)"
57.141.2.2 - - [24/Jun/2025:18:40:30 +0000] "GET /buy.php/shopdetail/4164078 HTTP/1.1" 301 265 "-" "meta-externalagent/1.1 (+https://developers.facebook.com/docs/sharing/webmasters/crawler)"
57.141.2.12 - - [24/Jun/2025:18:40:32 +0000] "GET /buy.php/shopdetail/3936477 HTTP/1.1" 301 265 "-" "meta-externalagent/1.1 (+https://developers.facebook.com/docs/sharing/webmasters/crawler)"
54.36.148.182 - - [24/Jun/2025:18:40:35 +0000] "GET /shopdetail/2452614 HTTP/1.1" 301 257 "-" "Mozilla/5.0 (compatible; AhrefsBot/7.0; +http://ahrefs.com/robot/)"
216.73.217.3 - - [24/Jun/2025:18:40:39 +0000] "GET /sitemap.xml HTTP/1.1" 301 250 "-" "Mozilla/5.0 AppleWebKit/537.36 (KHTML, like Gecko; compatible; ClaudeBot/1.0; +claudebot@anthropic.com)"
57.141.2.24 - - [24/Jun/2025:18:40:39 +0000] "GET /buy.php/shopdetail/3271597 HTTP/1.1" 301 265 "-" "meta-externalagent/1.1 (+https://developers.facebook.com/docs/sharing/webmasters/crawler)"
57.141.2.28 - - [24/Jun/2025:18:40:42 +0000] "GET /buy.php/shopdetail/3713945 HTTP/1.1" 301 265 "-" "meta-externalagent/1.1 (+https://developers.facebook.com/docs/sharing/webmasters/crawler)"
57.141.2.1 - - [24/Jun/2025:18:40:42 +0000] "GET /buy.php/shopdetail/2993962 HTTP/1.1" 301 265 "-" "meta-externalagent/1.1 (+https://developers.facebook.com/docs/sharing/webmasters/crawler)"
57.141.2.23 - - [24/Jun/2025:18:40:54 +0000] "GET /buy.php/shopdetail/2162203 HTTP/1.1" 301 265 "-" "meta-externalagent/1.1 (+https://developers.facebook.com/docs/sharing/webmasters/crawler)"
66.249.79.131 - - [24/Jun/2025:18:40:54 +0000] "GET /shopdetail/1253797 HTTP/1.1" 301 257 "-" "Mozilla/5.0 (Linux; Android 6.0.1; Nexus 5X Build/MMB29P) AppleWebKit/537.36 (KHTML, like Gecko) Chrome/137.0.7151.103 Mobile Safari/537.36 (compatible; Googlebot/2.1; +http://www.google.com/bot.html)"
18.138.22.45 - - [24/Jun/2025:18:40:56 +0000] "GET /blog/wp-login.php HTTP/1.1" 302 227 "-" "Mozilla/5.0 (X11; Ubuntu; Linux x86_64; rv:85.0) Gecko/20100101 Firefox/91.0"
18.138.22.45 - - [24/Jun/2025:18:40:56 +0000] "GET /blog/wp-login HTTP/1.1" 301 248 "http://drivinglicencehelp.com/blog/wp-login.php" "Mozilla/5.0 (X11; Ubuntu; Linux x86_64; rv:85.0) Gecko/20100101 Firefox/91.0"
54.36.148.138 - - [24/Jun/2025:18:41:06 +0000] "GET /shopdetail/2462746 HTTP/1.1" 301 257 "-" "Mozilla/5.0 (compatible; AhrefsBot/7.0; +http://ahrefs.com/robot/)"
57.141.2.6 - - [24/Jun/2025:18:41:09 +0000] "GET /buy.php/shopdetail/3949865 HTTP/1.1" 301 265 "-" "meta-externalagent/1.1 (+https://developers.facebook.com/docs/sharing/webmasters/crawler)"
57.141.2.15 - - [24/Jun/2025:18:41:10 +0000] "GET /buy.php/shopdetail/0644188 HTTP/1.1" 301 265 "-" "meta-externalagent/1.1 (+https://developers.facebook.com/docs/sharing/webmasters/crawler)"
66.249.79.130 - - [24/Jun/2025:18:41:15 +0000] "GET /shopdetail/3422610 HTTP/1.1" 301 257 "-" "Mozilla/5.0 (compatible; Googlebot/2.1; +http://www.google.com/bot.html)"
57.141.2.24 - - [24/Jun/2025:18:41:21 +0000] "GET /buy.php/shopdetail/1888298 HTTP/1.1" 301 265 "-" "meta-externalagent/1.1 (+https://developers.facebook.com/docs/sharing/webmasters/crawler)"
57.141.2.26 - - [24/Jun/2025:18:41:26 +0000] "GET /buy.php/shopdetail/3563714 HTTP/1.1" 301 265 "-" "meta-externalagent/1.1 (+https://developers.facebook.com/docs/sharing/webmasters/crawler)"
57.141.2.15 - - [24/Jun/2025:18:41:29 +0000] "GET /shopdetail/3973105 HTTP/1.1" 301 257 "-" "meta-externalagent/1.1 (+https://developers.facebook.com/docs/sharing/webmasters/crawler)"
54.36.148.106 - - [24/Jun/2025:18:41:38 +0000] "GET /shopdetail/2467740 HTTP/1.1" 301 257 "-" "Mozilla/5.0 (compatible; AhrefsBot/7.0; +http://ahrefs.com/robot/)"
57.141.2.6 - - [24/Jun/2025:18:41:43 +0000] "GET /buy.php/shopdetail/3373419 HTTP/1.1" 301 265 "-" "meta-externalagent/1.1 (+https://developers.facebook.com/docs/sharing/webmasters/crawler)"
57.141.2.2 - - [24/Jun/2025:18:41:46 +0000] "GET /buy.php/shopdetail/3759441 HTTP/1.1" 301 265 "-" "meta-externalagent/1.1 (+https://developers.facebook.com/docs/sharing/webmasters/crawler)"
57.141.2.3 - - [24/Jun/2025:18:41:49 +0000] "GET /buy.php/shopdetail/4226133 HTTP/1.1" 301 265 "-" "meta-externalagent/1.1 (+https://developers.facebook.com/docs/sharing/webmasters/crawler)"
57.141.2.25 - - [24/Jun/2025:18:41:52 +0000] "GET /shopdetail/1827010 HTTP/1.1" 301 257 "-" "meta-externalagent/1.1 (+https://developers.facebook.com/docs/sharing/webmasters/crawler)"
72.14.199.67 - - [24/Jun/2025:18:42:01 +0000] "GET /shopdetail/3339478 HTTP/1.1" 301 257 "-" "Mozilla/5.0 AppleWebKit/537.36 (KHTML, like Gecko) Chrome/137.0.7151.68 Safari/537.36"
57.141.2.9 - - [24/Jun/2025:18:42:01 +0000] "GET /buy.php/shopdetail/3047852 HTTP/1.1" 301 265 "-" "meta-externalagent/1.1 (+https://developers.facebook.com/docs/sharing/webmasters/crawler)"
57.141.2.29 - - [24/Jun/2025:18:42:10 +0000] "GET /buy.php/shopdetail/3413440 HTTP/1.1" 301 265 "-" "meta-externalagent/1.1 (+https://developers.facebook.com/docs/sharing/webmasters/crawler)"
54.36.148.132 - - [24/Jun/2025:18:42:13 +0000] "GET /shopdetail/2485130 HTTP/1.1" 301 257 "-" "Mozilla/5.0 (compatible; AhrefsBot/7.0; +http://ahrefs.com/robot/)"
57.141.2.22 - - [24/Jun/2025:18:42:19 +0000] "GET /shopdetail/3991597 HTTP/1.1" 301 257 "-" "meta-externalagent/1.1 (+https://developers.facebook.com/docs/sharing/webmasters/crawler)"
57.141.2.26 - - [24/Jun/2025:18:42:19 +0000] "GET /buy.php/shopdetail/2570295 HTTP/1.1" 301 265 "-" "meta-externalagent/1.1 (+https://developers.facebook.com/docs/sharing/webmasters/crawler)"
57.141.2.21 - - [24/Jun/2025:18:42:20 +0000] "GET /buy.php/shopdetail/2916327 HTTP/1.1" 301 265 "-" "meta-externalagent/1.1 (+https://developers.facebook.com/docs/sharing/webmasters/crawler)"
57.141.2.3 - - [24/Jun/2025:18:42:22 +0000] "GET /buy.php/shopdetail/1405467 HTTP/1.1" 301 265 "-" "meta-externalagent/1.1 (+https://developers.facebook.com/docs/sharing/webmasters/crawler)"
57.141.2.28 - - [24/Jun/2025:18:42:26 +0000] "GET /shopdetail/2844595 HTTP/1.1" 301 257 "-" "meta-externalagent/1.1 (+https://developers.facebook.com/docs/sharing/webmasters/crawler)"
57.141.2.7 - - [24/Jun/2025:18:42:34 +0000] "GET /buy.php/shopdetail/2524368 HTTP/1.1" 301 265 "-" "meta-externalagent/1.1 (+https://developers.facebook.com/docs/sharing/webmasters/crawler)"
57.141.2.4 - - [24/Jun/2025:18:42:42 +0000] "GET /buy.php/shopdetail/0790264 HTTP/1.1" 301 265 "-" "meta-externalagent/1.1 (+https://developers.facebook.com/docs/sharing/webmasters/crawler)"
57.141.2.24 - - [24/Jun/2025:18:42:43 +0000] "GET /shopdetail/2724750 HTTP/1.1" 301 257 "-" "meta-externalagent/1.1 (+https://developers.facebook.com/docs/sharing/webmasters/crawler)"
54.36.149.56 - - [24/Jun/2025:18:42:52 +0000] "GET /shopdetail/2491198 HTTP/1.1" 301 257 "-" "Mozilla/5.0 (compatible; AhrefsBot/7.0; +http://ahrefs.com/robot/)"
57.141.2.6 - - [24/Jun/2025:18:42:58 +0000] "GET /shopdetail/3264650 HTTP/1.1" 301 257 "-" "meta-externalagent/1.1 (+https://developers.facebook.com/docs/sharing/webmasters/crawler)"
57.141.2.15 - - [24/Jun/2025:18:43:03 +0000] "GET /buy.php/shopdetail/2927868 HTTP/1.1" 301 265 "-" "meta-externalagent/1.1 (+https://developers.facebook.com/docs/sharing/webmasters/crawler)"
57.141.2.30 - - [24/Jun/2025:18:43:19 +0000] "GET /shopdetail/1515808 HTTP/1.1" 301 257 "-" "meta-externalagent/1.1 (+https://developers.facebook.com/docs/sharing/webmasters/crawler)"
54.36.149.72 - - [24/Jun/2025:18:43:32 +0000] "GET /shopdetail/2493966 HTTP/1.1" 301 257 "-" "Mozilla/5.0 (compatible; AhrefsBot/7.0; +http://ahrefs.com/robot/)"
57.141.2.1 - - [24/Jun/2025:18:43:48 +0000] "GET /buy.php/shopdetail/1683203 HTTP/1.1" 301 265 "-" "meta-externalagent/1.1 (+https://developers.facebook.com/docs/sharing/webmasters/crawler)"
57.141.2.18 - - [24/Jun/2025:18:43:51 +0000] "GET /shopdetail/2902767 HTTP/1.1" 301 257 "-" "meta-externalagent/1.1 (+https://developers.facebook.com/docs/sharing/webmasters/crawler)"
57.141.2.9 - - [24/Jun/2025:18:43:52 +0000] "GET /shopdetail/1866218 HTTP/1.1" 301 257 "-" "meta-externalagent/1.1 (+https://developers.facebook.com/docs/sharing/webmasters/crawler)"
66.249.79.131 - - [24/Jun/2025:18:44:17 +0000] "GET /shopdetail/1145527/toreka/toreka_single.html HTTP/1.1" 301 283 "-" "Mozilla/5.0 (Linux; Android 6.0.1; Nexus 5X Build/MMB29P) AppleWebKit/537.36 (KHTML, like Gecko) Chrome/137.0.7151.103 Mobile Safari/537.36 (compatible; Googlebot/2.1; +http://www.google.com/bot.html)"
54.36.148.48 - - [24/Jun/2025:18:44:20 +0000] "GET /shopdetail/2517481 HTTP/1.1" 301 257 "-" "Mozilla/5.0 (compatible; AhrefsBot/7.0; +http://ahrefs.com/robot/)"
57.141.2.13 - - [24/Jun/2025:18:44:20 +0000] "GET /buy.php/shopdetail/0779753 HTTP/1.1" 301 265 "-" "meta-externalagent/1.1 (+https://developers.facebook.com/docs/sharing/webmasters/crawler)"
57.141.2.13 - - [24/Jun/2025:18:44:24 +0000] "GET /shopdetail/1936077 HTTP/1.1" 301 257 "-" "meta-externalagent/1.1 (+https://developers.facebook.com/docs/sharing/webmasters/crawler)"
57.141.2.4 - - [24/Jun/2025:18:44:27 +0000] "GET /buy.php/shopdetail/3333365 HTTP/1.1" 301 265 "-" "meta-externalagent/1.1 (+https://developers.facebook.com/docs/sharing/webmasters/crawler)"
57.141.2.28 - - [24/Jun/2025:18:44:32 +0000] "GET /shopdetail/2412777 HTTP/1.1" 301 257 "-" "meta-externalagent/1.1 (+https://developers.facebook.com/docs/sharing/webmasters/crawler)"
57.141.2.17 - - [24/Jun/2025:18:44:39 +0000] "GET /buy.php/shopdetail/3131220 HTTP/1.1" 301 265 "-" "meta-externalagent/1.1 (+https://developers.facebook.com/docs/sharing/webmasters/crawler)"
57.141.2.30 - - [24/Jun/2025:18:44:45 +0000] "GET /buy.php/shopdetail/1081957 HTTP/1.1" 301 265 "-" "meta-externalagent/1.1 (+https://developers.facebook.com/docs/sharing/webmasters/crawler)"
57.141.2.13 - - [24/Jun/2025:18:44:53 +0000] "GET /shopdetail/0612175 HTTP/1.1" 301 257 "-" "meta-externalagent/1.1 (+https://developers.facebook.com/docs/sharing/webmasters/crawler)"
57.141.2.6 - - [24/Jun/2025:18:45:03 +0000] "GET /shopdetail/3596963 HTTP/1.1" 301 257 "-" "meta-externalagent/1.1 (+https://developers.facebook.com/docs/sharing/webmasters/crawler)"
57.141.2.19 - - [24/Jun/2025:18:45:06 +0000] "GET /shopdetail/3635164 HTTP/1.1" 301 257 "-" "meta-externalagent/1.1 (+https://developers.facebook.com/docs/sharing/webmasters/crawler)"
54.36.149.37 - - [24/Jun/2025:18:45:11 +0000] "GET /shopdetail/2518618 HTTP/1.1" 301 257 "-" "Mozilla/5.0 (compatible; AhrefsBot/7.0; +http://ahrefs.com/robot/)"
57.141.2.23 - - [24/Jun/2025:18:45:41 +0000] "GET /buy.php/shopdetail/2376129 HTTP/1.1" 301 265 "-" "meta-externalagent/1.1 (+https://developers.facebook.com/docs/sharing/webmasters/crawler)"
57.141.2.5 - - [24/Jun/2025:18:45:42 +0000] "GET /buy.php/shopdetail/2261325 HTTP/1.1" 301 265 "-" "meta-externalagent/1.1 (+https://developers.facebook.com/docs/sharing/webmasters/crawler)"
57.141.2.19 - - [24/Jun/2025:18:45:46 +0000] "GET /buy.php/shopdetail/0852692 HTTP/1.1" 301 265 "-" "meta-externalagent/1.1 (+https://developers.facebook.com/docs/sharing/webmasters/crawler)"
54.36.148.63 - - [24/Jun/2025:18:45:56 +0000] "GET /shopdetail/2544839 HTTP/1.1" 301 257 "-" "Mozilla/5.0 (compatible; AhrefsBot/7.0; +http://ahrefs.com/robot/)"
57.141.2.7 - - [24/Jun/2025:18:46:13 +0000] "GET /buy.php/shopdetail/3074538 HTTP/1.1" 301 265 "-" "meta-externalagent/1.1 (+https://developers.facebook.com/docs/sharing/webmasters/crawler)"
57.141.2.11 - - [24/Jun/2025:18:46:17 +0000] "GET /buy.php/shopdetail/1993342 HTTP/1.1" 301 265 "-" "meta-externalagent/1.1 (+https://developers.facebook.com/docs/sharing/webmasters/crawler)"
57.141.2.27 - - [24/Jun/2025:18:46:26 +0000] "GET /buy.php/shopdetail/1466762 HTTP/1.1" 301 265 "-" "meta-externalagent/1.1 (+https://developers.facebook.com/docs/sharing/webmasters/crawler)"
66.249.79.131 - - [24/Jun/2025:18:46:40 +0000] "GET /shopdetail/1498019 HTTP/1.1" 301 257 "-" "Mozilla/5.0 (Linux; Android 6.0.1; Nexus 5X Build/MMB29P) AppleWebKit/537.36 (KHTML, like Gecko) Chrome/137.0.7151.103 Mobile Safari/537.36 (compatible; Googlebot/2.1; +http://www.google.com/bot.html)"
66.249.79.132 - - [24/Jun/2025:18:46:41 +0000] "GET /shopdetail/3172250 HTTP/1.1" 301 257 "-" "Mozilla/5.0 (compatible; Googlebot/2.1; +http://www.google.com/bot.html)"
54.36.148.153 - - [24/Jun/2025:18:46:44 +0000] "GET /shopdetail/2549844 HTTP/1.1" 301 257 "-" "Mozilla/5.0 (compatible; AhrefsBot/7.0; +http://ahrefs.com/robot/)"
57.141.2.23 - - [24/Jun/2025:18:46:45 +0000] "GET /buy.php/shopdetail/3273480 HTTP/1.1" 301 265 "-" "meta-externalagent/1.1 (+https://developers.facebook.com/docs/sharing/webmasters/crawler)"
57.141.2.20 - - [24/Jun/2025:18:46:47 +0000] "GET /buy.php/shopdetail/3606782 HTTP/1.1" 301 265 "-" "meta-externalagent/1.1 (+https://developers.facebook.com/docs/sharing/webmasters/crawler)"
57.141.2.13 - - [24/Jun/2025:18:46:48 +0000] "GET /buy.php/shopdetail/3444957 HTTP/1.1" 301 265 "-" "meta-externalagent/1.1 (+https://developers.facebook.com/docs/sharing/webmasters/crawler)"
57.141.2.25 - - [24/Jun/2025:18:46:48 +0000] "GET /buy.php/shopdetail/1735550 HTTP/1.1" 301 265 "-" "meta-externalagent/1.1 (+https://developers.facebook.com/docs/sharing/webmasters/crawler)"
57.141.2.24 - - [24/Jun/2025:18:46:48 +0000] "GET /buy.php/shopdetail/3136294 HTTP/1.1" 301 265 "-" "meta-externalagent/1.1 (+https://developers.facebook.com/docs/sharing/webmasters/crawler)"
57.141.2.9 - - [24/Jun/2025:18:46:53 +0000] "GET /buy.php/shopdetail/3887876 HTTP/1.1" 301 265 "-" "meta-externalagent/1.1 (+https://developers.facebook.com/docs/sharing/webmasters/crawler)"
57.141.2.19 - - [24/Jun/2025:18:47:28 +0000] "GET /shopdetail/1752923 HTTP/1.1" 301 257 "-" "meta-externalagent/1.1 (+https://developers.facebook.com/docs/sharing/webmasters/crawler)"
54.36.149.37 - - [24/Jun/2025:18:47:28 +0000] "GET /shopdetail/2552080 HTTP/1.1" 301 257 "-" "Mozilla/5.0 (compatible; AhrefsBot/7.0; +http://ahrefs.com/robot/)"
66.249.79.131 - - [24/Jun/2025:18:47:43 +0000] "GET /shopdetail/3403728/events/ HTTP/1.1" 301 265 "-" "Mozilla/5.0 (Linux; Android 6.0.1; Nexus 5X Build/MMB29P) AppleWebKit/537.36 (KHTML, like Gecko) Chrome/137.0.7151.103 Mobile Safari/537.36 (compatible; GoogleOther)"
57.141.2.24 - - [24/Jun/2025:18:47:50 +0000] "GET /buy.php/shopdetail/1300055 HTTP/1.1" 301 265 "-" "meta-externalagent/1.1 (+https://developers.facebook.com/docs/sharing/webmasters/crawler)"
57.141.2.10 - - [24/Jun/2025:18:48:02 +0000] "GET /buy.php/shopdetail/3103850 HTTP/1.1" 301 265 "-" "meta-externalagent/1.1 (+https://developers.facebook.com/docs/sharing/webmasters/crawler)"
57.141.2.19 - - [24/Jun/2025:18:48:06 +0000] "GET /buy.php/shopdetail/2835942 HTTP/1.1" 301 265 "-" "meta-externalagent/1.1 (+https://developers.facebook.com/docs/sharing/webmasters/crawler)"
57.141.2.6 - - [24/Jun/2025:18:48:09 +0000] "GET /shopdetail/3620111 HTTP/1.1" 301 257 "-" "meta-externalagent/1.1 (+https://developers.facebook.com/docs/sharing/webmasters/crawler)"
57.141.2.19 - - [24/Jun/2025:18:48:13 +0000] "GET /shopdetail/0868923 HTTP/1.1" 301 257 "-" "meta-externalagent/1.1 (+https://developers.facebook.com/docs/sharing/webmasters/crawler)"
54.36.148.184 - - [24/Jun/2025:18:48:16 +0000] "GET /shopdetail/2573897 HTTP/1.1" 301 257 "-" "Mozilla/5.0 (compatible; AhrefsBot/7.0; +http://ahrefs.com/robot/)"
57.141.2.18 - - [24/Jun/2025:18:48:33 +0000] "GET /shopdetail/0814649 HTTP/1.1" 301 257 "-" "meta-externalagent/1.1 (+https://developers.facebook.com/docs/sharing/webmasters/crawler)"
57.141.2.12 - - [24/Jun/2025:18:48:44 +0000] "GET /buy.php/shopdetail/0962850 HTTP/1.1" 301 265 "-" "meta-externalagent/1.1 (+https://developers.facebook.com/docs/sharing/webmasters/crawler)"
57.141.2.14 - - [24/Jun/2025:18:48:52 +0000] "GET /buy.php/shopdetail/4191478 HTTP/1.1" 301 265 "-" "meta-externalagent/1.1 (+https://developers.facebook.com/docs/sharing/webmasters/crawler)"
54.36.148.173 - - [24/Jun/2025:18:48:58 +0000] "GET /shopdetail/2578517 HTTP/1.1" 301 257 "-" "Mozilla/5.0 (compatible; AhrefsBot/7.0; +http://ahrefs.com/robot/)"
57.141.2.30 - - [24/Jun/2025:18:49:31 +0000] "GET /shopdetail/1712143 HTTP/1.1" 301 257 "-" "meta-externalagent/1.1 (+https://developers.facebook.com/docs/sharing/webmasters/crawler)"
54.36.148.35 - - [24/Jun/2025:18:49:39 +0000] "GET /shopdetail/2595757 HTTP/1.1" 301 257 "-" "Mozilla/5.0 (compatible; AhrefsBot/7.0; +http://ahrefs.com/robot/)"
57.141.2.3 - - [24/Jun/2025:18:49:53 +0000] "GET /buy.php/shopdetail/2132636 HTTP/1.1" 301 265 "-" "meta-externalagent/1.1 (+https://developers.facebook.com/docs/sharing/webmasters/crawler)"
57.141.2.15 - - [24/Jun/2025:18:49:56 +0000] "GET /buy.php/shopdetail/0723036 HTTP/1.1" 301 265 "-" "meta-externalagent/1.1 (+https://developers.facebook.com/docs/sharing/webmasters/crawler)"
66.249.79.132 - - [24/Jun/2025:18:50:01 +0000] "GET /shopdetail/0857788 HTTP/1.1" 301 257 "-" "Mozilla/5.0 (compatible; Googlebot/2.1; +http://www.google.com/bot.html)"
57.141.2.29 - - [24/Jun/2025:18:50:05 +0000] "GET /buy.php/shopdetail/2374613 HTTP/1.1" 301 265 "-" "meta-externalagent/1.1 (+https://developers.facebook.com/docs/sharing/webmasters/crawler)"
57.141.2.3 - - [24/Jun/2025:18:50:07 +0000] "GET /buy.php/shopdetail/3015904 HTTP/1.1" 301 265 "-" "meta-externalagent/1.1 (+https://developers.facebook.com/docs/sharing/webmasters/crawler)"
57.141.2.21 - - [24/Jun/2025:18:50:23 +0000] "GET /shopdetail/3609227 HTTP/1.1" 301 257 "-" "meta-externalagent/1.1 (+https://developers.facebook.com/docs/sharing/webmasters/crawler)"
54.36.148.34 - - [24/Jun/2025:18:50:23 +0000] "GET /shopdetail/2595954 HTTP/1.1" 301 257 "-" "Mozilla/5.0 (compatible; AhrefsBot/7.0; +http://ahrefs.com/robot/)"
57.141.2.15 - - [24/Jun/2025:18:50:31 +0000] "GET /shopdetail/0850224 HTTP/1.1" 301 257 "-" "meta-externalagent/1.1 (+https://developers.facebook.com/docs/sharing/webmasters/crawler)"
57.141.2.18 - - [24/Jun/2025:18:50:37 +0000] "GET /buy.php/shopdetail/1039258 HTTP/1.1" 301 265 "-" "meta-externalagent/1.1 (+https://developers.facebook.com/docs/sharing/webmasters/crawler)"
57.141.2.30 - - [24/Jun/2025:18:50:52 +0000] "GET /buy.php/shopdetail/3251350 HTTP/1.1" 301 265 "-" "meta-externalagent/1.1 (+https://developers.facebook.com/docs/sharing/webmasters/crawler)"
57.141.2.18 - - [24/Jun/2025:18:51:02 +0000] "GET /shopdetail/1233024 HTTP/1.1" 301 257 "-" "meta-externalagent/1.1 (+https://developers.facebook.com/docs/sharing/webmasters/crawler)"
54.36.149.24 - - [24/Jun/2025:18:51:03 +0000] "GET /shopdetail/2602452 HTTP/1.1" 301 257 "-" "Mozilla/5.0 (compatible; AhrefsBot/7.0; +http://ahrefs.com/robot/)"
57.141.2.6 - - [24/Jun/2025:18:51:04 +0000] "GET /buy.php/shopdetail/4142195 HTTP/1.1" 301 265 "-" "meta-externalagent/1.1 (+https://developers.facebook.com/docs/sharing/webmasters/crawler)"
57.141.2.5 - - [24/Jun/2025:18:51:10 +0000] "GET /shopdetail/4121608 HTTP/1.1" 301 257 "-" "meta-externalagent/1.1 (+https://developers.facebook.com/docs/sharing/webmasters/crawler)"
57.141.2.14 - - [24/Jun/2025:18:51:23 +0000] "GET /buy.php/shopdetail/3964071 HTTP/1.1" 301 265 "-" "meta-externalagent/1.1 (+https://developers.facebook.com/docs/sharing/webmasters/crawler)"
57.141.2.14 - - [24/Jun/2025:18:51:29 +0000] "GET /buy.php/shopdetail/1914379 HTTP/1.1" 301 265 "-" "meta-externalagent/1.1 (+https://developers.facebook.com/docs/sharing/webmasters/crawler)"
57.141.2.1 - - [24/Jun/2025:18:51:34 +0000] "GET /buy.php/shopdetail/2740864 HTTP/1.1" 301 265 "-" "meta-externalagent/1.1 (+https://developers.facebook.com/docs/sharing/webmasters/crawler)"
54.36.148.100 - - [24/Jun/2025:18:51:37 +0000] "GET /shopdetail/2612403 HTTP/1.1" 301 257 "-" "Mozilla/5.0 (compatible; AhrefsBot/7.0; +http://ahrefs.com/robot/)"
57.141.2.5 - - [24/Jun/2025:18:51:37 +0000] "GET /buy.php/shopdetail/1864432 HTTP/1.1" 301 265 "-" "meta-externalagent/1.1 (+https://developers.facebook.com/docs/sharing/webmasters/crawler)"
57.141.2.29 - - [24/Jun/2025:18:51:54 +0000] "GET /buy.php/shopdetail/4244241 HTTP/1.1" 301 265 "-" "meta-externalagent/1.1 (+https://developers.facebook.com/docs/sharing/webmasters/crawler)"
54.36.148.128 - - [24/Jun/2025:18:52:11 +0000] "GET /shopdetail/2645021 HTTP/1.1" 301 257 "-" "Mozilla/5.0 (compatible; AhrefsBot/7.0; +http://ahrefs.com/robot/)"
57.141.2.7 - - [24/Jun/2025:18:52:23 +0000] "GET /buy.php/shopdetail/0574205 HTTP/1.1" 301 265 "-" "meta-externalagent/1.1 (+https://developers.facebook.com/docs/sharing/webmasters/crawler)"
57.141.2.28 - - [24/Jun/2025:18:52:30 +0000] "GET /buy.php/shopdetail/4007098 HTTP/1.1" 301 265 "-" "meta-externalagent/1.1 (+https://developers.facebook.com/docs/sharing/webmasters/crawler)"
66.249.79.130 - - [24/Jun/2025:18:52:33 +0000] "GET /shopdetail/3697499 HTTP/1.1" 301 257 "-" "Mozilla/5.0 (compatible; Googlebot/2.1; +http://www.google.com/bot.html)"
66.249.79.130 - - [24/Jun/2025:18:52:33 +0000] "GET /shopdetail/3340288 HTTP/1.1" 301 257 "-" "Mozilla/5.0 (compatible; Googlebot/2.1; +http://www.google.com/bot.html)"
57.141.2.17 - - [24/Jun/2025:18:52:36 +0000] "GET /shopdetail/1006928 HTTP/1.1" 301 257 "-" "meta-externalagent/1.1 (+https://developers.facebook.com/docs/sharing/webmasters/crawler)"
54.36.149.66 - - [24/Jun/2025:18:52:59 +0000] "GET /shopdetail/2680357 HTTP/1.1" 301 257 "-" "Mozilla/5.0 (compatible; AhrefsBot/7.0; +http://ahrefs.com/robot/)"
57.141.2.16 - - [24/Jun/2025:18:53:05 +0000] "GET /buy.php/shopdetail/1848299 HTTP/1.1" 301 265 "-" "meta-externalagent/1.1 (+https://developers.facebook.com/docs/sharing/webmasters/crawler)"
57.141.2.5 - - [24/Jun/2025:18:53:07 +0000] "GET /shopdetail/1242332 HTTP/1.1" 301 257 "-" "meta-externalagent/1.1 (+https://developers.facebook.com/docs/sharing/webmasters/crawler)"
216.73.217.3 - - [24/Jun/2025:18:53:28 +0000] "GET /robots.txt HTTP/1.1" 301 249 "-" "Mozilla/5.0 AppleWebKit/537.36 (KHTML, like Gecko; compatible; ClaudeBot/1.0; +claudebot@anthropic.com)"
216.73.217.3 - - [24/Jun/2025:18:53:29 +0000] "GET /buy.php/sitemap-1.xml HTTP/1.1" 301 260 "-" "Mozilla/5.0 AppleWebKit/537.36 (KHTML, like Gecko; compatible; ClaudeBot/1.0; +claudebot@anthropic.com)"
54.36.148.31 - - [24/Jun/2025:18:53:34 +0000] "GET /shopdetail/2681454 HTTP/1.1" 301 257 "-" "Mozilla/5.0 (compatible; AhrefsBot/7.0; +http://ahrefs.com/robot/)"
57.141.2.18 - - [24/Jun/2025:18:54:08 +0000] "GET /buy.php/shopdetail/3272175 HTTP/1.1" 301 265 "-" "meta-externalagent/1.1 (+https://developers.facebook.com/docs/sharing/webmasters/crawler)"
54.36.149.86 - - [24/Jun/2025:18:54:10 +0000] "GET /shopdetail/2688770 HTTP/1.1" 301 257 "-" "Mozilla/5.0 (compatible; AhrefsBot/7.0; +http://ahrefs.com/robot/)"
57.141.2.25 - - [24/Jun/2025:18:54:12 +0000] "GET /buy.php/shopdetail/1939265 HTTP/1.1" 301 265 "-" "meta-externalagent/1.1 (+https://developers.facebook.com/docs/sharing/webmasters/crawler)"
57.141.2.15 - - [24/Jun/2025:18:54:22 +0000] "GET /shopdetail/4155367 HTTP/1.1" 301 257 "-" "meta-externalagent/1.1 (+https://developers.facebook.com/docs/sharing/webmasters/crawler)"
57.141.2.27 - - [24/Jun/2025:18:54:45 +0000] "GET /buy.php/shopdetail/3139385 HTTP/1.1" 301 265 "-" "meta-externalagent/1.1 (+https://developers.facebook.com/docs/sharing/webmasters/crawler)"
54.36.148.153 - - [24/Jun/2025:18:54:46 +0000] "GET /shopdetail/2693659 HTTP/1.1" 301 257 "-" "Mozilla/5.0 (compatible; AhrefsBot/7.0; +http://ahrefs.com/robot/)"
57.141.2.13 - - [24/Jun/2025:18:54:59 +0000] "GET /buy.php/shopdetail/3809233 HTTP/1.1" 301 265 "-" "meta-externalagent/1.1 (+https://developers.facebook.com/docs/sharing/webmasters/crawler)"
57.141.2.23 - - [24/Jun/2025:18:55:18 +0000] "GET /buy.php/shopdetail/1922033 HTTP/1.1" 301 265 "-" "meta-externalagent/1.1 (+https://developers.facebook.com/docs/sharing/webmasters/crawler)"
57.141.2.6 - - [24/Jun/2025:18:55:22 +0000] "GET /shopdetail/2817652 HTTP/1.1" 301 257 "-" "meta-externalagent/1.1 (+https://developers.facebook.com/docs/sharing/webmasters/crawler)"
54.36.148.69 - - [24/Jun/2025:18:55:22 +0000] "GET /shopdetail/2697527 HTTP/1.1" 301 257 "-" "Mozilla/5.0 (compatible; AhrefsBot/7.0; +http://ahrefs.com/robot/)"
216.73.217.3 - - [24/Jun/2025:18:55:32 +0000] "GET /buy.php/sitemap-10.xml HTTP/1.1" 301 261 "-" "Mozilla/5.0 AppleWebKit/537.36 (KHTML, like Gecko; compatible; ClaudeBot/1.0; +claudebot@anthropic.com)"
57.141.2.21 - - [24/Jun/2025:18:55:41 +0000] "GET /buy.php/shopdetail/1084547 HTTP/1.1" 301 265 "-" "meta-externalagent/1.1 (+https://developers.facebook.com/docs/sharing/webmasters/crawler)"
57.141.2.13 - - [24/Jun/2025:18:55:46 +0000] "GET /buy.php/shopdetail/1545907 HTTP/1.1" 301 265 "-" "meta-externalagent/1.1 (+https://developers.facebook.com/docs/sharing/webmasters/crawler)"
57.141.2.14 - - [24/Jun/2025:18:55:52 +0000] "GET /buy.php/shopdetail/4136911 HTTP/1.1" 301 265 "-" "meta-externalagent/1.1 (+https://developers.facebook.com/docs/sharing/webmasters/crawler)"
54.36.148.230 - - [24/Jun/2025:18:55:54 +0000] "GET /shopdetail/2700611 HTTP/1.1" 301 257 "-" "Mozilla/5.0 (compatible; AhrefsBot/7.0; +http://ahrefs.com/robot/)"
57.141.2.24 - - [24/Jun/2025:18:56:14 +0000] "GET /buy.php/shopdetail/3592923 HTTP/1.1" 301 265 "-" "meta-externalagent/1.1 (+https://developers.facebook.com/docs/sharing/webmasters/crawler)"
57.141.2.27 - - [24/Jun/2025:18:56:16 +0000] "GET /buy.php/shopdetail/0558909 HTTP/1.1" 301 265 "-" "meta-externalagent/1.1 (+https://developers.facebook.com/docs/sharing/webmasters/crawler)"
57.141.2.3 - - [24/Jun/2025:18:56:17 +0000] "GET /shopdetail/2924580 HTTP/1.1" 301 257 "-" "meta-externalagent/1.1 (+https://developers.facebook.com/docs/sharing/webmasters/crawler)"
66.249.79.131 - - [24/Jun/2025:18:56:18 +0000] "GET /shopdetail/2133958 HTTP/1.1" 301 257 "-" "Mozilla/5.0 (compatible; Googlebot/2.1; +http://www.google.com/bot.html)"
54.36.149.84 - - [24/Jun/2025:18:56:27 +0000] "GET /shopdetail/3002104 HTTP/1.1" 301 257 "-" "Mozilla/5.0 (compatible; AhrefsBot/7.0; +http://ahrefs.com/robot/)"
57.141.2.28 - - [24/Jun/2025:18:56:47 +0000] "GET /shopdetail/3081237 HTTP/1.1" 301 257 "-" "meta-externalagent/1.1 (+https://developers.facebook.com/docs/sharing/webmasters/crawler)"
57.141.2.13 - - [24/Jun/2025:18:56:57 +0000] "GET /buy.php/shopdetail/4310702 HTTP/1.1" 301 265 "-" "meta-externalagent/1.1 (+https://developers.facebook.com/docs/sharing/webmasters/crawler)"
54.36.148.202 - - [24/Jun/2025:18:57:06 +0000] "GET /shopdetail/3002145 HTTP/1.1" 301 257 "-" "Mozilla/5.0 (compatible; AhrefsBot/7.0; +http://ahrefs.com/robot/)"
57.141.2.28 - - [24/Jun/2025:18:57:14 +0000] "GET /buy.php/shopdetail/2866978 HTTP/1.1" 301 265 "-" "meta-externalagent/1.1 (+https://developers.facebook.com/docs/sharing/webmasters/crawler)"
57.141.2.29 - - [24/Jun/2025:18:57:15 +0000] "GET /buy.php/shopdetail/2304584 HTTP/1.1" 301 265 "-" "meta-externalagent/1.1 (+https://developers.facebook.com/docs/sharing/webmasters/crawler)"
57.141.2.3 - - [24/Jun/2025:18:57:27 +0000] "GET /buy.php/shopdetail/2575762 HTTP/1.1" 301 265 "-" "meta-externalagent/1.1 (+https://developers.facebook.com/docs/sharing/webmasters/crawler)"
57.141.2.28 - - [24/Jun/2025:18:57:30 +0000] "GET /shopdetail/1909106 HTTP/1.1" 301 257 "-" "meta-externalagent/1.1 (+https://developers.facebook.com/docs/sharing/webmasters/crawler)"
57.141.2.2 - - [24/Jun/2025:18:57:30 +0000] "GET /shopdetail/3102772 HTTP/1.1" 301 257 "-" "meta-externalagent/1.1 (+https://developers.facebook.com/docs/sharing/webmasters/crawler)"
54.36.148.47 - - [24/Jun/2025:18:57:40 +0000] "GET /shopdetail/3008444 HTTP/1.1" 301 257 "-" "Mozilla/5.0 (compatible; AhrefsBot/7.0; +http://ahrefs.com/robot/)"
57.141.2.6 - - [24/Jun/2025:18:57:42 +0000] "GET /buy.php/shopdetail/1679914 HTTP/1.1" 301 265 "-" "meta-externalagent/1.1 (+https://developers.facebook.com/docs/sharing/webmasters/crawler)"
57.141.2.13 - - [24/Jun/2025:18:58:09 +0000] "GET /shopdetail/2265933 HTTP/1.1" 301 257 "-" "meta-externalagent/1.1 (+https://developers.facebook.com/docs/sharing/webmasters/crawler)"
57.141.2.23 - - [24/Jun/2025:18:58:19 +0000] "GET /shopdetail/3177459 HTTP/1.1" 301 257 "-" "meta-externalagent/1.1 (+https://developers.facebook.com/docs/sharing/webmasters/crawler)"
54.36.148.175 - - [24/Jun/2025:18:58:21 +0000] "GET /shopdetail/3015620 HTTP/1.1" 301 257 "-" "Mozilla/5.0 (compatible; AhrefsBot/7.0; +http://ahrefs.com/robot/)"
57.141.2.19 - - [24/Jun/2025:18:58:51 +0000] "GET /buy.php/shopdetail/2416627 HTTP/1.1" 301 265 "-" "meta-externalagent/1.1 (+https://developers.facebook.com/docs/sharing/webmasters/crawler)"
54.36.149.95 - - [24/Jun/2025:18:58:58 +0000] "GET /shopdetail/3020231 HTTP/1.1" 301 257 "-" "Mozilla/5.0 (compatible; AhrefsBot/7.0; +http://ahrefs.com/robot/)"
54.36.148.102 - - [24/Jun/2025:18:59:39 +0000] "GET /shopdetail/3022505 HTTP/1.1" 301 257 "-" "Mozilla/5.0 (compatible; AhrefsBot/7.0; +http://ahrefs.com/robot/)"
57.141.2.25 - - [24/Jun/2025:18:59:43 +0000] "GET /buy.php/shopdetail/1622647 HTTP/1.1" 301 265 "-" "meta-externalagent/1.1 (+https://developers.facebook.com/docs/sharing/webmasters/crawler)"
57.141.2.8 - - [24/Jun/2025:18:59:51 +0000] "GET /shopdetail/0533269 HTTP/1.1" 301 257 "-" "meta-externalagent/1.1 (+https://developers.facebook.com/docs/sharing/webmasters/crawler)"
57.141.2.17 - - [24/Jun/2025:19:00:02 +0000] "GET /shopdetail/1971695 HTTP/1.1" 301 257 "-" "meta-externalagent/1.1 (+https://developers.facebook.com/docs/sharing/webmasters/crawler)"
57.141.2.13 - - [24/Jun/2025:19:00:05 +0000] "GET /buy.php/shopdetail/1895500 HTTP/1.1" 301 265 "-" "meta-externalagent/1.1 (+https://developers.facebook.com/docs/sharing/webmasters/crawler)"
57.141.2.11 - - [24/Jun/2025:19:00:18 +0000] "GET /buy.php/shopdetail/2787730 HTTP/1.1" 301 265 "-" "meta-externalagent/1.1 (+https://developers.facebook.com/docs/sharing/webmasters/crawler)"
54.36.148.151 - - [24/Jun/2025:19:00:24 +0000] "GET /shopdetail/3023567 HTTP/1.1" 301 257 "-" "Mozilla/5.0 (compatible; AhrefsBot/7.0; +http://ahrefs.com/robot/)"
57.141.2.13 - - [24/Jun/2025:19:00:52 +0000] "GET /buy.php/shopdetail/1447253 HTTP/1.1" 301 265 "-" "meta-externalagent/1.1 (+https://developers.facebook.com/docs/sharing/webmasters/crawler)"
57.141.2.13 - - [24/Jun/2025:19:01:00 +0000] "GET /buy.php/shopdetail/4163832 HTTP/1.1" 301 265 "-" "meta-externalagent/1.1 (+https://developers.facebook.com/docs/sharing/webmasters/crawler)"
57.141.2.24 - - [24/Jun/2025:19:01:01 +0000] "GET /shopdetail/3456445 HTTP/1.1" 301 257 "-" "meta-externalagent/1.1 (+https://developers.facebook.com/docs/sharing/webmasters/crawler)"
54.36.148.145 - - [24/Jun/2025:19:01:11 +0000] "GET /shopdetail/3048473 HTTP/1.1" 301 257 "-" "Mozilla/5.0 (compatible; AhrefsBot/7.0; +http://ahrefs.com/robot/)"
57.141.2.18 - - [24/Jun/2025:19:01:12 +0000] "GET /buy.php/shopdetail/3788420 HTTP/1.1" 301 265 "-" "meta-externalagent/1.1 (+https://developers.facebook.com/docs/sharing/webmasters/crawler)"
57.141.2.26 - - [24/Jun/2025:19:01:14 +0000] "GET /buy.php/shopdetail/3716136 HTTP/1.1" 301 265 "-" "meta-externalagent/1.1 (+https://developers.facebook.com/docs/sharing/webmasters/crawler)"
57.141.2.30 - - [24/Jun/2025:19:01:26 +0000] "GET /buy.php/shopdetail/1123716 HTTP/1.1" 301 265 "-" "meta-externalagent/1.1 (+https://developers.facebook.com/docs/sharing/webmasters/crawler)"
54.36.148.86 - - [24/Jun/2025:19:01:54 +0000] "GET /shopdetail/3052694 HTTP/1.1" 301 257 "-" "Mozilla/5.0 (compatible; AhrefsBot/7.0; +http://ahrefs.com/robot/)"
66.249.79.132 - - [24/Jun/2025:19:01:55 +0000] "GET /shopdetail/0959482 HTTP/1.1" 301 257 "-" "Mozilla/5.0 (compatible; Googlebot/2.1; +http://www.google.com/bot.html)"
57.141.2.29 - - [24/Jun/2025:19:01:58 +0000] "GET /buy.php/shopdetail/3840133 HTTP/1.1" 301 265 "-" "meta-externalagent/1.1 (+https://developers.facebook.com/docs/sharing/webmasters/crawler)"
57.141.2.27 - - [24/Jun/2025:19:02:02 +0000] "GET /shopdetail/3738915 HTTP/1.1" 301 257 "-" "meta-externalagent/1.1 (+https://developers.facebook.com/docs/sharing/webmasters/crawler)"
57.141.2.20 - - [24/Jun/2025:19:02:16 +0000] "GET /buy.php/shopdetail/4096917 HTTP/1.1" 301 265 "-" "meta-externalagent/1.1 (+https://developers.facebook.com/docs/sharing/webmasters/crawler)"
57.141.2.16 - - [24/Jun/2025:19:02:36 +0000] "GET /shopdetail/1392638 HTTP/1.1" 301 257 "-" "meta-externalagent/1.1 (+https://developers.facebook.com/docs/sharing/webmasters/crawler)"
216.73.217.3 - - [24/Jun/2025:19:02:39 +0000] "GET /sitemap-10.xml HTTP/1.1" 301 253 "-" "Mozilla/5.0 AppleWebKit/537.36 (KHTML, like Gecko; compatible; ClaudeBot/1.0; +claudebot@anthropic.com)"
54.36.148.58 - - [24/Jun/2025:19:02:43 +0000] "GET /shopdetail/3069683 HTTP/1.1" 301 257 "-" "Mozilla/5.0 (compatible; AhrefsBot/7.0; +http://ahrefs.com/robot/)"
57.141.2.14 - - [24/Jun/2025:19:03:00 +0000] "GET /buy.php/shopdetail/3497520 HTTP/1.1" 301 265 "-" "meta-externalagent/1.1 (+https://developers.facebook.com/docs/sharing/webmasters/crawler)"
