57.141.2.20 - - [24/Jun/2025:16:05:17 +0000] "GET /buy.php/shopdetail/1777882 HTTP/1.1" 301 265 "-" "meta-externalagent/1.1 (+https://developers.facebook.com/docs/sharing/webmasters/crawler)"
57.141.2.20 - - [24/Jun/2025:16:05:20 +0000] "GET /buy.php/shopdetail/2874267 HTTP/1.1" 301 265 "-" "meta-externalagent/1.1 (+https://developers.facebook.com/docs/sharing/webmasters/crawler)"
57.141.2.20 - - [24/Jun/2025:16:05:21 +0000] "GET /shopdetail/1326983 HTTP/1.1" 301 257 "-" "meta-externalagent/1.1 (+https://developers.facebook.com/docs/sharing/webmasters/crawler)"
57.141.2.13 - - [24/Jun/2025:16:05:22 +0000] "GET /buy.php/shopdetail/0765136 HTTP/1.1" 301 265 "-" "meta-externalagent/1.1 (+https://developers.facebook.com/docs/sharing/webmasters/crawler)"
57.141.2.1 - - [24/Jun/2025:16:05:31 +0000] "GET /shopdetail/1438901 HTTP/1.1" 301 257 "-" "meta-externalagent/1.1 (+https://developers.facebook.com/docs/sharing/webmasters/crawler)"
54.36.148.46 - - [24/Jun/2025:16:05:45 +0000] "GET /shopdetail/2089541 HTTP/1.1" 301 257 "-" "Mozilla/5.0 (compatible; AhrefsBot/7.0; +http://ahrefs.com/robot/)"
57.141.2.11 - - [24/Jun/2025:16:05:56 +0000] "GET /buy.php/shopdetail/2550923 HTTP/1.1" 301 265 "-" "meta-externalagent/1.1 (+https://developers.facebook.com/docs/sharing/webmasters/crawler)"
57.141.2.12 - - [24/Jun/2025:16:06:06 +0000] "GET /buy.php/shopdetail/3778955 HTTP/1.1" 301 265 "-" "meta-externalagent/1.1 (+https://developers.facebook.com/docs/sharing/webmasters/crawler)"
57.141.2.23 - - [24/Jun/2025:16:06:21 +0000] "GET /shopdetail/4429032 HTTP/1.1" 301 257 "-" "meta-externalagent/1.1 (+https://developers.facebook.com/docs/sharing/webmasters/crawler)"
54.36.148.178 - - [24/Jun/2025:16:06:25 +0000] "GET /shopdetail/2092512 HTTP/1.1" 301 257 "-" "Mozilla/5.0 (compatible; AhrefsBot/7.0; +http://ahrefs.com/robot/)"
57.141.2.30 - - [24/Jun/2025:16:06:53 +0000] "GET /buy.php/shopdetail/0667853 HTTP/1.1" 301 265 "-" "meta-externalagent/1.1 (+https://developers.facebook.com/docs/sharing/webmasters/crawler)"
57.141.2.6 - - [24/Jun/2025:16:07:01 +0000] "GET /buy.php/shopdetail/0695075 HTTP/1.1" 301 265 "-" "meta-externalagent/1.1 (+https://developers.facebook.com/docs/sharing/webmasters/crawler)"
57.141.2.7 - - [24/Jun/2025:16:07:02 +0000] "GET /buy.php/shopdetail/1721930 HTTP/1.1" 301 265 "-" "meta-externalagent/1.1 (+https://developers.facebook.com/docs/sharing/webmasters/crawler)"
54.36.148.120 - - [24/Jun/2025:16:07:04 +0000] "GET /shopdetail/2094654 HTTP/1.1" 301 257 "-" "Mozilla/5.0 (compatible; AhrefsBot/7.0; +http://ahrefs.com/robot/)"
57.141.2.16 - - [24/Jun/2025:16:07:06 +0000] "GET /buy.php/shopdetail/3782739 HTTP/1.1" 301 265 "-" "meta-externalagent/1.1 (+https://developers.facebook.com/docs/sharing/webmasters/crawler)"
57.141.2.26 - - [24/Jun/2025:16:07:06 +0000] "GET /buy.php/shopdetail/1480724 HTTP/1.1" 301 265 "-" "meta-externalagent/1.1 (+https://developers.facebook.com/docs/sharing/webmasters/crawler)"
57.141.2.9 - - [24/Jun/2025:16:07:09 +0000] "GET /buy.php/shopdetail/3270670 HTTP/1.1" 301 265 "-" "meta-externalagent/1.1 (+https://developers.facebook.com/docs/sharing/webmasters/crawler)"
57.141.2.29 - - [24/Jun/2025:16:07:11 +0000] "GET /buy.php/shopdetail/1348237 HTTP/1.1" 301 265 "-" "meta-externalagent/1.1 (+https://developers.facebook.com/docs/sharing/webmasters/crawler)"
57.141.2.22 - - [24/Jun/2025:16:07:13 +0000] "GET /shopdetail/2807286 HTTP/1.1" 301 257 "-" "meta-externalagent/1.1 (+https://developers.facebook.com/docs/sharing/webmasters/crawler)"
57.141.2.14 - - [24/Jun/2025:16:07:18 +0000] "GET /shopdetail/1047271 HTTP/1.1" 301 257 "-" "meta-externalagent/1.1 (+https://developers.facebook.com/docs/sharing/webmasters/crawler)"
57.141.2.22 - - [24/Jun/2025:16:07:30 +0000] "GET /buy.php/shopdetail/0773445 HTTP/1.1" 301 265 "-" "meta-externalagent/1.1 (+https://developers.facebook.com/docs/sharing/webmasters/crawler)"
57.141.2.22 - - [24/Jun/2025:16:07:43 +0000] "GET /buy.php/shopdetail/1061717 HTTP/1.1" 301 265 "-" "meta-externalagent/1.1 (+https://developers.facebook.com/docs/sharing/webmasters/crawler)"
57.141.2.8 - - [24/Jun/2025:16:07:47 +0000] "GET /buy.php/shopdetail/1952175 HTTP/1.1" 301 265 "-" "meta-externalagent/1.1 (+https://developers.facebook.com/docs/sharing/webmasters/crawler)"
54.36.148.86 - - [24/Jun/2025:16:07:48 +0000] "GET /shopdetail/2101988 HTTP/1.1" 301 257 "-" "Mozilla/5.0 (compatible; AhrefsBot/7.0; +http://ahrefs.com/robot/)"
57.141.2.18 - - [24/Jun/2025:16:07:52 +0000] "GET /buy.php/shopdetail/1343354 HTTP/1.1" 301 265 "-" "meta-externalagent/1.1 (+https://developers.facebook.com/docs/sharing/webmasters/crawler)"
57.141.2.29 - - [24/Jun/2025:16:07:54 +0000] "GET /shopdetail/1779636 HTTP/1.1" 301 257 "-" "meta-externalagent/1.1 (+https://developers.facebook.com/docs/sharing/webmasters/crawler)"
57.141.2.12 - - [24/Jun/2025:16:07:56 +0000] "GET /buy.php/shopdetail/2059505 HTTP/1.1" 301 265 "-" "meta-externalagent/1.1 (+https://developers.facebook.com/docs/sharing/webmasters/crawler)"
57.141.2.4 - - [24/Jun/2025:16:07:58 +0000] "GET /buy.php/shopdetail/1891093 HTTP/1.1" 301 265 "-" "meta-externalagent/1.1 (+https://developers.facebook.com/docs/sharing/webmasters/crawler)"
57.141.2.6 - - [24/Jun/2025:16:08:03 +0000] "GET /buy.php/shopdetail/1333869 HTTP/1.1" 301 265 "-" "meta-externalagent/1.1 (+https://developers.facebook.com/docs/sharing/webmasters/crawler)"
54.36.148.152 - - [24/Jun/2025:16:08:37 +0000] "GET /shopdetail/2117852 HTTP/1.1" 301 257 "-" "Mozilla/5.0 (compatible; AhrefsBot/7.0; +http://ahrefs.com/robot/)"
57.141.2.23 - - [24/Jun/2025:16:08:43 +0000] "GET /buy.php/shopdetail/1549650 HTTP/1.1" 301 265 "-" "meta-externalagent/1.1 (+https://developers.facebook.com/docs/sharing/webmasters/crawler)"
57.141.2.13 - - [24/Jun/2025:16:08:46 +0000] "GET /buy.php/shopdetail/2532806 HTTP/1.1" 301 265 "-" "meta-externalagent/1.1 (+https://developers.facebook.com/docs/sharing/webmasters/crawler)"
57.141.2.11 - - [24/Jun/2025:16:08:49 +0000] "GET /buy.php/shopdetail/3587262 HTTP/1.1" 301 265 "-" "meta-externalagent/1.1 (+https://developers.facebook.com/docs/sharing/webmasters/crawler)"
57.141.2.11 - - [24/Jun/2025:16:08:50 +0000] "GET /shopdetail/2533144 HTTP/1.1" 301 257 "-" "meta-externalagent/1.1 (+https://developers.facebook.com/docs/sharing/webmasters/crawler)"
57.141.2.3 - - [24/Jun/2025:16:08:58 +0000] "GET /shopdetail/0533910 HTTP/1.1" 301 257 "-" "meta-externalagent/1.1 (+https://developers.facebook.com/docs/sharing/webmasters/crawler)"
57.141.2.9 - - [24/Jun/2025:16:08:59 +0000] "GET /shopdetail/2698061 HTTP/1.1" 301 257 "-" "meta-externalagent/1.1 (+https://developers.facebook.com/docs/sharing/webmasters/crawler)"
54.36.148.100 - - [24/Jun/2025:16:09:17 +0000] "GET /shopdetail/2132758 HTTP/1.1" 301 257 "-" "Mozilla/5.0 (compatible; AhrefsBot/7.0; +http://ahrefs.com/robot/)"
57.141.2.2 - - [24/Jun/2025:16:09:23 +0000] "GET /shopdetail/0831275 HTTP/1.1" 301 257 "-" "meta-externalagent/1.1 (+https://developers.facebook.com/docs/sharing/webmasters/crawler)"
57.141.2.22 - - [24/Jun/2025:16:09:28 +0000] "GET /buy.php/shopdetail/1751696 HTTP/1.1" 301 265 "-" "meta-externalagent/1.1 (+https://developers.facebook.com/docs/sharing/webmasters/crawler)"
57.141.2.1 - - [24/Jun/2025:16:09:28 +0000] "GET /shopdetail/2069764 HTTP/1.1" 301 257 "-" "meta-externalagent/1.1 (+https://developers.facebook.com/docs/sharing/webmasters/crawler)"
57.141.2.25 - - [24/Jun/2025:16:09:43 +0000] "GET /buy.php/shopdetail/3362717 HTTP/1.1" 301 265 "-" "meta-externalagent/1.1 (+https://developers.facebook.com/docs/sharing/webmasters/crawler)"
57.141.2.10 - - [24/Jun/2025:16:09:48 +0000] "GET /shopdetail/4086169 HTTP/1.1" 301 257 "-" "meta-externalagent/1.1 (+https://developers.facebook.com/docs/sharing/webmasters/crawler)"
216.73.217.3 - - [24/Jun/2025:16:09:49 +0000] "GET /sitemap-7.xml HTTP/1.1" 301 252 "-" "Mozilla/5.0 AppleWebKit/537.36 (KHTML, like Gecko; compatible; ClaudeBot/1.0; +claudebot@anthropic.com)"
57.141.2.11 - - [24/Jun/2025:16:09:51 +0000] "GET /buy.php/shopdetail/0584784 HTTP/1.1" 301 265 "-" "meta-externalagent/1.1 (+https://developers.facebook.com/docs/sharing/webmasters/crawler)"
54.36.148.109 - - [24/Jun/2025:16:09:56 +0000] "GET /shopdetail/2171926 HTTP/1.1" 301 257 "-" "Mozilla/5.0 (compatible; AhrefsBot/7.0; +http://ahrefs.com/robot/)"
57.141.2.3 - - [24/Jun/2025:16:09:56 +0000] "GET /shopdetail/1772377 HTTP/1.1" 301 257 "-" "meta-externalagent/1.1 (+https://developers.facebook.com/docs/sharing/webmasters/crawler)"
57.141.2.14 - - [24/Jun/2025:16:09:57 +0000] "GET /buy.php/shopdetail/0984030 HTTP/1.1" 301 265 "-" "meta-externalagent/1.1 (+https://developers.facebook.com/docs/sharing/webmasters/crawler)"
66.249.79.131 - - [24/Jun/2025:16:09:58 +0000] "GET /shopdetail/0690076/game.html HTTP/1.1" 301 267 "-" "Mozilla/5.0 (compatible; Googlebot/2.1; +http://www.google.com/bot.html)"
57.141.2.1 - - [24/Jun/2025:16:10:14 +0000] "GET /shopdetail/3042426 HTTP/1.1" 301 257 "-" "meta-externalagent/1.1 (+https://developers.facebook.com/docs/sharing/webmasters/crawler)"
57.141.2.7 - - [24/Jun/2025:16:10:22 +0000] "GET /buy.php/shopdetail/3820476 HTTP/1.1" 301 265 "-" "meta-externalagent/1.1 (+https://developers.facebook.com/docs/sharing/webmasters/crawler)"
66.249.79.132 - - [24/Jun/2025:16:10:30 +0000] "GET /shopdetail/3543239 HTTP/1.1" 301 257 "-" "Mozilla/5.0 (Linux; Android 6.0.1; Nexus 5X Build/MMB29P) AppleWebKit/537.36 (KHTML, like Gecko) Chrome/137.0.7151.103 Mobile Safari/537.36 (compatible; Googlebot/2.1; +http://www.google.com/bot.html)"
54.36.148.67 - - [24/Jun/2025:16:10:31 +0000] "GET /shopdetail/2172964 HTTP/1.1" 301 257 "-" "Mozilla/5.0 (compatible; AhrefsBot/7.0; +http://ahrefs.com/robot/)"
57.141.2.6 - - [24/Jun/2025:16:10:39 +0000] "GET /buy.php/shopdetail/0621010 HTTP/1.1" 301 265 "-" "meta-externalagent/1.1 (+https://developers.facebook.com/docs/sharing/webmasters/crawler)"
57.141.2.18 - - [24/Jun/2025:16:10:41 +0000] "GET /buy.php/shopdetail/2884671 HTTP/1.1" 301 265 "-" "meta-externalagent/1.1 (+https://developers.facebook.com/docs/sharing/webmasters/crawler)"
57.141.2.18 - - [24/Jun/2025:16:10:46 +0000] "GET /buy.php/shopdetail/0552334 HTTP/1.1" 301 265 "-" "meta-externalagent/1.1 (+https://developers.facebook.com/docs/sharing/webmasters/crawler)"
57.141.2.10 - - [24/Jun/2025:16:10:50 +0000] "GET /buy.php/shopdetail/4230136 HTTP/1.1" 301 265 "-" "meta-externalagent/1.1 (+https://developers.facebook.com/docs/sharing/webmasters/crawler)"
57.141.2.19 - - [24/Jun/2025:16:10:54 +0000] "GET /buy.php/shopdetail/1501892 HTTP/1.1" 301 265 "-" "meta-externalagent/1.1 (+https://developers.facebook.com/docs/sharing/webmasters/crawler)"
57.141.2.13 - - [24/Jun/2025:16:11:02 +0000] "GET /buy.php/shopdetail/3011415 HTTP/1.1" 301 265 "-" "meta-externalagent/1.1 (+https://developers.facebook.com/docs/sharing/webmasters/crawler)"
54.36.148.88 - - [24/Jun/2025:16:11:03 +0000] "GET /shopdetail/2212747 HTTP/1.1" 301 257 "-" "Mozilla/5.0 (compatible; AhrefsBot/7.0; +http://ahrefs.com/robot/)"
57.141.2.29 - - [24/Jun/2025:16:11:04 +0000] "GET /shopdetail/1037320 HTTP/1.1" 301 257 "-" "meta-externalagent/1.1 (+https://developers.facebook.com/docs/sharing/webmasters/crawler)"
57.141.2.30 - - [24/Jun/2025:16:11:13 +0000] "GET /buy.php/shopdetail/4280911 HTTP/1.1" 301 265 "-" "meta-externalagent/1.1 (+https://developers.facebook.com/docs/sharing/webmasters/crawler)"
57.141.2.10 - - [24/Jun/2025:16:11:23 +0000] "GET /shopdetail/3749721 HTTP/1.1" 301 257 "-" "meta-externalagent/1.1 (+https://developers.facebook.com/docs/sharing/webmasters/crawler)"
57.141.2.13 - - [24/Jun/2025:16:11:28 +0000] "GET /shopdetail/3280893 HTTP/1.1" 301 257 "-" "meta-externalagent/1.1 (+https://developers.facebook.com/docs/sharing/webmasters/crawler)"
54.36.148.25 - - [24/Jun/2025:16:11:41 +0000] "GET /shopdetail/2220581 HTTP/1.1" 301 257 "-" "Mozilla/5.0 (compatible; AhrefsBot/7.0; +http://ahrefs.com/robot/)"
57.141.2.23 - - [24/Jun/2025:16:11:44 +0000] "GET /buy.php/shopdetail/2624089 HTTP/1.1" 301 265 "-" "meta-externalagent/1.1 (+https://developers.facebook.com/docs/sharing/webmasters/crawler)"
57.141.2.23 - - [24/Jun/2025:16:11:47 +0000] "GET /buy.php/shopdetail/1388508 HTTP/1.1" 301 265 "-" "meta-externalagent/1.1 (+https://developers.facebook.com/docs/sharing/webmasters/crawler)"
57.141.2.13 - - [24/Jun/2025:16:11:53 +0000] "GET /shopdetail/4061884 HTTP/1.1" 301 257 "-" "meta-externalagent/1.1 (+https://developers.facebook.com/docs/sharing/webmasters/crawler)"
216.73.217.3 - - [24/Jun/2025:16:12:06 +0000] "GET /buy.php/sitemap-6.xml HTTP/1.1" 301 260 "-" "Mozilla/5.0 AppleWebKit/537.36 (KHTML, like Gecko; compatible; ClaudeBot/1.0; +claudebot@anthropic.com)"
57.141.2.3 - - [24/Jun/2025:16:12:11 +0000] "GET /buy.php/shopdetail/2782599 HTTP/1.1" 301 265 "-" "meta-externalagent/1.1 (+https://developers.facebook.com/docs/sharing/webmasters/crawler)"
57.141.2.27 - - [24/Jun/2025:16:12:15 +0000] "GET /buy.php/shopdetail/3271787 HTTP/1.1" 301 265 "-" "meta-externalagent/1.1 (+https://developers.facebook.com/docs/sharing/webmasters/crawler)"
57.141.2.29 - - [24/Jun/2025:16:12:17 +0000] "GET /buy.php/shopdetail/3552818 HTTP/1.1" 301 265 "-" "meta-externalagent/1.1 (+https://developers.facebook.com/docs/sharing/webmasters/crawler)"
57.141.2.16 - - [24/Jun/2025:16:12:28 +0000] "GET /buy.php/shopdetail/1432496 HTTP/1.1" 301 265 "-" "meta-externalagent/1.1 (+https://developers.facebook.com/docs/sharing/webmasters/crawler)"
54.36.148.216 - - [24/Jun/2025:16:12:30 +0000] "GET /shopdetail/2221041 HTTP/1.1" 301 257 "-" "Mozilla/5.0 (compatible; AhrefsBot/7.0; +http://ahrefs.com/robot/)"
57.141.2.28 - - [24/Jun/2025:16:12:37 +0000] "GET /buy.php/shopdetail/1597035 HTTP/1.1" 301 265 "-" "meta-externalagent/1.1 (+https://developers.facebook.com/docs/sharing/webmasters/crawler)"
57.141.2.4 - - [24/Jun/2025:16:12:44 +0000] "GET /buy.php/shopdetail/2036258 HTTP/1.1" 301 265 "-" "meta-externalagent/1.1 (+https://developers.facebook.com/docs/sharing/webmasters/crawler)"
57.141.2.10 - - [24/Jun/2025:16:12:45 +0000] "GET /shopdetail/2784917 HTTP/1.1" 301 257 "-" "meta-externalagent/1.1 (+https://developers.facebook.com/docs/sharing/webmasters/crawler)"
57.141.2.12 - - [24/Jun/2025:16:12:45 +0000] "GET /shopdetail/4181056 HTTP/1.1" 301 257 "-" "meta-externalagent/1.1 (+https://developers.facebook.com/docs/sharing/webmasters/crawler)"
57.141.2.7 - - [24/Jun/2025:16:12:54 +0000] "GET /shopdetail/3510388 HTTP/1.1" 301 257 "-" "meta-externalagent/1.1 (+https://developers.facebook.com/docs/sharing/webmasters/crawler)"
54.36.149.72 - - [24/Jun/2025:16:13:16 +0000] "GET /shopdetail/2226549 HTTP/1.1" 301 257 "-" "Mozilla/5.0 (compatible; AhrefsBot/7.0; +http://ahrefs.com/robot/)"
57.141.2.24 - - [24/Jun/2025:16:13:17 +0000] "GET /buy.php/shopdetail/0851883 HTTP/1.1" 301 265 "-" "meta-externalagent/1.1 (+https://developers.facebook.com/docs/sharing/webmasters/crawler)"
57.141.2.24 - - [24/Jun/2025:16:13:51 +0000] "GET /shopdetail/3786505 HTTP/1.1" 301 257 "-" "meta-externalagent/1.1 (+https://developers.facebook.com/docs/sharing/webmasters/crawler)"
57.141.2.23 - - [24/Jun/2025:16:14:02 +0000] "GET /buy.php/shopdetail/2757529 HTTP/1.1" 301 265 "-" "meta-externalagent/1.1 (+https://developers.facebook.com/docs/sharing/webmasters/crawler)"
54.36.149.17 - - [24/Jun/2025:16:14:05 +0000] "GET /shopdetail/2233922 HTTP/1.1" 301 257 "-" "Mozilla/5.0 (compatible; AhrefsBot/7.0; +http://ahrefs.com/robot/)"
57.141.2.12 - - [24/Jun/2025:16:14:13 +0000] "GET /buy.php/shopdetail/3263106 HTTP/1.1" 301 265 "-" "meta-externalagent/1.1 (+https://developers.facebook.com/docs/sharing/webmasters/crawler)"
57.141.2.11 - - [24/Jun/2025:16:14:21 +0000] "GET /buy.php/shopdetail/4248022 HTTP/1.1" 301 265 "-" "meta-externalagent/1.1 (+https://developers.facebook.com/docs/sharing/webmasters/crawler)"
57.141.2.5 - - [24/Jun/2025:16:14:26 +0000] "GET /buy.php/shopdetail/2494097 HTTP/1.1" 301 265 "-" "meta-externalagent/1.1 (+https://developers.facebook.com/docs/sharing/webmasters/crawler)"
57.141.2.10 - - [24/Jun/2025:16:14:47 +0000] "GET /buy.php/shopdetail/4125261 HTTP/1.1" 301 265 "-" "meta-externalagent/1.1 (+https://developers.facebook.com/docs/sharing/webmasters/crawler)"
54.36.149.17 - - [24/Jun/2025:16:14:51 +0000] "GET /shopdetail/2240752 HTTP/1.1" 301 257 "-" "Mozilla/5.0 (compatible; AhrefsBot/7.0; +http://ahrefs.com/robot/)"
57.141.2.11 - - [24/Jun/2025:16:14:54 +0000] "GET /buy.php/shopdetail/3519581 HTTP/1.1" 301 265 "-" "meta-externalagent/1.1 (+https://developers.facebook.com/docs/sharing/webmasters/crawler)"
57.141.2.20 - - [24/Jun/2025:16:14:56 +0000] "GET /buy.php/shopdetail/2636467 HTTP/1.1" 301 265 "-" "meta-externalagent/1.1 (+https://developers.facebook.com/docs/sharing/webmasters/crawler)"
57.141.2.3 - - [24/Jun/2025:16:15:08 +0000] "GET /buy.php/shopdetail/1540442 HTTP/1.1" 301 265 "-" "meta-externalagent/1.1 (+https://developers.facebook.com/docs/sharing/webmasters/crawler)"
57.141.2.6 - - [24/Jun/2025:16:15:17 +0000] "GET /buy.php/shopdetail/1975959 HTTP/1.1" 301 265 "-" "meta-externalagent/1.1 (+https://developers.facebook.com/docs/sharing/webmasters/crawler)"
57.141.2.13 - - [24/Jun/2025:16:15:18 +0000] "GET /buy.php/shopdetail/3716225 HTTP/1.1" 301 265 "-" "meta-externalagent/1.1 (+https://developers.facebook.com/docs/sharing/webmasters/crawler)"
54.36.149.74 - - [24/Jun/2025:16:15:30 +0000] "GET /shopdetail/2241456 HTTP/1.1" 301 257 "-" "Mozilla/5.0 (compatible; AhrefsBot/7.0; +http://ahrefs.com/robot/)"
57.141.2.5 - - [24/Jun/2025:16:15:38 +0000] "GET /buy.php/shopdetail/1911741 HTTP/1.1" 301 265 "-" "meta-externalagent/1.1 (+https://developers.facebook.com/docs/sharing/webmasters/crawler)"
57.141.2.5 - - [24/Jun/2025:16:15:40 +0000] "GET /buy.php/shopdetail/4045422 HTTP/1.1" 301 265 "-" "meta-externalagent/1.1 (+https://developers.facebook.com/docs/sharing/webmasters/crawler)"
66.249.79.131 - - [24/Jun/2025:16:15:54 +0000] "GET /shopdetail/2546974 HTTP/1.1" 301 257 "-" "Mozilla/5.0 (Linux; Android 6.0.1; Nexus 5X Build/MMB29P) AppleWebKit/537.36 (KHTML, like Gecko) Chrome/137.0.7151.103 Mobile Safari/537.36 (compatible; Googlebot/2.1; +http://www.google.com/bot.html)"
54.36.148.212 - - [24/Jun/2025:16:16:03 +0000] "GET /shopdetail/2242029 HTTP/1.1" 301 257 "-" "Mozilla/5.0 (compatible; AhrefsBot/7.0; +http://ahrefs.com/robot/)"
57.141.2.4 - - [24/Jun/2025:16:16:08 +0000] "GET /buy.php/shopdetail/3237988 HTTP/1.1" 301 265 "-" "meta-externalagent/1.1 (+https://developers.facebook.com/docs/sharing/webmasters/crawler)"
57.141.2.13 - - [24/Jun/2025:16:16:16 +0000] "GET /shopdetail/2147058 HTTP/1.1" 301 257 "-" "meta-externalagent/1.1 (+https://developers.facebook.com/docs/sharing/webmasters/crawler)"
57.141.2.22 - - [24/Jun/2025:16:16:30 +0000] "GET /buy.php/shopdetail/3417749 HTTP/1.1" 301 265 "-" "meta-externalagent/1.1 (+https://developers.facebook.com/docs/sharing/webmasters/crawler)"
57.141.2.17 - - [24/Jun/2025:16:16:35 +0000] "GET /buy.php/shopdetail/4406182 HTTP/1.1" 301 265 "-" "meta-externalagent/1.1 (+https://developers.facebook.com/docs/sharing/webmasters/crawler)"
54.36.148.50 - - [24/Jun/2025:16:16:39 +0000] "GET /shopdetail/2242405 HTTP/1.1" 301 257 "-" "Mozilla/5.0 (compatible; AhrefsBot/7.0; +http://ahrefs.com/robot/)"
57.141.2.29 - - [24/Jun/2025:16:16:46 +0000] "GET /shopdetail/2789425 HTTP/1.1" 301 257 "-" "meta-externalagent/1.1 (+https://developers.facebook.com/docs/sharing/webmasters/crawler)"
57.141.2.6 - - [24/Jun/2025:16:17:17 +0000] "GET /buy.php/shopdetail/0592255 HTTP/1.1" 301 265 "-" "meta-externalagent/1.1 (+https://developers.facebook.com/docs/sharing/webmasters/crawler)"
57.141.2.28 - - [24/Jun/2025:16:17:19 +0000] "GET /buy.php/shopdetail/3633705 HTTP/1.1" 301 265 "-" "meta-externalagent/1.1 (+https://developers.facebook.com/docs/sharing/webmasters/crawler)"
54.36.148.145 - - [24/Jun/2025:16:17:32 +0000] "GET /shopdetail/2244414 HTTP/1.1" 301 257 "-" "Mozilla/5.0 (compatible; AhrefsBot/7.0; +http://ahrefs.com/robot/)"
57.141.2.6 - - [24/Jun/2025:16:17:46 +0000] "GET /buy.php/shopdetail/0602648 HTTP/1.1" 301 265 "-" "meta-externalagent/1.1 (+https://developers.facebook.com/docs/sharing/webmasters/crawler)"
57.141.2.23 - - [24/Jun/2025:16:17:48 +0000] "GET /buy.php/shopdetail/4108445 HTTP/1.1" 301 265 "-" "meta-externalagent/1.1 (+https://developers.facebook.com/docs/sharing/webmasters/crawler)"
57.141.2.22 - - [24/Jun/2025:16:17:50 +0000] "GET /buy.php/shopdetail/3214465 HTTP/1.1" 301 265 "-" "meta-externalagent/1.1 (+https://developers.facebook.com/docs/sharing/webmasters/crawler)"
57.141.2.21 - - [24/Jun/2025:16:18:12 +0000] "GET /buy.php/shopdetail/2968429 HTTP/1.1" 301 265 "-" "meta-externalagent/1.1 (+https://developers.facebook.com/docs/sharing/webmasters/crawler)"
54.36.149.89 - - [24/Jun/2025:16:18:21 +0000] "GET /shopdetail/2246457 HTTP/1.1" 301 257 "-" "Mozilla/5.0 (compatible; AhrefsBot/7.0; +http://ahrefs.com/robot/)"
57.141.2.22 - - [24/Jun/2025:16:18:35 +0000] "GET /buy.php/shopdetail/1499620 HTTP/1.1" 301 265 "-" "meta-externalagent/1.1 (+https://developers.facebook.com/docs/sharing/webmasters/crawler)"
57.141.2.6 - - [24/Jun/2025:16:18:47 +0000] "GET /buy.php/shopdetail/1317866 HTTP/1.1" 301 265 "-" "meta-externalagent/1.1 (+https://developers.facebook.com/docs/sharing/webmasters/crawler)"
57.141.2.11 - - [24/Jun/2025:16:19:00 +0000] "GET /buy.php/shopdetail/2060717 HTTP/1.1" 301 265 "-" "meta-externalagent/1.1 (+https://developers.facebook.com/docs/sharing/webmasters/crawler)"
54.36.148.231 - - [24/Jun/2025:16:19:07 +0000] "GET /shopdetail/2256034 HTTP/1.1" 301 257 "-" "Mozilla/5.0 (compatible; AhrefsBot/7.0; +http://ahrefs.com/robot/)"
57.141.2.6 - - [24/Jun/2025:16:19:45 +0000] "GET /buy.php/shopdetail/3036297 HTTP/1.1" 301 265 "-" "meta-externalagent/1.1 (+https://developers.facebook.com/docs/sharing/webmasters/crawler)"
54.36.148.69 - - [24/Jun/2025:16:19:52 +0000] "GET /shopdetail/2264506 HTTP/1.1" 301 257 "-" "Mozilla/5.0 (compatible; AhrefsBot/7.0; +http://ahrefs.com/robot/)"
57.141.2.26 - - [24/Jun/2025:16:20:28 +0000] "GET /buy.php/shopdetail/3046029 HTTP/1.1" 301 265 "-" "meta-externalagent/1.1 (+https://developers.facebook.com/docs/sharing/webmasters/crawler)"
54.36.148.133 - - [24/Jun/2025:16:20:37 +0000] "GET /shopdetail/2275080 HTTP/1.1" 301 257 "-" "Mozilla/5.0 (compatible; AhrefsBot/7.0; +http://ahrefs.com/robot/)"
57.141.2.4 - - [24/Jun/2025:16:20:56 +0000] "GET /buy.php/shopdetail/4258232 HTTP/1.1" 301 265 "-" "meta-externalagent/1.1 (+https://developers.facebook.com/docs/sharing/webmasters/crawler)"
104.210.140.143 - - [24/Jun/2025:16:20:57 +0000] "GET /robots.txt HTTP/1.1" 301 249 "-" "Mozilla/5.0 (Macintosh; Intel Mac OS X 10_15_7) AppleWebKit/537.36 (KHTML, like Gecko) Chrome/131.0.0.0 Safari/537.36; compatible; OAI-SearchBot/1.0; +https://openai.com/searchbot"
57.141.2.30 - - [24/Jun/2025:16:20:57 +0000] "GET /buy.php/shopdetail/3872416 HTTP/1.1" 301 265 "-" "meta-externalagent/1.1 (+https://developers.facebook.com/docs/sharing/webmasters/crawler)"
54.36.148.74 - - [24/Jun/2025:16:21:18 +0000] "GET /shopdetail/2275824 HTTP/1.1" 301 257 "-" "Mozilla/5.0 (compatible; AhrefsBot/7.0; +http://ahrefs.com/robot/)"
57.141.2.30 - - [24/Jun/2025:16:21:31 +0000] "GET /buy.php/shopdetail/3792410 HTTP/1.1" 301 265 "-" "meta-externalagent/1.1 (+https://developers.facebook.com/docs/sharing/webmasters/crawler)"
57.141.2.3 - - [24/Jun/2025:16:21:35 +0000] "GET /buy.php/shopdetail/1192180 HTTP/1.1" 301 265 "-" "meta-externalagent/1.1 (+https://developers.facebook.com/docs/sharing/webmasters/crawler)"
57.141.2.2 - - [24/Jun/2025:16:21:40 +0000] "GET /buy.php/shopdetail/2693081 HTTP/1.1" 301 265 "-" "meta-externalagent/1.1 (+https://developers.facebook.com/docs/sharing/webmasters/crawler)"
57.141.2.28 - - [24/Jun/2025:16:21:41 +0000] "GET /shopdetail/4398837 HTTP/1.1" 301 257 "-" "meta-externalagent/1.1 (+https://developers.facebook.com/docs/sharing/webmasters/crawler)"
57.141.2.27 - - [24/Jun/2025:16:21:59 +0000] "GET /buy.php/shopdetail/2551022 HTTP/1.1" 301 265 "-" "meta-externalagent/1.1 (+https://developers.facebook.com/docs/sharing/webmasters/crawler)"
54.36.148.13 - - [24/Jun/2025:16:22:19 +0000] "GET /shopdetail/2276378 HTTP/1.1" 301 257 "-" "Mozilla/5.0 (compatible; AhrefsBot/7.0; +http://ahrefs.com/robot/)"
57.141.2.23 - - [24/Jun/2025:16:22:51 +0000] "GET /buy.php/shopdetail/2872082 HTTP/1.1" 301 265 "-" "meta-externalagent/1.1 (+https://developers.facebook.com/docs/sharing/webmasters/crawler)"
54.36.148.156 - - [24/Jun/2025:16:23:21 +0000] "GET /shopdetail/2288112 HTTP/1.1" 301 257 "-" "Mozilla/5.0 (compatible; AhrefsBot/7.0; +http://ahrefs.com/robot/)"
57.141.2.16 - - [24/Jun/2025:16:24:12 +0000] "GET /buy.php/shopdetail/0942438 HTTP/1.1" 301 265 "-" "meta-externalagent/1.1 (+https://developers.facebook.com/docs/sharing/webmasters/crawler)"
57.141.2.29 - - [24/Jun/2025:16:24:14 +0000] "GET /buy.php/shopdetail/3028975 HTTP/1.1" 301 265 "-" "meta-externalagent/1.1 (+https://developers.facebook.com/docs/sharing/webmasters/crawler)"
57.141.2.24 - - [24/Jun/2025:16:24:36 +0000] "GET /shopdetail/3003752 HTTP/1.1" 301 257 "-" "meta-externalagent/1.1 (+https://developers.facebook.com/docs/sharing/webmasters/crawler)"
57.141.2.29 - - [24/Jun/2025:16:25:02 +0000] "GET /buy.php/shopdetail/2263973 HTTP/1.1" 301 265 "-" "meta-externalagent/1.1 (+https://developers.facebook.com/docs/sharing/webmasters/crawler)"
57.141.2.24 - - [24/Jun/2025:16:25:14 +0000] "GET /buy.php/shopdetail/2541057 HTTP/1.1" 301 265 "-" "meta-externalagent/1.1 (+https://developers.facebook.com/docs/sharing/webmasters/crawler)"
57.141.2.25 - - [24/Jun/2025:16:25:57 +0000] "GET /buy.php/shopdetail/4428451 HTTP/1.1" 301 265 "-" "meta-externalagent/1.1 (+https://developers.facebook.com/docs/sharing/webmasters/crawler)"
57.141.2.30 - - [24/Jun/2025:16:26:01 +0000] "GET /buy.php/shopdetail/1418989 HTTP/1.1" 301 265 "-" "meta-externalagent/1.1 (+https://developers.facebook.com/docs/sharing/webmasters/crawler)"
57.141.2.16 - - [24/Jun/2025:16:26:10 +0000] "GET /buy.php/shopdetail/3672877 HTTP/1.1" 301 265 "-" "meta-externalagent/1.1 (+https://developers.facebook.com/docs/sharing/webmasters/crawler)"
57.141.2.29 - - [24/Jun/2025:16:26:10 +0000] "GET /buy.php/shopdetail/1170213 HTTP/1.1" 301 265 "-" "meta-externalagent/1.1 (+https://developers.facebook.com/docs/sharing/webmasters/crawler)"
57.141.2.13 - - [24/Jun/2025:16:26:10 +0000] "GET /buy.php/shopdetail/1894399 HTTP/1.1" 301 265 "-" "meta-externalagent/1.1 (+https://developers.facebook.com/docs/sharing/webmasters/crawler)"
66.249.79.131 - - [24/Jun/2025:16:26:13 +0000] "GET /shopdetail/3408103 HTTP/1.1" 301 257 "-" "Mozilla/5.0 (Linux; Android 6.0.1; Nexus 5X Build/MMB29P) AppleWebKit/537.36 (KHTML, like Gecko) Chrome/137.0.7151.103 Mobile Safari/537.36 (compatible; Googlebot/2.1; +http://www.google.com/bot.html)"
54.36.148.242 - - [24/Jun/2025:16:26:14 +0000] "GET /shopdetail/2315134 HTTP/1.1" 301 257 "-" "Mozilla/5.0 (compatible; AhrefsBot/7.0; +http://ahrefs.com/robot/)"
57.141.2.8 - - [24/Jun/2025:16:26:39 +0000] "GET /buy.php/shopdetail/3405527 HTTP/1.1" 301 265 "-" "meta-externalagent/1.1 (+https://developers.facebook.com/docs/sharing/webmasters/crawler)"
57.141.2.22 - - [24/Jun/2025:16:26:44 +0000] "GET /buy.php/shopdetail/1251210 HTTP/1.1" 301 265 "-" "meta-externalagent/1.1 (+https://developers.facebook.com/docs/sharing/webmasters/crawler)"
57.141.2.26 - - [24/Jun/2025:16:26:51 +0000] "GET /buy.php/shopdetail/2477971 HTTP/1.1" 301 265 "-" "meta-externalagent/1.1 (+https://developers.facebook.com/docs/sharing/webmasters/crawler)"
57.141.2.8 - - [24/Jun/2025:16:26:53 +0000] "GET /shopdetail/2497490 HTTP/1.1" 301 257 "-" "meta-externalagent/1.1 (+https://developers.facebook.com/docs/sharing/webmasters/crawler)"
57.141.2.3 - - [24/Jun/2025:16:27:03 +0000] "GET /buy.php/shopdetail/4263304 HTTP/1.1" 301 265 "-" "meta-externalagent/1.1 (+https://developers.facebook.com/docs/sharing/webmasters/crawler)"
54.36.149.2 - - [24/Jun/2025:16:27:04 +0000] "GET /shopdetail/2320058 HTTP/1.1" 301 257 "-" "Mozilla/5.0 (compatible; AhrefsBot/7.0; +http://ahrefs.com/robot/)"
57.141.2.6 - - [24/Jun/2025:16:27:14 +0000] "GET /buy.php/shopdetail/2404993 HTTP/1.1" 301 265 "-" "meta-externalagent/1.1 (+https://developers.facebook.com/docs/sharing/webmasters/crawler)"
66.249.79.132 - - [24/Jun/2025:16:27:25 +0000] "GET /shopdetail/3119106 HTTP/1.1" 301 257 "-" "Mozilla/5.0 (Linux; Android 6.0.1; Nexus 5X Build/MMB29P) AppleWebKit/537.36 (KHTML, like Gecko) Chrome/137.0.7151.103 Mobile Safari/537.36 (compatible; Googlebot/2.1; +http://www.google.com/bot.html)"
66.249.79.132 - - [24/Jun/2025:16:27:26 +0000] "GET /shopdetail/3420702 HTTP/1.1" 301 257 "-" "Mozilla/5.0 (Linux; Android 6.0.1; Nexus 5X Build/MMB29P) AppleWebKit/537.36 (KHTML, like Gecko) Chrome/137.0.7151.103 Mobile Safari/537.36 (compatible; Googlebot/2.1; +http://www.google.com/bot.html)"
57.141.2.26 - - [24/Jun/2025:16:27:43 +0000] "GET /buy.php/shopdetail/0556968 HTTP/1.1" 301 265 "-" "meta-externalagent/1.1 (+https://developers.facebook.com/docs/sharing/webmasters/crawler)"
57.141.2.8 - - [24/Jun/2025:16:27:48 +0000] "GET /buy.php/shopdetail/1870515 HTTP/1.1" 301 265 "-" "meta-externalagent/1.1 (+https://developers.facebook.com/docs/sharing/webmasters/crawler)"
54.36.149.69 - - [24/Jun/2025:16:27:50 +0000] "GET /shopdetail/2320440 HTTP/1.1" 301 257 "-" "Mozilla/5.0 (compatible; AhrefsBot/7.0; +http://ahrefs.com/robot/)"
57.141.2.7 - - [24/Jun/2025:16:27:50 +0000] "GET /buy.php/shopdetail/3502858 HTTP/1.1" 301 265 "-" "meta-externalagent/1.1 (+https://developers.facebook.com/docs/sharing/webmasters/crawler)"
57.141.2.18 - - [24/Jun/2025:16:28:01 +0000] "GET /buy.php/shopdetail/2276238 HTTP/1.1" 301 265 "-" "meta-externalagent/1.1 (+https://developers.facebook.com/docs/sharing/webmasters/crawler)"
57.141.2.23 - - [24/Jun/2025:16:28:26 +0000] "GET /shopdetail/2111095 HTTP/1.1" 301 257 "-" "meta-externalagent/1.1 (+https://developers.facebook.com/docs/sharing/webmasters/crawler)"
54.36.148.208 - - [24/Jun/2025:16:28:38 +0000] "GET /shopdetail/2333466 HTTP/1.1" 301 257 "-" "Mozilla/5.0 (compatible; AhrefsBot/7.0; +http://ahrefs.com/robot/)"
57.141.2.30 - - [24/Jun/2025:16:28:51 +0000] "GET /shopdetail/2664395 HTTP/1.1" 301 257 "-" "meta-externalagent/1.1 (+https://developers.facebook.com/docs/sharing/webmasters/crawler)"
57.141.2.16 - - [24/Jun/2025:16:29:20 +0000] "GET /shopdetail/2786535 HTTP/1.1" 301 257 "-" "meta-externalagent/1.1 (+https://developers.facebook.com/docs/sharing/webmasters/crawler)"
54.36.148.63 - - [24/Jun/2025:16:29:24 +0000] "GET /shopdetail/2335196 HTTP/1.1" 301 257 "-" "Mozilla/5.0 (compatible; AhrefsBot/7.0; +http://ahrefs.com/robot/)"
57.141.2.13 - - [24/Jun/2025:16:29:26 +0000] "GET /buy.php/shopdetail/3060647 HTTP/1.1" 301 265 "-" "meta-externalagent/1.1 (+https://developers.facebook.com/docs/sharing/webmasters/crawler)"
57.141.2.8 - - [24/Jun/2025:16:29:37 +0000] "GET /shopdetail/4078237 HTTP/1.1" 301 257 "-" "meta-externalagent/1.1 (+https://developers.facebook.com/docs/sharing/webmasters/crawler)"
66.249.79.130 - - [24/Jun/2025:16:29:42 +0000] "GET /shopdetail/2734999 HTTP/1.1" 301 257 "-" "Mozilla/5.0 (compatible; Googlebot/2.1; +http://www.google.com/bot.html)"
57.141.2.11 - - [24/Jun/2025:16:29:44 +0000] "GET /shopdetail/4153653 HTTP/1.1" 301 257 "-" "meta-externalagent/1.1 (+https://developers.facebook.com/docs/sharing/webmasters/crawler)"
57.141.2.29 - - [24/Jun/2025:16:29:54 +0000] "GET /buy.php/shopdetail/3803620 HTTP/1.1" 301 265 "-" "meta-externalagent/1.1 (+https://developers.facebook.com/docs/sharing/webmasters/crawler)"
57.141.2.13 - - [24/Jun/2025:16:29:56 +0000] "GET /shopdetail/2266159 HTTP/1.1" 301 257 "-" "meta-externalagent/1.1 (+https://developers.facebook.com/docs/sharing/webmasters/crawler)"
57.141.2.18 - - [24/Jun/2025:16:29:58 +0000] "GET /buy.php/shopdetail/3539547 HTTP/1.1" 301 265 "-" "meta-externalagent/1.1 (+https://developers.facebook.com/docs/sharing/webmasters/crawler)"
54.36.148.255 - - [24/Jun/2025:16:30:04 +0000] "GET /shopdetail/2336507 HTTP/1.1" 301 257 "-" "Mozilla/5.0 (compatible; AhrefsBot/7.0; +http://ahrefs.com/robot/)"
162.243.243.11 - - [24/Jun/2025:16:30:05 +0000] "GET /wp-admin/css/ HTTP/1.1" 301 252 "binance.com" "Mozilla/5.0 (Windows NT 10.0; Win64; x64) AppleWebKit/537.36 (KHTML, like Gecko) Chrome/90.0.4430.85 Safari/537.36"
162.243.243.11 - - [24/Jun/2025:16:30:10 +0000] "GET /.well-known/ HTTP/1.1" 301 248 "binance.com" "Mozilla/5.0 (Windows NT 10.0; Win64; x64) AppleWebKit/537.36 (KHTML, like Gecko) Chrome/90.0.4430.85 Safari/537.36"
57.141.2.19 - - [24/Jun/2025:16:30:11 +0000] "GET /buy.php/shopdetail/2206175 HTTP/1.1" 301 265 "-" "meta-externalagent/1.1 (+https://developers.facebook.com/docs/sharing/webmasters/crawler)"
162.243.243.11 - - [24/Jun/2025:16:30:13 +0000] "GET /sites/default/files/ HTTP/1.1" 301 259 "binance.com" "Mozilla/5.0 (Windows NT 10.0; Win64; x64) AppleWebKit/537.36 (KHTML, like Gecko) Chrome/90.0.4430.85 Safari/537.36"
57.141.2.12 - - [24/Jun/2025:16:30:16 +0000] "GET /shopdetail/3737725 HTTP/1.1" 301 257 "-" "meta-externalagent/1.1 (+https://developers.facebook.com/docs/sharing/webmasters/crawler)"
162.243.243.11 - - [24/Jun/2025:16:30:17 +0000] "GET /admin/controller/extension/extension/ HTTP/1.1" 301 276 "binance.com" "Mozilla/5.0 (Windows NT 10.0; Win64; x64) AppleWebKit/537.36 (KHTML, like Gecko) Chrome/90.0.4430.85 Safari/537.36"
57.141.2.11 - - [24/Jun/2025:16:30:19 +0000] "GET /buy.php/shopdetail/4218997 HTTP/1.1" 301 265 "-" "meta-externalagent/1.1 (+https://developers.facebook.com/docs/sharing/webmasters/crawler)"
162.243.243.11 - - [24/Jun/2025:16:30:22 +0000] "GET /uploads/ HTTP/1.1" 301 247 "binance.com" "Mozilla/5.0 (Windows NT 10.0; Win64; x64) AppleWebKit/537.36 (KHTML, like Gecko) Chrome/90.0.4430.85 Safari/537.36"
162.243.243.11 - - [24/Jun/2025:16:30:27 +0000] "GET /images/ HTTP/1.1" 301 246 "binance.com" "Mozilla/5.0 (Windows NT 10.0; Win64; x64) AppleWebKit/537.36 (KHTML, like Gecko) Chrome/90.0.4430.85 Safari/537.36"
57.141.2.4 - - [24/Jun/2025:16:30:27 +0000] "GET /buy.php/shopdetail/3494299 HTTP/1.1" 301 265 "-" "meta-externalagent/1.1 (+https://developers.facebook.com/docs/sharing/webmasters/crawler)"
162.243.243.11 - - [24/Jun/2025:16:30:31 +0000] "GET /files/ HTTP/1.1" 301 245 "binance.com" "Mozilla/5.0 (Windows NT 10.0; Win64; x64) AppleWebKit/537.36 (KHTML, like Gecko) Chrome/90.0.4430.85 Safari/537.36"
54.36.148.164 - - [24/Jun/2025:16:30:41 +0000] "GET /shopdetail/2341916 HTTP/1.1" 301 257 "-" "Mozilla/5.0 (compatible; AhrefsBot/7.0; +http://ahrefs.com/robot/)"
57.141.2.4 - - [24/Jun/2025:16:30:45 +0000] "GET /shopdetail/2626247 HTTP/1.1" 301 257 "-" "meta-externalagent/1.1 (+https://developers.facebook.com/docs/sharing/webmasters/crawler)"
57.141.2.22 - - [24/Jun/2025:16:30:53 +0000] "GET /shopdetail/3761019 HTTP/1.1" 301 257 "-" "meta-externalagent/1.1 (+https://developers.facebook.com/docs/sharing/webmasters/crawler)"
34.148.16.250 - - [24/Jun/2025:16:30:58 +0000] "GET /robots.txt HTTP/1.0" 301 249 "-" "ZoominfoBot (zoominfobot at zoominfo dot com)"
34.148.16.250 - - [24/Jun/2025:16:30:59 +0000] "GET / HTTP/1.0" 301 239 "-" "ZoominfoBot (zoominfobot at zoominfo dot com)"
66.249.79.131 - - [24/Jun/2025:16:31:04 +0000] "GET /shopdetail/0991274 HTTP/1.1" 301 257 "-" "Mozilla/5.0 (compatible; Googlebot/2.1; +http://www.google.com/bot.html)"
57.141.2.8 - - [24/Jun/2025:16:31:09 +0000] "GET /shopdetail/2195723 HTTP/1.1" 301 257 "-" "meta-externalagent/1.1 (+https://developers.facebook.com/docs/sharing/webmasters/crawler)"
57.141.2.28 - - [24/Jun/2025:16:31:16 +0000] "GET /buy.php/shopdetail/3213346 HTTP/1.1" 301 265 "-" "meta-externalagent/1.1 (+https://developers.facebook.com/docs/sharing/webmasters/crawler)"
54.36.149.3 - - [24/Jun/2025:16:31:19 +0000] "GET /shopdetail/2341930 HTTP/1.1" 301 257 "-" "Mozilla/5.0 (compatible; AhrefsBot/7.0; +http://ahrefs.com/robot/)"
57.141.2.8 - - [24/Jun/2025:16:31:21 +0000] "GET /buy.php/shopdetail/2684184 HTTP/1.1" 301 265 "-" "meta-externalagent/1.1 (+https://developers.facebook.com/docs/sharing/webmasters/crawler)"
57.141.2.27 - - [24/Jun/2025:16:31:45 +0000] "GET /shopdetail/3038970 HTTP/1.1" 301 257 "-" "meta-externalagent/1.1 (+https://developers.facebook.com/docs/sharing/webmasters/crawler)"
54.36.148.100 - - [24/Jun/2025:16:32:06 +0000] "GET /shopdetail/2344988 HTTP/1.1" 301 257 "-" "Mozilla/5.0 (compatible; AhrefsBot/7.0; +http://ahrefs.com/robot/)"
57.141.2.18 - - [24/Jun/2025:16:32:25 +0000] "GET /buy.php/shopdetail/3545708 HTTP/1.1" 301 265 "-" "meta-externalagent/1.1 (+https://developers.facebook.com/docs/sharing/webmasters/crawler)"
57.141.2.29 - - [24/Jun/2025:16:32:38 +0000] "GET /buy.php/shopdetail/3185197 HTTP/1.1" 301 265 "-" "meta-externalagent/1.1 (+https://developers.facebook.com/docs/sharing/webmasters/crawler)"
54.36.149.77 - - [24/Jun/2025:16:32:46 +0000] "GET /shopdetail/2346122 HTTP/1.1" 301 257 "-" "Mozilla/5.0 (compatible; AhrefsBot/7.0; +http://ahrefs.com/robot/)"
57.141.2.26 - - [24/Jun/2025:16:33:02 +0000] "GET /buy.php/shopdetail/3916549 HTTP/1.1" 301 265 "-" "meta-externalagent/1.1 (+https://developers.facebook.com/docs/sharing/webmasters/crawler)"
57.141.2.2 - - [24/Jun/2025:16:33:07 +0000] "GET /buy.php/shopdetail/3675516 HTTP/1.1" 301 265 "-" "meta-externalagent/1.1 (+https://developers.facebook.com/docs/sharing/webmasters/crawler)"
57.141.2.23 - - [24/Jun/2025:16:33:08 +0000] "GET /buy.php/shopdetail/2959468 HTTP/1.1" 301 265 "-" "meta-externalagent/1.1 (+https://developers.facebook.com/docs/sharing/webmasters/crawler)"
57.141.2.12 - - [24/Jun/2025:16:33:09 +0000] "GET /buy.php/shopdetail/2349453 HTTP/1.1" 301 265 "-" "meta-externalagent/1.1 (+https://developers.facebook.com/docs/sharing/webmasters/crawler)"
57.141.2.30 - - [24/Jun/2025:16:33:09 +0000] "GET /shopdetail/2305746 HTTP/1.1" 301 257 "-" "meta-externalagent/1.1 (+https://developers.facebook.com/docs/sharing/webmasters/crawler)"
57.141.2.16 - - [24/Jun/2025:16:33:14 +0000] "GET /buy.php/shopdetail/2520042 HTTP/1.1" 301 265 "-" "meta-externalagent/1.1 (+https://developers.facebook.com/docs/sharing/webmasters/crawler)"
57.141.2.20 - - [24/Jun/2025:16:33:17 +0000] "GET /buy.php/shopdetail/2969234 HTTP/1.1" 301 265 "-" "meta-externalagent/1.1 (+https://developers.facebook.com/docs/sharing/webmasters/crawler)"
57.141.2.22 - - [24/Jun/2025:16:33:23 +0000] "GET /buy.php/shopdetail/2904130 HTTP/1.1" 301 265 "-" "meta-externalagent/1.1 (+https://developers.facebook.com/docs/sharing/webmasters/crawler)"
57.141.2.7 - - [24/Jun/2025:16:33:36 +0000] "GET /buy.php/shopdetail/1394898 HTTP/1.1" 301 265 "-" "meta-externalagent/1.1 (+https://developers.facebook.com/docs/sharing/webmasters/crawler)"
57.141.2.29 - - [24/Jun/2025:16:33:39 +0000] "GET /shopdetail/3039280 HTTP/1.1" 301 257 "-" "meta-externalagent/1.1 (+https://developers.facebook.com/docs/sharing/webmasters/crawler)"
57.141.2.22 - - [24/Jun/2025:16:33:42 +0000] "GET /buy.php/shopdetail/0699079 HTTP/1.1" 301 265 "-" "meta-externalagent/1.1 (+https://developers.facebook.com/docs/sharing/webmasters/crawler)"
57.141.2.11 - - [24/Jun/2025:16:33:48 +0000] "GET /buy.php/shopdetail/0603877 HTTP/1.1" 301 265 "-" "meta-externalagent/1.1 (+https://developers.facebook.com/docs/sharing/webmasters/crawler)"
57.141.2.28 - - [24/Jun/2025:16:33:52 +0000] "GET /buy.php/shopdetail/2844317 HTTP/1.1" 301 265 "-" "meta-externalagent/1.1 (+https://developers.facebook.com/docs/sharing/webmasters/crawler)"
57.141.2.23 - - [24/Jun/2025:16:33:52 +0000] "GET /buy.php/shopdetail/2434142 HTTP/1.1" 301 265 "-" "meta-externalagent/1.1 (+https://developers.facebook.com/docs/sharing/webmasters/crawler)"
57.141.2.26 - - [24/Jun/2025:16:33:53 +0000] "GET /buy.php/shopdetail/1642330 HTTP/1.1" 301 265 "-" "meta-externalagent/1.1 (+https://developers.facebook.com/docs/sharing/webmasters/crawler)"
54.36.148.24 - - [24/Jun/2025:16:34:14 +0000] "GET /shopdetail/2364312 HTTP/1.1" 301 257 "-" "Mozilla/5.0 (compatible; AhrefsBot/7.0; +http://ahrefs.com/robot/)"
66.249.79.130 - - [24/Jun/2025:16:34:49 +0000] "GET /shopdetail/2952327 HTTP/1.1" 301 257 "-" "Mozilla/5.0 (compatible; Googlebot/2.1; +http://www.google.com/bot.html)"
57.141.2.9 - - [24/Jun/2025:16:34:51 +0000] "GET /buy.php/shopdetail/0726074 HTTP/1.1" 301 265 "-" "meta-externalagent/1.1 (+https://developers.facebook.com/docs/sharing/webmasters/crawler)"
54.36.148.82 - - [24/Jun/2025:16:35:03 +0000] "GET /shopdetail/2378801 HTTP/1.1" 301 257 "-" "Mozilla/5.0 (compatible; AhrefsBot/7.0; +http://ahrefs.com/robot/)"
216.73.217.3 - - [24/Jun/2025:16:35:05 +0000] "GET /buy.php/sitemap.xml HTTP/1.1" 301 258 "-" "Mozilla/5.0 AppleWebKit/537.36 (KHTML, like Gecko; compatible; ClaudeBot/1.0; +claudebot@anthropic.com)"
216.73.217.3 - - [24/Jun/2025:16:35:05 +0000] "GET /sitemap-6.xml HTTP/1.1" 301 252 "-" "Mozilla/5.0 AppleWebKit/537.36 (KHTML, like Gecko; compatible; ClaudeBot/1.0; +claudebot@anthropic.com)"
66.249.79.131 - - [24/Jun/2025:16:35:30 +0000] "GET /shopdetail/3397998 HTTP/1.1" 301 257 "-" "Mozilla/5.0 (Linux; Android 6.0.1; Nexus 5X Build/MMB29P) AppleWebKit/537.36 (KHTML, like Gecko) Chrome/137.0.7151.103 Mobile Safari/537.36 (compatible; Googlebot/2.1; +http://www.google.com/bot.html)"
57.141.2.26 - - [24/Jun/2025:16:35:36 +0000] "GET /buy.php/shopdetail/1703283 HTTP/1.1" 301 265 "-" "meta-externalagent/1.1 (+https://developers.facebook.com/docs/sharing/webmasters/crawler)"
57.141.2.30 - - [24/Jun/2025:16:35:40 +0000] "GET /shopdetail/3538291 HTTP/1.1" 301 257 "-" "meta-externalagent/1.1 (+https://developers.facebook.com/docs/sharing/webmasters/crawler)"
54.36.148.78 - - [24/Jun/2025:16:35:49 +0000] "GET /shopdetail/2381844 HTTP/1.1" 301 257 "-" "Mozilla/5.0 (compatible; AhrefsBot/7.0; +http://ahrefs.com/robot/)"
66.249.79.130 - - [24/Jun/2025:16:36:03 +0000] "GET /shopdetail/2586111 HTTP/1.1" 301 257 "-" "Mozilla/5.0 (Linux; Android 6.0.1; Nexus 5X Build/MMB29P) AppleWebKit/537.36 (KHTML, like Gecko) Chrome/137.0.7151.103 Mobile Safari/537.36 (compatible; GoogleOther)"
57.141.2.4 - - [24/Jun/2025:16:36:05 +0000] "GET /buy.php/shopdetail/2542320 HTTP/1.1" 301 265 "-" "meta-externalagent/1.1 (+https://developers.facebook.com/docs/sharing/webmasters/crawler)"
57.141.2.8 - - [24/Jun/2025:16:36:13 +0000] "GET /shopdetail/3504639 HTTP/1.1" 301 257 "-" "meta-externalagent/1.1 (+https://developers.facebook.com/docs/sharing/webmasters/crawler)"
57.141.2.9 - - [24/Jun/2025:16:36:16 +0000] "GET /shopdetail/3881346 HTTP/1.1" 301 257 "-" "meta-externalagent/1.1 (+https://developers.facebook.com/docs/sharing/webmasters/crawler)"
57.141.2.14 - - [24/Jun/2025:16:36:16 +0000] "GET /buy.php/shopdetail/3205406 HTTP/1.1" 301 265 "-" "meta-externalagent/1.1 (+https://developers.facebook.com/docs/sharing/webmasters/crawler)"
54.36.149.74 - - [24/Jun/2025:16:36:27 +0000] "GET /shopdetail/2383798 HTTP/1.1" 301 257 "-" "Mozilla/5.0 (compatible; AhrefsBot/7.0; +http://ahrefs.com/robot/)"
57.141.2.8 - - [24/Jun/2025:16:36:36 +0000] "GET /shopdetail/3804388 HTTP/1.1" 301 257 "-" "meta-externalagent/1.1 (+https://developers.facebook.com/docs/sharing/webmasters/crawler)"
66.249.79.130 - - [24/Jun/2025:16:36:48 +0000] "GET /shopdetail/3003031 HTTP/1.1" 301 257 "-" "Mozilla/5.0 (compatible; Googlebot/2.1; +http://www.google.com/bot.html)"
57.141.2.18 - - [24/Jun/2025:16:36:52 +0000] "GET /buy.php/shopdetail/2893560 HTTP/1.1" 301 265 "-" "meta-externalagent/1.1 (+https://developers.facebook.com/docs/sharing/webmasters/crawler)"
57.141.2.29 - - [24/Jun/2025:16:36:56 +0000] "GET /shopdetail/3563562 HTTP/1.1" 301 257 "-" "meta-externalagent/1.1 (+https://developers.facebook.com/docs/sharing/webmasters/crawler)"
57.141.2.18 - - [24/Jun/2025:16:37:06 +0000] "GET /shopdetail/1803714 HTTP/1.1" 301 257 "-" "meta-externalagent/1.1 (+https://developers.facebook.com/docs/sharing/webmasters/crawler)"
54.36.148.210 - - [24/Jun/2025:16:37:14 +0000] "GET /shopdetail/2389141 HTTP/1.1" 301 257 "-" "Mozilla/5.0 (compatible; AhrefsBot/7.0; +http://ahrefs.com/robot/)"
57.141.2.17 - - [24/Jun/2025:16:37:19 +0000] "GET /buy.php/shopdetail/4038805 HTTP/1.1" 301 265 "-" "meta-externalagent/1.1 (+https://developers.facebook.com/docs/sharing/webmasters/crawler)"
57.141.2.28 - - [24/Jun/2025:16:37:44 +0000] "GET /buy.php/shopdetail/2012884 HTTP/1.1" 301 265 "-" "meta-externalagent/1.1 (+https://developers.facebook.com/docs/sharing/webmasters/crawler)"
57.141.2.12 - - [24/Jun/2025:16:37:50 +0000] "GET /shopdetail/0653763 HTTP/1.1" 301 257 "-" "meta-externalagent/1.1 (+https://developers.facebook.com/docs/sharing/webmasters/crawler)"
66.249.79.132 - - [24/Jun/2025:16:37:53 +0000] "GET /shopdetail/0648968/man/kaitori/kaitoritop.html HTTP/1.1" 301 285 "-" "Mozilla/5.0 (compatible; Googlebot/2.1; +http://www.google.com/bot.html)"
54.36.148.132 - - [24/Jun/2025:16:37:54 +0000] "GET /shopdetail/2401420 HTTP/1.1" 301 257 "-" "Mozilla/5.0 (compatible; AhrefsBot/7.0; +http://ahrefs.com/robot/)"
66.249.79.130 - - [24/Jun/2025:16:37:56 +0000] "GET /shopdetail/4327566 HTTP/1.1" 301 257 "-" "Mozilla/5.0 (Linux; Android 6.0.1; Nexus 5X Build/MMB29P) AppleWebKit/537.36 (KHTML, like Gecko) Chrome/137.0.7151.103 Mobile Safari/537.36 (compatible; Googlebot/2.1; +http://www.google.com/bot.html)"
57.141.2.5 - - [24/Jun/2025:16:38:01 +0000] "GET /buy.php/shopdetail/3203235 HTTP/1.1" 301 265 "-" "meta-externalagent/1.1 (+https://developers.facebook.com/docs/sharing/webmasters/crawler)"
57.141.2.8 - - [24/Jun/2025:16:38:01 +0000] "GET /shopdetail/1493032 HTTP/1.1" 301 257 "-" "meta-externalagent/1.1 (+https://developers.facebook.com/docs/sharing/webmasters/crawler)"
57.141.2.6 - - [24/Jun/2025:16:38:08 +0000] "GET /shopdetail/4278323 HTTP/1.1" 301 257 "-" "meta-externalagent/1.1 (+https://developers.facebook.com/docs/sharing/webmasters/crawler)"
57.141.2.5 - - [24/Jun/2025:16:38:14 +0000] "GET /buy.php/shopdetail/1768859 HTTP/1.1" 301 265 "-" "meta-externalagent/1.1 (+https://developers.facebook.com/docs/sharing/webmasters/crawler)"
57.141.2.28 - - [24/Jun/2025:16:38:14 +0000] "GET /shopdetail/2035089 HTTP/1.1" 301 257 "-" "meta-externalagent/1.1 (+https://developers.facebook.com/docs/sharing/webmasters/crawler)"
57.141.2.16 - - [24/Jun/2025:16:38:15 +0000] "GET /shopdetail/4390499 HTTP/1.1" 301 257 "-" "meta-externalagent/1.1 (+https://developers.facebook.com/docs/sharing/webmasters/crawler)"
57.141.2.18 - - [24/Jun/2025:16:38:16 +0000] "GET /buy.php/shopdetail/4204123 HTTP/1.1" 301 265 "-" "meta-externalagent/1.1 (+https://developers.facebook.com/docs/sharing/webmasters/crawler)"
66.249.79.132 - - [24/Jun/2025:16:38:21 +0000] "GET /shopdetail/2580493/kaitori/kaitoritop.html HTTP/1.1" 301 281 "-" "Mozilla/5.0 (Linux; Android 6.0.1; Nexus 5X Build/MMB29P) AppleWebKit/537.36 (KHTML, like Gecko) Chrome/137.0.7151.103 Mobile Safari/537.36 (compatible; Googlebot/2.1; +http://www.google.com/bot.html)"
57.141.2.26 - - [24/Jun/2025:16:38:25 +0000] "GET /shopdetail/2389464 HTTP/1.1" 301 257 "-" "meta-externalagent/1.1 (+https://developers.facebook.com/docs/sharing/webmasters/crawler)"
57.141.2.27 - - [24/Jun/2025:16:38:39 +0000] "GET /buy.php/shopdetail/2543297 HTTP/1.1" 301 265 "-" "meta-externalagent/1.1 (+https://developers.facebook.com/docs/sharing/webmasters/crawler)"
54.36.149.39 - - [24/Jun/2025:16:38:42 +0000] "GET /shopdetail/2406364 HTTP/1.1" 301 257 "-" "Mozilla/5.0 (compatible; AhrefsBot/7.0; +http://ahrefs.com/robot/)"
57.141.2.7 - - [24/Jun/2025:16:38:44 +0000] "GET /buy.php/shopdetail/1191925 HTTP/1.1" 301 265 "-" "meta-externalagent/1.1 (+https://developers.facebook.com/docs/sharing/webmasters/crawler)"
57.141.2.7 - - [24/Jun/2025:16:38:47 +0000] "GET /buy.php/shopdetail/4063388 HTTP/1.1" 301 265 "-" "meta-externalagent/1.1 (+https://developers.facebook.com/docs/sharing/webmasters/crawler)"
57.141.2.22 - - [24/Jun/2025:16:38:57 +0000] "GET /buy.php/shopdetail/2345111 HTTP/1.1" 301 265 "-" "meta-externalagent/1.1 (+https://developers.facebook.com/docs/sharing/webmasters/crawler)"
57.141.2.15 - - [24/Jun/2025:16:38:59 +0000] "GET /buy.php/shopdetail/3440286 HTTP/1.1" 301 265 "-" "meta-externalagent/1.1 (+https://developers.facebook.com/docs/sharing/webmasters/crawler)"
57.141.2.24 - - [24/Jun/2025:16:39:03 +0000] "GET /buy.php/shopdetail/4318992 HTTP/1.1" 301 265 "-" "meta-externalagent/1.1 (+https://developers.facebook.com/docs/sharing/webmasters/crawler)"
57.141.2.23 - - [24/Jun/2025:16:39:14 +0000] "GET /buy.php/shopdetail/3613915 HTTP/1.1" 301 265 "-" "meta-externalagent/1.1 (+https://developers.facebook.com/docs/sharing/webmasters/crawler)"
57.141.2.25 - - [24/Jun/2025:16:39:17 +0000] "GET /shopdetail/0782317 HTTP/1.1" 301 257 "-" "meta-externalagent/1.1 (+https://developers.facebook.com/docs/sharing/webmasters/crawler)"
54.36.148.2 - - [24/Jun/2025:16:39:22 +0000] "GET /shopdetail/2422821 HTTP/1.1" 301 257 "-" "Mozilla/5.0 (compatible; AhrefsBot/7.0; +http://ahrefs.com/robot/)"
54.36.148.230 - - [24/Jun/2025:16:40:01 +0000] "GET /shopdetail/2424230 HTTP/1.1" 301 257 "-" "Mozilla/5.0 (compatible; AhrefsBot/7.0; +http://ahrefs.com/robot/)"
57.141.2.16 - - [24/Jun/2025:16:40:05 +0000] "GET /shopdetail/2455589 HTTP/1.1" 301 257 "-" "meta-externalagent/1.1 (+https://developers.facebook.com/docs/sharing/webmasters/crawler)"
57.141.2.29 - - [24/Jun/2025:16:40:15 +0000] "GET /shopdetail/3241563 HTTP/1.1" 301 257 "-" "meta-externalagent/1.1 (+https://developers.facebook.com/docs/sharing/webmasters/crawler)"
54.36.148.141 - - [24/Jun/2025:16:40:49 +0000] "GET /shopdetail/2425598 HTTP/1.1" 301 257 "-" "Mozilla/5.0 (compatible; AhrefsBot/7.0; +http://ahrefs.com/robot/)"
57.141.2.17 - - [24/Jun/2025:16:41:13 +0000] "GET /buy.php/shopdetail/1924679 HTTP/1.1" 301 265 "-" "meta-externalagent/1.1 (+https://developers.facebook.com/docs/sharing/webmasters/crawler)"
