57.141.2.2 - - [24/Jun/2025:12:43:34 +0000] "GET /buy.php/shopdetail/3795601 HTTP/1.1" 301 265 "-" "meta-externalagent/1.1 (+https://developers.facebook.com/docs/sharing/webmasters/crawler)"
54.36.149.61 - - [24/Jun/2025:12:43:38 +0000] "GET /shopdetail/2688770 HTTP/1.1" 301 257 "-" "Mozilla/5.0 (compatible; AhrefsBot/7.0; +http://ahrefs.com/robot/)"
57.141.2.8 - - [24/Jun/2025:12:43:39 +0000] "GET /shopdetail/2930388 HTTP/1.1" 301 257 "-" "meta-externalagent/1.1 (+https://developers.facebook.com/docs/sharing/webmasters/crawler)"
57.141.2.16 - - [24/Jun/2025:12:43:44 +0000] "GET /shopdetail/3199933 HTTP/1.1" 301 257 "-" "meta-externalagent/1.1 (+https://developers.facebook.com/docs/sharing/webmasters/crawler)"
57.141.2.26 - - [24/Jun/2025:12:43:48 +0000] "GET /buy.php/shopdetail/2383187 HTTP/1.1" 301 265 "-" "meta-externalagent/1.1 (+https://developers.facebook.com/docs/sharing/webmasters/crawler)"
57.141.2.6 - - [24/Jun/2025:12:44:00 +0000] "GET /shopdetail/1929618 HTTP/1.1" 301 257 "-" "meta-externalagent/1.1 (+https://developers.facebook.com/docs/sharing/webmasters/crawler)"
57.141.2.15 - - [24/Jun/2025:12:44:01 +0000] "GET /shopdetail/3163717 HTTP/1.1" 301 257 "-" "meta-externalagent/1.1 (+https://developers.facebook.com/docs/sharing/webmasters/crawler)"
57.141.2.18 - - [24/Jun/2025:12:44:03 +0000] "GET /shopdetail/0988819 HTTP/1.1" 301 257 "-" "meta-externalagent/1.1 (+https://developers.facebook.com/docs/sharing/webmasters/crawler)"
57.141.2.21 - - [24/Jun/2025:12:44:07 +0000] "GET /shopdetail/2368910 HTTP/1.1" 301 257 "-" "meta-externalagent/1.1 (+https://developers.facebook.com/docs/sharing/webmasters/crawler)"
57.141.2.18 - - [24/Jun/2025:12:44:09 +0000] "GET /shopdetail/3773940 HTTP/1.1" 301 257 "-" "meta-externalagent/1.1 (+https://developers.facebook.com/docs/sharing/webmasters/crawler)"
57.141.2.6 - - [24/Jun/2025:12:44:12 +0000] "GET /shopdetail/3192547 HTTP/1.1" 301 257 "-" "meta-externalagent/1.1 (+https://developers.facebook.com/docs/sharing/webmasters/crawler)"
57.141.2.25 - - [24/Jun/2025:12:44:15 +0000] "GET /shopdetail/2460348 HTTP/1.1" 301 257 "-" "meta-externalagent/1.1 (+https://developers.facebook.com/docs/sharing/webmasters/crawler)"
57.141.2.17 - - [24/Jun/2025:12:44:17 +0000] "GET /shopdetail/2646832 HTTP/1.1" 301 257 "-" "meta-externalagent/1.1 (+https://developers.facebook.com/docs/sharing/webmasters/crawler)"
57.141.2.30 - - [24/Jun/2025:12:44:19 +0000] "GET /shopdetail/4217062 HTTP/1.1" 301 257 "-" "meta-externalagent/1.1 (+https://developers.facebook.com/docs/sharing/webmasters/crawler)"
57.141.2.4 - - [24/Jun/2025:12:44:19 +0000] "GET /shopdetail/3241563 HTTP/1.1" 301 257 "-" "meta-externalagent/1.1 (+https://developers.facebook.com/docs/sharing/webmasters/crawler)"
54.36.148.221 - - [24/Jun/2025:12:44:24 +0000] "GET /shopdetail/2693659 HTTP/1.1" 301 257 "-" "Mozilla/5.0 (compatible; AhrefsBot/7.0; +http://ahrefs.com/robot/)"
57.141.2.7 - - [24/Jun/2025:12:44:29 +0000] "GET /shopdetail/0631491 HTTP/1.1" 301 257 "-" "meta-externalagent/1.1 (+https://developers.facebook.com/docs/sharing/webmasters/crawler)"
57.141.2.4 - - [24/Jun/2025:12:44:30 +0000] "GET /shopdetail/1758070 HTTP/1.1" 301 257 "-" "meta-externalagent/1.1 (+https://developers.facebook.com/docs/sharing/webmasters/crawler)"
57.141.2.3 - - [24/Jun/2025:12:44:38 +0000] "GET /shopdetail/2143029 HTTP/1.1" 301 257 "-" "meta-externalagent/1.1 (+https://developers.facebook.com/docs/sharing/webmasters/crawler)"
57.141.2.10 - - [24/Jun/2025:12:44:49 +0000] "GET /shopdetail/1379210 HTTP/1.1" 301 257 "-" "meta-externalagent/1.1 (+https://developers.facebook.com/docs/sharing/webmasters/crawler)"
57.141.2.9 - - [24/Jun/2025:12:44:53 +0000] "GET /shopdetail/4368286 HTTP/1.1" 301 257 "-" "meta-externalagent/1.1 (+https://developers.facebook.com/docs/sharing/webmasters/crawler)"
57.141.2.25 - - [24/Jun/2025:12:45:07 +0000] "GET /buy.php/shopdetail/3228599 HTTP/1.1" 301 265 "-" "meta-externalagent/1.1 (+https://developers.facebook.com/docs/sharing/webmasters/crawler)"
57.141.2.29 - - [24/Jun/2025:12:45:10 +0000] "GET /buy.php/shopdetail/2292221 HTTP/1.1" 301 265 "-" "meta-externalagent/1.1 (+https://developers.facebook.com/docs/sharing/webmasters/crawler)"
54.36.149.20 - - [24/Jun/2025:12:45:10 +0000] "GET /shopdetail/2696915 HTTP/1.1" 301 257 "-" "Mozilla/5.0 (compatible; AhrefsBot/7.0; +http://ahrefs.com/robot/)"
57.141.2.14 - - [24/Jun/2025:12:45:15 +0000] "GET /shopdetail/3457495 HTTP/1.1" 301 257 "-" "meta-externalagent/1.1 (+https://developers.facebook.com/docs/sharing/webmasters/crawler)"
57.141.2.10 - - [24/Jun/2025:12:45:30 +0000] "GET /shopdetail/1787093 HTTP/1.1" 301 257 "-" "meta-externalagent/1.1 (+https://developers.facebook.com/docs/sharing/webmasters/crawler)"
57.141.2.22 - - [24/Jun/2025:12:45:33 +0000] "GET /buy.php/shopdetail/3067578 HTTP/1.1" 301 265 "-" "meta-externalagent/1.1 (+https://developers.facebook.com/docs/sharing/webmasters/crawler)"
57.141.2.17 - - [24/Jun/2025:12:45:42 +0000] "GET /shopdetail/0960657 HTTP/1.1" 301 257 "-" "meta-externalagent/1.1 (+https://developers.facebook.com/docs/sharing/webmasters/crawler)"
57.141.2.30 - - [24/Jun/2025:12:45:44 +0000] "GET /shopdetail/1535843 HTTP/1.1" 301 257 "-" "meta-externalagent/1.1 (+https://developers.facebook.com/docs/sharing/webmasters/crawler)"
54.36.148.122 - - [24/Jun/2025:12:45:46 +0000] "GET /shopdetail/2697527 HTTP/1.1" 301 257 "-" "Mozilla/5.0 (compatible; AhrefsBot/7.0; +http://ahrefs.com/robot/)"
57.141.2.22 - - [24/Jun/2025:12:45:47 +0000] "GET /shopdetail/4222953 HTTP/1.1" 301 257 "-" "meta-externalagent/1.1 (+https://developers.facebook.com/docs/sharing/webmasters/crawler)"
57.141.2.16 - - [24/Jun/2025:12:45:54 +0000] "GET /shopdetail/2446975 HTTP/1.1" 301 257 "-" "meta-externalagent/1.1 (+https://developers.facebook.com/docs/sharing/webmasters/crawler)"
57.141.2.20 - - [24/Jun/2025:12:46:01 +0000] "GET /shopdetail/1826038 HTTP/1.1" 301 257 "-" "meta-externalagent/1.1 (+https://developers.facebook.com/docs/sharing/webmasters/crawler)"
57.141.2.28 - - [24/Jun/2025:12:46:01 +0000] "GET /shopdetail/3190925 HTTP/1.1" 301 257 "-" "meta-externalagent/1.1 (+https://developers.facebook.com/docs/sharing/webmasters/crawler)"
57.141.2.3 - - [24/Jun/2025:12:46:06 +0000] "GET /buy.php/shopdetail/0878688 HTTP/1.1" 301 265 "-" "meta-externalagent/1.1 (+https://developers.facebook.com/docs/sharing/webmasters/crawler)"
57.141.2.6 - - [24/Jun/2025:12:46:12 +0000] "GET /shopdetail/4406820 HTTP/1.1" 301 257 "-" "meta-externalagent/1.1 (+https://developers.facebook.com/docs/sharing/webmasters/crawler)"
57.141.2.9 - - [24/Jun/2025:12:46:13 +0000] "GET /buy.php/shopdetail/2705549 HTTP/1.1" 301 265 "-" "meta-externalagent/1.1 (+https://developers.facebook.com/docs/sharing/webmasters/crawler)"
57.141.2.12 - - [24/Jun/2025:12:46:21 +0000] "GET /shopdetail/1212294 HTTP/1.1" 301 257 "-" "meta-externalagent/1.1 (+https://developers.facebook.com/docs/sharing/webmasters/crawler)"
57.141.2.14 - - [24/Jun/2025:12:46:22 +0000] "GET /shopdetail/3052765 HTTP/1.1" 301 257 "-" "meta-externalagent/1.1 (+https://developers.facebook.com/docs/sharing/webmasters/crawler)"
57.141.2.22 - - [24/Jun/2025:12:46:23 +0000] "GET /shopdetail/2834999 HTTP/1.1" 301 257 "-" "meta-externalagent/1.1 (+https://developers.facebook.com/docs/sharing/webmasters/crawler)"
57.141.2.22 - - [24/Jun/2025:12:46:25 +0000] "GET /shopdetail/1305443 HTTP/1.1" 301 257 "-" "meta-externalagent/1.1 (+https://developers.facebook.com/docs/sharing/webmasters/crawler)"
54.36.148.211 - - [24/Jun/2025:12:46:37 +0000] "GET /shopdetail/2700611 HTTP/1.1" 301 257 "-" "Mozilla/5.0 (compatible; AhrefsBot/7.0; +http://ahrefs.com/robot/)"
57.141.2.4 - - [24/Jun/2025:12:46:44 +0000] "GET /shopdetail/2984571 HTTP/1.1" 301 257 "-" "meta-externalagent/1.1 (+https://developers.facebook.com/docs/sharing/webmasters/crawler)"
57.141.2.13 - - [24/Jun/2025:12:46:45 +0000] "GET /shopdetail/1257632 HTTP/1.1" 301 257 "-" "meta-externalagent/1.1 (+https://developers.facebook.com/docs/sharing/webmasters/crawler)"
57.141.2.12 - - [24/Jun/2025:12:46:46 +0000] "GET /shopdetail/4128955 HTTP/1.1" 301 257 "-" "meta-externalagent/1.1 (+https://developers.facebook.com/docs/sharing/webmasters/crawler)"
57.141.2.15 - - [24/Jun/2025:12:46:49 +0000] "GET /shopdetail/1101858 HTTP/1.1" 301 257 "-" "meta-externalagent/1.1 (+https://developers.facebook.com/docs/sharing/webmasters/crawler)"
57.141.2.6 - - [24/Jun/2025:12:46:59 +0000] "GET /shopdetail/1352089 HTTP/1.1" 301 257 "-" "meta-externalagent/1.1 (+https://developers.facebook.com/docs/sharing/webmasters/crawler)"
57.141.2.8 - - [24/Jun/2025:12:46:59 +0000] "GET /shopdetail/4010344 HTTP/1.1" 301 257 "-" "meta-externalagent/1.1 (+https://developers.facebook.com/docs/sharing/webmasters/crawler)"
57.141.2.26 - - [24/Jun/2025:12:47:07 +0000] "GET /shopdetail/1824353 HTTP/1.1" 301 257 "-" "meta-externalagent/1.1 (+https://developers.facebook.com/docs/sharing/webmasters/crawler)"
57.141.2.6 - - [24/Jun/2025:12:47:13 +0000] "GET /shopdetail/1151548 HTTP/1.1" 301 257 "-" "meta-externalagent/1.1 (+https://developers.facebook.com/docs/sharing/webmasters/crawler)"
57.141.2.2 - - [24/Jun/2025:12:47:14 +0000] "GET /buy.php/shopdetail/0700518 HTTP/1.1" 301 265 "-" "meta-externalagent/1.1 (+https://developers.facebook.com/docs/sharing/webmasters/crawler)"
54.36.149.84 - - [24/Jun/2025:12:47:17 +0000] "GET /shopdetail/2701813 HTTP/1.1" 301 257 "-" "Mozilla/5.0 (compatible; AhrefsBot/7.0; +http://ahrefs.com/robot/)"
57.141.2.22 - - [24/Jun/2025:12:47:19 +0000] "GET /shopdetail/3582429 HTTP/1.1" 301 257 "-" "meta-externalagent/1.1 (+https://developers.facebook.com/docs/sharing/webmasters/crawler)"
57.141.2.15 - - [24/Jun/2025:12:47:21 +0000] "GET /shopdetail/1945984 HTTP/1.1" 301 257 "-" "meta-externalagent/1.1 (+https://developers.facebook.com/docs/sharing/webmasters/crawler)"
57.141.2.25 - - [24/Jun/2025:12:47:25 +0000] "GET /buy.php/shopdetail/0542842 HTTP/1.1" 301 265 "-" "meta-externalagent/1.1 (+https://developers.facebook.com/docs/sharing/webmasters/crawler)"
57.141.2.9 - - [24/Jun/2025:12:47:28 +0000] "GET /buy.php/shopdetail/0569966 HTTP/1.1" 301 265 "-" "meta-externalagent/1.1 (+https://developers.facebook.com/docs/sharing/webmasters/crawler)"
57.141.2.21 - - [24/Jun/2025:12:47:31 +0000] "GET /shopdetail/4099377 HTTP/1.1" 301 257 "-" "meta-externalagent/1.1 (+https://developers.facebook.com/docs/sharing/webmasters/crawler)"
57.141.2.30 - - [24/Jun/2025:12:47:37 +0000] "GET /shopdetail/1457559 HTTP/1.1" 301 257 "-" "meta-externalagent/1.1 (+https://developers.facebook.com/docs/sharing/webmasters/crawler)"
57.141.2.1 - - [24/Jun/2025:12:47:39 +0000] "GET /shopdetail/1953770 HTTP/1.1" 301 257 "-" "meta-externalagent/1.1 (+https://developers.facebook.com/docs/sharing/webmasters/crawler)"
57.141.2.22 - - [24/Jun/2025:12:47:45 +0000] "GET /shopdetail/3777404 HTTP/1.1" 301 257 "-" "meta-externalagent/1.1 (+https://developers.facebook.com/docs/sharing/webmasters/crawler)"
57.141.2.13 - - [24/Jun/2025:12:47:47 +0000] "GET /buy.php/shopdetail/0946126 HTTP/1.1" 301 265 "-" "meta-externalagent/1.1 (+https://developers.facebook.com/docs/sharing/webmasters/crawler)"
57.141.2.2 - - [24/Jun/2025:12:47:50 +0000] "GET /buy.php/shopdetail/1937629 HTTP/1.1" 301 265 "-" "meta-externalagent/1.1 (+https://developers.facebook.com/docs/sharing/webmasters/crawler)"
57.141.2.6 - - [24/Jun/2025:12:47:54 +0000] "GET /shopdetail/0520198 HTTP/1.1" 301 257 "-" "meta-externalagent/1.1 (+https://developers.facebook.com/docs/sharing/webmasters/crawler)"
57.141.2.17 - - [24/Jun/2025:12:47:54 +0000] "GET /shopdetail/3160776 HTTP/1.1" 301 257 "-" "meta-externalagent/1.1 (+https://developers.facebook.com/docs/sharing/webmasters/crawler)"
57.141.2.29 - - [24/Jun/2025:12:48:03 +0000] "GET /shopdetail/0920088 HTTP/1.1" 301 257 "-" "meta-externalagent/1.1 (+https://developers.facebook.com/docs/sharing/webmasters/crawler)"
216.73.217.3 - - [24/Jun/2025:12:48:07 +0000] "GET /sitemap-16.xml HTTP/1.1" 301 253 "-" "Mozilla/5.0 AppleWebKit/537.36 (KHTML, like Gecko; compatible; ClaudeBot/1.0; +claudebot@anthropic.com)"
57.141.2.29 - - [24/Jun/2025:12:48:08 +0000] "GET /buy.php/shopdetail/0745011 HTTP/1.1" 301 265 "-" "meta-externalagent/1.1 (+https://developers.facebook.com/docs/sharing/webmasters/crawler)"
57.141.2.23 - - [24/Jun/2025:12:48:09 +0000] "GET /shopdetail/4184488 HTTP/1.1" 301 257 "-" "meta-externalagent/1.1 (+https://developers.facebook.com/docs/sharing/webmasters/crawler)"
57.141.2.21 - - [24/Jun/2025:12:48:14 +0000] "GET /buy.php/sitemap-2.xml HTTP/1.1" 301 260 "-" "meta-externalagent/1.1 (+https://developers.facebook.com/docs/sharing/webmasters/crawler)"
57.141.2.2 - - [24/Jun/2025:12:48:14 +0000] "GET /shopdetail/2577404 HTTP/1.1" 301 257 "-" "meta-externalagent/1.1 (+https://developers.facebook.com/docs/sharing/webmasters/crawler)"
57.141.2.28 - - [24/Jun/2025:12:48:27 +0000] "GET /shopdetail/4390345 HTTP/1.1" 301 257 "-" "meta-externalagent/1.1 (+https://developers.facebook.com/docs/sharing/webmasters/crawler)"
57.141.2.6 - - [24/Jun/2025:12:48:29 +0000] "GET /shopdetail/1380294 HTTP/1.1" 301 257 "-" "meta-externalagent/1.1 (+https://developers.facebook.com/docs/sharing/webmasters/crawler)"
57.141.2.16 - - [24/Jun/2025:12:48:30 +0000] "GET /buy.php/shopdetail/3170018 HTTP/1.1" 301 265 "-" "meta-externalagent/1.1 (+https://developers.facebook.com/docs/sharing/webmasters/crawler)"
57.141.2.22 - - [24/Jun/2025:12:48:30 +0000] "GET /shopdetail/3392687 HTTP/1.1" 301 257 "-" "meta-externalagent/1.1 (+https://developers.facebook.com/docs/sharing/webmasters/crawler)"
57.141.2.2 - - [24/Jun/2025:12:48:52 +0000] "GET /shopdetail/2691827 HTTP/1.1" 301 257 "-" "meta-externalagent/1.1 (+https://developers.facebook.com/docs/sharing/webmasters/crawler)"
72.14.199.67 - - [24/Jun/2025:12:48:53 +0000] "GET /shopdetail/1201266 HTTP/1.1" 301 257 "-" "Mozilla/5.0 AppleWebKit/537.36 (KHTML, like Gecko) Chrome/137.0.7151.68 Safari/537.36"
57.141.2.18 - - [24/Jun/2025:12:49:05 +0000] "GET /shopdetail/1171652 HTTP/1.1" 301 257 "-" "meta-externalagent/1.1 (+https://developers.facebook.com/docs/sharing/webmasters/crawler)"
57.141.2.14 - - [24/Jun/2025:12:49:06 +0000] "GET /buy.php/shopdetail/2078038 HTTP/1.1" 301 265 "-" "meta-externalagent/1.1 (+https://developers.facebook.com/docs/sharing/webmasters/crawler)"
57.141.2.27 - - [24/Jun/2025:12:49:19 +0000] "GET /shopdetail/1655163 HTTP/1.1" 301 257 "-" "meta-externalagent/1.1 (+https://developers.facebook.com/docs/sharing/webmasters/crawler)"
57.141.2.14 - - [24/Jun/2025:12:49:19 +0000] "GET /shopdetail/1507680 HTTP/1.1" 301 257 "-" "meta-externalagent/1.1 (+https://developers.facebook.com/docs/sharing/webmasters/crawler)"
57.141.2.30 - - [24/Jun/2025:12:49:21 +0000] "GET /shopdetail/2700797 HTTP/1.1" 301 257 "-" "meta-externalagent/1.1 (+https://developers.facebook.com/docs/sharing/webmasters/crawler)"
57.141.2.2 - - [24/Jun/2025:12:49:21 +0000] "GET /shopdetail/2539457 HTTP/1.1" 301 257 "-" "meta-externalagent/1.1 (+https://developers.facebook.com/docs/sharing/webmasters/crawler)"
57.141.2.29 - - [24/Jun/2025:12:49:26 +0000] "GET /shopdetail/0718467 HTTP/1.1" 301 257 "-" "meta-externalagent/1.1 (+https://developers.facebook.com/docs/sharing/webmasters/crawler)"
57.141.2.3 - - [24/Jun/2025:12:49:26 +0000] "GET /shopdetail/1549256 HTTP/1.1" 301 257 "-" "meta-externalagent/1.1 (+https://developers.facebook.com/docs/sharing/webmasters/crawler)"
57.141.2.6 - - [24/Jun/2025:12:49:29 +0000] "GET /shopdetail/0697178 HTTP/1.1" 301 257 "-" "meta-externalagent/1.1 (+https://developers.facebook.com/docs/sharing/webmasters/crawler)"
57.141.2.15 - - [24/Jun/2025:12:49:30 +0000] "GET /shopdetail/4315306 HTTP/1.1" 301 257 "-" "meta-externalagent/1.1 (+https://developers.facebook.com/docs/sharing/webmasters/crawler)"
57.141.2.29 - - [24/Jun/2025:12:49:31 +0000] "GET /shopdetail/2373000 HTTP/1.1" 301 257 "-" "meta-externalagent/1.1 (+https://developers.facebook.com/docs/sharing/webmasters/crawler)"
57.141.2.19 - - [24/Jun/2025:12:49:32 +0000] "GET /shopdetail/4197680 HTTP/1.1" 301 257 "-" "meta-externalagent/1.1 (+https://developers.facebook.com/docs/sharing/webmasters/crawler)"
54.36.148.250 - - [24/Jun/2025:12:49:34 +0000] "GET /shopdetail/2755125 HTTP/1.1" 301 257 "-" "Mozilla/5.0 (compatible; AhrefsBot/7.0; +http://ahrefs.com/robot/)"
57.141.2.2 - - [24/Jun/2025:12:49:35 +0000] "GET /buy.php/shopdetail/3014774 HTTP/1.1" 301 265 "-" "meta-externalagent/1.1 (+https://developers.facebook.com/docs/sharing/webmasters/crawler)"
57.141.2.25 - - [24/Jun/2025:12:49:43 +0000] "GET /shopdetail/3071084 HTTP/1.1" 301 257 "-" "meta-externalagent/1.1 (+https://developers.facebook.com/docs/sharing/webmasters/crawler)"
57.141.2.19 - - [24/Jun/2025:12:49:44 +0000] "GET /shopdetail/1628656 HTTP/1.1" 301 257 "-" "meta-externalagent/1.1 (+https://developers.facebook.com/docs/sharing/webmasters/crawler)"
57.141.2.2 - - [24/Jun/2025:12:49:49 +0000] "GET /shopdetail/1736264 HTTP/1.1" 301 257 "-" "meta-externalagent/1.1 (+https://developers.facebook.com/docs/sharing/webmasters/crawler)"
57.141.2.7 - - [24/Jun/2025:12:49:51 +0000] "GET /buy.php/shopdetail/4376379 HTTP/1.1" 301 265 "-" "meta-externalagent/1.1 (+https://developers.facebook.com/docs/sharing/webmasters/crawler)"
57.141.2.5 - - [24/Jun/2025:12:49:52 +0000] "GET /buy.php/shopdetail/2447648 HTTP/1.1" 301 265 "-" "meta-externalagent/1.1 (+https://developers.facebook.com/docs/sharing/webmasters/crawler)"
66.249.79.132 - - [24/Jun/2025:12:49:54 +0000] "GET /shopdetail/3111119 HTTP/1.1" 301 257 "-" "Mozilla/5.0 (compatible; Googlebot/2.1; +http://www.google.com/bot.html)"
57.141.2.24 - - [24/Jun/2025:12:49:55 +0000] "GET /shopdetail/3568230 HTTP/1.1" 301 257 "-" "meta-externalagent/1.1 (+https://developers.facebook.com/docs/sharing/webmasters/crawler)"
57.141.2.5 - - [24/Jun/2025:12:49:57 +0000] "GET /shopdetail/0629886 HTTP/1.1" 301 257 "-" "meta-externalagent/1.1 (+https://developers.facebook.com/docs/sharing/webmasters/crawler)"
57.141.2.6 - - [24/Jun/2025:12:50:03 +0000] "GET /shopdetail/2163096 HTTP/1.1" 301 257 "-" "meta-externalagent/1.1 (+https://developers.facebook.com/docs/sharing/webmasters/crawler)"
57.141.2.9 - - [24/Jun/2025:12:50:11 +0000] "GET /shopdetail/0838624 HTTP/1.1" 301 257 "-" "meta-externalagent/1.1 (+https://developers.facebook.com/docs/sharing/webmasters/crawler)"
57.141.2.24 - - [24/Jun/2025:12:50:32 +0000] "GET /shopdetail/2842273 HTTP/1.1" 301 257 "-" "meta-externalagent/1.1 (+https://developers.facebook.com/docs/sharing/webmasters/crawler)"
57.141.2.27 - - [24/Jun/2025:12:50:35 +0000] "GET /shopdetail/2533241 HTTP/1.1" 301 257 "-" "meta-externalagent/1.1 (+https://developers.facebook.com/docs/sharing/webmasters/crawler)"
57.141.2.9 - - [24/Jun/2025:12:50:38 +0000] "GET /shopdetail/3178027 HTTP/1.1" 301 257 "-" "meta-externalagent/1.1 (+https://developers.facebook.com/docs/sharing/webmasters/crawler)"
57.141.2.11 - - [24/Jun/2025:12:50:40 +0000] "GET /shopdetail/1584527 HTTP/1.1" 301 257 "-" "meta-externalagent/1.1 (+https://developers.facebook.com/docs/sharing/webmasters/crawler)"
57.141.2.3 - - [24/Jun/2025:12:50:43 +0000] "GET /shopdetail/0780201 HTTP/1.1" 301 257 "-" "meta-externalagent/1.1 (+https://developers.facebook.com/docs/sharing/webmasters/crawler)"
57.141.2.24 - - [24/Jun/2025:12:50:50 +0000] "GET /buy.php/shopdetail/3049185 HTTP/1.1" 301 265 "-" "meta-externalagent/1.1 (+https://developers.facebook.com/docs/sharing/webmasters/crawler)"
54.36.148.67 - - [24/Jun/2025:12:51:05 +0000] "GET /shopdetail/2770745 HTTP/1.1" 301 257 "-" "Mozilla/5.0 (compatible; AhrefsBot/7.0; +http://ahrefs.com/robot/)"
216.73.217.3 - - [24/Jun/2025:12:51:06 +0000] "GET /sitemap-8.xml HTTP/1.1" 301 252 "-" "Mozilla/5.0 AppleWebKit/537.36 (KHTML, like Gecko; compatible; ClaudeBot/1.0; +claudebot@anthropic.com)"
57.141.2.3 - - [24/Jun/2025:12:51:30 +0000] "GET /shopdetail/3362137 HTTP/1.1" 301 257 "-" "meta-externalagent/1.1 (+https://developers.facebook.com/docs/sharing/webmasters/crawler)"
54.36.149.27 - - [24/Jun/2025:12:51:58 +0000] "GET /shopdetail/2780937 HTTP/1.1" 301 257 "-" "Mozilla/5.0 (compatible; AhrefsBot/7.0; +http://ahrefs.com/robot/)"
57.141.2.30 - - [24/Jun/2025:12:52:10 +0000] "GET /shopdetail/3981068 HTTP/1.1" 301 257 "-" "meta-externalagent/1.1 (+https://developers.facebook.com/docs/sharing/webmasters/crawler)"
57.141.2.8 - - [24/Jun/2025:12:52:32 +0000] "GET /shopdetail/1240929 HTTP/1.1" 301 257 "-" "meta-externalagent/1.1 (+https://developers.facebook.com/docs/sharing/webmasters/crawler)"
57.141.2.24 - - [24/Jun/2025:12:52:35 +0000] "GET /shopdetail/1749554 HTTP/1.1" 301 257 "-" "meta-externalagent/1.1 (+https://developers.facebook.com/docs/sharing/webmasters/crawler)"
54.36.148.218 - - [24/Jun/2025:12:52:52 +0000] "GET /shopdetail/2787854 HTTP/1.1" 301 257 "-" "Mozilla/5.0 (compatible; AhrefsBot/7.0; +http://ahrefs.com/robot/)"
57.141.2.5 - - [24/Jun/2025:12:53:26 +0000] "GET /buy.php/shopdetail/2874265 HTTP/1.1" 301 265 "-" "meta-externalagent/1.1 (+https://developers.facebook.com/docs/sharing/webmasters/crawler)"
54.36.148.42 - - [24/Jun/2025:12:53:49 +0000] "GET /shopdetail/2794743 HTTP/1.1" 301 257 "-" "Mozilla/5.0 (compatible; AhrefsBot/7.0; +http://ahrefs.com/robot/)"
72.14.199.66 - - [24/Jun/2025:12:54:40 +0000] "GET /shopdetail/1201266 HTTP/1.1" 301 257 "-" "Mozilla/5.0 AppleWebKit/537.36 (KHTML, like Gecko) Chrome/137.0.7151.68 Safari/537.36"
57.141.2.24 - - [24/Jun/2025:12:54:54 +0000] "GET /buy.php/shopdetail/3152469 HTTP/1.1" 301 265 "-" "meta-externalagent/1.1 (+https://developers.facebook.com/docs/sharing/webmasters/crawler)"
57.141.2.26 - - [24/Jun/2025:12:54:57 +0000] "GET /buy.php/shopdetail/3311078 HTTP/1.1" 301 265 "-" "meta-externalagent/1.1 (+https://developers.facebook.com/docs/sharing/webmasters/crawler)"
57.141.2.29 - - [24/Jun/2025:12:54:59 +0000] "GET /buy.php/shopdetail/1068468 HTTP/1.1" 301 265 "-" "meta-externalagent/1.1 (+https://developers.facebook.com/docs/sharing/webmasters/crawler)"
57.141.2.11 - - [24/Jun/2025:12:55:16 +0000] "GET /buy.php/shopdetail/2052660 HTTP/1.1" 301 265 "-" "meta-externalagent/1.1 (+https://developers.facebook.com/docs/sharing/webmasters/crawler)"
54.36.148.194 - - [24/Jun/2025:12:55:26 +0000] "GET /shopdetail/2821339 HTTP/1.1" 301 257 "-" "Mozilla/5.0 (compatible; AhrefsBot/7.0; +http://ahrefs.com/robot/)"
216.73.217.3 - - [24/Jun/2025:12:55:34 +0000] "GET /sitemap-1.xml HTTP/1.1" 301 252 "-" "Mozilla/5.0 AppleWebKit/537.36 (KHTML, like Gecko; compatible; ClaudeBot/1.0; +claudebot@anthropic.com)"
57.141.2.3 - - [24/Jun/2025:12:56:08 +0000] "GET /buy.php/shopdetail/3426065 HTTP/1.1" 301 265 "-" "meta-externalagent/1.1 (+https://developers.facebook.com/docs/sharing/webmasters/crawler)"
57.141.2.19 - - [24/Jun/2025:12:56:10 +0000] "GET /buy.php/shopdetail/2848897 HTTP/1.1" 301 265 "-" "meta-externalagent/1.1 (+https://developers.facebook.com/docs/sharing/webmasters/crawler)"
54.36.148.247 - - [24/Jun/2025:12:56:12 +0000] "GET /shopdetail/2827680 HTTP/1.1" 301 257 "-" "Mozilla/5.0 (compatible; AhrefsBot/7.0; +http://ahrefs.com/robot/)"
57.141.2.25 - - [24/Jun/2025:12:56:28 +0000] "GET /buy.php/shopdetail/1826375 HTTP/1.1" 301 265 "-" "meta-externalagent/1.1 (+https://developers.facebook.com/docs/sharing/webmasters/crawler)"
216.73.217.3 - - [24/Jun/2025:12:56:34 +0000] "GET /buy.php/sitemap-11.xml HTTP/1.1" 301 261 "-" "Mozilla/5.0 AppleWebKit/537.36 (KHTML, like Gecko; compatible; ClaudeBot/1.0; +claudebot@anthropic.com)"
57.141.2.3 - - [24/Jun/2025:12:56:43 +0000] "GET /shopdetail/1882863 HTTP/1.1" 301 257 "-" "meta-externalagent/1.1 (+https://developers.facebook.com/docs/sharing/webmasters/crawler)"
54.36.149.26 - - [24/Jun/2025:12:56:58 +0000] "GET /shopdetail/2850333 HTTP/1.1" 301 257 "-" "Mozilla/5.0 (compatible; AhrefsBot/7.0; +http://ahrefs.com/robot/)"
57.141.2.2 - - [24/Jun/2025:12:57:29 +0000] "GET /buy.php/shopdetail/1412141 HTTP/1.1" 301 265 "-" "meta-externalagent/1.1 (+https://developers.facebook.com/docs/sharing/webmasters/crawler)"
57.141.2.5 - - [24/Jun/2025:12:57:45 +0000] "GET /sitemap-14.xml HTTP/1.1" 301 253 "-" "meta-externalagent/1.1 (+https://developers.facebook.com/docs/sharing/webmasters/crawler)"
54.36.148.239 - - [24/Jun/2025:12:58:03 +0000] "GET /shopdetail/2852591 HTTP/1.1" 301 257 "-" "Mozilla/5.0 (compatible; AhrefsBot/7.0; +http://ahrefs.com/robot/)"
57.141.2.14 - - [24/Jun/2025:12:58:24 +0000] "GET /shopdetail/0936272 HTTP/1.1" 301 257 "-" "meta-externalagent/1.1 (+https://developers.facebook.com/docs/sharing/webmasters/crawler)"
54.36.148.35 - - [24/Jun/2025:12:58:54 +0000] "GET /shopdetail/2892786 HTTP/1.1" 301 257 "-" "Mozilla/5.0 (compatible; AhrefsBot/7.0; +http://ahrefs.com/robot/)"
57.141.2.25 - - [24/Jun/2025:12:58:56 +0000] "GET /shopdetail/4203334 HTTP/1.1" 301 257 "-" "meta-externalagent/1.1 (+https://developers.facebook.com/docs/sharing/webmasters/crawler)"
57.141.2.19 - - [24/Jun/2025:12:58:58 +0000] "GET /buy.php/shopdetail/4335009 HTTP/1.1" 301 265 "-" "meta-externalagent/1.1 (+https://developers.facebook.com/docs/sharing/webmasters/crawler)"
57.141.2.10 - - [24/Jun/2025:12:59:00 +0000] "GET /shopdetail/2483479 HTTP/1.1" 301 257 "-" "meta-externalagent/1.1 (+https://developers.facebook.com/docs/sharing/webmasters/crawler)"
57.141.2.8 - - [24/Jun/2025:12:59:02 +0000] "GET /buy.php/shopdetail/1839067 HTTP/1.1" 301 265 "-" "meta-externalagent/1.1 (+https://developers.facebook.com/docs/sharing/webmasters/crawler)"
57.141.2.15 - - [24/Jun/2025:12:59:03 +0000] "GET /buy.php/shopdetail/1708773 HTTP/1.1" 301 265 "-" "meta-externalagent/1.1 (+https://developers.facebook.com/docs/sharing/webmasters/crawler)"
57.141.2.13 - - [24/Jun/2025:12:59:14 +0000] "GET /buy.php/shopdetail/2542768 HTTP/1.1" 301 265 "-" "meta-externalagent/1.1 (+https://developers.facebook.com/docs/sharing/webmasters/crawler)"
66.249.79.131 - - [24/Jun/2025:12:59:21 +0000] "GET /shopdetail/0683958 HTTP/1.1" 301 257 "-" "Mozilla/5.0 (Linux; Android 6.0.1; Nexus 5X Build/MMB29P) AppleWebKit/537.36 (KHTML, like Gecko) Chrome/137.0.7151.103 Mobile Safari/537.36 (compatible; Googlebot/2.1; +http://www.google.com/bot.html)"
54.36.148.83 - - [24/Jun/2025:12:59:39 +0000] "GET /shopdetail/2921019 HTTP/1.1" 301 257 "-" "Mozilla/5.0 (compatible; AhrefsBot/7.0; +http://ahrefs.com/robot/)"
57.141.2.27 - - [24/Jun/2025:13:00:18 +0000] "GET /buy.php/shopdetail/3336813 HTTP/1.1" 301 265 "-" "meta-externalagent/1.1 (+https://developers.facebook.com/docs/sharing/webmasters/crawler)"
54.36.148.7 - - [24/Jun/2025:13:00:32 +0000] "GET /shopdetail/2941307 HTTP/1.1" 301 257 "-" "Mozilla/5.0 (compatible; AhrefsBot/7.0; +http://ahrefs.com/robot/)"
54.36.148.249 - - [24/Jun/2025:13:01:11 +0000] "GET /shopdetail/2941587 HTTP/1.1" 301 257 "-" "Mozilla/5.0 (compatible; AhrefsBot/7.0; +http://ahrefs.com/robot/)"
57.141.2.2 - - [24/Jun/2025:13:01:22 +0000] "GET /buy.php/shopdetail/4413250 HTTP/1.1" 301 265 "-" "meta-externalagent/1.1 (+https://developers.facebook.com/docs/sharing/webmasters/crawler)"
57.141.2.1 - - [24/Jun/2025:13:01:29 +0000] "GET /buy.php/shopdetail/4229762 HTTP/1.1" 301 265 "-" "meta-externalagent/1.1 (+https://developers.facebook.com/docs/sharing/webmasters/crawler)"
54.36.149.71 - - [24/Jun/2025:13:01:50 +0000] "GET /shopdetail/2946849 HTTP/1.1" 301 257 "-" "Mozilla/5.0 (compatible; AhrefsBot/7.0; +http://ahrefs.com/robot/)"
57.141.2.10 - - [24/Jun/2025:13:02:00 +0000] "GET /buy.php/shopdetail/2109820 HTTP/1.1" 301 265 "-" "meta-externalagent/1.1 (+https://developers.facebook.com/docs/sharing/webmasters/crawler)"
43.130.32.245 - - [24/Jun/2025:13:02:20 +0000] "GET / HTTP/1.1" 301 239 "-" "Mozilla/5.0 (iPhone; CPU iPhone OS 13_2_3 like Mac OS X) AppleWebKit/605.1.15 (KHTML, like Gecko) Version/13.0.3 Mobile/15E148 Safari/604.1"
57.141.2.29 - - [24/Jun/2025:13:02:22 +0000] "GET /shopdetail/4159438 HTTP/1.1" 301 257 "-" "meta-externalagent/1.1 (+https://developers.facebook.com/docs/sharing/webmasters/crawler)"
54.36.148.238 - - [24/Jun/2025:13:02:28 +0000] "GET /shopdetail/2955572 HTTP/1.1" 301 257 "-" "Mozilla/5.0 (compatible; AhrefsBot/7.0; +http://ahrefs.com/robot/)"
66.249.79.130 - - [24/Jun/2025:13:02:35 +0000] "GET /shopdetail/0696037 HTTP/1.1" 301 257 "-" "Mozilla/5.0 (compatible; Googlebot/2.1; +http://www.google.com/bot.html)"
216.73.217.3 - - [24/Jun/2025:13:02:41 +0000] "GET /buy.php/sitemap-10.xml HTTP/1.1" 301 261 "-" "Mozilla/5.0 AppleWebKit/537.36 (KHTML, like Gecko; compatible; ClaudeBot/1.0; +claudebot@anthropic.com)"
216.73.217.3 - - [24/Jun/2025:13:02:42 +0000] "GET /sitemap.xml HTTP/1.1" 301 250 "-" "Mozilla/5.0 AppleWebKit/537.36 (KHTML, like Gecko; compatible; ClaudeBot/1.0; +claudebot@anthropic.com)"
57.141.2.25 - - [24/Jun/2025:13:02:50 +0000] "GET /buy.php/shopdetail/4250003 HTTP/1.1" 301 265 "-" "meta-externalagent/1.1 (+https://developers.facebook.com/docs/sharing/webmasters/crawler)"
57.141.2.26 - - [24/Jun/2025:13:03:03 +0000] "GET /buy.php/shopdetail/1109216 HTTP/1.1" 301 265 "-" "meta-externalagent/1.1 (+https://developers.facebook.com/docs/sharing/webmasters/crawler)"
54.36.148.29 - - [24/Jun/2025:13:03:15 +0000] "GET /shopdetail/2958560 HTTP/1.1" 301 257 "-" "Mozilla/5.0 (compatible; AhrefsBot/7.0; +http://ahrefs.com/robot/)"
57.141.2.30 - - [24/Jun/2025:13:03:18 +0000] "GET /buy.php/shopdetail/2307219 HTTP/1.1" 301 265 "-" "meta-externalagent/1.1 (+https://developers.facebook.com/docs/sharing/webmasters/crawler)"
54.36.148.252 - - [24/Jun/2025:13:03:49 +0000] "GET /shopdetail/2967381 HTTP/1.1" 301 257 "-" "Mozilla/5.0 (compatible; AhrefsBot/7.0; +http://ahrefs.com/robot/)"
66.249.79.130 - - [24/Jun/2025:13:03:50 +0000] "GET /shopdetail/3072780/kaitori/ansin.html HTTP/1.1" 301 276 "-" "Mozilla/5.0 (Linux; Android 6.0.1; Nexus 5X Build/MMB29P) AppleWebKit/537.36 (KHTML, like Gecko) Chrome/137.0.7151.103 Mobile Safari/537.36 (compatible; Googlebot/2.1; +http://www.google.com/bot.html)"
66.249.79.130 - - [24/Jun/2025:13:03:54 +0000] "GET /shopdetail/1421821 HTTP/1.1" 301 257 "-" "Mozilla/5.0 (compatible; Googlebot/2.1; +http://www.google.com/bot.html)"
57.141.2.8 - - [24/Jun/2025:13:03:58 +0000] "GET /buy.php/shopdetail/4105199 HTTP/1.1" 301 265 "-" "meta-externalagent/1.1 (+https://developers.facebook.com/docs/sharing/webmasters/crawler)"
66.249.79.130 - - [24/Jun/2025:13:03:59 +0000] "GET /shopdetail/4220769/cargo/detail HTTP/1.1" 301 270 "-" "Mozilla/5.0 (compatible; Googlebot/2.1; +http://www.google.com/bot.html)"
57.141.2.17 - - [24/Jun/2025:13:04:04 +0000] "GET /buy.php/shopdetail/1153676 HTTP/1.1" 301 265 "-" "meta-externalagent/1.1 (+https://developers.facebook.com/docs/sharing/webmasters/crawler)"
57.141.2.30 - - [24/Jun/2025:13:04:15 +0000] "GET /buy.php/shopdetail/3096579 HTTP/1.1" 301 265 "-" "meta-externalagent/1.1 (+https://developers.facebook.com/docs/sharing/webmasters/crawler)"
57.141.2.8 - - [24/Jun/2025:13:04:22 +0000] "GET /buy.php/shopdetail/1645329 HTTP/1.1" 301 265 "-" "meta-externalagent/1.1 (+https://developers.facebook.com/docs/sharing/webmasters/crawler)"
54.36.149.21 - - [24/Jun/2025:13:04:28 +0000] "GET /shopdetail/2982191 HTTP/1.1" 301 257 "-" "Mozilla/5.0 (compatible; AhrefsBot/7.0; +http://ahrefs.com/robot/)"
57.141.2.29 - - [24/Jun/2025:13:04:30 +0000] "GET /shopdetail/1233497 HTTP/1.1" 301 257 "-" "meta-externalagent/1.1 (+https://developers.facebook.com/docs/sharing/webmasters/crawler)"
57.141.2.30 - - [24/Jun/2025:13:04:33 +0000] "GET /shopdetail/4031777 HTTP/1.1" 301 257 "-" "meta-externalagent/1.1 (+https://developers.facebook.com/docs/sharing/webmasters/crawler)"
57.141.2.24 - - [24/Jun/2025:13:04:40 +0000] "GET /shopdetail/3681687 HTTP/1.1" 301 257 "-" "meta-externalagent/1.1 (+https://developers.facebook.com/docs/sharing/webmasters/crawler)"
57.141.2.8 - - [24/Jun/2025:13:04:45 +0000] "GET /buy.php/shopdetail/2262451 HTTP/1.1" 301 265 "-" "meta-externalagent/1.1 (+https://developers.facebook.com/docs/sharing/webmasters/crawler)"
57.141.2.8 - - [24/Jun/2025:13:04:58 +0000] "GET /buy.php/shopdetail/2717861 HTTP/1.1" 301 265 "-" "meta-externalagent/1.1 (+https://developers.facebook.com/docs/sharing/webmasters/crawler)"
54.36.149.6 - - [24/Jun/2025:13:05:04 +0000] "GET /shopdetail/2985044 HTTP/1.1" 301 257 "-" "Mozilla/5.0 (compatible; AhrefsBot/7.0; +http://ahrefs.com/robot/)"
57.141.2.8 - - [24/Jun/2025:13:05:13 +0000] "GET /buy.php/shopdetail/3764094 HTTP/1.1" 301 265 "-" "meta-externalagent/1.1 (+https://developers.facebook.com/docs/sharing/webmasters/crawler)"
66.249.79.130 - - [24/Jun/2025:13:05:29 +0000] "GET /shopdetail/2221081 HTTP/1.1" 301 257 "-" "Mozilla/5.0 (compatible; Googlebot/2.1; +http://www.google.com/bot.html)"
57.141.2.22 - - [24/Jun/2025:13:05:39 +0000] "GET /shopdetail/0700751 HTTP/1.1" 301 257 "-" "meta-externalagent/1.1 (+https://developers.facebook.com/docs/sharing/webmasters/crawler)"
57.141.2.17 - - [24/Jun/2025:13:05:44 +0000] "GET /buy.php/shopdetail/0910633 HTTP/1.1" 301 265 "-" "meta-externalagent/1.1 (+https://developers.facebook.com/docs/sharing/webmasters/crawler)"
54.36.148.45 - - [24/Jun/2025:13:05:48 +0000] "GET /shopdetail/2988017 HTTP/1.1" 301 257 "-" "Mozilla/5.0 (compatible; AhrefsBot/7.0; +http://ahrefs.com/robot/)"
66.249.79.130 - - [24/Jun/2025:13:05:53 +0000] "GET /shopdetail/1843494 HTTP/1.1" 301 257 "-" "Mozilla/5.0 (Linux; Android 6.0.1; Nexus 5X Build/MMB29P) AppleWebKit/537.36 (KHTML, like Gecko) Chrome/137.0.7151.103 Mobile Safari/537.36 (compatible; Googlebot/2.1; +http://www.google.com/bot.html)"
57.141.2.8 - - [24/Jun/2025:13:06:11 +0000] "GET /buy.php/shopdetail/2078038 HTTP/1.1" 301 265 "-" "meta-externalagent/1.1 (+https://developers.facebook.com/docs/sharing/webmasters/crawler)"
57.141.2.26 - - [24/Jun/2025:13:06:13 +0000] "GET /buy.php/shopdetail/4383179 HTTP/1.1" 301 265 "-" "meta-externalagent/1.1 (+https://developers.facebook.com/docs/sharing/webmasters/crawler)"
57.141.2.15 - - [24/Jun/2025:13:06:17 +0000] "GET /buy.php/shopdetail/1161958 HTTP/1.1" 301 265 "-" "meta-externalagent/1.1 (+https://developers.facebook.com/docs/sharing/webmasters/crawler)"
54.36.148.181 - - [24/Jun/2025:13:07:19 +0000] "GET /shopdetail/2990510 HTTP/1.1" 301 257 "-" "Mozilla/5.0 (compatible; AhrefsBot/7.0; +http://ahrefs.com/robot/)"
57.141.2.9 - - [24/Jun/2025:13:07:33 +0000] "GET /shopdetail/3404291 HTTP/1.1" 301 257 "-" "meta-externalagent/1.1 (+https://developers.facebook.com/docs/sharing/webmasters/crawler)"
57.141.2.24 - - [24/Jun/2025:13:07:47 +0000] "GET /buy.php/shopdetail/3968571 HTTP/1.1" 301 265 "-" "meta-externalagent/1.1 (+https://developers.facebook.com/docs/sharing/webmasters/crawler)"
57.141.2.7 - - [24/Jun/2025:13:07:54 +0000] "GET /shopdetail/3815167 HTTP/1.1" 301 257 "-" "meta-externalagent/1.1 (+https://developers.facebook.com/docs/sharing/webmasters/crawler)"
57.141.2.1 - - [24/Jun/2025:13:08:01 +0000] "GET /shopdetail/0662428 HTTP/1.1" 301 257 "-" "meta-externalagent/1.1 (+https://developers.facebook.com/docs/sharing/webmasters/crawler)"
57.141.2.15 - - [24/Jun/2025:13:08:04 +0000] "GET /buy.php/shopdetail/4146667 HTTP/1.1" 301 265 "-" "meta-externalagent/1.1 (+https://developers.facebook.com/docs/sharing/webmasters/crawler)"
54.36.148.101 - - [24/Jun/2025:13:08:04 +0000] "GET /shopdetail/3000427 HTTP/1.1" 301 257 "-" "Mozilla/5.0 (compatible; AhrefsBot/7.0; +http://ahrefs.com/robot/)"
54.36.148.158 - - [24/Jun/2025:13:08:38 +0000] "GET /shopdetail/3002145 HTTP/1.1" 301 257 "-" "Mozilla/5.0 (compatible; AhrefsBot/7.0; +http://ahrefs.com/robot/)"
57.141.2.18 - - [24/Jun/2025:13:09:26 +0000] "GET /sitemap-2.xml HTTP/1.1" 301 252 "-" "meta-externalagent/1.1 (+https://developers.facebook.com/docs/sharing/webmasters/crawler)"
57.141.2.9 - - [24/Jun/2025:13:09:28 +0000] "GET /sitemap-18.xml HTTP/1.1" 301 253 "-" "meta-externalagent/1.1 (+https://developers.facebook.com/docs/sharing/webmasters/crawler)"
57.141.2.7 - - [24/Jun/2025:13:09:38 +0000] "GET /shopdetail/2267845 HTTP/1.1" 301 257 "-" "meta-externalagent/1.1 (+https://developers.facebook.com/docs/sharing/webmasters/crawler)"
57.141.2.30 - - [24/Jun/2025:13:09:46 +0000] "GET /buy.php/shopdetail/1200547 HTTP/1.1" 301 265 "-" "meta-externalagent/1.1 (+https://developers.facebook.com/docs/sharing/webmasters/crawler)"
54.36.149.100 - - [24/Jun/2025:13:09:54 +0000] "GET /shopdetail/3017358 HTTP/1.1" 301 257 "-" "Mozilla/5.0 (compatible; AhrefsBot/7.0; +http://ahrefs.com/robot/)"
57.141.2.4 - - [24/Jun/2025:13:09:55 +0000] "GET /buy.php/shopdetail/3604621 HTTP/1.1" 301 265 "-" "meta-externalagent/1.1 (+https://developers.facebook.com/docs/sharing/webmasters/crawler)"
57.141.2.12 - - [24/Jun/2025:13:10:11 +0000] "GET /buy.php/shopdetail/1586959 HTTP/1.1" 301 265 "-" "meta-externalagent/1.1 (+https://developers.facebook.com/docs/sharing/webmasters/crawler)"
57.141.2.30 - - [24/Jun/2025:13:10:31 +0000] "GET /shopdetail/3298720 HTTP/1.1" 301 257 "-" "meta-externalagent/1.1 (+https://developers.facebook.com/docs/sharing/webmasters/crawler)"
57.141.2.30 - - [24/Jun/2025:13:10:36 +0000] "GET /shopdetail/2728240 HTTP/1.1" 301 257 "-" "meta-externalagent/1.1 (+https://developers.facebook.com/docs/sharing/webmasters/crawler)"
54.36.148.221 - - [24/Jun/2025:13:10:37 +0000] "GET /shopdetail/3018442 HTTP/1.1" 301 257 "-" "Mozilla/5.0 (compatible; AhrefsBot/7.0; +http://ahrefs.com/robot/)"
216.73.217.3 - - [24/Jun/2025:13:10:39 +0000] "GET /buy.php/sitemap-16.xml HTTP/1.1" 301 261 "-" "Mozilla/5.0 AppleWebKit/537.36 (KHTML, like Gecko; compatible; ClaudeBot/1.0; +claudebot@anthropic.com)"
66.249.79.131 - - [24/Jun/2025:13:10:40 +0000] "GET /shopdetail/2019672 HTTP/1.1" 301 257 "-" "Mozilla/5.0 (compatible; Googlebot/2.1; +http://www.google.com/bot.html)"
57.141.2.10 - - [24/Jun/2025:13:10:47 +0000] "GET /shopdetail/0840066 HTTP/1.1" 301 257 "-" "meta-externalagent/1.1 (+https://developers.facebook.com/docs/sharing/webmasters/crawler)"
54.36.149.54 - - [24/Jun/2025:13:12:06 +0000] "GET /shopdetail/3022505 HTTP/1.1" 301 257 "-" "Mozilla/5.0 (compatible; AhrefsBot/7.0; +http://ahrefs.com/robot/)"
57.141.2.19 - - [24/Jun/2025:13:12:08 +0000] "GET /buy.php/shopdetail/2145239 HTTP/1.1" 301 265 "-" "meta-externalagent/1.1 (+https://developers.facebook.com/docs/sharing/webmasters/crawler)"
216.73.217.3 - - [24/Jun/2025:13:12:44 +0000] "GET /sitemap-15.xml HTTP/1.1" 301 253 "-" "Mozilla/5.0 AppleWebKit/537.36 (KHTML, like Gecko; compatible; ClaudeBot/1.0; +claudebot@anthropic.com)"
54.36.148.230 - - [24/Jun/2025:13:12:45 +0000] "GET /shopdetail/3052694 HTTP/1.1" 301 257 "-" "Mozilla/5.0 (compatible; AhrefsBot/7.0; +http://ahrefs.com/robot/)"
57.141.2.1 - - [24/Jun/2025:13:12:55 +0000] "GET /buy.php/shopdetail/0848649 HTTP/1.1" 301 265 "-" "meta-externalagent/1.1 (+https://developers.facebook.com/docs/sharing/webmasters/crawler)"
57.141.2.6 - - [24/Jun/2025:13:13:03 +0000] "GET /buy.php/shopdetail/1794874 HTTP/1.1" 301 265 "-" "meta-externalagent/1.1 (+https://developers.facebook.com/docs/sharing/webmasters/crawler)"
57.141.2.28 - - [24/Jun/2025:13:13:05 +0000] "GET /buy.php/shopdetail/1796590 HTTP/1.1" 301 265 "-" "meta-externalagent/1.1 (+https://developers.facebook.com/docs/sharing/webmasters/crawler)"
57.141.2.18 - - [24/Jun/2025:13:13:07 +0000] "GET /buy.php/shopdetail/2099052 HTTP/1.1" 301 265 "-" "meta-externalagent/1.1 (+https://developers.facebook.com/docs/sharing/webmasters/crawler)"
57.141.2.6 - - [24/Jun/2025:13:13:08 +0000] "GET /buy.php/shopdetail/3645199 HTTP/1.1" 301 265 "-" "meta-externalagent/1.1 (+https://developers.facebook.com/docs/sharing/webmasters/crawler)"
57.141.2.6 - - [24/Jun/2025:13:13:10 +0000] "GET /buy.php/shopdetail/3482689 HTTP/1.1" 301 265 "-" "meta-externalagent/1.1 (+https://developers.facebook.com/docs/sharing/webmasters/crawler)"
57.141.2.15 - - [24/Jun/2025:13:13:12 +0000] "GET /buy.php/shopdetail/2691271 HTTP/1.1" 301 265 "-" "meta-externalagent/1.1 (+https://developers.facebook.com/docs/sharing/webmasters/crawler)"
57.141.2.11 - - [24/Jun/2025:13:13:14 +0000] "GET /buy.php/shopdetail/1887370 HTTP/1.1" 301 265 "-" "meta-externalagent/1.1 (+https://developers.facebook.com/docs/sharing/webmasters/crawler)"
54.36.149.79 - - [24/Jun/2025:13:13:26 +0000] "GET /shopdetail/3069683 HTTP/1.1" 301 257 "-" "Mozilla/5.0 (compatible; AhrefsBot/7.0; +http://ahrefs.com/robot/)"
216.73.217.3 - - [24/Jun/2025:13:13:29 +0000] "GET /buy.php/sitemap-11.xml HTTP/1.1" 301 261 "-" "Mozilla/5.0 AppleWebKit/537.36 (KHTML, like Gecko; compatible; ClaudeBot/1.0; +claudebot@anthropic.com)"
57.141.2.30 - - [24/Jun/2025:13:13:29 +0000] "GET /shopdetail/3023510 HTTP/1.1" 301 257 "-" "meta-externalagent/1.1 (+https://developers.facebook.com/docs/sharing/webmasters/crawler)"
57.141.2.5 - - [24/Jun/2025:13:14:06 +0000] "GET /buy.php/shopdetail/1275042 HTTP/1.1" 301 265 "-" "meta-externalagent/1.1 (+https://developers.facebook.com/docs/sharing/webmasters/crawler)"
216.73.217.3 - - [24/Jun/2025:13:14:10 +0000] "GET /buy.php/sitemap.xml HTTP/1.1" 301 258 "-" "Mozilla/5.0 AppleWebKit/537.36 (KHTML, like Gecko; compatible; ClaudeBot/1.0; +claudebot@anthropic.com)"
54.36.148.150 - - [24/Jun/2025:13:14:11 +0000] "GET /shopdetail/3081699 HTTP/1.1" 301 257 "-" "Mozilla/5.0 (compatible; AhrefsBot/7.0; +http://ahrefs.com/robot/)"
57.141.2.20 - - [24/Jun/2025:13:14:15 +0000] "GET /buy.php/shopdetail/3082802 HTTP/1.1" 301 265 "-" "meta-externalagent/1.1 (+https://developers.facebook.com/docs/sharing/webmasters/crawler)"
57.141.2.12 - - [24/Jun/2025:13:14:28 +0000] "GET /buy.php/shopdetail/0785886 HTTP/1.1" 301 265 "-" "meta-externalagent/1.1 (+https://developers.facebook.com/docs/sharing/webmasters/crawler)"
54.36.148.36 - - [24/Jun/2025:13:14:47 +0000] "GET /shopdetail/3086275 HTTP/1.1" 301 257 "-" "Mozilla/5.0 (compatible; AhrefsBot/7.0; +http://ahrefs.com/robot/)"
57.141.2.28 - - [24/Jun/2025:13:14:54 +0000] "GET /buy.php/shopdetail/2251721 HTTP/1.1" 301 265 "-" "meta-externalagent/1.1 (+https://developers.facebook.com/docs/sharing/webmasters/crawler)"
57.141.2.4 - - [24/Jun/2025:13:15:02 +0000] "GET /buy.php/shopdetail/2460887 HTTP/1.1" 301 265 "-" "meta-externalagent/1.1 (+https://developers.facebook.com/docs/sharing/webmasters/crawler)"
57.141.2.22 - - [24/Jun/2025:13:15:08 +0000] "GET /shopdetail/1596346 HTTP/1.1" 301 257 "-" "meta-externalagent/1.1 (+https://developers.facebook.com/docs/sharing/webmasters/crawler)"
54.36.148.75 - - [24/Jun/2025:13:15:28 +0000] "GET /shopdetail/3092848 HTTP/1.1" 301 257 "-" "Mozilla/5.0 (compatible; AhrefsBot/7.0; +http://ahrefs.com/robot/)"
54.36.149.92 - - [24/Jun/2025:13:16:04 +0000] "GET /shopdetail/3138383 HTTP/1.1" 301 257 "-" "Mozilla/5.0 (compatible; AhrefsBot/7.0; +http://ahrefs.com/robot/)"
57.141.2.25 - - [24/Jun/2025:13:16:11 +0000] "GET /shopdetail/2315974 HTTP/1.1" 301 257 "-" "meta-externalagent/1.1 (+https://developers.facebook.com/docs/sharing/webmasters/crawler)"
57.141.2.24 - - [24/Jun/2025:13:16:24 +0000] "GET /buy.php/shopdetail/1824535 HTTP/1.1" 301 265 "-" "meta-externalagent/1.1 (+https://developers.facebook.com/docs/sharing/webmasters/crawler)"
57.141.2.27 - - [24/Jun/2025:13:16:28 +0000] "GET /shopdetail/0629000 HTTP/1.1" 301 257 "-" "meta-externalagent/1.1 (+https://developers.facebook.com/docs/sharing/webmasters/crawler)"
57.141.2.17 - - [24/Jun/2025:13:16:30 +0000] "GET /buy.php/shopdetail/2520315 HTTP/1.1" 301 265 "-" "meta-externalagent/1.1 (+https://developers.facebook.com/docs/sharing/webmasters/crawler)"
68.183.214.75 - - [24/Jun/2025:13:16:38 +0000] "GET / HTTP/1.1" 301 239 "-" "Mozilla/5.0 (X11; Linux x86_64) AppleWebKit/537.36 (KHTML, like Gecko) Chrome/137.0.0.0 Safari/537.36"
68.183.214.75 - - [24/Jun/2025:13:16:39 +0000] "GET /favicon.ico HTTP/1.1" 301 250 "http://www.drivinglicencehelp.com.msmeregistrar.net/" "Mozilla/5.0 (X11; Linux x86_64) AppleWebKit/537.36 (KHTML, like Gecko) Chrome/137.0.0.0 Safari/537.36"
54.36.148.63 - - [24/Jun/2025:13:16:47 +0000] "GET /shopdetail/3141443 HTTP/1.1" 301 257 "-" "Mozilla/5.0 (compatible; AhrefsBot/7.0; +http://ahrefs.com/robot/)"
54.36.148.255 - - [24/Jun/2025:13:17:39 +0000] "GET /shopdetail/3163919 HTTP/1.1" 301 257 "-" "Mozilla/5.0 (compatible; AhrefsBot/7.0; +http://ahrefs.com/robot/)"
57.141.2.9 - - [24/Jun/2025:13:17:40 +0000] "GET /shopdetail/4263638 HTTP/1.1" 301 257 "-" "meta-externalagent/1.1 (+https://developers.facebook.com/docs/sharing/webmasters/crawler)"
57.141.2.24 - - [24/Jun/2025:13:17:56 +0000] "GET /shopdetail/2819438 HTTP/1.1" 301 257 "-" "meta-externalagent/1.1 (+https://developers.facebook.com/docs/sharing/webmasters/crawler)"
54.36.148.217 - - [24/Jun/2025:13:18:25 +0000] "GET /shopdetail/3164696 HTTP/1.1" 301 257 "-" "Mozilla/5.0 (compatible; AhrefsBot/7.0; +http://ahrefs.com/robot/)"
66.249.79.130 - - [24/Jun/2025:13:18:27 +0000] "GET /shopdetail/3805449 HTTP/1.1" 301 257 "-" "Mozilla/5.0 (compatible; Googlebot/2.1; +http://www.google.com/bot.html)"
216.73.217.3 - - [24/Jun/2025:13:18:33 +0000] "GET /buy.php/sitemap-7.xml HTTP/1.1" 301 260 "-" "Mozilla/5.0 AppleWebKit/537.36 (KHTML, like Gecko; compatible; ClaudeBot/1.0; +claudebot@anthropic.com)"
57.141.2.21 - - [24/Jun/2025:13:18:52 +0000] "GET /shopdetail/4431725 HTTP/1.1" 301 257 "-" "meta-externalagent/1.1 (+https://developers.facebook.com/docs/sharing/webmasters/crawler)"
54.36.148.74 - - [24/Jun/2025:13:19:20 +0000] "GET /shopdetail/3178554 HTTP/1.1" 301 257 "-" "Mozilla/5.0 (compatible; AhrefsBot/7.0; +http://ahrefs.com/robot/)"
57.141.2.18 - - [24/Jun/2025:13:19:23 +0000] "GET /buy.php/shopdetail/2916140 HTTP/1.1" 301 265 "-" "meta-externalagent/1.1 (+https://developers.facebook.com/docs/sharing/webmasters/crawler)"
57.141.2.8 - - [24/Jun/2025:13:19:41 +0000] "GET /shopdetail/1185382 HTTP/1.1" 301 257 "-" "meta-externalagent/1.1 (+https://developers.facebook.com/docs/sharing/webmasters/crawler)"
57.141.2.21 - - [24/Jun/2025:13:19:52 +0000] "GET /buy.php/shopdetail/2338711 HTTP/1.1" 301 265 "-" "meta-externalagent/1.1 (+https://developers.facebook.com/docs/sharing/webmasters/crawler)"
57.141.2.10 - - [24/Jun/2025:13:19:53 +0000] "GET /buy.php/shopdetail/2699825 HTTP/1.1" 301 265 "-" "meta-externalagent/1.1 (+https://developers.facebook.com/docs/sharing/webmasters/crawler)"
54.36.149.33 - - [24/Jun/2025:13:20:04 +0000] "GET /shopdetail/3181894 HTTP/1.1" 301 257 "-" "Mozilla/5.0 (compatible; AhrefsBot/7.0; +http://ahrefs.com/robot/)"
66.249.79.132 - - [24/Jun/2025:13:20:27 +0000] "GET /shopdetail/3895919 HTTP/1.1" 301 257 "-" "Mozilla/5.0 (compatible; Googlebot/2.1; +http://www.google.com/bot.html)"
66.249.79.131 - - [24/Jun/2025:13:20:37 +0000] "GET /shopdetail/2529008/pcsp.html HTTP/1.1" 301 267 "-" "Mozilla/5.0 (compatible; Googlebot/2.1; +http://www.google.com/bot.html)"
66.249.79.131 - - [24/Jun/2025:13:20:38 +0000] "GET /shopdetail/4051807 HTTP/1.1" 301 257 "-" "Mozilla/5.0 (compatible; Googlebot/2.1; +http://www.google.com/bot.html)"
66.249.79.130 - - [24/Jun/2025:13:20:38 +0000] "GET /shopdetail/1998530 HTTP/1.1" 301 257 "-" "Mozilla/5.0 (Linux; Android 6.0.1; Nexus 5X Build/MMB29P) AppleWebKit/537.36 (KHTML, like Gecko) Chrome/137.0.7151.103 Mobile Safari/537.36 (compatible; Googlebot/2.1; +http://www.google.com/bot.html)"
66.249.79.130 - - [24/Jun/2025:13:20:41 +0000] "GET /shopdetail/2595614/pcmypage?callback=product/review/62938743 HTTP/1.1" 301 299 "-" "Mozilla/5.0 (compatible; Googlebot/2.1; +http://www.google.com/bot.html)"
66.249.79.130 - - [24/Jun/2025:13:20:43 +0000] "GET /shopdetail/3388141/product/edit/44468390 HTTP/1.1" 301 279 "-" "Mozilla/5.0 (Linux; Android 6.0.1; Nexus 5X Build/MMB29P) AppleWebKit/537.36 (KHTML, like Gecko) Chrome/137.0.7151.103 Mobile Safari/537.36 (compatible; Googlebot/2.1; +http://www.google.com/bot.html)"
66.249.79.130 - - [24/Jun/2025:13:20:48 +0000] "GET /shopdetail/2970185 HTTP/1.1" 301 257 "-" "Mozilla/5.0 (Linux; Android 6.0.1; Nexus 5X Build/MMB29P) AppleWebKit/537.36 (KHTML, like Gecko) Chrome/137.0.7151.103 Mobile Safari/537.36 (compatible; Googlebot/2.1; +http://www.google.com/bot.html)"
54.36.148.26 - - [24/Jun/2025:13:20:50 +0000] "GET /shopdetail/3189843 HTTP/1.1" 301 257 "-" "Mozilla/5.0 (compatible; AhrefsBot/7.0; +http://ahrefs.com/robot/)"
66.249.79.130 - - [24/Jun/2025:13:20:50 +0000] "GET /shopdetail/2970185 HTTP/1.1" 301 257 "-" "Mozilla/5.0 (compatible; Googlebot/2.1; +http://www.google.com/bot.html)"
66.249.79.130 - - [24/Jun/2025:13:21:14 +0000] "GET /shopdetail/3435474 HTTP/1.1" 301 257 "-" "Mozilla/5.0 (compatible; Googlebot/2.1; +http://www.google.com/bot.html)"
57.141.2.4 - - [24/Jun/2025:13:21:28 +0000] "GET /shopdetail/1333858 HTTP/1.1" 301 257 "-" "meta-externalagent/1.1 (+https://developers.facebook.com/docs/sharing/webmasters/crawler)"
57.141.2.16 - - [24/Jun/2025:13:21:32 +0000] "GET /buy.php/shopdetail/2738284 HTTP/1.1" 301 265 "-" "meta-externalagent/1.1 (+https://developers.facebook.com/docs/sharing/webmasters/crawler)"
54.36.149.50 - - [24/Jun/2025:13:21:48 +0000] "GET /shopdetail/3192745 HTTP/1.1" 301 257 "-" "Mozilla/5.0 (compatible; AhrefsBot/7.0; +http://ahrefs.com/robot/)"
57.141.2.7 - - [24/Jun/2025:13:21:56 +0000] "GET /buy.php/shopdetail/1925969 HTTP/1.1" 301 265 "-" "meta-externalagent/1.1 (+https://developers.facebook.com/docs/sharing/webmasters/crawler)"
57.141.2.4 - - [24/Jun/2025:13:22:00 +0000] "GET /shopdetail/3155318 HTTP/1.1" 301 257 "-" "meta-externalagent/1.1 (+https://developers.facebook.com/docs/sharing/webmasters/crawler)"
57.141.2.5 - - [24/Jun/2025:13:22:11 +0000] "GET /buy.php/shopdetail/4362280 HTTP/1.1" 301 265 "-" "meta-externalagent/1.1 (+https://developers.facebook.com/docs/sharing/webmasters/crawler)"
66.249.79.130 - - [24/Jun/2025:13:22:46 +0000] "GET /shopdetail/3712039 HTTP/1.1" 301 257 "-" "Mozilla/5.0 (compatible; Googlebot/2.1; +http://www.google.com/bot.html)"
57.141.2.10 - - [24/Jun/2025:13:23:20 +0000] "GET /buy.php/shopdetail/2012981 HTTP/1.1" 301 265 "-" "meta-externalagent/1.1 (+https://developers.facebook.com/docs/sharing/webmasters/crawler)"
