216.73.217.3 - - [24/Jun/2025:17:51:50 +0000] "GET /robots.txt HTTP/1.1" 301 249 "-" "Mozilla/5.0 AppleWebKit/537.36 (KHTML, like Gecko; compatible; ClaudeBot/1.0; +claudebot@anthropic.com)"
54.36.148.223 - - [24/Jun/2025:17:51:50 +0000] "GET /shopdetail/2946849 HTTP/1.1" 301 257 "-" "Mozilla/5.0 (compatible; AhrefsBot/7.0; +http://ahrefs.com/robot/)"
216.73.217.3 - - [24/Jun/2025:17:51:51 +0000] "GET /sitemap-7.xml HTTP/1.1" 301 252 "-" "Mozilla/5.0 AppleWebKit/537.36 (KHTML, like Gecko; compatible; ClaudeBot/1.0; +claudebot@anthropic.com)"
57.141.2.25 - - [24/Jun/2025:17:51:52 +0000] "GET /buy.php/shopdetail/1213512 HTTP/1.1" 301 265 "-" "meta-externalagent/1.1 (+https://developers.facebook.com/docs/sharing/webmasters/crawler)"
57.141.2.17 - - [24/Jun/2025:17:52:17 +0000] "GET /buy.php/shopdetail/3089931 HTTP/1.1" 301 265 "-" "meta-externalagent/1.1 (+https://developers.facebook.com/docs/sharing/webmasters/crawler)"
57.141.2.7 - - [24/Jun/2025:17:52:27 +0000] "GET /shopdetail/1275756 HTTP/1.1" 301 257 "-" "meta-externalagent/1.1 (+https://developers.facebook.com/docs/sharing/webmasters/crawler)"
57.141.2.2 - - [24/Jun/2025:17:52:29 +0000] "GET /buy.php/shopdetail/2688374 HTTP/1.1" 301 265 "-" "meta-externalagent/1.1 (+https://developers.facebook.com/docs/sharing/webmasters/crawler)"
57.141.2.13 - - [24/Jun/2025:17:52:31 +0000] "GET /shopdetail/0500304 HTTP/1.1" 301 257 "-" "meta-externalagent/1.1 (+https://developers.facebook.com/docs/sharing/webmasters/crawler)"
57.141.2.10 - - [24/Jun/2025:17:52:43 +0000] "GET /buy.php/shopdetail/1255884 HTTP/1.1" 301 265 "-" "meta-externalagent/1.1 (+https://developers.facebook.com/docs/sharing/webmasters/crawler)"
57.141.2.21 - - [24/Jun/2025:17:53:05 +0000] "GET /shopdetail/0996739 HTTP/1.1" 301 257 "-" "meta-externalagent/1.1 (+https://developers.facebook.com/docs/sharing/webmasters/crawler)"
54.36.148.37 - - [24/Jun/2025:17:53:09 +0000] "GET /shopdetail/2955646 HTTP/1.1" 301 257 "-" "Mozilla/5.0 (compatible; AhrefsBot/7.0; +http://ahrefs.com/robot/)"
57.141.2.26 - - [24/Jun/2025:17:53:30 +0000] "GET /shopdetail/0552628 HTTP/1.1" 301 257 "-" "meta-externalagent/1.1 (+https://developers.facebook.com/docs/sharing/webmasters/crawler)"
54.36.149.96 - - [24/Jun/2025:17:53:49 +0000] "GET /shopdetail/2961027 HTTP/1.1" 301 257 "-" "Mozilla/5.0 (compatible; AhrefsBot/7.0; +http://ahrefs.com/robot/)"
57.141.2.20 - - [24/Jun/2025:17:54:18 +0000] "GET /shopdetail/0585719 HTTP/1.1" 301 257 "-" "meta-externalagent/1.1 (+https://developers.facebook.com/docs/sharing/webmasters/crawler)"
57.141.2.18 - - [24/Jun/2025:17:54:28 +0000] "GET /shopdetail/1614687 HTTP/1.1" 301 257 "-" "meta-externalagent/1.1 (+https://developers.facebook.com/docs/sharing/webmasters/crawler)"
57.141.2.19 - - [24/Jun/2025:17:54:29 +0000] "GET /shopdetail/2336852 HTTP/1.1" 301 257 "-" "meta-externalagent/1.1 (+https://developers.facebook.com/docs/sharing/webmasters/crawler)"
54.36.148.122 - - [24/Jun/2025:17:54:34 +0000] "GET /shopdetail/2961343 HTTP/1.1" 301 257 "-" "Mozilla/5.0 (compatible; AhrefsBot/7.0; +http://ahrefs.com/robot/)"
57.141.2.26 - - [24/Jun/2025:17:54:36 +0000] "GET /buy.php/shopdetail/3901505 HTTP/1.1" 301 265 "-" "meta-externalagent/1.1 (+https://developers.facebook.com/docs/sharing/webmasters/crawler)"
57.141.2.28 - - [24/Jun/2025:17:54:41 +0000] "GET /buy.php/shopdetail/2656976 HTTP/1.1" 301 265 "-" "meta-externalagent/1.1 (+https://developers.facebook.com/docs/sharing/webmasters/crawler)"
66.249.79.130 - - [24/Jun/2025:17:55:16 +0000] "GET /shopdetail/2367451 HTTP/1.1" 301 257 "-" "Mozilla/5.0 (Linux; Android 6.0.1; Nexus 5X Build/MMB29P) AppleWebKit/537.36 (KHTML, like Gecko) Chrome/137.0.7151.103 Mobile Safari/537.36 (compatible; Googlebot/2.1; +http://www.google.com/bot.html)"
57.141.2.5 - - [24/Jun/2025:17:55:50 +0000] "GET /buy.php/shopdetail/0692923 HTTP/1.1" 301 265 "-" "meta-externalagent/1.1 (+https://developers.facebook.com/docs/sharing/webmasters/crawler)"
35.222.206.151 - - [24/Jun/2025:17:56:11 +0000] "HEAD /wordpress HTTP/1.1" 301 - "-" "Mozilla/5.0 (Windows NT 10.0; Win64; x64) AppleWebKit/537.36 (KHTML, like Gecko) Chrome/74.0.3729.169 Safari/537.36"
57.141.2.25 - - [24/Jun/2025:17:56:12 +0000] "GET /buy.php/shopdetail/3797679 HTTP/1.1" 301 265 "-" "meta-externalagent/1.1 (+https://developers.facebook.com/docs/sharing/webmasters/crawler)"
35.222.206.151 - - [24/Jun/2025:17:56:12 +0000] "HEAD / HTTP/1.1" 301 - "-" "Mozilla/5.0 (Windows NT 10.0; Win64; x64) AppleWebKit/537.36 (KHTML, like Gecko) Chrome/74.0.3729.169 Safari/537.36"
35.222.206.151 - - [24/Jun/2025:17:56:12 +0000] "HEAD /wp HTTP/1.1" 301 - "-" "Mozilla/5.0 (Windows NT 10.0; Win64; x64) AppleWebKit/537.36 (KHTML, like Gecko) Chrome/74.0.3729.169 Safari/537.36"
35.222.206.151 - - [24/Jun/2025:17:56:13 +0000] "HEAD /bc HTTP/1.1" 301 - "-" "Mozilla/5.0 (Windows NT 10.0; Win64; x64) AppleWebKit/537.36 (KHTML, like Gecko) Chrome/74.0.3729.169 Safari/537.36"
35.222.206.151 - - [24/Jun/2025:17:56:13 +0000] "HEAD /bk HTTP/1.1" 301 - "-" "Mozilla/5.0 (Windows NT 10.0; Win64; x64) AppleWebKit/537.36 (KHTML, like Gecko) Chrome/74.0.3729.169 Safari/537.36"
35.222.206.151 - - [24/Jun/2025:17:56:14 +0000] "HEAD /backup HTTP/1.1" 301 - "-" "Mozilla/5.0 (Windows NT 10.0; Win64; x64) AppleWebKit/537.36 (KHTML, like Gecko) Chrome/74.0.3729.169 Safari/537.36"
35.222.206.151 - - [24/Jun/2025:17:56:14 +0000] "HEAD /old HTTP/1.1" 301 - "-" "Mozilla/5.0 (Windows NT 10.0; Win64; x64) AppleWebKit/537.36 (KHTML, like Gecko) Chrome/74.0.3729.169 Safari/537.36"
35.222.206.151 - - [24/Jun/2025:17:56:15 +0000] "HEAD /new HTTP/1.1" 301 - "-" "Mozilla/5.0 (Windows NT 10.0; Win64; x64) AppleWebKit/537.36 (KHTML, like Gecko) Chrome/74.0.3729.169 Safari/537.36"
35.222.206.151 - - [24/Jun/2025:17:56:15 +0000] "HEAD /main HTTP/1.1" 301 - "-" "Mozilla/5.0 (Windows NT 10.0; Win64; x64) AppleWebKit/537.36 (KHTML, like Gecko) Chrome/74.0.3729.169 Safari/537.36"
54.36.148.192 - - [24/Jun/2025:17:56:16 +0000] "GET /shopdetail/2985044 HTTP/1.1" 301 257 "-" "Mozilla/5.0 (compatible; AhrefsBot/7.0; +http://ahrefs.com/robot/)"
35.222.206.151 - - [24/Jun/2025:17:56:16 +0000] "HEAD /home HTTP/1.1" 301 - "-" "Mozilla/5.0 (Windows NT 10.0; Win64; x64) AppleWebKit/537.36 (KHTML, like Gecko) Chrome/74.0.3729.169 Safari/537.36"
57.141.2.30 - - [24/Jun/2025:17:56:30 +0000] "GET /buy.php/shopdetail/0596198 HTTP/1.1" 301 265 "-" "meta-externalagent/1.1 (+https://developers.facebook.com/docs/sharing/webmasters/crawler)"
57.141.2.19 - - [24/Jun/2025:17:56:46 +0000] "GET /buy.php/shopdetail/3002293 HTTP/1.1" 301 265 "-" "meta-externalagent/1.1 (+https://developers.facebook.com/docs/sharing/webmasters/crawler)"
57.141.2.30 - - [24/Jun/2025:17:56:52 +0000] "GET /buy.php/shopdetail/0988387 HTTP/1.1" 301 265 "-" "meta-externalagent/1.1 (+https://developers.facebook.com/docs/sharing/webmasters/crawler)"
54.36.149.69 - - [24/Jun/2025:17:56:58 +0000] "GET /shopdetail/2985709 HTTP/1.1" 301 257 "-" "Mozilla/5.0 (compatible; AhrefsBot/7.0; +http://ahrefs.com/robot/)"
57.141.2.2 - - [24/Jun/2025:17:57:13 +0000] "GET /buy.php/shopdetail/0544874 HTTP/1.1" 301 265 "-" "meta-externalagent/1.1 (+https://developers.facebook.com/docs/sharing/webmasters/crawler)"
57.141.2.27 - - [24/Jun/2025:17:57:28 +0000] "GET /buy.php/shopdetail/2568629 HTTP/1.1" 301 265 "-" "meta-externalagent/1.1 (+https://developers.facebook.com/docs/sharing/webmasters/crawler)"
57.141.2.13 - - [24/Jun/2025:17:57:32 +0000] "GET /buy.php/shopdetail/1998839 HTTP/1.1" 301 265 "-" "meta-externalagent/1.1 (+https://developers.facebook.com/docs/sharing/webmasters/crawler)"
54.36.148.26 - - [24/Jun/2025:17:57:45 +0000] "GET /shopdetail/2988017 HTTP/1.1" 301 257 "-" "Mozilla/5.0 (compatible; AhrefsBot/7.0; +http://ahrefs.com/robot/)"
57.141.2.16 - - [24/Jun/2025:17:57:53 +0000] "GET /buy.php/shopdetail/0540577 HTTP/1.1" 301 265 "-" "meta-externalagent/1.1 (+https://developers.facebook.com/docs/sharing/webmasters/crawler)"
57.141.2.2 - - [24/Jun/2025:17:58:15 +0000] "GET /buy.php/shopdetail/2787945 HTTP/1.1" 301 265 "-" "meta-externalagent/1.1 (+https://developers.facebook.com/docs/sharing/webmasters/crawler)"
66.249.79.130 - - [24/Jun/2025:17:58:16 +0000] "GET /shopdetail/1878789 HTTP/1.1" 301 257 "-" "Mozilla/5.0 (compatible; Googlebot/2.1; +http://www.google.com/bot.html)"
216.73.217.3 - - [24/Jun/2025:17:58:22 +0000] "GET /buy.php/sitemap-13.xml HTTP/1.1" 301 261 "-" "Mozilla/5.0 AppleWebKit/537.36 (KHTML, like Gecko; compatible; ClaudeBot/1.0; +claudebot@anthropic.com)"
216.73.217.3 - - [24/Jun/2025:17:58:22 +0000] "GET /buy.php/sitemap-4.xml HTTP/1.1" 301 260 "-" "Mozilla/5.0 AppleWebKit/537.36 (KHTML, like Gecko; compatible; ClaudeBot/1.0; +claudebot@anthropic.com)"
54.36.148.7 - - [24/Jun/2025:17:58:28 +0000] "GET /shopdetail/2988671 HTTP/1.1" 301 257 "-" "Mozilla/5.0 (compatible; AhrefsBot/7.0; +http://ahrefs.com/robot/)"
66.249.79.130 - - [24/Jun/2025:17:58:34 +0000] "GET /shopdetail/1465062 HTTP/1.1" 301 257 "-" "Mozilla/5.0 (compatible; Googlebot/2.1; +http://www.google.com/bot.html)"
54.36.148.35 - - [24/Jun/2025:17:59:14 +0000] "GET /shopdetail/2996510 HTTP/1.1" 301 257 "-" "Mozilla/5.0 (compatible; AhrefsBot/7.0; +http://ahrefs.com/robot/)"
57.141.2.20 - - [24/Jun/2025:17:59:16 +0000] "GET /buy.php/shopdetail/3958538 HTTP/1.1" 301 265 "-" "meta-externalagent/1.1 (+https://developers.facebook.com/docs/sharing/webmasters/crawler)"
57.141.2.21 - - [24/Jun/2025:17:59:28 +0000] "GET /shopdetail/3327897 HTTP/1.1" 301 257 "-" "meta-externalagent/1.1 (+https://developers.facebook.com/docs/sharing/webmasters/crawler)"
57.141.2.14 - - [24/Jun/2025:17:59:43 +0000] "GET /buy.php/shopdetail/3322941 HTTP/1.1" 301 265 "-" "meta-externalagent/1.1 (+https://developers.facebook.com/docs/sharing/webmasters/crawler)"
54.36.148.14 - - [24/Jun/2025:18:00:07 +0000] "GET /sitemap.xml HTTP/1.1" 301 250 "-" "Mozilla/5.0 (compatible; AhrefsBot/7.0; +http://ahrefs.com/robot/)"
57.141.2.5 - - [24/Jun/2025:18:00:18 +0000] "GET /buy.php/shopdetail/2215422 HTTP/1.1" 301 265 "-" "meta-externalagent/1.1 (+https://developers.facebook.com/docs/sharing/webmasters/crawler)"
216.73.217.3 - - [24/Jun/2025:18:00:44 +0000] "GET /buy.php/sitemap-17.xml HTTP/1.1" 301 261 "-" "Mozilla/5.0 AppleWebKit/537.36 (KHTML, like Gecko; compatible; ClaudeBot/1.0; +claudebot@anthropic.com)"
57.141.2.11 - - [24/Jun/2025:18:00:53 +0000] "GET /shopdetail/0568541 HTTP/1.1" 301 257 "-" "meta-externalagent/1.1 (+https://developers.facebook.com/docs/sharing/webmasters/crawler)"
57.141.2.3 - - [24/Jun/2025:18:01:01 +0000] "GET /buy.php/shopdetail/1733391 HTTP/1.1" 301 265 "-" "meta-externalagent/1.1 (+https://developers.facebook.com/docs/sharing/webmasters/crawler)"
54.36.148.69 - - [24/Jun/2025:18:01:07 +0000] "GET /buy.php/sitemap-1.xml HTTP/1.1" 301 260 "-" "Mozilla/5.0 (compatible; AhrefsBot/7.0; +http://ahrefs.com/robot/)"
66.249.79.132 - - [24/Jun/2025:18:01:14 +0000] "GET /shopdetail/2483785 HTTP/1.1" 301 257 "-" "Mozilla/5.0 (Linux; Android 6.0.1; Nexus 5X Build/MMB29P) AppleWebKit/537.36 (KHTML, like Gecko) Chrome/137.0.7151.103 Mobile Safari/537.36 (compatible; Googlebot/2.1; +http://www.google.com/bot.html)"
57.141.2.28 - - [24/Jun/2025:18:01:15 +0000] "GET /buy.php/shopdetail/1778520 HTTP/1.1" 301 265 "-" "meta-externalagent/1.1 (+https://developers.facebook.com/docs/sharing/webmasters/crawler)"
57.141.2.26 - - [24/Jun/2025:18:01:24 +0000] "GET /buy.php/shopdetail/2366181 HTTP/1.1" 301 265 "-" "meta-externalagent/1.1 (+https://developers.facebook.com/docs/sharing/webmasters/crawler)"
66.249.79.131 - - [24/Jun/2025:18:01:31 +0000] "GET /shopdetail/0616473 HTTP/1.1" 301 257 "-" "Mozilla/5.0 (Linux; Android 6.0.1; Nexus 5X Build/MMB29P) AppleWebKit/537.36 (KHTML, like Gecko) Chrome/137.0.7151.103 Mobile Safari/537.36 (compatible; Googlebot/2.1; +http://www.google.com/bot.html)"
57.141.2.6 - - [24/Jun/2025:18:01:57 +0000] "GET /buy.php/shopdetail/2701046 HTTP/1.1" 301 265 "-" "meta-externalagent/1.1 (+https://developers.facebook.com/docs/sharing/webmasters/crawler)"
57.141.2.20 - - [24/Jun/2025:18:02:08 +0000] "GET /buy.php/shopdetail/3921296 HTTP/1.1" 301 265 "-" "meta-externalagent/1.1 (+https://developers.facebook.com/docs/sharing/webmasters/crawler)"
54.36.149.46 - - [24/Jun/2025:18:02:29 +0000] "GET /shopdetail/0509282 HTTP/1.1" 301 257 "-" "Mozilla/5.0 (compatible; AhrefsBot/7.0; +http://ahrefs.com/robot/)"
57.141.2.22 - - [24/Jun/2025:18:02:43 +0000] "GET /buy.php/shopdetail/2685507 HTTP/1.1" 301 265 "-" "meta-externalagent/1.1 (+https://developers.facebook.com/docs/sharing/webmasters/crawler)"
57.141.2.1 - - [24/Jun/2025:18:03:05 +0000] "GET /shopdetail/3935505 HTTP/1.1" 301 257 "-" "meta-externalagent/1.1 (+https://developers.facebook.com/docs/sharing/webmasters/crawler)"
57.141.2.18 - - [24/Jun/2025:18:03:07 +0000] "GET /buy.php/shopdetail/1106933 HTTP/1.1" 301 265 "-" "meta-externalagent/1.1 (+https://developers.facebook.com/docs/sharing/webmasters/crawler)"
57.141.2.10 - - [24/Jun/2025:18:03:09 +0000] "GET /buy.php/shopdetail/1602510 HTTP/1.1" 301 265 "-" "meta-externalagent/1.1 (+https://developers.facebook.com/docs/sharing/webmasters/crawler)"
54.36.149.86 - - [24/Jun/2025:18:03:11 +0000] "GET /shopdetail/0535417 HTTP/1.1" 301 257 "-" "Mozilla/5.0 (compatible; AhrefsBot/7.0; +http://ahrefs.com/robot/)"
57.141.2.24 - - [24/Jun/2025:18:03:42 +0000] "GET /buy.php/shopdetail/1995088 HTTP/1.1" 301 265 "-" "meta-externalagent/1.1 (+https://developers.facebook.com/docs/sharing/webmasters/crawler)"
54.36.149.53 - - [24/Jun/2025:18:03:49 +0000] "GET /shopdetail/0607660 HTTP/1.1" 301 257 "-" "Mozilla/5.0 (compatible; AhrefsBot/7.0; +http://ahrefs.com/robot/)"
57.141.2.24 - - [24/Jun/2025:18:04:30 +0000] "GET /buy.php/shopdetail/1667253 HTTP/1.1" 301 265 "-" "meta-externalagent/1.1 (+https://developers.facebook.com/docs/sharing/webmasters/crawler)"
57.141.2.13 - - [24/Jun/2025:18:05:02 +0000] "GET /buy.php/shopdetail/1750382 HTTP/1.1" 301 265 "-" "meta-externalagent/1.1 (+https://developers.facebook.com/docs/sharing/webmasters/crawler)"
57.141.2.6 - - [24/Jun/2025:18:05:08 +0000] "GET /shopdetail/2257966 HTTP/1.1" 301 257 "-" "meta-externalagent/1.1 (+https://developers.facebook.com/docs/sharing/webmasters/crawler)"
57.141.2.28 - - [24/Jun/2025:18:05:08 +0000] "GET /buy.php/shopdetail/2420058 HTTP/1.1" 301 265 "-" "meta-externalagent/1.1 (+https://developers.facebook.com/docs/sharing/webmasters/crawler)"
66.249.79.131 - - [24/Jun/2025:18:05:21 +0000] "GET /index.php/shopdetail/1017551 HTTP/1.1" 301 267 "-" "Mozilla/5.0 (Linux; Android 6.0.1; Nexus 5X Build/MMB29P) AppleWebKit/537.36 (KHTML, like Gecko) Chrome/137.0.7151.103 Mobile Safari/537.36 (compatible; Googlebot/2.1; +http://www.google.com/bot.html)"
54.36.149.41 - - [24/Jun/2025:18:05:27 +0000] "GET /shopdetail/0693580 HTTP/1.1" 301 257 "-" "Mozilla/5.0 (compatible; AhrefsBot/7.0; +http://ahrefs.com/robot/)"
57.141.2.25 - - [24/Jun/2025:18:05:29 +0000] "GET /buy.php/shopdetail/4011613 HTTP/1.1" 301 265 "-" "meta-externalagent/1.1 (+https://developers.facebook.com/docs/sharing/webmasters/crawler)"
57.141.2.15 - - [24/Jun/2025:18:05:30 +0000] "GET /shopdetail/2928366 HTTP/1.1" 301 257 "-" "meta-externalagent/1.1 (+https://developers.facebook.com/docs/sharing/webmasters/crawler)"
57.141.2.13 - - [24/Jun/2025:18:05:31 +0000] "GET /shopdetail/1116554 HTTP/1.1" 301 257 "-" "meta-externalagent/1.1 (+https://developers.facebook.com/docs/sharing/webmasters/crawler)"
57.141.2.4 - - [24/Jun/2025:18:05:57 +0000] "GET /shopdetail/3576075 HTTP/1.1" 301 257 "-" "meta-externalagent/1.1 (+https://developers.facebook.com/docs/sharing/webmasters/crawler)"
57.141.2.24 - - [24/Jun/2025:18:06:06 +0000] "GET /buy.php/shopdetail/3712348 HTTP/1.1" 301 265 "-" "meta-externalagent/1.1 (+https://developers.facebook.com/docs/sharing/webmasters/crawler)"
54.36.149.31 - - [24/Jun/2025:18:06:08 +0000] "GET /shopdetail/0715999 HTTP/1.1" 301 257 "-" "Mozilla/5.0 (compatible; AhrefsBot/7.0; +http://ahrefs.com/robot/)"
216.73.217.3 - - [24/Jun/2025:18:06:09 +0000] "GET /sitemap-11.xml HTTP/1.1" 301 253 "-" "Mozilla/5.0 AppleWebKit/537.36 (KHTML, like Gecko; compatible; ClaudeBot/1.0; +claudebot@anthropic.com)"
57.141.2.6 - - [24/Jun/2025:18:06:11 +0000] "GET /buy.php/shopdetail/2211165 HTTP/1.1" 301 265 "-" "meta-externalagent/1.1 (+https://developers.facebook.com/docs/sharing/webmasters/crawler)"
57.141.2.5 - - [24/Jun/2025:18:06:16 +0000] "GET /buy.php/shopdetail/2951120 HTTP/1.1" 301 265 "-" "meta-externalagent/1.1 (+https://developers.facebook.com/docs/sharing/webmasters/crawler)"
57.141.2.12 - - [24/Jun/2025:18:06:22 +0000] "GET /buy.php/shopdetail/0594600 HTTP/1.1" 301 265 "-" "meta-externalagent/1.1 (+https://developers.facebook.com/docs/sharing/webmasters/crawler)"
66.249.79.131 - - [24/Jun/2025:18:06:24 +0000] "GET /shopdetail/2091265 HTTP/1.1" 301 257 "-" "Mozilla/5.0 (Linux; Android 6.0.1; Nexus 5X Build/MMB29P) AppleWebKit/537.36 (KHTML, like Gecko) Chrome/137.0.7151.103 Mobile Safari/537.36 (compatible; Googlebot/2.1; +http://www.google.com/bot.html)"
57.141.2.18 - - [24/Jun/2025:18:06:29 +0000] "GET /buy.php/shopdetail/4108733 HTTP/1.1" 301 265 "-" "meta-externalagent/1.1 (+https://developers.facebook.com/docs/sharing/webmasters/crawler)"
57.141.2.28 - - [24/Jun/2025:18:06:32 +0000] "GET /buy.php/shopdetail/4088933 HTTP/1.1" 301 265 "-" "meta-externalagent/1.1 (+https://developers.facebook.com/docs/sharing/webmasters/crawler)"
54.36.148.36 - - [24/Jun/2025:18:06:39 +0000] "GET /shopdetail/0721336 HTTP/1.1" 301 257 "-" "Mozilla/5.0 (compatible; AhrefsBot/7.0; +http://ahrefs.com/robot/)"
57.141.2.14 - - [24/Jun/2025:18:06:40 +0000] "GET /buy.php/shopdetail/2486290 HTTP/1.1" 301 265 "-" "meta-externalagent/1.1 (+https://developers.facebook.com/docs/sharing/webmasters/crawler)"
66.249.79.130 - - [24/Jun/2025:18:06:43 +0000] "GET /shopdetail/3132580 HTTP/1.1" 301 257 "-" "Mozilla/5.0 (Linux; Android 6.0.1; Nexus 5X Build/MMB29P) AppleWebKit/537.36 (KHTML, like Gecko) Chrome/137.0.7151.103 Mobile Safari/537.36 (compatible; Googlebot/2.1; +http://www.google.com/bot.html)"
57.141.2.28 - - [24/Jun/2025:18:06:47 +0000] "GET /buy.php/shopdetail/0791953 HTTP/1.1" 301 265 "-" "meta-externalagent/1.1 (+https://developers.facebook.com/docs/sharing/webmasters/crawler)"
66.249.79.130 - - [24/Jun/2025:18:06:59 +0000] "GET /shopdetail/3888939 HTTP/1.1" 301 257 "-" "Mozilla/5.0 (compatible; Googlebot/2.1; +http://www.google.com/bot.html)"
57.141.2.11 - - [24/Jun/2025:18:07:01 +0000] "GET /buy.php/shopdetail/1640691 HTTP/1.1" 301 265 "-" "meta-externalagent/1.1 (+https://developers.facebook.com/docs/sharing/webmasters/crawler)"
66.249.79.130 - - [24/Jun/2025:18:07:09 +0000] "GET /shopdetail/1417435/pcmypage?callback=/product%2Fdetail%2F61217580 HTTP/1.1" 301 304 "-" "Mozilla/5.0 (compatible; Googlebot/2.1; +http://www.google.com/bot.html)"
54.36.148.117 - - [24/Jun/2025:18:07:17 +0000] "GET /shopdetail/0735323 HTTP/1.1" 301 257 "-" "Mozilla/5.0 (compatible; AhrefsBot/7.0; +http://ahrefs.com/robot/)"
57.141.2.18 - - [24/Jun/2025:18:07:28 +0000] "GET /buy.php/shopdetail/0846888 HTTP/1.1" 301 265 "-" "meta-externalagent/1.1 (+https://developers.facebook.com/docs/sharing/webmasters/crawler)"
57.141.2.7 - - [24/Jun/2025:18:07:37 +0000] "GET /shopdetail/0893678 HTTP/1.1" 301 257 "-" "meta-externalagent/1.1 (+https://developers.facebook.com/docs/sharing/webmasters/crawler)"
57.141.2.8 - - [24/Jun/2025:18:07:38 +0000] "GET /shopdetail/1384658 HTTP/1.1" 301 257 "-" "meta-externalagent/1.1 (+https://developers.facebook.com/docs/sharing/webmasters/crawler)"
57.141.2.3 - - [24/Jun/2025:18:07:38 +0000] "GET /buy.php/shopdetail/1459854 HTTP/1.1" 301 265 "-" "meta-externalagent/1.1 (+https://developers.facebook.com/docs/sharing/webmasters/crawler)"
57.141.2.11 - - [24/Jun/2025:18:07:40 +0000] "GET /buy.php/shopdetail/0674473 HTTP/1.1" 301 265 "-" "meta-externalagent/1.1 (+https://developers.facebook.com/docs/sharing/webmasters/crawler)"
57.141.2.24 - - [24/Jun/2025:18:07:45 +0000] "GET /buy.php/shopdetail/1018440 HTTP/1.1" 301 265 "-" "meta-externalagent/1.1 (+https://developers.facebook.com/docs/sharing/webmasters/crawler)"
57.141.2.25 - - [24/Jun/2025:18:07:57 +0000] "GET /buy.php/shopdetail/1583997 HTTP/1.1" 301 265 "-" "meta-externalagent/1.1 (+https://developers.facebook.com/docs/sharing/webmasters/crawler)"
57.141.2.22 - - [24/Jun/2025:18:08:01 +0000] "GET /buy.php/shopdetail/2555404 HTTP/1.1" 301 265 "-" "meta-externalagent/1.1 (+https://developers.facebook.com/docs/sharing/webmasters/crawler)"
54.36.149.50 - - [24/Jun/2025:18:08:01 +0000] "GET /shopdetail/0774717 HTTP/1.1" 301 257 "-" "Mozilla/5.0 (compatible; AhrefsBot/7.0; +http://ahrefs.com/robot/)"
35.185.20.250 - - [24/Jun/2025:18:08:06 +0000] "GET /robots.txt HTTP/1.0" 301 249 "-" "ZoominfoBot (zoominfobot at zoominfo dot com)"
35.185.20.250 - - [24/Jun/2025:18:08:07 +0000] "GET / HTTP/1.0" 301 239 "-" "ZoominfoBot (zoominfobot at zoominfo dot com)"
57.141.2.4 - - [24/Jun/2025:18:08:26 +0000] "GET /buy.php/shopdetail/3390908 HTTP/1.1" 301 265 "-" "meta-externalagent/1.1 (+https://developers.facebook.com/docs/sharing/webmasters/crawler)"
57.141.2.30 - - [24/Jun/2025:18:08:27 +0000] "GET /buy.php/shopdetail/3954467 HTTP/1.1" 301 265 "-" "meta-externalagent/1.1 (+https://developers.facebook.com/docs/sharing/webmasters/crawler)"
57.141.2.30 - - [24/Jun/2025:18:08:28 +0000] "GET /shopdetail/2031531 HTTP/1.1" 301 257 "-" "meta-externalagent/1.1 (+https://developers.facebook.com/docs/sharing/webmasters/crawler)"
57.141.2.24 - - [24/Jun/2025:18:08:39 +0000] "GET /buy.php/shopdetail/3306283 HTTP/1.1" 301 265 "-" "meta-externalagent/1.1 (+https://developers.facebook.com/docs/sharing/webmasters/crawler)"
54.36.149.95 - - [24/Jun/2025:18:08:41 +0000] "GET /shopdetail/0796394 HTTP/1.1" 301 257 "-" "Mozilla/5.0 (compatible; AhrefsBot/7.0; +http://ahrefs.com/robot/)"
57.141.2.24 - - [24/Jun/2025:18:08:47 +0000] "GET /buy.php/shopdetail/4085904 HTTP/1.1" 301 265 "-" "meta-externalagent/1.1 (+https://developers.facebook.com/docs/sharing/webmasters/crawler)"
57.141.2.20 - - [24/Jun/2025:18:08:50 +0000] "GET /shopdetail/2552982 HTTP/1.1" 301 257 "-" "meta-externalagent/1.1 (+https://developers.facebook.com/docs/sharing/webmasters/crawler)"
57.141.2.20 - - [24/Jun/2025:18:08:57 +0000] "GET /buy.php/shopdetail/1220836 HTTP/1.1" 301 265 "-" "meta-externalagent/1.1 (+https://developers.facebook.com/docs/sharing/webmasters/crawler)"
57.141.2.3 - - [24/Jun/2025:18:09:01 +0000] "GET /buy.php/shopdetail/0529975 HTTP/1.1" 301 265 "-" "meta-externalagent/1.1 (+https://developers.facebook.com/docs/sharing/webmasters/crawler)"
57.141.2.10 - - [24/Jun/2025:18:09:03 +0000] "GET /buy.php/shopdetail/3045901 HTTP/1.1" 301 265 "-" "meta-externalagent/1.1 (+https://developers.facebook.com/docs/sharing/webmasters/crawler)"
57.141.2.20 - - [24/Jun/2025:18:09:06 +0000] "GET /buy.php/shopdetail/2545717 HTTP/1.1" 301 265 "-" "meta-externalagent/1.1 (+https://developers.facebook.com/docs/sharing/webmasters/crawler)"
54.36.149.60 - - [24/Jun/2025:18:09:11 +0000] "GET /shopdetail/0834603 HTTP/1.1" 301 257 "-" "Mozilla/5.0 (compatible; AhrefsBot/7.0; +http://ahrefs.com/robot/)"
57.141.2.11 - - [24/Jun/2025:18:09:11 +0000] "GET /buy.php/shopdetail/1623009 HTTP/1.1" 301 265 "-" "meta-externalagent/1.1 (+https://developers.facebook.com/docs/sharing/webmasters/crawler)"
57.141.2.26 - - [24/Jun/2025:18:09:24 +0000] "GET /buy.php/shopdetail/1821842 HTTP/1.1" 301 265 "-" "meta-externalagent/1.1 (+https://developers.facebook.com/docs/sharing/webmasters/crawler)"
57.141.2.18 - - [24/Jun/2025:18:09:29 +0000] "GET /buy.php/shopdetail/3999417 HTTP/1.1" 301 265 "-" "meta-externalagent/1.1 (+https://developers.facebook.com/docs/sharing/webmasters/crawler)"
57.141.2.22 - - [24/Jun/2025:18:09:31 +0000] "GET /buy.php/shopdetail/1972570 HTTP/1.1" 301 265 "-" "meta-externalagent/1.1 (+https://developers.facebook.com/docs/sharing/webmasters/crawler)"
57.141.2.7 - - [24/Jun/2025:18:09:41 +0000] "GET /shopdetail/2906716 HTTP/1.1" 301 257 "-" "meta-externalagent/1.1 (+https://developers.facebook.com/docs/sharing/webmasters/crawler)"
57.141.2.4 - - [24/Jun/2025:18:09:42 +0000] "GET /buy.php/shopdetail/4247288 HTTP/1.1" 301 265 "-" "meta-externalagent/1.1 (+https://developers.facebook.com/docs/sharing/webmasters/crawler)"
54.36.149.64 - - [24/Jun/2025:18:09:44 +0000] "GET /shopdetail/0838028 HTTP/1.1" 301 257 "-" "Mozilla/5.0 (compatible; AhrefsBot/7.0; +http://ahrefs.com/robot/)"
57.141.2.30 - - [24/Jun/2025:18:10:00 +0000] "GET /buy.php/shopdetail/4333229 HTTP/1.1" 301 265 "-" "meta-externalagent/1.1 (+https://developers.facebook.com/docs/sharing/webmasters/crawler)"
57.141.2.9 - - [24/Jun/2025:18:10:02 +0000] "GET /buy.php/shopdetail/1083030 HTTP/1.1" 301 265 "-" "meta-externalagent/1.1 (+https://developers.facebook.com/docs/sharing/webmasters/crawler)"
216.73.217.3 - - [24/Jun/2025:18:10:07 +0000] "GET /sitemap-6.xml HTTP/1.1" 301 252 "-" "Mozilla/5.0 AppleWebKit/537.36 (KHTML, like Gecko; compatible; ClaudeBot/1.0; +claudebot@anthropic.com)"
57.141.2.9 - - [24/Jun/2025:18:10:11 +0000] "GET /buy.php/shopdetail/1522141 HTTP/1.1" 301 265 "-" "meta-externalagent/1.1 (+https://developers.facebook.com/docs/sharing/webmasters/crawler)"
54.36.149.4 - - [24/Jun/2025:18:10:15 +0000] "GET /shopdetail/0849793 HTTP/1.1" 301 257 "-" "Mozilla/5.0 (compatible; AhrefsBot/7.0; +http://ahrefs.com/robot/)"
57.141.2.14 - - [24/Jun/2025:18:10:33 +0000] "GET /buy.php/shopdetail/3227553 HTTP/1.1" 301 265 "-" "meta-externalagent/1.1 (+https://developers.facebook.com/docs/sharing/webmasters/crawler)"
54.36.148.234 - - [24/Jun/2025:18:10:39 +0000] "GET /shopdetail/0885470 HTTP/1.1" 301 257 "-" "Mozilla/5.0 (compatible; AhrefsBot/7.0; +http://ahrefs.com/robot/)"
57.141.2.25 - - [24/Jun/2025:18:10:46 +0000] "GET /buy.php/shopdetail/3346992 HTTP/1.1" 301 265 "-" "meta-externalagent/1.1 (+https://developers.facebook.com/docs/sharing/webmasters/crawler)"
57.141.2.13 - - [24/Jun/2025:18:10:53 +0000] "GET /shopdetail/2686994 HTTP/1.1" 301 257 "-" "meta-externalagent/1.1 (+https://developers.facebook.com/docs/sharing/webmasters/crawler)"
57.141.2.4 - - [24/Jun/2025:18:10:57 +0000] "GET /shopdetail/4474464 HTTP/1.1" 301 257 "-" "meta-externalagent/1.1 (+https://developers.facebook.com/docs/sharing/webmasters/crawler)"
57.141.2.21 - - [24/Jun/2025:18:11:02 +0000] "GET /buy.php/shopdetail/2164539 HTTP/1.1" 301 265 "-" "meta-externalagent/1.1 (+https://developers.facebook.com/docs/sharing/webmasters/crawler)"
54.36.148.43 - - [24/Jun/2025:18:11:08 +0000] "GET /shopdetail/0929507 HTTP/1.1" 301 257 "-" "Mozilla/5.0 (compatible; AhrefsBot/7.0; +http://ahrefs.com/robot/)"
57.141.2.16 - - [24/Jun/2025:18:11:15 +0000] "GET /buy.php/shopdetail/2903168 HTTP/1.1" 301 265 "-" "meta-externalagent/1.1 (+https://developers.facebook.com/docs/sharing/webmasters/crawler)"
57.141.2.30 - - [24/Jun/2025:18:11:33 +0000] "GET /buy.php/shopdetail/2025480 HTTP/1.1" 301 265 "-" "meta-externalagent/1.1 (+https://developers.facebook.com/docs/sharing/webmasters/crawler)"
57.141.2.13 - - [24/Jun/2025:18:11:36 +0000] "GET /buy.php/shopdetail/2860127 HTTP/1.1" 301 265 "-" "meta-externalagent/1.1 (+https://developers.facebook.com/docs/sharing/webmasters/crawler)"
66.249.79.132 - - [24/Jun/2025:18:11:52 +0000] "GET /shopdetail/3417180/events/ HTTP/1.1" 301 265 "-" "Mozilla/5.0 (Linux; Android 6.0.1; Nexus 5X Build/MMB29P) AppleWebKit/537.36 (KHTML, like Gecko) Chrome/137.0.7151.103 Mobile Safari/537.36 (compatible; Googlebot/2.1; +http://www.google.com/bot.html)"
57.141.2.22 - - [24/Jun/2025:18:11:55 +0000] "GET /buy.php/shopdetail/3953890 HTTP/1.1" 301 265 "-" "meta-externalagent/1.1 (+https://developers.facebook.com/docs/sharing/webmasters/crawler)"
54.36.149.69 - - [24/Jun/2025:18:12:12 +0000] "GET /shopdetail/1027286 HTTP/1.1" 301 257 "-" "Mozilla/5.0 (compatible; AhrefsBot/7.0; +http://ahrefs.com/robot/)"
57.141.2.26 - - [24/Jun/2025:18:12:12 +0000] "GET /shopdetail/1387719 HTTP/1.1" 301 257 "-" "meta-externalagent/1.1 (+https://developers.facebook.com/docs/sharing/webmasters/crawler)"
57.141.2.22 - - [24/Jun/2025:18:12:18 +0000] "GET /buy.php/shopdetail/1935815 HTTP/1.1" 301 265 "-" "meta-externalagent/1.1 (+https://developers.facebook.com/docs/sharing/webmasters/crawler)"
57.141.2.21 - - [24/Jun/2025:18:12:19 +0000] "GET /shopdetail/3463163 HTTP/1.1" 301 257 "-" "meta-externalagent/1.1 (+https://developers.facebook.com/docs/sharing/webmasters/crawler)"
57.141.2.29 - - [24/Jun/2025:18:12:32 +0000] "GET /shopdetail/1953250 HTTP/1.1" 301 257 "-" "meta-externalagent/1.1 (+https://developers.facebook.com/docs/sharing/webmasters/crawler)"
57.141.2.24 - - [24/Jun/2025:18:12:35 +0000] "GET /shopdetail/0845828 HTTP/1.1" 301 257 "-" "meta-externalagent/1.1 (+https://developers.facebook.com/docs/sharing/webmasters/crawler)"
57.141.2.12 - - [24/Jun/2025:18:12:40 +0000] "GET /buy.php/shopdetail/3083841 HTTP/1.1" 301 265 "-" "meta-externalagent/1.1 (+https://developers.facebook.com/docs/sharing/webmasters/crawler)"
57.141.2.9 - - [24/Jun/2025:18:12:41 +0000] "GET /shopdetail/2296904 HTTP/1.1" 301 257 "-" "meta-externalagent/1.1 (+https://developers.facebook.com/docs/sharing/webmasters/crawler)"
54.36.148.228 - - [24/Jun/2025:18:12:44 +0000] "GET /shopdetail/1112308 HTTP/1.1" 301 257 "-" "Mozilla/5.0 (compatible; AhrefsBot/7.0; +http://ahrefs.com/robot/)"
57.141.2.15 - - [24/Jun/2025:18:13:00 +0000] "GET /buy.php/shopdetail/3290016 HTTP/1.1" 301 265 "-" "meta-externalagent/1.1 (+https://developers.facebook.com/docs/sharing/webmasters/crawler)"
57.141.2.4 - - [24/Jun/2025:18:13:04 +0000] "GET /buy.php/shopdetail/0510352 HTTP/1.1" 301 265 "-" "meta-externalagent/1.1 (+https://developers.facebook.com/docs/sharing/webmasters/crawler)"
57.141.2.15 - - [24/Jun/2025:18:13:07 +0000] "GET /buy.php/shopdetail/1912574 HTTP/1.1" 301 265 "-" "meta-externalagent/1.1 (+https://developers.facebook.com/docs/sharing/webmasters/crawler)"
57.141.2.22 - - [24/Jun/2025:18:13:12 +0000] "GET /buy.php/shopdetail/1802231 HTTP/1.1" 301 265 "-" "meta-externalagent/1.1 (+https://developers.facebook.com/docs/sharing/webmasters/crawler)"
57.141.2.17 - - [24/Jun/2025:18:13:12 +0000] "GET /shopdetail/1569661 HTTP/1.1" 301 257 "-" "meta-externalagent/1.1 (+https://developers.facebook.com/docs/sharing/webmasters/crawler)"
57.141.2.16 - - [24/Jun/2025:18:13:13 +0000] "GET /shopdetail/2407372 HTTP/1.1" 301 257 "-" "meta-externalagent/1.1 (+https://developers.facebook.com/docs/sharing/webmasters/crawler)"
54.36.148.0 - - [24/Jun/2025:18:13:15 +0000] "GET /shopdetail/1152328 HTTP/1.1" 301 257 "-" "Mozilla/5.0 (compatible; AhrefsBot/7.0; +http://ahrefs.com/robot/)"
216.73.217.3 - - [24/Jun/2025:18:13:28 +0000] "GET /buy.php/sitemap-9.xml HTTP/1.1" 301 260 "-" "Mozilla/5.0 AppleWebKit/537.36 (KHTML, like Gecko; compatible; ClaudeBot/1.0; +claudebot@anthropic.com)"
57.141.2.2 - - [24/Jun/2025:18:13:46 +0000] "GET /buy.php/shopdetail/2647381 HTTP/1.1" 301 265 "-" "meta-externalagent/1.1 (+https://developers.facebook.com/docs/sharing/webmasters/crawler)"
54.36.148.90 - - [24/Jun/2025:18:13:48 +0000] "GET /shopdetail/1164698 HTTP/1.1" 301 257 "-" "Mozilla/5.0 (compatible; AhrefsBot/7.0; +http://ahrefs.com/robot/)"
57.141.2.4 - - [24/Jun/2025:18:13:52 +0000] "GET /buy.php/shopdetail/4047206 HTTP/1.1" 301 265 "-" "meta-externalagent/1.1 (+https://developers.facebook.com/docs/sharing/webmasters/crawler)"
57.141.2.15 - - [24/Jun/2025:18:13:59 +0000] "GET /buy.php/shopdetail/1273967 HTTP/1.1" 301 265 "-" "meta-externalagent/1.1 (+https://developers.facebook.com/docs/sharing/webmasters/crawler)"
57.141.2.22 - - [24/Jun/2025:18:14:11 +0000] "GET /buy.php/shopdetail/3023380 HTTP/1.1" 301 265 "-" "meta-externalagent/1.1 (+https://developers.facebook.com/docs/sharing/webmasters/crawler)"
57.141.2.14 - - [24/Jun/2025:18:14:23 +0000] "GET /shopdetail/1470365 HTTP/1.1" 301 257 "-" "meta-externalagent/1.1 (+https://developers.facebook.com/docs/sharing/webmasters/crawler)"
57.141.2.19 - - [24/Jun/2025:18:14:32 +0000] "GET /shopdetail/3642675 HTTP/1.1" 301 257 "-" "meta-externalagent/1.1 (+https://developers.facebook.com/docs/sharing/webmasters/crawler)"
54.36.149.14 - - [24/Jun/2025:18:14:39 +0000] "GET /shopdetail/1177207 HTTP/1.1" 301 257 "-" "Mozilla/5.0 (compatible; AhrefsBot/7.0; +http://ahrefs.com/robot/)"
57.141.2.8 - - [24/Jun/2025:18:14:41 +0000] "GET /buy.php/shopdetail/3571125 HTTP/1.1" 301 265 "-" "meta-externalagent/1.1 (+https://developers.facebook.com/docs/sharing/webmasters/crawler)"
57.141.2.16 - - [24/Jun/2025:18:14:42 +0000] "GET /buy.php/shopdetail/3321729 HTTP/1.1" 301 265 "-" "meta-externalagent/1.1 (+https://developers.facebook.com/docs/sharing/webmasters/crawler)"
57.141.2.2 - - [24/Jun/2025:18:14:47 +0000] "GET /buy.php/shopdetail/3956412 HTTP/1.1" 301 265 "-" "meta-externalagent/1.1 (+https://developers.facebook.com/docs/sharing/webmasters/crawler)"
54.36.148.185 - - [24/Jun/2025:18:15:16 +0000] "GET /shopdetail/1181319 HTTP/1.1" 301 257 "-" "Mozilla/5.0 (compatible; AhrefsBot/7.0; +http://ahrefs.com/robot/)"
57.141.2.29 - - [24/Jun/2025:18:15:27 +0000] "GET /buy.php/shopdetail/1891390 HTTP/1.1" 301 265 "-" "meta-externalagent/1.1 (+https://developers.facebook.com/docs/sharing/webmasters/crawler)"
57.141.2.24 - - [24/Jun/2025:18:15:28 +0000] "GET /buy.php/shopdetail/1747164 HTTP/1.1" 301 265 "-" "meta-externalagent/1.1 (+https://developers.facebook.com/docs/sharing/webmasters/crawler)"
57.141.2.15 - - [24/Jun/2025:18:15:44 +0000] "GET /shopdetail/1812618 HTTP/1.1" 301 257 "-" "meta-externalagent/1.1 (+https://developers.facebook.com/docs/sharing/webmasters/crawler)"
57.141.2.14 - - [24/Jun/2025:18:15:45 +0000] "GET /buy.php/shopdetail/3504338 HTTP/1.1" 301 265 "-" "meta-externalagent/1.1 (+https://developers.facebook.com/docs/sharing/webmasters/crawler)"
57.141.2.28 - - [24/Jun/2025:18:15:53 +0000] "GET /shopdetail/1757493 HTTP/1.1" 301 257 "-" "meta-externalagent/1.1 (+https://developers.facebook.com/docs/sharing/webmasters/crawler)"
57.141.2.22 - - [24/Jun/2025:18:15:58 +0000] "GET /buy.php/shopdetail/3660884 HTTP/1.1" 301 265 "-" "meta-externalagent/1.1 (+https://developers.facebook.com/docs/sharing/webmasters/crawler)"
57.141.2.7 - - [24/Jun/2025:18:15:58 +0000] "GET /shopdetail/3302468 HTTP/1.1" 301 257 "-" "meta-externalagent/1.1 (+https://developers.facebook.com/docs/sharing/webmasters/crawler)"
57.141.2.22 - - [24/Jun/2025:18:16:01 +0000] "GET /buy.php/shopdetail/0817719 HTTP/1.1" 301 265 "-" "meta-externalagent/1.1 (+https://developers.facebook.com/docs/sharing/webmasters/crawler)"
54.36.148.1 - - [24/Jun/2025:18:16:01 +0000] "GET /shopdetail/1331872 HTTP/1.1" 301 257 "-" "Mozilla/5.0 (compatible; AhrefsBot/7.0; +http://ahrefs.com/robot/)"
54.36.148.226 - - [24/Jun/2025:18:16:52 +0000] "GET /shopdetail/1340483 HTTP/1.1" 301 257 "-" "Mozilla/5.0 (compatible; AhrefsBot/7.0; +http://ahrefs.com/robot/)"
216.73.217.3 - - [24/Jun/2025:18:17:06 +0000] "GET /buy.php/sitemap-6.xml HTTP/1.1" 301 260 "-" "Mozilla/5.0 AppleWebKit/537.36 (KHTML, like Gecko; compatible; ClaudeBot/1.0; +claudebot@anthropic.com)"
216.73.217.3 - - [24/Jun/2025:18:17:06 +0000] "GET /buy.php/sitemap-5.xml HTTP/1.1" 301 260 "-" "Mozilla/5.0 AppleWebKit/537.36 (KHTML, like Gecko; compatible; ClaudeBot/1.0; +claudebot@anthropic.com)"
216.73.217.3 - - [24/Jun/2025:18:17:07 +0000] "GET /sitemap-9.xml HTTP/1.1" 301 252 "-" "Mozilla/5.0 AppleWebKit/537.36 (KHTML, like Gecko; compatible; ClaudeBot/1.0; +claudebot@anthropic.com)"
57.141.2.30 - - [24/Jun/2025:18:17:13 +0000] "GET /buy.php/shopdetail/1895686 HTTP/1.1" 301 265 "-" "meta-externalagent/1.1 (+https://developers.facebook.com/docs/sharing/webmasters/crawler)"
57.141.2.9 - - [24/Jun/2025:18:17:15 +0000] "GET /buy.php/shopdetail/3127603 HTTP/1.1" 301 265 "-" "meta-externalagent/1.1 (+https://developers.facebook.com/docs/sharing/webmasters/crawler)"
57.141.2.26 - - [24/Jun/2025:18:17:20 +0000] "GET /buy.php/shopdetail/2511146 HTTP/1.1" 301 265 "-" "meta-externalagent/1.1 (+https://developers.facebook.com/docs/sharing/webmasters/crawler)"
57.141.2.28 - - [24/Jun/2025:18:17:22 +0000] "GET /shopdetail/1601692 HTTP/1.1" 301 257 "-" "meta-externalagent/1.1 (+https://developers.facebook.com/docs/sharing/webmasters/crawler)"
57.141.2.18 - - [24/Jun/2025:18:17:27 +0000] "GET /buy.php/shopdetail/2894672 HTTP/1.1" 301 265 "-" "meta-externalagent/1.1 (+https://developers.facebook.com/docs/sharing/webmasters/crawler)"
57.141.2.14 - - [24/Jun/2025:18:17:30 +0000] "GET /buy.php/shopdetail/4159349 HTTP/1.1" 301 265 "-" "meta-externalagent/1.1 (+https://developers.facebook.com/docs/sharing/webmasters/crawler)"
54.36.149.27 - - [24/Jun/2025:18:17:42 +0000] "GET /shopdetail/1358829 HTTP/1.1" 301 257 "-" "Mozilla/5.0 (compatible; AhrefsBot/7.0; +http://ahrefs.com/robot/)"
57.141.2.26 - - [24/Jun/2025:18:17:47 +0000] "GET /buy.php/shopdetail/1796876 HTTP/1.1" 301 265 "-" "meta-externalagent/1.1 (+https://developers.facebook.com/docs/sharing/webmasters/crawler)"
57.141.2.17 - - [24/Jun/2025:18:17:55 +0000] "GET /shopdetail/0796412 HTTP/1.1" 301 257 "-" "meta-externalagent/1.1 (+https://developers.facebook.com/docs/sharing/webmasters/crawler)"
57.141.2.1 - - [24/Jun/2025:18:18:10 +0000] "GET /buy.php/shopdetail/1357294 HTTP/1.1" 301 265 "-" "meta-externalagent/1.1 (+https://developers.facebook.com/docs/sharing/webmasters/crawler)"
54.36.149.10 - - [24/Jun/2025:18:18:22 +0000] "GET /shopdetail/1359269 HTTP/1.1" 301 257 "-" "Mozilla/5.0 (compatible; AhrefsBot/7.0; +http://ahrefs.com/robot/)"
57.141.2.29 - - [24/Jun/2025:18:18:22 +0000] "GET /buy.php/shopdetail/2223072 HTTP/1.1" 301 265 "-" "meta-externalagent/1.1 (+https://developers.facebook.com/docs/sharing/webmasters/crawler)"
66.249.79.132 - - [24/Jun/2025:18:18:27 +0000] "GET /shopdetail/3326193 HTTP/1.1" 301 257 "-" "Mozilla/5.0 (Linux; Android 6.0.1; Nexus 5X Build/MMB29P) AppleWebKit/537.36 (KHTML, like Gecko) Chrome/137.0.7151.103 Mobile Safari/537.36 (compatible; Googlebot/2.1; +http://www.google.com/bot.html)"
57.141.2.17 - - [24/Jun/2025:18:18:55 +0000] "GET /shopdetail/4033636 HTTP/1.1" 301 257 "-" "meta-externalagent/1.1 (+https://developers.facebook.com/docs/sharing/webmasters/crawler)"
57.141.2.2 - - [24/Jun/2025:18:18:57 +0000] "GET /buy.php/shopdetail/3527472 HTTP/1.1" 301 265 "-" "meta-externalagent/1.1 (+https://developers.facebook.com/docs/sharing/webmasters/crawler)"
57.141.2.16 - - [24/Jun/2025:18:19:21 +0000] "GET /shopdetail/2835748 HTTP/1.1" 301 257 "-" "meta-externalagent/1.1 (+https://developers.facebook.com/docs/sharing/webmasters/crawler)"
57.141.2.23 - - [24/Jun/2025:18:19:22 +0000] "GET /shopdetail/2409494 HTTP/1.1" 301 257 "-" "meta-externalagent/1.1 (+https://developers.facebook.com/docs/sharing/webmasters/crawler)"
57.141.2.7 - - [24/Jun/2025:18:19:22 +0000] "GET /buy.php/shopdetail/4277704 HTTP/1.1" 301 265 "-" "meta-externalagent/1.1 (+https://developers.facebook.com/docs/sharing/webmasters/crawler)"
54.36.149.40 - - [24/Jun/2025:18:19:27 +0000] "GET /shopdetail/1392108 HTTP/1.1" 301 257 "-" "Mozilla/5.0 (compatible; AhrefsBot/7.0; +http://ahrefs.com/robot/)"
57.141.2.11 - - [24/Jun/2025:18:19:32 +0000] "GET /buy.php/shopdetail/4182287 HTTP/1.1" 301 265 "-" "meta-externalagent/1.1 (+https://developers.facebook.com/docs/sharing/webmasters/crawler)"
66.249.79.132 - - [24/Jun/2025:18:19:39 +0000] "GET /shopdetail/1400518 HTTP/1.1" 301 257 "-" "Mozilla/5.0 (compatible; Googlebot/2.1; +http://www.google.com/bot.html)"
57.141.2.9 - - [24/Jun/2025:18:19:51 +0000] "GET /shopdetail/3485402 HTTP/1.1" 301 257 "-" "meta-externalagent/1.1 (+https://developers.facebook.com/docs/sharing/webmasters/crawler)"
54.36.148.92 - - [24/Jun/2025:18:20:00 +0000] "GET /shopdetail/1395273 HTTP/1.1" 301 257 "-" "Mozilla/5.0 (compatible; AhrefsBot/7.0; +http://ahrefs.com/robot/)"
57.141.2.9 - - [24/Jun/2025:18:20:11 +0000] "GET /shopdetail/3200669 HTTP/1.1" 301 257 "-" "meta-externalagent/1.1 (+https://developers.facebook.com/docs/sharing/webmasters/crawler)"
57.141.2.12 - - [24/Jun/2025:18:20:13 +0000] "GET /shopdetail/1244991 HTTP/1.1" 301 257 "-" "meta-externalagent/1.1 (+https://developers.facebook.com/docs/sharing/webmasters/crawler)"
54.36.148.183 - - [24/Jun/2025:18:20:34 +0000] "GET /shopdetail/1473435 HTTP/1.1" 301 257 "-" "Mozilla/5.0 (compatible; AhrefsBot/7.0; +http://ahrefs.com/robot/)"
57.141.2.29 - - [24/Jun/2025:18:20:45 +0000] "GET /buy.php/shopdetail/2374707 HTTP/1.1" 301 265 "-" "meta-externalagent/1.1 (+https://developers.facebook.com/docs/sharing/webmasters/crawler)"
57.141.2.9 - - [24/Jun/2025:18:21:01 +0000] "GET /buy.php/shopdetail/3535026 HTTP/1.1" 301 265 "-" "meta-externalagent/1.1 (+https://developers.facebook.com/docs/sharing/webmasters/crawler)"
57.141.2.2 - - [24/Jun/2025:18:21:04 +0000] "GET /buy.php/shopdetail/4093241 HTTP/1.1" 301 265 "-" "meta-externalagent/1.1 (+https://developers.facebook.com/docs/sharing/webmasters/crawler)"
54.36.149.83 - - [24/Jun/2025:18:21:10 +0000] "GET /shopdetail/1502524 HTTP/1.1" 301 257 "-" "Mozilla/5.0 (compatible; AhrefsBot/7.0; +http://ahrefs.com/robot/)"
66.249.79.131 - - [24/Jun/2025:18:21:30 +0000] "GET /shopdetail/1049988 HTTP/1.1" 301 257 "-" "Mozilla/5.0 (Linux; Android 6.0.1; Nexus 5X Build/MMB29P) AppleWebKit/537.36 (KHTML, like Gecko) Chrome/137.0.7151.103 Mobile Safari/537.36 (compatible; Googlebot/2.1; +http://www.google.com/bot.html)"
57.141.2.17 - - [24/Jun/2025:18:21:32 +0000] "GET /shopdetail/3219894 HTTP/1.1" 301 257 "-" "meta-externalagent/1.1 (+https://developers.facebook.com/docs/sharing/webmasters/crawler)"
66.249.79.131 - - [24/Jun/2025:18:21:34 +0000] "GET /shopdetail/3743095 HTTP/1.1" 301 257 "-" "Mozilla/5.0 (compatible; Googlebot/2.1; +http://www.google.com/bot.html)"
57.141.2.11 - - [24/Jun/2025:18:21:40 +0000] "GET /buy.php/shopdetail/0579212 HTTP/1.1" 301 265 "-" "meta-externalagent/1.1 (+https://developers.facebook.com/docs/sharing/webmasters/crawler)"
57.141.2.10 - - [24/Jun/2025:18:21:41 +0000] "GET /buy.php/shopdetail/2936675 HTTP/1.1" 301 265 "-" "meta-externalagent/1.1 (+https://developers.facebook.com/docs/sharing/webmasters/crawler)"
57.141.2.18 - - [24/Jun/2025:18:21:44 +0000] "GET /buy.php/shopdetail/1805068 HTTP/1.1" 301 265 "-" "meta-externalagent/1.1 (+https://developers.facebook.com/docs/sharing/webmasters/crawler)"
54.36.148.138 - - [24/Jun/2025:18:21:47 +0000] "GET /shopdetail/1510339 HTTP/1.1" 301 257 "-" "Mozilla/5.0 (compatible; AhrefsBot/7.0; +http://ahrefs.com/robot/)"
57.141.2.5 - - [24/Jun/2025:18:22:08 +0000] "GET /buy.php/shopdetail/4328677 HTTP/1.1" 301 265 "-" "meta-externalagent/1.1 (+https://developers.facebook.com/docs/sharing/webmasters/crawler)"
57.141.2.10 - - [24/Jun/2025:18:22:11 +0000] "GET /shopdetail/3020376 HTTP/1.1" 301 257 "-" "meta-externalagent/1.1 (+https://developers.facebook.com/docs/sharing/webmasters/crawler)"
54.36.149.67 - - [24/Jun/2025:18:22:16 +0000] "GET /shopdetail/1521623 HTTP/1.1" 301 257 "-" "Mozilla/5.0 (compatible; AhrefsBot/7.0; +http://ahrefs.com/robot/)"
57.141.2.20 - - [24/Jun/2025:18:22:33 +0000] "GET /shopdetail/4268549 HTTP/1.1" 301 257 "-" "meta-externalagent/1.1 (+https://developers.facebook.com/docs/sharing/webmasters/crawler)"
57.141.2.3 - - [24/Jun/2025:18:22:41 +0000] "GET /buy.php/shopdetail/1317642 HTTP/1.1" 301 265 "-" "meta-externalagent/1.1 (+https://developers.facebook.com/docs/sharing/webmasters/crawler)"
57.141.2.15 - - [24/Jun/2025:18:22:45 +0000] "GET /buy.php/shopdetail/3285627 HTTP/1.1" 301 265 "-" "meta-externalagent/1.1 (+https://developers.facebook.com/docs/sharing/webmasters/crawler)"
54.36.149.1 - - [24/Jun/2025:18:22:46 +0000] "GET /shopdetail/1572400 HTTP/1.1" 301 257 "-" "Mozilla/5.0 (compatible; AhrefsBot/7.0; +http://ahrefs.com/robot/)"
57.141.2.9 - - [24/Jun/2025:18:22:56 +0000] "GET /buy.php/shopdetail/4403271 HTTP/1.1" 301 265 "-" "meta-externalagent/1.1 (+https://developers.facebook.com/docs/sharing/webmasters/crawler)"
57.141.2.1 - - [24/Jun/2025:18:23:18 +0000] "GET /shopdetail/1510284 HTTP/1.1" 301 257 "-" "meta-externalagent/1.1 (+https://developers.facebook.com/docs/sharing/webmasters/crawler)"
57.141.2.1 - - [24/Jun/2025:18:23:20 +0000] "GET /shopdetail/4414240 HTTP/1.1" 301 257 "-" "meta-externalagent/1.1 (+https://developers.facebook.com/docs/sharing/webmasters/crawler)"
57.141.2.22 - - [24/Jun/2025:18:23:22 +0000] "GET /buy.php/shopdetail/2553889 HTTP/1.1" 301 265 "-" "meta-externalagent/1.1 (+https://developers.facebook.com/docs/sharing/webmasters/crawler)"
57.141.2.15 - - [24/Jun/2025:18:23:27 +0000] "GET /buy.php/shopdetail/3523164 HTTP/1.1" 301 265 "-" "meta-externalagent/1.1 (+https://developers.facebook.com/docs/sharing/webmasters/crawler)"
54.36.148.152 - - [24/Jun/2025:18:23:28 +0000] "GET /shopdetail/1607550 HTTP/1.1" 301 257 "-" "Mozilla/5.0 (compatible; AhrefsBot/7.0; +http://ahrefs.com/robot/)"
57.141.2.5 - - [24/Jun/2025:18:24:03 +0000] "GET /shopdetail/3113277 HTTP/1.1" 301 257 "-" "meta-externalagent/1.1 (+https://developers.facebook.com/docs/sharing/webmasters/crawler)"
54.36.148.35 - - [24/Jun/2025:18:24:05 +0000] "GET /shopdetail/1717309 HTTP/1.1" 301 257 "-" "Mozilla/5.0 (compatible; AhrefsBot/7.0; +http://ahrefs.com/robot/)"
57.141.2.21 - - [24/Jun/2025:18:24:30 +0000] "GET /buy.php/shopdetail/4089873 HTTP/1.1" 301 265 "-" "meta-externalagent/1.1 (+https://developers.facebook.com/docs/sharing/webmasters/crawler)"
54.36.148.192 - - [24/Jun/2025:18:24:45 +0000] "GET /shopdetail/1798274 HTTP/1.1" 301 257 "-" "Mozilla/5.0 (compatible; AhrefsBot/7.0; +http://ahrefs.com/robot/)"
66.249.79.132 - - [24/Jun/2025:18:25:10 +0000] "GET /shopdetail/2880850 HTTP/1.1" 301 257 "-" "Mozilla/5.0 (Linux; Android 6.0.1; Nexus 5X Build/MMB29P) AppleWebKit/537.36 (KHTML, like Gecko) Chrome/137.0.7151.103 Mobile Safari/537.36 (compatible; Googlebot/2.1; +http://www.google.com/bot.html)"
57.141.2.10 - - [24/Jun/2025:18:25:20 +0000] "GET /shopdetail/3797332 HTTP/1.1" 301 257 "-" "meta-externalagent/1.1 (+https://developers.facebook.com/docs/sharing/webmasters/crawler)"
54.36.149.9 - - [24/Jun/2025:18:25:21 +0000] "GET /shopdetail/1846772 HTTP/1.1" 301 257 "-" "Mozilla/5.0 (compatible; AhrefsBot/7.0; +http://ahrefs.com/robot/)"
57.141.2.15 - - [24/Jun/2025:18:25:32 +0000] "GET /buy.php/shopdetail/0809930 HTTP/1.1" 301 265 "-" "meta-externalagent/1.1 (+https://developers.facebook.com/docs/sharing/webmasters/crawler)"
57.141.2.15 - - [24/Jun/2025:18:25:37 +0000] "GET /buy.php/shopdetail/2444367 HTTP/1.1" 301 265 "-" "meta-externalagent/1.1 (+https://developers.facebook.com/docs/sharing/webmasters/crawler)"
66.249.79.130 - - [24/Jun/2025:18:25:47 +0000] "GET /shopdetail/1501742/affiliate/toreka/toreka_single.html HTTP/1.1" 301 293 "-" "Mozilla/5.0 (Linux; Android 6.0.1; Nexus 5X Build/MMB29P) AppleWebKit/537.36 (KHTML, like Gecko) Chrome/137.0.7151.103 Mobile Safari/537.36 (compatible; GoogleOther)"
57.141.2.18 - - [24/Jun/2025:18:25:56 +0000] "GET /shopdetail/2580791 HTTP/1.1" 301 257 "-" "meta-externalagent/1.1 (+https://developers.facebook.com/docs/sharing/webmasters/crawler)"
57.141.2.14 - - [24/Jun/2025:18:25:59 +0000] "GET /buy.php/shopdetail/3999803 HTTP/1.1" 301 265 "-" "meta-externalagent/1.1 (+https://developers.facebook.com/docs/sharing/webmasters/crawler)"
57.141.2.4 - - [24/Jun/2025:18:26:04 +0000] "GET /shopdetail/3490415 HTTP/1.1" 301 257 "-" "meta-externalagent/1.1 (+https://developers.facebook.com/docs/sharing/webmasters/crawler)"
54.36.148.105 - - [24/Jun/2025:18:26:06 +0000] "GET /shopdetail/1926038 HTTP/1.1" 301 257 "-" "Mozilla/5.0 (compatible; AhrefsBot/7.0; +http://ahrefs.com/robot/)"
57.141.2.15 - - [24/Jun/2025:18:26:07 +0000] "GET /buy.php/shopdetail/2681857 HTTP/1.1" 301 265 "-" "meta-externalagent/1.1 (+https://developers.facebook.com/docs/sharing/webmasters/crawler)"
57.141.2.15 - - [24/Jun/2025:18:26:11 +0000] "GET /buy.php/shopdetail/2820318 HTTP/1.1" 301 265 "-" "meta-externalagent/1.1 (+https://developers.facebook.com/docs/sharing/webmasters/crawler)"
57.141.2.29 - - [24/Jun/2025:18:26:13 +0000] "GET /buy.php/shopdetail/0801325 HTTP/1.1" 301 265 "-" "meta-externalagent/1.1 (+https://developers.facebook.com/docs/sharing/webmasters/crawler)"
57.141.2.17 - - [24/Jun/2025:18:26:46 +0000] "GET /buy.php/shopdetail/2342477 HTTP/1.1" 301 265 "-" "meta-externalagent/1.1 (+https://developers.facebook.com/docs/sharing/webmasters/crawler)"
54.36.148.176 - - [24/Jun/2025:18:26:49 +0000] "GET /shopdetail/1967171 HTTP/1.1" 301 257 "-" "Mozilla/5.0 (compatible; AhrefsBot/7.0; +http://ahrefs.com/robot/)"
66.249.79.131 - - [24/Jun/2025:18:26:58 +0000] "GET /shopdetail/3606229 HTTP/1.1" 301 257 "-" "Mozilla/5.0 (compatible; Googlebot/2.1; +http://www.google.com/bot.html)"
57.141.2.30 - - [24/Jun/2025:18:27:16 +0000] "GET /buy.php/shopdetail/3430726 HTTP/1.1" 301 265 "-" "meta-externalagent/1.1 (+https://developers.facebook.com/docs/sharing/webmasters/crawler)"
57.141.2.14 - - [24/Jun/2025:18:27:35 +0000] "GET /buy.php/shopdetail/2765526 HTTP/1.1" 301 265 "-" "meta-externalagent/1.1 (+https://developers.facebook.com/docs/sharing/webmasters/crawler)"
57.141.2.25 - - [24/Jun/2025:18:27:57 +0000] "GET /buy.php/shopdetail/2135032 HTTP/1.1" 301 265 "-" "meta-externalagent/1.1 (+https://developers.facebook.com/docs/sharing/webmasters/crawler)"
54.36.148.23 - - [24/Jun/2025:18:28:03 +0000] "GET /shopdetail/2070465 HTTP/1.1" 301 257 "-" "Mozilla/5.0 (compatible; AhrefsBot/7.0; +http://ahrefs.com/robot/)"
54.36.148.153 - - [24/Jun/2025:18:28:28 +0000] "GET /shopdetail/2080796 HTTP/1.1" 301 257 "-" "Mozilla/5.0 (compatible; AhrefsBot/7.0; +http://ahrefs.com/robot/)"
57.141.2.19 - - [24/Jun/2025:18:28:41 +0000] "GET /buy.php/shopdetail/2207943 HTTP/1.1" 301 265 "-" "meta-externalagent/1.1 (+https://developers.facebook.com/docs/sharing/webmasters/crawler)"
57.141.2.11 - - [24/Jun/2025:18:28:51 +0000] "GET /buy.php/shopdetail/2220677 HTTP/1.1" 301 265 "-" "meta-externalagent/1.1 (+https://developers.facebook.com/docs/sharing/webmasters/crawler)"
