216.73.217.3 - - [24/Jun/2025:16:41:42 +0000] "GET /sitemap-8.xml HTTP/1.1" 301 252 "-" "Mozilla/5.0 AppleWebKit/537.36 (KHTML, like Gecko; compatible; ClaudeBot/1.0; +claudebot@anthropic.com)"
57.141.2.17 - - [24/Jun/2025:16:41:59 +0000] "GET /buy.php/shopdetail/1590523 HTTP/1.1" 301 265 "-" "meta-externalagent/1.1 (+https://developers.facebook.com/docs/sharing/webmasters/crawler)"
57.141.2.3 - - [24/Jun/2025:16:42:00 +0000] "GET /shopdetail/4094869 HTTP/1.1" 301 257 "-" "meta-externalagent/1.1 (+https://developers.facebook.com/docs/sharing/webmasters/crawler)"
66.249.79.132 - - [24/Jun/2025:16:42:01 +0000] "GET /shopdetail/3403728/kaitori/kaitoritop.html HTTP/1.1" 301 281 "-" "Mozilla/5.0 (Linux; Android 6.0.1; Nexus 5X Build/MMB29P) AppleWebKit/537.36 (KHTML, like Gecko) Chrome/137.0.7151.103 Mobile Safari/537.36 (compatible; GoogleOther)"
57.141.2.19 - - [24/Jun/2025:16:42:05 +0000] "GET /buy.php/shopdetail/1824199 HTTP/1.1" 301 265 "-" "meta-externalagent/1.1 (+https://developers.facebook.com/docs/sharing/webmasters/crawler)"
54.36.149.1 - - [24/Jun/2025:16:42:09 +0000] "GET /shopdetail/2434756 HTTP/1.1" 301 257 "-" "Mozilla/5.0 (compatible; AhrefsBot/7.0; +http://ahrefs.com/robot/)"
57.141.2.14 - - [24/Jun/2025:16:42:11 +0000] "GET /buy.php/shopdetail/1472839 HTTP/1.1" 301 265 "-" "meta-externalagent/1.1 (+https://developers.facebook.com/docs/sharing/webmasters/crawler)"
57.141.2.3 - - [24/Jun/2025:16:42:15 +0000] "GET /buy.php/shopdetail/1395128 HTTP/1.1" 301 265 "-" "meta-externalagent/1.1 (+https://developers.facebook.com/docs/sharing/webmasters/crawler)"
57.141.2.29 - - [24/Jun/2025:16:42:17 +0000] "GET /buy.php/shopdetail/2434888 HTTP/1.1" 301 265 "-" "meta-externalagent/1.1 (+https://developers.facebook.com/docs/sharing/webmasters/crawler)"
57.141.2.12 - - [24/Jun/2025:16:42:38 +0000] "GET /buy.php/shopdetail/3095254 HTTP/1.1" 301 265 "-" "meta-externalagent/1.1 (+https://developers.facebook.com/docs/sharing/webmasters/crawler)"
57.141.2.4 - - [24/Jun/2025:16:42:42 +0000] "GET /buy.php/shopdetail/2417854 HTTP/1.1" 301 265 "-" "meta-externalagent/1.1 (+https://developers.facebook.com/docs/sharing/webmasters/crawler)"
57.141.2.1 - - [24/Jun/2025:16:42:52 +0000] "GET /buy.php/shopdetail/3635047 HTTP/1.1" 301 265 "-" "meta-externalagent/1.1 (+https://developers.facebook.com/docs/sharing/webmasters/crawler)"
54.36.148.107 - - [24/Jun/2025:16:42:56 +0000] "GET /shopdetail/2440567 HTTP/1.1" 301 257 "-" "Mozilla/5.0 (compatible; AhrefsBot/7.0; +http://ahrefs.com/robot/)"
216.73.217.3 - - [24/Jun/2025:16:42:57 +0000] "GET /buy.php/sitemap-9.xml HTTP/1.1" 301 260 "-" "Mozilla/5.0 AppleWebKit/537.36 (KHTML, like Gecko; compatible; ClaudeBot/1.0; +claudebot@anthropic.com)"
66.249.79.132 - - [24/Jun/2025:16:43:02 +0000] "GET /shopdetail/3828437 HTTP/1.1" 301 257 "-" "Mozilla/5.0 (Linux; Android 6.0.1; Nexus 5X Build/MMB29P) AppleWebKit/537.36 (KHTML, like Gecko) Chrome/137.0.7151.103 Mobile Safari/537.36 (compatible; Googlebot/2.1; +http://www.google.com/bot.html)"
57.141.2.24 - - [24/Jun/2025:16:43:23 +0000] "GET /buy.php/shopdetail/2237634 HTTP/1.1" 301 265 "-" "meta-externalagent/1.1 (+https://developers.facebook.com/docs/sharing/webmasters/crawler)"
57.141.2.16 - - [24/Jun/2025:16:43:26 +0000] "GET /buy.php/shopdetail/4406749 HTTP/1.1" 301 265 "-" "meta-externalagent/1.1 (+https://developers.facebook.com/docs/sharing/webmasters/crawler)"
66.249.79.131 - - [24/Jun/2025:16:43:26 +0000] "GET /shopdetail/1927596 HTTP/1.1" 301 257 "-" "Mozilla/5.0 (compatible; Googlebot/2.1; +http://www.google.com/bot.html)"
54.36.149.51 - - [24/Jun/2025:16:43:39 +0000] "GET /shopdetail/2444879 HTTP/1.1" 301 257 "-" "Mozilla/5.0 (compatible; AhrefsBot/7.0; +http://ahrefs.com/robot/)"
57.141.2.19 - - [24/Jun/2025:16:43:57 +0000] "GET /buy.php/shopdetail/1016309 HTTP/1.1" 301 265 "-" "meta-externalagent/1.1 (+https://developers.facebook.com/docs/sharing/webmasters/crawler)"
216.73.217.3 - - [24/Jun/2025:16:44:02 +0000] "GET /sitemap-9.xml HTTP/1.1" 301 252 "-" "Mozilla/5.0 AppleWebKit/537.36 (KHTML, like Gecko; compatible; ClaudeBot/1.0; +claudebot@anthropic.com)"
57.141.2.27 - - [24/Jun/2025:16:44:23 +0000] "GET /shopdetail/2212087 HTTP/1.1" 301 257 "-" "meta-externalagent/1.1 (+https://developers.facebook.com/docs/sharing/webmasters/crawler)"
54.36.148.158 - - [24/Jun/2025:16:44:23 +0000] "GET /shopdetail/2452614 HTTP/1.1" 301 257 "-" "Mozilla/5.0 (compatible; AhrefsBot/7.0; +http://ahrefs.com/robot/)"
57.141.2.4 - - [24/Jun/2025:16:45:00 +0000] "GET /buy.php/shopdetail/2202675 HTTP/1.1" 301 265 "-" "meta-externalagent/1.1 (+https://developers.facebook.com/docs/sharing/webmasters/crawler)"
216.73.217.3 - - [24/Jun/2025:16:45:07 +0000] "GET /sitemap-19.xml HTTP/1.1" 301 253 "-" "Mozilla/5.0 AppleWebKit/537.36 (KHTML, like Gecko; compatible; ClaudeBot/1.0; +claudebot@anthropic.com)"
54.36.148.250 - - [24/Jun/2025:16:45:15 +0000] "GET /shopdetail/2459748 HTTP/1.1" 301 257 "-" "Mozilla/5.0 (compatible; AhrefsBot/7.0; +http://ahrefs.com/robot/)"
57.141.2.12 - - [24/Jun/2025:16:45:27 +0000] "GET /buy.php/shopdetail/3303140 HTTP/1.1" 301 265 "-" "meta-externalagent/1.1 (+https://developers.facebook.com/docs/sharing/webmasters/crawler)"
66.249.79.132 - - [24/Jun/2025:16:45:50 +0000] "GET /shopdetail/3108636 HTTP/1.1" 301 257 "-" "Mozilla/5.0 (Linux; Android 6.0.1; Nexus 5X Build/MMB29P) AppleWebKit/537.36 (KHTML, like Gecko) Chrome/137.0.7151.103 Mobile Safari/537.36 (compatible; GoogleOther)"
57.141.2.10 - - [24/Jun/2025:16:45:51 +0000] "GET /shopdetail/2564708 HTTP/1.1" 301 257 "-" "meta-externalagent/1.1 (+https://developers.facebook.com/docs/sharing/webmasters/crawler)"
54.36.148.55 - - [24/Jun/2025:16:45:58 +0000] "GET /shopdetail/2462746 HTTP/1.1" 301 257 "-" "Mozilla/5.0 (compatible; AhrefsBot/7.0; +http://ahrefs.com/robot/)"
216.73.217.3 - - [24/Jun/2025:16:46:18 +0000] "GET /buy.php/sitemap-4.xml HTTP/1.1" 301 260 "-" "Mozilla/5.0 AppleWebKit/537.36 (KHTML, like Gecko; compatible; ClaudeBot/1.0; +claudebot@anthropic.com)"
57.141.2.22 - - [24/Jun/2025:16:46:29 +0000] "GET /buy.php/shopdetail/2598474 HTTP/1.1" 301 265 "-" "meta-externalagent/1.1 (+https://developers.facebook.com/docs/sharing/webmasters/crawler)"
57.141.2.13 - - [24/Jun/2025:16:46:32 +0000] "GET /shopdetail/1357549 HTTP/1.1" 301 257 "-" "meta-externalagent/1.1 (+https://developers.facebook.com/docs/sharing/webmasters/crawler)"
57.141.2.6 - - [24/Jun/2025:16:46:40 +0000] "GET /buy.php/shopdetail/4083581 HTTP/1.1" 301 265 "-" "meta-externalagent/1.1 (+https://developers.facebook.com/docs/sharing/webmasters/crawler)"
57.141.2.25 - - [24/Jun/2025:16:46:40 +0000] "GET /buy.php/shopdetail/4340960 HTTP/1.1" 301 265 "-" "meta-externalagent/1.1 (+https://developers.facebook.com/docs/sharing/webmasters/crawler)"
57.141.2.27 - - [24/Jun/2025:16:46:45 +0000] "GET /buy.php/shopdetail/2205454 HTTP/1.1" 301 265 "-" "meta-externalagent/1.1 (+https://developers.facebook.com/docs/sharing/webmasters/crawler)"
57.141.2.26 - - [24/Jun/2025:16:46:56 +0000] "GET /shopdetail/1333999 HTTP/1.1" 301 257 "-" "meta-externalagent/1.1 (+https://developers.facebook.com/docs/sharing/webmasters/crawler)"
57.141.2.16 - - [24/Jun/2025:16:46:59 +0000] "GET /buy.php/shopdetail/1294270 HTTP/1.1" 301 265 "-" "meta-externalagent/1.1 (+https://developers.facebook.com/docs/sharing/webmasters/crawler)"
57.141.2.19 - - [24/Jun/2025:16:47:08 +0000] "GET /buy.php/shopdetail/1921856 HTTP/1.1" 301 265 "-" "meta-externalagent/1.1 (+https://developers.facebook.com/docs/sharing/webmasters/crawler)"
54.36.149.56 - - [24/Jun/2025:16:47:25 +0000] "GET /shopdetail/2468932 HTTP/1.1" 301 257 "-" "Mozilla/5.0 (compatible; AhrefsBot/7.0; +http://ahrefs.com/robot/)"
54.36.149.49 - - [24/Jun/2025:16:48:06 +0000] "GET /shopdetail/2473453 HTTP/1.1" 301 257 "-" "Mozilla/5.0 (compatible; AhrefsBot/7.0; +http://ahrefs.com/robot/)"
57.141.2.13 - - [24/Jun/2025:16:48:10 +0000] "GET /buy.php/shopdetail/0924859 HTTP/1.1" 301 265 "-" "meta-externalagent/1.1 (+https://developers.facebook.com/docs/sharing/webmasters/crawler)"
57.141.2.3 - - [24/Jun/2025:16:48:31 +0000] "GET /buy.php/shopdetail/1724696 HTTP/1.1" 301 265 "-" "meta-externalagent/1.1 (+https://developers.facebook.com/docs/sharing/webmasters/crawler)"
216.73.217.3 - - [24/Jun/2025:16:48:41 +0000] "GET /buy.php/sitemap-17.xml HTTP/1.1" 301 261 "-" "Mozilla/5.0 AppleWebKit/537.36 (KHTML, like Gecko; compatible; ClaudeBot/1.0; +claudebot@anthropic.com)"
57.141.2.29 - - [24/Jun/2025:16:48:45 +0000] "GET /shopdetail/2055705 HTTP/1.1" 301 257 "-" "meta-externalagent/1.1 (+https://developers.facebook.com/docs/sharing/webmasters/crawler)"
54.36.149.6 - - [24/Jun/2025:16:48:45 +0000] "GET /shopdetail/2485130 HTTP/1.1" 301 257 "-" "Mozilla/5.0 (compatible; AhrefsBot/7.0; +http://ahrefs.com/robot/)"
57.141.2.30 - - [24/Jun/2025:16:48:47 +0000] "GET /buy.php/shopdetail/3350508 HTTP/1.1" 301 265 "-" "meta-externalagent/1.1 (+https://developers.facebook.com/docs/sharing/webmasters/crawler)"
57.141.2.1 - - [24/Jun/2025:16:49:02 +0000] "GET /buy.php/shopdetail/3869061 HTTP/1.1" 301 265 "-" "meta-externalagent/1.1 (+https://developers.facebook.com/docs/sharing/webmasters/crawler)"
57.141.2.7 - - [24/Jun/2025:16:49:11 +0000] "GET /buy.php/shopdetail/1073647 HTTP/1.1" 301 265 "-" "meta-externalagent/1.1 (+https://developers.facebook.com/docs/sharing/webmasters/crawler)"
57.141.2.16 - - [24/Jun/2025:16:49:12 +0000] "GET /shopdetail/1339947 HTTP/1.1" 301 257 "-" "meta-externalagent/1.1 (+https://developers.facebook.com/docs/sharing/webmasters/crawler)"
57.141.2.21 - - [24/Jun/2025:16:49:14 +0000] "GET /buy.php/shopdetail/1756392 HTTP/1.1" 301 265 "-" "meta-externalagent/1.1 (+https://developers.facebook.com/docs/sharing/webmasters/crawler)"
54.36.149.40 - - [24/Jun/2025:16:49:24 +0000] "GET /shopdetail/2486545 HTTP/1.1" 301 257 "-" "Mozilla/5.0 (compatible; AhrefsBot/7.0; +http://ahrefs.com/robot/)"
57.141.2.8 - - [24/Jun/2025:16:49:39 +0000] "GET /buy.php/shopdetail/1721498 HTTP/1.1" 301 265 "-" "meta-externalagent/1.1 (+https://developers.facebook.com/docs/sharing/webmasters/crawler)"
216.73.217.3 - - [24/Jun/2025:16:49:50 +0000] "GET /robots.txt HTTP/1.1" 301 249 "-" "Mozilla/5.0 AppleWebKit/537.36 (KHTML, like Gecko; compatible; ClaudeBot/1.0; +claudebot@anthropic.com)"
57.141.2.28 - - [24/Jun/2025:16:49:50 +0000] "GET /shopdetail/4242709 HTTP/1.1" 301 257 "-" "meta-externalagent/1.1 (+https://developers.facebook.com/docs/sharing/webmasters/crawler)"
216.73.217.3 - - [24/Jun/2025:16:49:51 +0000] "GET /buy.php/sitemap-10.xml HTTP/1.1" 301 261 "-" "Mozilla/5.0 AppleWebKit/537.36 (KHTML, like Gecko; compatible; ClaudeBot/1.0; +claudebot@anthropic.com)"
57.141.2.15 - - [24/Jun/2025:16:49:55 +0000] "GET /buy.php/shopdetail/1304010 HTTP/1.1" 301 265 "-" "meta-externalagent/1.1 (+https://developers.facebook.com/docs/sharing/webmasters/crawler)"
54.36.148.220 - - [24/Jun/2025:16:50:11 +0000] "GET /shopdetail/2488635 HTTP/1.1" 301 257 "-" "Mozilla/5.0 (compatible; AhrefsBot/7.0; +http://ahrefs.com/robot/)"
57.141.2.8 - - [24/Jun/2025:16:50:34 +0000] "GET /shopdetail/2028905 HTTP/1.1" 301 257 "-" "meta-externalagent/1.1 (+https://developers.facebook.com/docs/sharing/webmasters/crawler)"
57.141.2.14 - - [24/Jun/2025:16:50:36 +0000] "GET /buy.php/shopdetail/3237403 HTTP/1.1" 301 265 "-" "meta-externalagent/1.1 (+https://developers.facebook.com/docs/sharing/webmasters/crawler)"
57.141.2.17 - - [24/Jun/2025:16:50:39 +0000] "GET /shopdetail/3038771 HTTP/1.1" 301 257 "-" "meta-externalagent/1.1 (+https://developers.facebook.com/docs/sharing/webmasters/crawler)"
57.141.2.19 - - [24/Jun/2025:16:50:40 +0000] "GET /shopdetail/1335471 HTTP/1.1" 301 257 "-" "meta-externalagent/1.1 (+https://developers.facebook.com/docs/sharing/webmasters/crawler)"
57.141.2.1 - - [24/Jun/2025:16:50:57 +0000] "GET /buy.php/shopdetail/2873238 HTTP/1.1" 301 265 "-" "meta-externalagent/1.1 (+https://developers.facebook.com/docs/sharing/webmasters/crawler)"
54.36.148.165 - - [24/Jun/2025:16:51:01 +0000] "GET /shopdetail/2491198 HTTP/1.1" 301 257 "-" "Mozilla/5.0 (compatible; AhrefsBot/7.0; +http://ahrefs.com/robot/)"
57.141.2.12 - - [24/Jun/2025:16:51:01 +0000] "GET /buy.php/shopdetail/1958690 HTTP/1.1" 301 265 "-" "meta-externalagent/1.1 (+https://developers.facebook.com/docs/sharing/webmasters/crawler)"
57.141.2.10 - - [24/Jun/2025:16:51:11 +0000] "GET /shopdetail/3865534 HTTP/1.1" 301 257 "-" "meta-externalagent/1.1 (+https://developers.facebook.com/docs/sharing/webmasters/crawler)"
57.141.2.15 - - [24/Jun/2025:16:51:35 +0000] "GET /buy.php/shopdetail/3135029 HTTP/1.1" 301 265 "-" "meta-externalagent/1.1 (+https://developers.facebook.com/docs/sharing/webmasters/crawler)"
54.36.149.57 - - [24/Jun/2025:16:51:45 +0000] "GET /shopdetail/2493966 HTTP/1.1" 301 257 "-" "Mozilla/5.0 (compatible; AhrefsBot/7.0; +http://ahrefs.com/robot/)"
57.141.2.27 - - [24/Jun/2025:16:51:46 +0000] "GET /buy.php/shopdetail/2078927 HTTP/1.1" 301 265 "-" "meta-externalagent/1.1 (+https://developers.facebook.com/docs/sharing/webmasters/crawler)"
57.141.2.26 - - [24/Jun/2025:16:51:51 +0000] "GET /buy.php/shopdetail/1561809 HTTP/1.1" 301 265 "-" "meta-externalagent/1.1 (+https://developers.facebook.com/docs/sharing/webmasters/crawler)"
66.249.79.131 - - [24/Jun/2025:16:51:57 +0000] "GET /shopdetail/4194174 HTTP/1.1" 301 257 "-" "Mozilla/5.0 (Linux; Android 6.0.1; Nexus 5X Build/MMB29P) AppleWebKit/537.36 (KHTML, like Gecko) Chrome/137.0.7151.103 Mobile Safari/537.36 (compatible; Googlebot/2.1; +http://www.google.com/bot.html)"
34.73.65.129 - - [24/Jun/2025:16:51:58 +0000] "GET /robots.txt HTTP/1.0" 301 249 "-" "ZoominfoBot (zoominfobot at zoominfo dot com)"
34.73.65.129 - - [24/Jun/2025:16:51:59 +0000] "GET / HTTP/1.0" 301 239 "-" "ZoominfoBot (zoominfobot at zoominfo dot com)"
57.141.2.11 - - [24/Jun/2025:16:52:12 +0000] "GET /buy.php/shopdetail/0847139 HTTP/1.1" 301 265 "-" "meta-externalagent/1.1 (+https://developers.facebook.com/docs/sharing/webmasters/crawler)"
57.141.2.17 - - [24/Jun/2025:16:52:34 +0000] "GET /buy.php/shopdetail/2493145 HTTP/1.1" 301 265 "-" "meta-externalagent/1.1 (+https://developers.facebook.com/docs/sharing/webmasters/crawler)"
54.36.148.220 - - [24/Jun/2025:16:52:38 +0000] "GET /shopdetail/2497639 HTTP/1.1" 301 257 "-" "Mozilla/5.0 (compatible; AhrefsBot/7.0; +http://ahrefs.com/robot/)"
57.141.2.25 - - [24/Jun/2025:16:52:41 +0000] "GET /buy.php/shopdetail/1682899 HTTP/1.1" 301 265 "-" "meta-externalagent/1.1 (+https://developers.facebook.com/docs/sharing/webmasters/crawler)"
57.141.2.8 - - [24/Jun/2025:16:52:47 +0000] "GET /shopdetail/0600617 HTTP/1.1" 301 257 "-" "meta-externalagent/1.1 (+https://developers.facebook.com/docs/sharing/webmasters/crawler)"
66.249.79.130 - - [24/Jun/2025:16:53:01 +0000] "GET /shopdetail/1586642 HTTP/1.1" 301 257 "-" "Mozilla/5.0 (compatible; Googlebot/2.1; +http://www.google.com/bot.html)"
57.141.2.4 - - [24/Jun/2025:16:53:16 +0000] "GET /buy.php/shopdetail/2239453 HTTP/1.1" 301 265 "-" "meta-externalagent/1.1 (+https://developers.facebook.com/docs/sharing/webmasters/crawler)"
54.36.148.40 - - [24/Jun/2025:16:53:22 +0000] "GET /shopdetail/2502715 HTTP/1.1" 301 257 "-" "Mozilla/5.0 (compatible; AhrefsBot/7.0; +http://ahrefs.com/robot/)"
57.141.2.26 - - [24/Jun/2025:16:53:31 +0000] "GET /buy.php/shopdetail/3638768 HTTP/1.1" 301 265 "-" "meta-externalagent/1.1 (+https://developers.facebook.com/docs/sharing/webmasters/crawler)"
57.141.2.28 - - [24/Jun/2025:16:53:33 +0000] "GET /shopdetail/1374313 HTTP/1.1" 301 257 "-" "meta-externalagent/1.1 (+https://developers.facebook.com/docs/sharing/webmasters/crawler)"
57.141.2.17 - - [24/Jun/2025:16:53:34 +0000] "GET /buy.php/shopdetail/4276276 HTTP/1.1" 301 265 "-" "meta-externalagent/1.1 (+https://developers.facebook.com/docs/sharing/webmasters/crawler)"
57.141.2.17 - - [24/Jun/2025:16:53:36 +0000] "GET /shopdetail/3775179 HTTP/1.1" 301 257 "-" "meta-externalagent/1.1 (+https://developers.facebook.com/docs/sharing/webmasters/crawler)"
57.141.2.6 - - [24/Jun/2025:16:53:38 +0000] "GET /buy.php/shopdetail/3074047 HTTP/1.1" 301 265 "-" "meta-externalagent/1.1 (+https://developers.facebook.com/docs/sharing/webmasters/crawler)"
57.141.2.1 - - [24/Jun/2025:16:53:50 +0000] "GET /buy.php/shopdetail/3969061 HTTP/1.1" 301 265 "-" "meta-externalagent/1.1 (+https://developers.facebook.com/docs/sharing/webmasters/crawler)"
57.141.2.6 - - [24/Jun/2025:16:54:03 +0000] "GET /buy.php/shopdetail/0910247 HTTP/1.1" 301 265 "-" "meta-externalagent/1.1 (+https://developers.facebook.com/docs/sharing/webmasters/crawler)"
57.141.2.9 - - [24/Jun/2025:16:54:07 +0000] "GET /buy.php/shopdetail/1350251 HTTP/1.1" 301 265 "-" "meta-externalagent/1.1 (+https://developers.facebook.com/docs/sharing/webmasters/crawler)"
54.36.149.10 - - [24/Jun/2025:16:54:10 +0000] "GET /shopdetail/2510242 HTTP/1.1" 301 257 "-" "Mozilla/5.0 (compatible; AhrefsBot/7.0; +http://ahrefs.com/robot/)"
57.141.2.27 - - [24/Jun/2025:16:54:46 +0000] "GET /shopdetail/2451801 HTTP/1.1" 301 257 "-" "meta-externalagent/1.1 (+https://developers.facebook.com/docs/sharing/webmasters/crawler)"
66.249.79.131 - - [24/Jun/2025:16:54:49 +0000] "GET /shopdetail/2670331/pcmypage?callback=product/review/85732084/boyslove.html HTTP/1.1" 301 313 "-" "Mozilla/5.0 (Linux; Android 6.0.1; Nexus 5X Build/MMB29P) AppleWebKit/537.36 (KHTML, like Gecko) Chrome/137.0.7151.103 Mobile Safari/537.36 (compatible; Googlebot/2.1; +http://www.google.com/bot.html)"
57.141.2.28 - - [24/Jun/2025:16:54:57 +0000] "GET /buy.php/shopdetail/1740661 HTTP/1.1" 301 265 "-" "meta-externalagent/1.1 (+https://developers.facebook.com/docs/sharing/webmasters/crawler)"
57.141.2.15 - - [24/Jun/2025:16:55:03 +0000] "GET /buy.php/shopdetail/0790700 HTTP/1.1" 301 265 "-" "meta-externalagent/1.1 (+https://developers.facebook.com/docs/sharing/webmasters/crawler)"
57.141.2.18 - - [24/Jun/2025:16:55:20 +0000] "GET /buy.php/shopdetail/3139221 HTTP/1.1" 301 265 "-" "meta-externalagent/1.1 (+https://developers.facebook.com/docs/sharing/webmasters/crawler)"
57.141.2.22 - - [24/Jun/2025:16:55:33 +0000] "GET /buy.php/shopdetail/1628356 HTTP/1.1" 301 265 "-" "meta-externalagent/1.1 (+https://developers.facebook.com/docs/sharing/webmasters/crawler)"
57.141.2.1 - - [24/Jun/2025:16:55:35 +0000] "GET /shopdetail/3460408 HTTP/1.1" 301 257 "-" "meta-externalagent/1.1 (+https://developers.facebook.com/docs/sharing/webmasters/crawler)"
54.36.148.108 - - [24/Jun/2025:16:55:41 +0000] "GET /shopdetail/2512842 HTTP/1.1" 301 257 "-" "Mozilla/5.0 (compatible; AhrefsBot/7.0; +http://ahrefs.com/robot/)"
57.141.2.18 - - [24/Jun/2025:16:55:43 +0000] "GET /buy.php/shopdetail/0864301 HTTP/1.1" 301 265 "-" "meta-externalagent/1.1 (+https://developers.facebook.com/docs/sharing/webmasters/crawler)"
57.141.2.14 - - [24/Jun/2025:16:55:47 +0000] "GET /buy.php/shopdetail/2944979 HTTP/1.1" 301 265 "-" "meta-externalagent/1.1 (+https://developers.facebook.com/docs/sharing/webmasters/crawler)"
57.141.2.2 - - [24/Jun/2025:16:56:09 +0000] "GET /shopdetail/2730551 HTTP/1.1" 301 257 "-" "meta-externalagent/1.1 (+https://developers.facebook.com/docs/sharing/webmasters/crawler)"
66.249.79.131 - - [24/Jun/2025:16:56:14 +0000] "GET /shopdetail/2343857/dozin.html HTTP/1.1" 301 268 "-" "Mozilla/5.0 (compatible; Googlebot/2.1; +http://www.google.com/bot.html)"
54.36.148.109 - - [24/Jun/2025:16:56:19 +0000] "GET /shopdetail/2517481 HTTP/1.1" 301 257 "-" "Mozilla/5.0 (compatible; AhrefsBot/7.0; +http://ahrefs.com/robot/)"
57.141.2.12 - - [24/Jun/2025:16:56:37 +0000] "GET /buy.php/shopdetail/3684426 HTTP/1.1" 301 265 "-" "meta-externalagent/1.1 (+https://developers.facebook.com/docs/sharing/webmasters/crawler)"
57.141.2.16 - - [24/Jun/2025:16:56:57 +0000] "GET /buy.php/shopdetail/3912163 HTTP/1.1" 301 265 "-" "meta-externalagent/1.1 (+https://developers.facebook.com/docs/sharing/webmasters/crawler)"
54.36.148.13 - - [24/Jun/2025:16:57:06 +0000] "GET /shopdetail/2518618 HTTP/1.1" 301 257 "-" "Mozilla/5.0 (compatible; AhrefsBot/7.0; +http://ahrefs.com/robot/)"
57.141.2.6 - - [24/Jun/2025:16:57:07 +0000] "GET /buy.php/shopdetail/1141902 HTTP/1.1" 301 265 "-" "meta-externalagent/1.1 (+https://developers.facebook.com/docs/sharing/webmasters/crawler)"
57.141.2.24 - - [24/Jun/2025:16:57:40 +0000] "GET /shopdetail/1802122 HTTP/1.1" 301 257 "-" "meta-externalagent/1.1 (+https://developers.facebook.com/docs/sharing/webmasters/crawler)"
57.141.2.4 - - [24/Jun/2025:16:57:54 +0000] "GET /buy.php/shopdetail/2625442 HTTP/1.1" 301 265 "-" "meta-externalagent/1.1 (+https://developers.facebook.com/docs/sharing/webmasters/crawler)"
54.36.148.251 - - [24/Jun/2025:16:57:55 +0000] "GET /shopdetail/2524312 HTTP/1.1" 301 257 "-" "Mozilla/5.0 (compatible; AhrefsBot/7.0; +http://ahrefs.com/robot/)"
57.141.2.12 - - [24/Jun/2025:16:57:59 +0000] "GET /buy.php/shopdetail/1565968 HTTP/1.1" 301 265 "-" "meta-externalagent/1.1 (+https://developers.facebook.com/docs/sharing/webmasters/crawler)"
57.141.2.26 - - [24/Jun/2025:16:58:21 +0000] "GET /shopdetail/1780237 HTTP/1.1" 301 257 "-" "meta-externalagent/1.1 (+https://developers.facebook.com/docs/sharing/webmasters/crawler)"
57.141.2.24 - - [24/Jun/2025:16:58:28 +0000] "GET /shopdetail/1744220 HTTP/1.1" 301 257 "-" "meta-externalagent/1.1 (+https://developers.facebook.com/docs/sharing/webmasters/crawler)"
57.141.2.6 - - [24/Jun/2025:16:58:30 +0000] "GET /buy.php/shopdetail/4066221 HTTP/1.1" 301 265 "-" "meta-externalagent/1.1 (+https://developers.facebook.com/docs/sharing/webmasters/crawler)"
57.141.2.27 - - [24/Jun/2025:16:58:32 +0000] "GET /buy.php/shopdetail/1491736 HTTP/1.1" 301 265 "-" "meta-externalagent/1.1 (+https://developers.facebook.com/docs/sharing/webmasters/crawler)"
54.36.148.137 - - [24/Jun/2025:16:58:45 +0000] "GET /shopdetail/2544839 HTTP/1.1" 301 257 "-" "Mozilla/5.0 (compatible; AhrefsBot/7.0; +http://ahrefs.com/robot/)"
57.141.2.14 - - [24/Jun/2025:16:58:51 +0000] "GET /buy.php/shopdetail/3848476 HTTP/1.1" 301 265 "-" "meta-externalagent/1.1 (+https://developers.facebook.com/docs/sharing/webmasters/crawler)"
57.141.2.17 - - [24/Jun/2025:16:58:53 +0000] "GET /buy.php/shopdetail/2013124 HTTP/1.1" 301 265 "-" "meta-externalagent/1.1 (+https://developers.facebook.com/docs/sharing/webmasters/crawler)"
57.141.2.11 - - [24/Jun/2025:16:58:56 +0000] "GET /buy.php/shopdetail/1209532 HTTP/1.1" 301 265 "-" "meta-externalagent/1.1 (+https://developers.facebook.com/docs/sharing/webmasters/crawler)"
57.141.2.5 - - [24/Jun/2025:16:59:01 +0000] "GET /buy.php/shopdetail/4266973 HTTP/1.1" 301 265 "-" "meta-externalagent/1.1 (+https://developers.facebook.com/docs/sharing/webmasters/crawler)"
57.141.2.6 - - [24/Jun/2025:16:59:04 +0000] "GET /buy.php/shopdetail/2496346 HTTP/1.1" 301 265 "-" "meta-externalagent/1.1 (+https://developers.facebook.com/docs/sharing/webmasters/crawler)"
57.141.2.10 - - [24/Jun/2025:16:59:05 +0000] "GET /buy.php/shopdetail/1207825 HTTP/1.1" 301 265 "-" "meta-externalagent/1.1 (+https://developers.facebook.com/docs/sharing/webmasters/crawler)"
57.141.2.14 - - [24/Jun/2025:16:59:14 +0000] "GET /shopdetail/1555077 HTTP/1.1" 301 257 "-" "meta-externalagent/1.1 (+https://developers.facebook.com/docs/sharing/webmasters/crawler)"
57.141.2.23 - - [24/Jun/2025:16:59:34 +0000] "GET /buy.php/shopdetail/3934310 HTTP/1.1" 301 265 "-" "meta-externalagent/1.1 (+https://developers.facebook.com/docs/sharing/webmasters/crawler)"
66.249.79.130 - - [24/Jun/2025:16:59:51 +0000] "GET /shopdetail/0783112 HTTP/1.1" 301 257 "-" "Mozilla/5.0 (compatible; Googlebot/2.1; +http://www.google.com/bot.html)"
66.249.79.131 - - [24/Jun/2025:16:59:57 +0000] "GET /shopdetail/3879293/pcmypage?callback=/product/detail/91708285/cd.html HTTP/1.1" 301 308 "-" "Mozilla/5.0 (compatible; Googlebot/2.1; +http://www.google.com/bot.html)"
54.36.148.107 - - [24/Jun/2025:16:59:58 +0000] "GET /shopdetail/2549844 HTTP/1.1" 301 257 "-" "Mozilla/5.0 (compatible; AhrefsBot/7.0; +http://ahrefs.com/robot/)"
57.141.2.28 - - [24/Jun/2025:17:00:03 +0000] "GET /buy.php/shopdetail/1712688 HTTP/1.1" 301 265 "-" "meta-externalagent/1.1 (+https://developers.facebook.com/docs/sharing/webmasters/crawler)"
57.141.2.28 - - [24/Jun/2025:17:00:16 +0000] "GET /buy.php/shopdetail/0996558 HTTP/1.1" 301 265 "-" "meta-externalagent/1.1 (+https://developers.facebook.com/docs/sharing/webmasters/crawler)"
66.249.79.132 - - [24/Jun/2025:17:00:28 +0000] "GET /shopdetail/1577855 HTTP/1.1" 301 257 "-" "Mozilla/5.0 (Linux; Android 6.0.1; Nexus 5X Build/MMB29P) AppleWebKit/537.36 (KHTML, like Gecko) Chrome/137.0.7151.103 Mobile Safari/537.36 (compatible; Googlebot/2.1; +http://www.google.com/bot.html)"
57.141.2.2 - - [24/Jun/2025:17:00:33 +0000] "GET /shopdetail/1488166 HTTP/1.1" 301 257 "-" "meta-externalagent/1.1 (+https://developers.facebook.com/docs/sharing/webmasters/crawler)"
57.141.2.2 - - [24/Jun/2025:17:00:40 +0000] "GET /buy.php/shopdetail/0811802 HTTP/1.1" 301 265 "-" "meta-externalagent/1.1 (+https://developers.facebook.com/docs/sharing/webmasters/crawler)"
54.36.149.2 - - [24/Jun/2025:17:00:53 +0000] "GET /shopdetail/2552080 HTTP/1.1" 301 257 "-" "Mozilla/5.0 (compatible; AhrefsBot/7.0; +http://ahrefs.com/robot/)"
57.141.2.24 - - [24/Jun/2025:17:01:00 +0000] "GET /shopdetail/1977311 HTTP/1.1" 301 257 "-" "meta-externalagent/1.1 (+https://developers.facebook.com/docs/sharing/webmasters/crawler)"
57.141.2.8 - - [24/Jun/2025:17:01:08 +0000] "GET /shopdetail/4087853 HTTP/1.1" 301 257 "-" "meta-externalagent/1.1 (+https://developers.facebook.com/docs/sharing/webmasters/crawler)"
57.141.2.7 - - [24/Jun/2025:17:01:10 +0000] "GET /buy.php/shopdetail/3660182 HTTP/1.1" 301 265 "-" "meta-externalagent/1.1 (+https://developers.facebook.com/docs/sharing/webmasters/crawler)"
57.141.2.11 - - [24/Jun/2025:17:01:23 +0000] "GET /shopdetail/2709057 HTTP/1.1" 301 257 "-" "meta-externalagent/1.1 (+https://developers.facebook.com/docs/sharing/webmasters/crawler)"
54.36.148.190 - - [24/Jun/2025:17:01:42 +0000] "GET /shopdetail/2570126 HTTP/1.1" 301 257 "-" "Mozilla/5.0 (compatible; AhrefsBot/7.0; +http://ahrefs.com/robot/)"
57.141.2.8 - - [24/Jun/2025:17:02:04 +0000] "GET /shopdetail/3004491 HTTP/1.1" 301 257 "-" "meta-externalagent/1.1 (+https://developers.facebook.com/docs/sharing/webmasters/crawler)"
57.141.2.16 - - [24/Jun/2025:17:02:11 +0000] "GET /buy.php/shopdetail/4263867 HTTP/1.1" 301 265 "-" "meta-externalagent/1.1 (+https://developers.facebook.com/docs/sharing/webmasters/crawler)"
54.36.148.177 - - [24/Jun/2025:17:02:29 +0000] "GET /shopdetail/2573897 HTTP/1.1" 301 257 "-" "Mozilla/5.0 (compatible; AhrefsBot/7.0; +http://ahrefs.com/robot/)"
216.73.217.3 - - [24/Jun/2025:17:02:43 +0000] "GET /buy.php/sitemap-1.xml HTTP/1.1" 301 260 "-" "Mozilla/5.0 AppleWebKit/537.36 (KHTML, like Gecko; compatible; ClaudeBot/1.0; +claudebot@anthropic.com)"
57.141.2.14 - - [24/Jun/2025:17:02:47 +0000] "GET /shopdetail/2461361 HTTP/1.1" 301 257 "-" "meta-externalagent/1.1 (+https://developers.facebook.com/docs/sharing/webmasters/crawler)"
66.249.79.131 - - [24/Jun/2025:17:02:49 +0000] "GET /shopdetail/1364863 HTTP/1.1" 301 257 "-" "Mozilla/5.0 (Linux; Android 6.0.1; Nexus 5X Build/MMB29P) AppleWebKit/537.36 (KHTML, like Gecko) Chrome/137.0.7151.103 Mobile Safari/537.36 (compatible; Googlebot/2.1; +http://www.google.com/bot.html)"
57.141.2.16 - - [24/Jun/2025:17:03:00 +0000] "GET /buy.php/shopdetail/3017626 HTTP/1.1" 301 265 "-" "meta-externalagent/1.1 (+https://developers.facebook.com/docs/sharing/webmasters/crawler)"
57.141.2.28 - - [24/Jun/2025:17:03:02 +0000] "GET /shopdetail/0729491 HTTP/1.1" 301 257 "-" "meta-externalagent/1.1 (+https://developers.facebook.com/docs/sharing/webmasters/crawler)"
57.141.2.13 - - [24/Jun/2025:17:03:06 +0000] "GET /buy.php/shopdetail/3952885 HTTP/1.1" 301 265 "-" "meta-externalagent/1.1 (+https://developers.facebook.com/docs/sharing/webmasters/crawler)"
54.36.148.115 - - [24/Jun/2025:17:03:07 +0000] "GET /shopdetail/2576827 HTTP/1.1" 301 257 "-" "Mozilla/5.0 (compatible; AhrefsBot/7.0; +http://ahrefs.com/robot/)"
57.141.2.11 - - [24/Jun/2025:17:03:30 +0000] "GET /shopdetail/3309502 HTTP/1.1" 301 257 "-" "meta-externalagent/1.1 (+https://developers.facebook.com/docs/sharing/webmasters/crawler)"
216.73.217.3 - - [24/Jun/2025:17:03:44 +0000] "GET /buy.php/sitemap-5.xml HTTP/1.1" 301 260 "-" "Mozilla/5.0 AppleWebKit/537.36 (KHTML, like Gecko; compatible; ClaudeBot/1.0; +claudebot@anthropic.com)"
57.141.2.16 - - [24/Jun/2025:17:04:00 +0000] "GET /shopdetail/2822549 HTTP/1.1" 301 257 "-" "meta-externalagent/1.1 (+https://developers.facebook.com/docs/sharing/webmasters/crawler)"
66.249.79.132 - - [24/Jun/2025:17:04:07 +0000] "GET /shopdetail/0751225 HTTP/1.1" 301 257 "-" "Mozilla/5.0 (Linux; Android 6.0.1; Nexus 5X Build/MMB29P) AppleWebKit/537.36 (KHTML, like Gecko) Chrome/137.0.7151.103 Mobile Safari/537.36 (compatible; Googlebot/2.1; +http://www.google.com/bot.html)"
57.141.2.2 - - [24/Jun/2025:17:04:11 +0000] "GET /buy.php/shopdetail/4178710 HTTP/1.1" 301 265 "-" "meta-externalagent/1.1 (+https://developers.facebook.com/docs/sharing/webmasters/crawler)"
57.141.2.9 - - [24/Jun/2025:17:04:12 +0000] "GET /shopdetail/3451661 HTTP/1.1" 301 257 "-" "meta-externalagent/1.1 (+https://developers.facebook.com/docs/sharing/webmasters/crawler)"
57.141.2.8 - - [24/Jun/2025:17:04:15 +0000] "GET /buy.php/shopdetail/2741056 HTTP/1.1" 301 265 "-" "meta-externalagent/1.1 (+https://developers.facebook.com/docs/sharing/webmasters/crawler)"
57.141.2.14 - - [24/Jun/2025:17:04:20 +0000] "GET /buy.php/shopdetail/1258289 HTTP/1.1" 301 265 "-" "meta-externalagent/1.1 (+https://developers.facebook.com/docs/sharing/webmasters/crawler)"
57.141.2.2 - - [24/Jun/2025:17:04:29 +0000] "GET /shopdetail/3203241 HTTP/1.1" 301 257 "-" "meta-externalagent/1.1 (+https://developers.facebook.com/docs/sharing/webmasters/crawler)"
57.141.2.26 - - [24/Jun/2025:17:04:32 +0000] "GET /shopdetail/3631974 HTTP/1.1" 301 257 "-" "meta-externalagent/1.1 (+https://developers.facebook.com/docs/sharing/webmasters/crawler)"
54.36.149.89 - - [24/Jun/2025:17:04:44 +0000] "GET /shopdetail/2580638 HTTP/1.1" 301 257 "-" "Mozilla/5.0 (compatible; AhrefsBot/7.0; +http://ahrefs.com/robot/)"
57.141.2.11 - - [24/Jun/2025:17:04:46 +0000] "GET /buy.php/shopdetail/4181585 HTTP/1.1" 301 265 "-" "meta-externalagent/1.1 (+https://developers.facebook.com/docs/sharing/webmasters/crawler)"
57.141.2.7 - - [24/Jun/2025:17:04:53 +0000] "GET /buy.php/shopdetail/3349452 HTTP/1.1" 301 265 "-" "meta-externalagent/1.1 (+https://developers.facebook.com/docs/sharing/webmasters/crawler)"
216.73.217.3 - - [24/Jun/2025:17:04:55 +0000] "GET /sitemap-13.xml HTTP/1.1" 301 253 "-" "Mozilla/5.0 AppleWebKit/537.36 (KHTML, like Gecko; compatible; ClaudeBot/1.0; +claudebot@anthropic.com)"
57.141.2.14 - - [24/Jun/2025:17:04:58 +0000] "GET /shopdetail/1581754 HTTP/1.1" 301 257 "-" "meta-externalagent/1.1 (+https://developers.facebook.com/docs/sharing/webmasters/crawler)"
57.141.2.25 - - [24/Jun/2025:17:05:00 +0000] "GET /buy.php/shopdetail/4357556 HTTP/1.1" 301 265 "-" "meta-externalagent/1.1 (+https://developers.facebook.com/docs/sharing/webmasters/crawler)"
57.141.2.10 - - [24/Jun/2025:17:05:00 +0000] "GET /buy.php/shopdetail/4398622 HTTP/1.1" 301 265 "-" "meta-externalagent/1.1 (+https://developers.facebook.com/docs/sharing/webmasters/crawler)"
57.141.2.10 - - [24/Jun/2025:17:05:06 +0000] "GET /buy.php/shopdetail/2387347 HTTP/1.1" 301 265 "-" "meta-externalagent/1.1 (+https://developers.facebook.com/docs/sharing/webmasters/crawler)"
57.141.2.22 - - [24/Jun/2025:17:05:11 +0000] "GET /buy.php/shopdetail/3584215 HTTP/1.1" 301 265 "-" "meta-externalagent/1.1 (+https://developers.facebook.com/docs/sharing/webmasters/crawler)"
57.141.2.16 - - [24/Jun/2025:17:05:12 +0000] "GET /shopdetail/4358468 HTTP/1.1" 301 257 "-" "meta-externalagent/1.1 (+https://developers.facebook.com/docs/sharing/webmasters/crawler)"
57.141.2.22 - - [24/Jun/2025:17:05:20 +0000] "GET /buy.php/shopdetail/2113817 HTTP/1.1" 301 265 "-" "meta-externalagent/1.1 (+https://developers.facebook.com/docs/sharing/webmasters/crawler)"
57.141.2.22 - - [24/Jun/2025:17:05:20 +0000] "GET /buy.php/shopdetail/0901739 HTTP/1.1" 301 265 "-" "meta-externalagent/1.1 (+https://developers.facebook.com/docs/sharing/webmasters/crawler)"
57.141.2.12 - - [24/Jun/2025:17:05:24 +0000] "GET /buy.php/shopdetail/2484371 HTTP/1.1" 301 265 "-" "meta-externalagent/1.1 (+https://developers.facebook.com/docs/sharing/webmasters/crawler)"
57.141.2.6 - - [24/Jun/2025:17:05:37 +0000] "GET /buy.php/shopdetail/1963016 HTTP/1.1" 301 265 "-" "meta-externalagent/1.1 (+https://developers.facebook.com/docs/sharing/webmasters/crawler)"
54.36.148.226 - - [24/Jun/2025:17:05:39 +0000] "GET /shopdetail/2590789 HTTP/1.1" 301 257 "-" "Mozilla/5.0 (compatible; AhrefsBot/7.0; +http://ahrefs.com/robot/)"
57.141.2.14 - - [24/Jun/2025:17:05:41 +0000] "GET /buy.php/shopdetail/3383375 HTTP/1.1" 301 265 "-" "meta-externalagent/1.1 (+https://developers.facebook.com/docs/sharing/webmasters/crawler)"
57.141.2.28 - - [24/Jun/2025:17:05:49 +0000] "GET /shopdetail/3869225 HTTP/1.1" 301 257 "-" "meta-externalagent/1.1 (+https://developers.facebook.com/docs/sharing/webmasters/crawler)"
57.141.2.24 - - [24/Jun/2025:17:06:02 +0000] "GET /buy.php/shopdetail/4374764 HTTP/1.1" 301 265 "-" "meta-externalagent/1.1 (+https://developers.facebook.com/docs/sharing/webmasters/crawler)"
57.141.2.24 - - [24/Jun/2025:17:06:08 +0000] "GET /buy.php/shopdetail/0747697 HTTP/1.1" 301 265 "-" "meta-externalagent/1.1 (+https://developers.facebook.com/docs/sharing/webmasters/crawler)"
57.141.2.8 - - [24/Jun/2025:17:06:10 +0000] "GET /shopdetail/3607504 HTTP/1.1" 301 257 "-" "meta-externalagent/1.1 (+https://developers.facebook.com/docs/sharing/webmasters/crawler)"
57.141.2.28 - - [24/Jun/2025:17:06:13 +0000] "GET /buy.php/shopdetail/1772145 HTTP/1.1" 301 265 "-" "meta-externalagent/1.1 (+https://developers.facebook.com/docs/sharing/webmasters/crawler)"
57.141.2.10 - - [24/Jun/2025:17:06:14 +0000] "GET /shopdetail/1504406 HTTP/1.1" 301 257 "-" "meta-externalagent/1.1 (+https://developers.facebook.com/docs/sharing/webmasters/crawler)"
57.141.2.11 - - [24/Jun/2025:17:06:27 +0000] "GET /buy.php/shopdetail/2477470 HTTP/1.1" 301 265 "-" "meta-externalagent/1.1 (+https://developers.facebook.com/docs/sharing/webmasters/crawler)"
57.141.2.17 - - [24/Jun/2025:17:06:32 +0000] "GET /buy.php/shopdetail/0969123 HTTP/1.1" 301 265 "-" "meta-externalagent/1.1 (+https://developers.facebook.com/docs/sharing/webmasters/crawler)"
54.36.148.112 - - [24/Jun/2025:17:06:34 +0000] "GET /shopdetail/2594522 HTTP/1.1" 301 257 "-" "Mozilla/5.0 (compatible; AhrefsBot/7.0; +http://ahrefs.com/robot/)"
57.141.2.12 - - [24/Jun/2025:17:06:56 +0000] "GET /buy.php/shopdetail/2868831 HTTP/1.1" 301 265 "-" "meta-externalagent/1.1 (+https://developers.facebook.com/docs/sharing/webmasters/crawler)"
57.141.2.26 - - [24/Jun/2025:17:07:12 +0000] "GET /buy.php/shopdetail/3064545 HTTP/1.1" 301 265 "-" "meta-externalagent/1.1 (+https://developers.facebook.com/docs/sharing/webmasters/crawler)"
216.73.217.3 - - [24/Jun/2025:17:07:13 +0000] "GET /sitemap-8.xml HTTP/1.1" 301 252 "-" "Mozilla/5.0 AppleWebKit/537.36 (KHTML, like Gecko; compatible; ClaudeBot/1.0; +claudebot@anthropic.com)"
57.141.2.16 - - [24/Jun/2025:17:07:15 +0000] "GET /buy.php/shopdetail/1309105 HTTP/1.1" 301 265 "-" "meta-externalagent/1.1 (+https://developers.facebook.com/docs/sharing/webmasters/crawler)"
57.141.2.26 - - [24/Jun/2025:17:07:22 +0000] "GET /buy.php/shopdetail/1981211 HTTP/1.1" 301 265 "-" "meta-externalagent/1.1 (+https://developers.facebook.com/docs/sharing/webmasters/crawler)"
57.141.2.13 - - [24/Jun/2025:17:07:23 +0000] "GET /buy.php/shopdetail/3905730 HTTP/1.1" 301 265 "-" "meta-externalagent/1.1 (+https://developers.facebook.com/docs/sharing/webmasters/crawler)"
35.185.20.250 - - [24/Jun/2025:17:07:24 +0000] "GET /robots.txt HTTP/1.0" 301 249 "-" "ZoominfoBot (zoominfobot at zoominfo dot com)"
57.141.2.6 - - [24/Jun/2025:17:07:24 +0000] "GET /shopdetail/3744502 HTTP/1.1" 301 257 "-" "meta-externalagent/1.1 (+https://developers.facebook.com/docs/sharing/webmasters/crawler)"
35.185.20.250 - - [24/Jun/2025:17:07:25 +0000] "GET / HTTP/1.0" 301 239 "-" "ZoominfoBot (zoominfobot at zoominfo dot com)"
57.141.2.23 - - [24/Jun/2025:17:07:52 +0000] "GET /buy.php/shopdetail/0979637 HTTP/1.1" 301 265 "-" "meta-externalagent/1.1 (+https://developers.facebook.com/docs/sharing/webmasters/crawler)"
54.36.148.6 - - [24/Jun/2025:17:07:58 +0000] "GET /robots.txt HTTP/1.1" 301 249 "-" "Mozilla/5.0 (compatible; AhrefsBot/7.0; +http://ahrefs.com/robot/)"
54.36.148.233 - - [24/Jun/2025:17:07:59 +0000] "GET /shopdetail/2595389 HTTP/1.1" 301 257 "-" "Mozilla/5.0 (compatible; AhrefsBot/7.0; +http://ahrefs.com/robot/)"
54.84.93.8 - - [24/Jun/2025:17:08:10 +0000] "GET /robots.txt HTTP/1.1" 301 249 "-" "Mozilla/5.0 AppleWebKit/537.36 (KHTML, like Gecko; compatible; Amazonbot/0.1; +https://developer.amazon.com/support/amazonbot) Chrome/119.0.6045.214 Safari/537.36"
44.215.210.112 - - [24/Jun/2025:17:08:11 +0000] "GET /blog/driving-licence-registration.php HTTP/1.1" 302 251 "-" "Mozilla/5.0 AppleWebKit/537.36 (KHTML, like Gecko; compatible; Amazonbot/0.1; +https://developer.amazon.com/support/amazonbot) Chrome/119.0.6045.214 Safari/537.36"
216.73.217.3 - - [24/Jun/2025:17:08:14 +0000] "GET /buy.php/sitemap-2.xml HTTP/1.1" 301 260 "-" "Mozilla/5.0 AppleWebKit/537.36 (KHTML, like Gecko; compatible; ClaudeBot/1.0; +claudebot@anthropic.com)"
57.141.2.28 - - [24/Jun/2025:17:08:25 +0000] "GET /shopdetail/2143425 HTTP/1.1" 301 257 "-" "meta-externalagent/1.1 (+https://developers.facebook.com/docs/sharing/webmasters/crawler)"
57.141.2.29 - - [24/Jun/2025:17:08:37 +0000] "GET /buy.php/shopdetail/3971883 HTTP/1.1" 301 265 "-" "meta-externalagent/1.1 (+https://developers.facebook.com/docs/sharing/webmasters/crawler)"
57.141.2.10 - - [24/Jun/2025:17:08:42 +0000] "GET /shopdetail/4160944 HTTP/1.1" 301 257 "-" "meta-externalagent/1.1 (+https://developers.facebook.com/docs/sharing/webmasters/crawler)"
57.141.2.25 - - [24/Jun/2025:17:08:42 +0000] "GET /buy.php/shopdetail/3325383 HTTP/1.1" 301 265 "-" "meta-externalagent/1.1 (+https://developers.facebook.com/docs/sharing/webmasters/crawler)"
54.36.148.179 - - [24/Jun/2025:17:08:45 +0000] "GET /shopdetail/2595757 HTTP/1.1" 301 257 "-" "Mozilla/5.0 (compatible; AhrefsBot/7.0; +http://ahrefs.com/robot/)"
57.141.2.13 - - [24/Jun/2025:17:08:56 +0000] "GET /buy.php/shopdetail/3547440 HTTP/1.1" 301 265 "-" "meta-externalagent/1.1 (+https://developers.facebook.com/docs/sharing/webmasters/crawler)"
57.141.2.6 - - [24/Jun/2025:17:08:58 +0000] "GET /buy.php/shopdetail/3750325 HTTP/1.1" 301 265 "-" "meta-externalagent/1.1 (+https://developers.facebook.com/docs/sharing/webmasters/crawler)"
57.141.2.20 - - [24/Jun/2025:17:09:09 +0000] "GET /shopdetail/2154858 HTTP/1.1" 301 257 "-" "meta-externalagent/1.1 (+https://developers.facebook.com/docs/sharing/webmasters/crawler)"
57.141.2.6 - - [24/Jun/2025:17:09:14 +0000] "GET /buy.php/shopdetail/1975073 HTTP/1.1" 301 265 "-" "meta-externalagent/1.1 (+https://developers.facebook.com/docs/sharing/webmasters/crawler)"
57.141.2.8 - - [24/Jun/2025:17:09:15 +0000] "GET /buy.php/shopdetail/1059121 HTTP/1.1" 301 265 "-" "meta-externalagent/1.1 (+https://developers.facebook.com/docs/sharing/webmasters/crawler)"
54.36.148.178 - - [24/Jun/2025:17:09:24 +0000] "GET /shopdetail/2595954 HTTP/1.1" 301 257 "-" "Mozilla/5.0 (compatible; AhrefsBot/7.0; +http://ahrefs.com/robot/)"
57.141.2.29 - - [24/Jun/2025:17:09:25 +0000] "GET /shopdetail/0775992 HTTP/1.1" 301 257 "-" "meta-externalagent/1.1 (+https://developers.facebook.com/docs/sharing/webmasters/crawler)"
57.141.2.13 - - [24/Jun/2025:17:09:25 +0000] "GET /buy.php/shopdetail/4220076 HTTP/1.1" 301 265 "-" "meta-externalagent/1.1 (+https://developers.facebook.com/docs/sharing/webmasters/crawler)"
57.141.2.10 - - [24/Jun/2025:17:09:28 +0000] "GET /shopdetail/2565715 HTTP/1.1" 301 257 "-" "meta-externalagent/1.1 (+https://developers.facebook.com/docs/sharing/webmasters/crawler)"
57.141.2.10 - - [24/Jun/2025:17:09:45 +0000] "GET /buy.php/shopdetail/2212031 HTTP/1.1" 301 265 "-" "meta-externalagent/1.1 (+https://developers.facebook.com/docs/sharing/webmasters/crawler)"
66.249.79.132 - - [24/Jun/2025:17:09:49 +0000] "GET /shopdetail/222014500 HTTP/1.1" 301 259 "-" "Mozilla/5.0 (Linux; Android 6.0.1; Nexus 5X Build/MMB29P) AppleWebKit/537.36 (KHTML, like Gecko) Chrome/137.0.7151.103 Mobile Safari/537.36 (compatible; Googlebot/2.1; +http://www.google.com/bot.html)"
54.36.148.143 - - [24/Jun/2025:17:09:59 +0000] "GET /shopdetail/2598937 HTTP/1.1" 301 257 "-" "Mozilla/5.0 (compatible; AhrefsBot/7.0; +http://ahrefs.com/robot/)"
57.141.2.13 - - [24/Jun/2025:17:10:00 +0000] "GET /shopdetail/3098891 HTTP/1.1" 301 257 "-" "meta-externalagent/1.1 (+https://developers.facebook.com/docs/sharing/webmasters/crawler)"
57.141.2.18 - - [24/Jun/2025:17:10:07 +0000] "GET /buy.php/shopdetail/4232284 HTTP/1.1" 301 265 "-" "meta-externalagent/1.1 (+https://developers.facebook.com/docs/sharing/webmasters/crawler)"
57.141.2.2 - - [24/Jun/2025:17:10:11 +0000] "GET /buy.php/shopdetail/2498202 HTTP/1.1" 301 265 "-" "meta-externalagent/1.1 (+https://developers.facebook.com/docs/sharing/webmasters/crawler)"
57.141.2.12 - - [24/Jun/2025:17:10:16 +0000] "GET /buy.php/shopdetail/0749427 HTTP/1.1" 301 265 "-" "meta-externalagent/1.1 (+https://developers.facebook.com/docs/sharing/webmasters/crawler)"
54.36.148.138 - - [24/Jun/2025:17:10:32 +0000] "GET /shopdetail/2602452 HTTP/1.1" 301 257 "-" "Mozilla/5.0 (compatible; AhrefsBot/7.0; +http://ahrefs.com/robot/)"
57.141.2.13 - - [24/Jun/2025:17:10:58 +0000] "GET /shopdetail/3554655 HTTP/1.1" 301 257 "-" "meta-externalagent/1.1 (+https://developers.facebook.com/docs/sharing/webmasters/crawler)"
54.36.148.15 - - [24/Jun/2025:17:10:59 +0000] "GET /shopdetail/2606468 HTTP/1.1" 301 257 "-" "Mozilla/5.0 (compatible; AhrefsBot/7.0; +http://ahrefs.com/robot/)"
57.141.2.17 - - [24/Jun/2025:17:11:00 +0000] "GET /shopdetail/1403904 HTTP/1.1" 301 257 "-" "meta-externalagent/1.1 (+https://developers.facebook.com/docs/sharing/webmasters/crawler)"
57.141.2.1 - - [24/Jun/2025:17:11:01 +0000] "GET /buy.php/shopdetail/1469424 HTTP/1.1" 301 265 "-" "meta-externalagent/1.1 (+https://developers.facebook.com/docs/sharing/webmasters/crawler)"
57.141.2.18 - - [24/Jun/2025:17:11:09 +0000] "GET /buy.php/shopdetail/4198586 HTTP/1.1" 301 265 "-" "meta-externalagent/1.1 (+https://developers.facebook.com/docs/sharing/webmasters/crawler)"
57.141.2.20 - - [24/Jun/2025:17:11:09 +0000] "GET /shopdetail/4217618 HTTP/1.1" 301 257 "-" "meta-externalagent/1.1 (+https://developers.facebook.com/docs/sharing/webmasters/crawler)"
57.141.2.7 - - [24/Jun/2025:17:11:16 +0000] "GET /buy.php/shopdetail/2714771 HTTP/1.1" 301 265 "-" "meta-externalagent/1.1 (+https://developers.facebook.com/docs/sharing/webmasters/crawler)"
57.141.2.24 - - [24/Jun/2025:17:11:23 +0000] "GET /shopdetail/2769625 HTTP/1.1" 301 257 "-" "meta-externalagent/1.1 (+https://developers.facebook.com/docs/sharing/webmasters/crawler)"
54.36.149.6 - - [24/Jun/2025:17:11:27 +0000] "GET /shopdetail/2612403 HTTP/1.1" 301 257 "-" "Mozilla/5.0 (compatible; AhrefsBot/7.0; +http://ahrefs.com/robot/)"
57.141.2.7 - - [24/Jun/2025:17:11:40 +0000] "GET /buy.php/shopdetail/1820139 HTTP/1.1" 301 265 "-" "meta-externalagent/1.1 (+https://developers.facebook.com/docs/sharing/webmasters/crawler)"
57.141.2.30 - - [24/Jun/2025:17:11:40 +0000] "GET /buy.php/shopdetail/2464137 HTTP/1.1" 301 265 "-" "meta-externalagent/1.1 (+https://developers.facebook.com/docs/sharing/webmasters/crawler)"
57.141.2.16 - - [24/Jun/2025:17:11:42 +0000] "GET /buy.php/shopdetail/2052240 HTTP/1.1" 301 265 "-" "meta-externalagent/1.1 (+https://developers.facebook.com/docs/sharing/webmasters/crawler)"
57.141.2.23 - - [24/Jun/2025:17:11:49 +0000] "GET /buy.php/shopdetail/3221701 HTTP/1.1" 301 265 "-" "meta-externalagent/1.1 (+https://developers.facebook.com/docs/sharing/webmasters/crawler)"
57.141.2.17 - - [24/Jun/2025:17:11:51 +0000] "GET /buy.php/shopdetail/2199500 HTTP/1.1" 301 265 "-" "meta-externalagent/1.1 (+https://developers.facebook.com/docs/sharing/webmasters/crawler)"
57.141.2.12 - - [24/Jun/2025:17:11:52 +0000] "GET /shopdetail/2739116 HTTP/1.1" 301 257 "-" "meta-externalagent/1.1 (+https://developers.facebook.com/docs/sharing/webmasters/crawler)"
57.141.2.8 - - [24/Jun/2025:17:11:55 +0000] "GET /shopdetail/3317377 HTTP/1.1" 301 257 "-" "meta-externalagent/1.1 (+https://developers.facebook.com/docs/sharing/webmasters/crawler)"
57.141.2.16 - - [24/Jun/2025:17:11:55 +0000] "GET /buy.php/shopdetail/3909122 HTTP/1.1" 301 265 "-" "meta-externalagent/1.1 (+https://developers.facebook.com/docs/sharing/webmasters/crawler)"
54.36.148.105 - - [24/Jun/2025:17:12:06 +0000] "GET /shopdetail/2625055 HTTP/1.1" 301 257 "-" "Mozilla/5.0 (compatible; AhrefsBot/7.0; +http://ahrefs.com/robot/)"
57.141.2.17 - - [24/Jun/2025:17:12:37 +0000] "GET /shopdetail/1458272 HTTP/1.1" 301 257 "-" "meta-externalagent/1.1 (+https://developers.facebook.com/docs/sharing/webmasters/crawler)"
57.141.2.24 - - [24/Jun/2025:17:12:40 +0000] "GET /buy.php/shopdetail/4206159 HTTP/1.1" 301 265 "-" "meta-externalagent/1.1 (+https://developers.facebook.com/docs/sharing/webmasters/crawler)"
66.249.79.131 - - [24/Jun/2025:17:12:48 +0000] "GET /shopdetail/1008808 HTTP/1.1" 301 257 "-" "Mozilla/5.0 (compatible; Googlebot/2.1; +http://www.google.com/bot.html)"
57.141.2.6 - - [24/Jun/2025:17:12:51 +0000] "GET /shopdetail/0853398 HTTP/1.1" 301 257 "-" "meta-externalagent/1.1 (+https://developers.facebook.com/docs/sharing/webmasters/crawler)"
54.36.148.121 - - [24/Jun/2025:17:12:51 +0000] "GET /shopdetail/2634667 HTTP/1.1" 301 257 "-" "Mozilla/5.0 (compatible; AhrefsBot/7.0; +http://ahrefs.com/robot/)"
57.141.2.4 - - [24/Jun/2025:17:13:07 +0000] "GET /buy.php/shopdetail/3420623 HTTP/1.1" 301 265 "-" "meta-externalagent/1.1 (+https://developers.facebook.com/docs/sharing/webmasters/crawler)"
54.36.148.110 - - [24/Jun/2025:17:13:26 +0000] "GET /shopdetail/2637342 HTTP/1.1" 301 257 "-" "Mozilla/5.0 (compatible; AhrefsBot/7.0; +http://ahrefs.com/robot/)"
57.141.2.7 - - [24/Jun/2025:17:13:36 +0000] "GET /shopdetail/3127799 HTTP/1.1" 301 257 "-" "meta-externalagent/1.1 (+https://developers.facebook.com/docs/sharing/webmasters/crawler)"
57.141.2.5 - - [24/Jun/2025:17:13:41 +0000] "GET /buy.php/shopdetail/2375045 HTTP/1.1" 301 265 "-" "meta-externalagent/1.1 (+https://developers.facebook.com/docs/sharing/webmasters/crawler)"
57.141.2.6 - - [24/Jun/2025:17:13:51 +0000] "GET /shopdetail/1498361 HTTP/1.1" 301 257 "-" "meta-externalagent/1.1 (+https://developers.facebook.com/docs/sharing/webmasters/crawler)"
57.141.2.3 - - [24/Jun/2025:17:13:58 +0000] "GET /buy.php/shopdetail/1921972 HTTP/1.1" 301 265 "-" "meta-externalagent/1.1 (+https://developers.facebook.com/docs/sharing/webmasters/crawler)"
54.36.148.49 - - [24/Jun/2025:17:14:07 +0000] "GET /shopdetail/2641852 HTTP/1.1" 301 257 "-" "Mozilla/5.0 (compatible; AhrefsBot/7.0; +http://ahrefs.com/robot/)"
57.141.2.11 - - [24/Jun/2025:17:14:22 +0000] "GET /buy.php/shopdetail/2501177 HTTP/1.1" 301 265 "-" "meta-externalagent/1.1 (+https://developers.facebook.com/docs/sharing/webmasters/crawler)"
66.249.79.130 - - [24/Jun/2025:17:14:27 +0000] "GET /shopdetail/4296832 HTTP/1.1" 301 257 "-" "Mozilla/5.0 (compatible; Googlebot/2.1; +http://www.google.com/bot.html)"
66.249.79.131 - - [24/Jun/2025:17:14:37 +0000] "GET /shopdetail/4200689 HTTP/1.1" 301 257 "-" "Mozilla/5.0 (Linux; Android 6.0.1; Nexus 5X Build/MMB29P) AppleWebKit/537.36 (KHTML, like Gecko) Chrome/137.0.7151.103 Mobile Safari/537.36 (compatible; Googlebot/2.1; +http://www.google.com/bot.html)"
54.36.148.179 - - [24/Jun/2025:17:14:50 +0000] "GET /shopdetail/2645021 HTTP/1.1" 301 257 "-" "Mozilla/5.0 (compatible; AhrefsBot/7.0; +http://ahrefs.com/robot/)"
57.141.2.18 - - [24/Jun/2025:17:15:05 +0000] "GET /buy.php/shopdetail/3814109 HTTP/1.1" 301 265 "-" "meta-externalagent/1.1 (+https://developers.facebook.com/docs/sharing/webmasters/crawler)"
57.141.2.2 - - [24/Jun/2025:17:15:09 +0000] "GET /buy.php/shopdetail/1602657 HTTP/1.1" 301 265 "-" "meta-externalagent/1.1 (+https://developers.facebook.com/docs/sharing/webmasters/crawler)"
54.36.149.77 - - [24/Jun/2025:17:15:40 +0000] "GET /shopdetail/2646933 HTTP/1.1" 301 257 "-" "Mozilla/5.0 (compatible; AhrefsBot/7.0; +http://ahrefs.com/robot/)"
57.141.2.29 - - [24/Jun/2025:17:15:44 +0000] "GET /buy.php/shopdetail/3913183 HTTP/1.1" 301 265 "-" "meta-externalagent/1.1 (+https://developers.facebook.com/docs/sharing/webmasters/crawler)"
66.249.79.130 - - [24/Jun/2025:17:15:52 +0000] "GET /shopdetail/4196085/cd.html HTTP/1.1" 301 265 "-" "Mozilla/5.0 (Linux; Android 6.0.1; Nexus 5X Build/MMB29P) AppleWebKit/537.36 (KHTML, like Gecko) Chrome/137.0.7151.103 Mobile Safari/537.36 (compatible; Googlebot/2.1; +http://www.google.com/bot.html)"
57.141.2.27 - - [24/Jun/2025:17:15:55 +0000] "GET /buy.php/shopdetail/2998637 HTTP/1.1" 301 265 "-" "meta-externalagent/1.1 (+https://developers.facebook.com/docs/sharing/webmasters/crawler)"
57.141.2.30 - - [24/Jun/2025:17:16:01 +0000] "GET /buy.php/shopdetail/3651223 HTTP/1.1" 301 265 "-" "meta-externalagent/1.1 (+https://developers.facebook.com/docs/sharing/webmasters/crawler)"
57.141.2.18 - - [24/Jun/2025:17:16:07 +0000] "GET /shopdetail/3143474 HTTP/1.1" 301 257 "-" "meta-externalagent/1.1 (+https://developers.facebook.com/docs/sharing/webmasters/crawler)"
57.141.2.9 - - [24/Jun/2025:17:16:08 +0000] "GET /shopdetail/3373196 HTTP/1.1" 301 257 "-" "meta-externalagent/1.1 (+https://developers.facebook.com/docs/sharing/webmasters/crawler)"
216.73.217.3 - - [24/Jun/2025:17:16:16 +0000] "GET /buy.php/sitemap-15.xml HTTP/1.1" 301 261 "-" "Mozilla/5.0 AppleWebKit/537.36 (KHTML, like Gecko; compatible; ClaudeBot/1.0; +claudebot@anthropic.com)"
